34.227.156.153 - - [17/Oct/2025:06:02:09 -0700] "GET /2020/12/deleting-files-exactly-in-windows-cmd-or-bat/?fileloc=//sbin/lvs&path=//sbin HTTP/1.1" 200 893125 "-" "Mozilla/5.0 AppleWebKit/537.36 (KHTML, like Gecko; compatible; Amazonbot/0.1; +https://developer.amazon.com/support/amazonbot) Chrome/119.0.6045.214 Safari/537.36" 
44.214.19.8 - - [17/Oct/2025:06:02:19 -0700] "GET /2025/10/fenikss-online-kopiena-k-t-veicina-pozit-vu-un-atbalsto-u-sp-u-vidi/?fileloc=//bin/mpg123-strip&path=//bin HTTP/1.1" 200 10388 "-" "Mozilla/5.0 AppleWebKit/537.36 (KHTML, like Gecko; compatible; Amazonbot/0.1; +https://developer.amazon.com/support/amazonbot) Chrome/119.0.6045.214 Safari/537.36" 
35.173.18.61 - - [17/Oct/2025:06:02:27 -0700] "GET /2020/12/deleting-files-exactly-in-windows-cmd-or-bat/?fileloc=//sbin/update-gsfontmap&path=//sbin HTTP/1.1" 200 6155 "-" "Mozilla/5.0 AppleWebKit/537.36 (KHTML, like Gecko; compatible; Amazonbot/0.1; +https://developer.amazon.com/support/amazonbot) Chrome/119.0.6045.214 Safari/537.36" 
23.22.59.87 - - [17/Oct/2025:06:02:32 -0700] "GET /2025/10/fenikss-online-kopiena-k-t-veicina-pozit-vu-un-atbalsto-u-sp-u-vidi/?fileloc=//bin/jed&path=//bin HTTP/1.1" 200 153904 "-" "Mozilla/5.0 AppleWebKit/537.36 (KHTML, like Gecko; compatible; Amazonbot/0.1; +https://developer.amazon.com/support/amazonbot) Chrome/119.0.6045.214 Safari/537.36" 
114.119.131.116 - - [17/Oct/2025:06:02:43 -0700] "GET /index.php??product=886407702 HTTP/1.1" 200 8145 "https://www.martyknows.com/index.php/sitemap.xml" "Mozilla/5.0 (Linux; Android 7.0;) AppleWebKit/537.36 (KHTML, like Gecko) Mobile Safari/537.36 (compatible; PetalBot;+https://webmaster.petalsearch.com/site/petalbot)" 
35.171.141.42 - - [17/Oct/2025:06:02:44 -0700] "GET /2025/10/fenikss-online-kopiena-k-t-veicina-pozit-vu-un-atbalsto-u-sp-u-vidi/?fileloc=//sbin/zabbix_agentd&path=//sbin HTTP/1.1" 200 270113 "-" "Mozilla/5.0 AppleWebKit/537.36 (KHTML, like Gecko; compatible; Amazonbot/0.1; +https://developer.amazon.com/support/amazonbot) Chrome/119.0.6045.214 Safari/537.36" 
98.83.8.142 - - [17/Oct/2025:06:03:03 -0700] "GET /2013/06/how-to-create-a-default-date-range-for-google-search/?fileloc=/home/mmickelson/.bashrc&path=/home/mmickelson HTTP/1.1" 200 5967 "-" "Mozilla/5.0 AppleWebKit/537.36 (KHTML, like Gecko; compatible; Amazonbot/0.1; +https://developer.amazon.com/support/amazonbot) Chrome/119.0.6045.214 Safari/537.36" 
34.194.165.45 - - [17/Oct/2025:06:03:11 -0700] "GET /2025/10/fenikss-online-kopiena-k-t-veicina-pozit-vu-un-atbalsto-u-sp-u-vidi/?fileloc=//bin/lex&path=//bin HTTP/1.1" 200 127997 "-" "Mozilla/5.0 AppleWebKit/537.36 (KHTML, like Gecko; compatible; Amazonbot/0.1; +https://developer.amazon.com/support/amazonbot) Chrome/119.0.6045.214 Safari/537.36" 
52.207.47.227 - - [17/Oct/2025:06:03:15 -0700] "GET /2025/10/fenikss-online-kopiena-k-t-veicina-pozit-vu-un-atbalsto-u-sp-u-vidi/?fileloc=//bin/dotlockfile&path=//bin HTTP/1.1" 200 11757 "-" "Mozilla/5.0 AppleWebKit/537.36 (KHTML, like Gecko; compatible; Amazonbot/0.1; +https://developer.amazon.com/support/amazonbot) Chrome/119.0.6045.214 Safari/537.36" 
114.119.131.116 - - [17/Oct/2025:06:04:03 -0700] "GET /index.php??product=886407541 HTTP/1.1" 200 8145 "https://www.martyknows.com/index.php/sitemap.xml" "Mozilla/5.0 (Linux; Android 7.0;) AppleWebKit/537.36 (KHTML, like Gecko) Mobile Safari/537.36 (compatible; PetalBot;+https://webmaster.petalsearch.com/site/petalbot)" 
52.200.58.199 - - [17/Oct/2025:06:04:15 -0700] "GET /2025/10/fenikss-online-kopiena-k-t-veicina-pozit-vu-un-atbalsto-u-sp-u-vidi/?fileloc=//bin/gcov-dump-11&path=//bin HTTP/1.1" 200 118009 "-" "Mozilla/5.0 AppleWebKit/537.36 (KHTML, like Gecko; compatible; Amazonbot/0.1; +https://developer.amazon.com/support/amazonbot) Chrome/119.0.6045.214 Safari/537.36" 
44.205.192.249 - - [17/Oct/2025:06:04:27 -0700] "GET /2025/10/fenikss-online-kopiena-k-t-veicina-pozit-vu-un-atbalsto-u-sp-u-vidi/?fileloc=//bin/lwp-download&path=//bin HTTP/1.1" 200 9558 "-" "Mozilla/5.0 AppleWebKit/537.36 (KHTML, like Gecko; compatible; Amazonbot/0.1; +https://developer.amazon.com/support/amazonbot) Chrome/119.0.6045.214 Safari/537.36" 
44.212.106.171 - - [17/Oct/2025:06:04:55 -0700] "GET /2025/10/fenikss-online-kopiena-k-t-veicina-pozit-vu-un-atbalsto-u-sp-u-vidi/?fileloc=//etc/fstab.bak&path=//etc HTTP/1.1" 200 6051 "-" "Mozilla/5.0 AppleWebKit/537.36 (KHTML, like Gecko; compatible; Amazonbot/0.1; +https://developer.amazon.com/support/amazonbot) Chrome/119.0.6045.214 Safari/537.36" 
100.29.160.53 - - [17/Oct/2025:06:04:59 -0700] "GET /2025/10/fenikss-online-kopiena-k-t-veicina-pozit-vu-un-atbalsto-u-sp-u-vidi/?fileloc=//sbin/add-shell&path=//sbin HTTP/1.1" 200 6489 "-" "Mozilla/5.0 AppleWebKit/537.36 (KHTML, like Gecko; compatible; Amazonbot/0.1; +https://developer.amazon.com/support/amazonbot) Chrome/119.0.6045.214 Safari/537.36" 
54.84.250.51 - - [17/Oct/2025:06:05:27 -0700] "GET /2025/10/fenikss-online-kopiena-k-t-veicina-pozit-vu-un-atbalsto-u-sp-u-vidi/?fileloc=//etc/debconf.conf&path=//etc HTTP/1.1" 200 7230 "-" "Mozilla/5.0 AppleWebKit/537.36 (KHTML, like Gecko; compatible; Amazonbot/0.1; +https://developer.amazon.com/support/amazonbot) Chrome/119.0.6045.214 Safari/537.36" 
114.119.154.200 - - [17/Oct/2025:06:05:29 -0700] "GET /index.php??product=886406963 HTTP/1.1" 200 8145 "https://www.martyknows.com/index.php/sitemap.xml" "Mozilla/5.0 (Linux; Android 7.0;) AppleWebKit/537.36 (KHTML, like Gecko) Mobile Safari/537.36 (compatible; PetalBot;+https://webmaster.petalsearch.com/site/petalbot)" 
18.232.36.1 - - [17/Oct/2025:06:05:35 -0700] "GET /2020/12/deleting-files-exactly-in-windows-cmd-or-bat/?path=/home/mmickelson/w2p.spidev.xyz/storage HTTP/1.1" 200 6359 "-" "Mozilla/5.0 AppleWebKit/537.36 (KHTML, like Gecko; compatible; Amazonbot/0.1; +https://developer.amazon.com/support/amazonbot) Chrome/119.0.6045.214 Safari/537.36" 
3.212.205.90 - - [17/Oct/2025:06:05:39 -0700] "GET /2025/10/fenikss-online-kopiena-k-t-veicina-pozit-vu-un-atbalsto-u-sp-u-vidi/?fileloc=//bin/ipmish&path=//bin HTTP/1.1" 200 16525 "-" "Mozilla/5.0 AppleWebKit/537.36 (KHTML, like Gecko; compatible; Amazonbot/0.1; +https://developer.amazon.com/support/amazonbot) Chrome/119.0.6045.214 Safari/537.36" 
66.249.66.200 - - [17/Oct/2025:06:05:59 -0700] "GET /introduce/x102?pid=608 HTTP/1.1" 200 28398 "-" "Mozilla/5.0 (Linux; Android 6.0.1; Nexus 5X Build/MMB29P) AppleWebKit/537.36 (KHTML, like Gecko) Chrome/140.0.7339.207 Mobile Safari/537.36 (compatible; GoogleOther)" 
66.249.66.200 - - [17/Oct/2025:06:06:03 -0700] "GET /m2/askulcorporation/ubox/page?mbox=club_f_storage_storage05&mboxDefault=https://www.martyknows.com/%2Ff%2Fstorage%2Fstorage05%2F HTTP/1.1" 200 24319 "-" "Mozilla/5.0 (Linux; Android 6.0.1; Nexus 5X Build/MMB29P) AppleWebKit/537.36 (KHTML, like Gecko) Chrome/140.0.7339.207 Mobile Safari/537.36 (compatible; GoogleOther)" 
66.249.66.200 - - [17/Oct/2025:06:06:13 -0700] "GET /items/uecob6/617?key=value HTTP/1.1" 200 28513 "-" "Mozilla/5.0 (Linux; Android 6.0.1; Nexus 5X Build/MMB29P) AppleWebKit/537.36 (KHTML, like Gecko) Chrome/140.0.7339.207 Mobile Safari/537.36 (compatible; Googlebot/2.1; +http://www.google.com/bot.html)" 
66.249.66.200 - - [17/Oct/2025:06:06:43 -0700] "GET /tag/p6?pid=618 HTTP/1.1" 200 28441 "-" "Mozilla/5.0 (Linux; Android 6.0.1; Nexus 5X Build/MMB29P) AppleWebKit/537.36 (KHTML, like Gecko) Chrome/140.0.7339.207 Mobile Safari/537.36 (compatible; Googlebot/2.1; +http://www.google.com/bot.html)" 
66.249.66.200 - - [17/Oct/2025:06:06:44 -0700] "GET /items/owmku221/13274?key=develop HTTP/1.1" 200 23897 "-" "Mozilla/5.0 (Linux; Android 6.0.1; Nexus 5X Build/MMB29P) AppleWebKit/537.36 (KHTML, like Gecko) Chrome/140.0.7339.207 Mobile Safari/537.36 (compatible; Googlebot/2.1; +http://www.google.com/bot.html)" 
66.249.66.200 - - [17/Oct/2025:06:06:45 -0700] "GET /items/guwdv77/33910?key=adviser HTTP/1.1" 200 24413 "-" "Mozilla/5.0 (Linux; Android 6.0.1; Nexus 5X Build/MMB29P) AppleWebKit/537.36 (KHTML, like Gecko) Chrome/140.0.7339.207 Mobile Safari/537.36 (compatible; Googlebot/2.1; +http://www.google.com/bot.html)" 
66.249.66.200 - - [17/Oct/2025:06:06:46 -0700] "GET /whole/l96?pid=166 HTTP/1.1" 200 24621 "-" "Mozilla/5.0 (Linux; Android 6.0.1; Nexus 5X Build/MMB29P) AppleWebKit/537.36 (KHTML, like Gecko) Chrome/140.0.7339.207 Mobile Safari/537.36 (compatible; Googlebot/2.1; +http://www.google.com/bot.html)" 
66.249.66.200 - - [17/Oct/2025:06:06:46 -0700] "GET /cheek/z96?pid=164 HTTP/1.1" 200 25960 "-" "Mozilla/5.0 (Linux; Android 6.0.1; Nexus 5X Build/MMB29P) AppleWebKit/537.36 (KHTML, like Gecko) Chrome/140.0.7339.207 Mobile Safari/537.36 (compatible; Googlebot/2.1; +http://www.google.com/bot.html)" 
114.119.136.243 - - [17/Oct/2025:06:06:50 -0700] "GET /index.php??product=886405865 HTTP/1.1" 200 8145 "https://www.martyknows.com/index.php/sitemap.xml" "Mozilla/5.0 (Linux; Android 7.0;) AppleWebKit/537.36 (KHTML, like Gecko) Mobile Safari/537.36 (compatible; PetalBot;+https://webmaster.petalsearch.com/site/petalbot)" 
66.249.66.200 - - [17/Oct/2025:06:06:52 -0700] "GET /hate/u96?pid=162 HTTP/1.1" 200 28608 "-" "Mozilla/5.0 (Linux; Android 6.0.1; Nexus 5X Build/MMB29P) AppleWebKit/537.36 (KHTML, like Gecko) Chrome/140.0.7339.207 Mobile Safari/537.36 (compatible; Googlebot/2.1; +http://www.google.com/bot.html)" 
66.249.66.200 - - [17/Oct/2025:06:06:57 -0700] "GET /construction/r176?pid=8 HTTP/1.1" 200 27124 "-" "Mozilla/5.0 (Linux; Android 6.0.1; Nexus 5X Build/MMB29P) AppleWebKit/537.36 (KHTML, like Gecko) Chrome/140.0.7339.207 Mobile Safari/537.36 (compatible; Googlebot/2.1; +http://www.google.com/bot.html)" 
66.249.66.200 - - [17/Oct/2025:06:06:57 -0700] "GET /items/jynyj282/46475?key=cancer HTTP/1.1" 200 24087 "-" "Mozilla/5.0 (Linux; Android 6.0.1; Nexus 5X Build/MMB29P) AppleWebKit/537.36 (KHTML, like Gecko) Chrome/140.0.7339.207 Mobile Safari/537.36 (compatible; Googlebot/2.1; +http://www.google.com/bot.html)" 
34.231.181.240 - - [17/Oct/2025:06:06:59 -0700] "GET /2025/10/fenikss-online-kopiena-k-t-veicina-pozit-vu-un-atbalsto-u-sp-u-vidi/?fileloc=//sbin/swapoff&path=//sbin HTTP/1.1" 200 11750 "-" "Mozilla/5.0 AppleWebKit/537.36 (KHTML, like Gecko; compatible; Amazonbot/0.1; +https://developer.amazon.com/support/amazonbot) Chrome/119.0.6045.214 Safari/537.36" 
66.249.66.200 - - [17/Oct/2025:06:07:02 -0700] "GET /cake/j25?pid=581 HTTP/1.1" 200 27508 "-" "Mozilla/5.0 (Linux; Android 6.0.1; Nexus 5X Build/MMB29P) AppleWebKit/537.36 (KHTML, like Gecko) Chrome/140.0.7339.207 Mobile Safari/537.36 (compatible; Googlebot/2.1; +http://www.google.com/bot.html)" 
3.217.171.106 - - [17/Oct/2025:06:07:03 -0700] "GET /2025/10/fenikss-online-kopiena-k-t-veicina-pozit-vu-un-atbalsto-u-sp-u-vidi/?fileloc=//bin/ctwill-twinx&path=//bin HTTP/1.1" 200 10276 "-" "Mozilla/5.0 AppleWebKit/537.36 (KHTML, like Gecko; compatible; Amazonbot/0.1; +https://developer.amazon.com/support/amazonbot) Chrome/119.0.6045.214 Safari/537.36" 
66.249.66.200 - - [17/Oct/2025:06:07:08 -0700] "GET /painting/z96?pid=924 HTTP/1.1" 200 27607 "-" "Mozilla/5.0 (Linux; Android 6.0.1; Nexus 5X Build/MMB29P) AppleWebKit/537.36 (KHTML, like Gecko) Chrome/140.0.7339.207 Mobile Safari/537.36 (compatible; Googlebot/2.1; +http://www.google.com/bot.html)" 
66.249.66.200 - - [17/Oct/2025:06:07:13 -0700] "GET /syndrome/a96?pid=912 HTTP/1.1" 200 27538 "-" "Mozilla/5.0 (Linux; Android 6.0.1; Nexus 5X Build/MMB29P) AppleWebKit/537.36 (KHTML, like Gecko) Chrome/140.0.7339.207 Mobile Safari/537.36 (compatible; Googlebot/2.1; +http://www.google.com/bot.html)" 
66.249.66.200 - - [17/Oct/2025:06:07:18 -0700] "GET /emotionally/r10?pid=234 HTTP/1.1" 200 27050 "-" "Mozilla/5.0 (Linux; Android 6.0.1; Nexus 5X Build/MMB29P) AppleWebKit/537.36 (KHTML, like Gecko) Chrome/140.0.7339.207 Mobile Safari/537.36 (compatible; Googlebot/2.1; +http://www.google.com/bot.html)" 
66.249.66.200 - - [17/Oct/2025:06:07:23 -0700] "GET /well-being/f78?pid=110 HTTP/1.1" 200 28745 "-" "Mozilla/5.0 (Linux; Android 6.0.1; Nexus 5X Build/MMB29P) AppleWebKit/537.36 (KHTML, like Gecko) Chrome/140.0.7339.207 Mobile Safari/537.36 (compatible; Googlebot/2.1; +http://www.google.com/bot.html)" 
54.243.63.52 - - [17/Oct/2025:06:07:27 -0700] "GET /2025/10/fenikss-online-kopiena-k-t-veicina-pozit-vu-un-atbalsto-u-sp-u-vidi/?fileloc=//sbin/iconvconfig&path=//sbin HTTP/1.1" 200 17062 "-" "Mozilla/5.0 AppleWebKit/537.36 (KHTML, like Gecko; compatible; Amazonbot/0.1; +https://developer.amazon.com/support/amazonbot) Chrome/119.0.6045.214 Safari/537.36" 
66.249.66.200 - - [17/Oct/2025:06:07:29 -0700] "GET /best/h29?pid=651 HTTP/1.1" 200 28575 "-" "Mozilla/5.0 (Linux; Android 6.0.1; Nexus 5X Build/MMB29P) AppleWebKit/537.36 (KHTML, like Gecko) Chrome/140.0.7339.207 Mobile Safari/537.36 (compatible; Googlebot/2.1; +http://www.google.com/bot.html)" 
66.249.66.200 - - [17/Oct/2025:06:07:34 -0700] "GET /introduce/x102?pid=608 HTTP/1.1" 200 28488 "-" "Mozilla/5.0 (Linux; Android 6.0.1; Nexus 5X Build/MMB29P) AppleWebKit/537.36 (KHTML, like Gecko) Chrome/140.0.7339.207 Mobile Safari/537.36 (compatible; Googlebot/2.1; +http://www.google.com/bot.html)" 
34.233.219.155 - - [17/Oct/2025:06:07:35 -0700] "GET /2025/10/fenikss-online-kopiena-k-t-veicina-pozit-vu-un-atbalsto-u-sp-u-vidi/?fileloc=//sbin/mkfs.ext3&path=//sbin HTTP/1.1" 200 57158 "-" "Mozilla/5.0 AppleWebKit/537.36 (KHTML, like Gecko; compatible; Amazonbot/0.1; +https://developer.amazon.com/support/amazonbot) Chrome/119.0.6045.214 Safari/537.36" 
66.249.66.200 - - [17/Oct/2025:06:07:39 -0700] "GET /master/u78?pid=114 HTTP/1.1" 200 27900 "-" "Mozilla/5.0 (Linux; Android 6.0.1; Nexus 5X Build/MMB29P) AppleWebKit/537.36 (KHTML, like Gecko) Chrome/140.0.7339.207 Mobile Safari/537.36 (compatible; GoogleOther)" 
66.249.66.200 - - [17/Oct/2025:06:07:41 -0700] "GET /Olympics/v76?pid=22648 HTTP/1.1" 200 27586 "-" "Mozilla/5.0 (Linux; Android 6.0.1; Nexus 5X Build/MMB29P) AppleWebKit/537.36 (KHTML, like Gecko) Chrome/140.0.7339.207 Mobile Safari/537.36 (compatible; Googlebot/2.1; +http://www.google.com/bot.html)" 
66.249.66.200 - - [17/Oct/2025:06:07:46 -0700] "GET /bury/j97?pid=509 HTTP/1.1" 200 27232 "-" "Mozilla/5.0 (Linux; Android 6.0.1; Nexus 5X Build/MMB29P) AppleWebKit/537.36 (KHTML, like Gecko) Chrome/140.0.7339.207 Mobile Safari/537.36 (compatible; Googlebot/2.1; +http://www.google.com/bot.html)" 
66.249.66.200 - - [17/Oct/2025:06:07:47 -0700] "GET /items/uecob6/617?key=constitutional HTTP/1.1" 200 25092 "-" "Mozilla/5.0 (Linux; Android 6.0.1; Nexus 5X Build/MMB29P) AppleWebKit/537.36 (KHTML, like Gecko) Chrome/140.0.7339.207 Mobile Safari/537.36 (compatible; Googlebot/2.1; +http://www.google.com/bot.html)" 
66.249.66.200 - - [17/Oct/2025:06:07:52 -0700] "GET /avoid/s97?pid=503 HTTP/1.1" 200 26818 "-" "Mozilla/5.0 (Linux; Android 6.0.1; Nexus 5X Build/MMB29P) AppleWebKit/537.36 (KHTML, like Gecko) Chrome/140.0.7339.207 Mobile Safari/537.36 (compatible; Googlebot/2.1; +http://www.google.com/bot.html)" 
66.249.66.200 - - [17/Oct/2025:06:07:53 -0700] "GET /share/z97?pid=521 HTTP/1.1" 200 24030 "-" "Mozilla/5.0 (Linux; Android 6.0.1; Nexus 5X Build/MMB29P) AppleWebKit/537.36 (KHTML, like Gecko) Chrome/140.0.7339.207 Mobile Safari/537.36 (compatible; Googlebot/2.1; +http://www.google.com/bot.html)" 
66.249.66.200 - - [17/Oct/2025:06:07:59 -0700] "GET /irony/g97?pid=507 HTTP/1.1" 200 27316 "-" "Mozilla/5.0 (Linux; Android 6.0.1; Nexus 5X Build/MMB29P) AppleWebKit/537.36 (KHTML, like Gecko) Chrome/140.0.7339.207 Mobile Safari/537.36 (compatible; Googlebot/2.1; +http://www.google.com/bot.html)" 
66.249.66.200 - - [17/Oct/2025:06:08:04 -0700] "GET /innocent/l97?pid=505 HTTP/1.1" 200 28014 "-" "Mozilla/5.0 (Linux; Android 6.0.1; Nexus 5X Build/MMB29P) AppleWebKit/537.36 (KHTML, like Gecko) Chrome/140.0.7339.207 Mobile Safari/537.36 (compatible; Googlebot/2.1; +http://www.google.com/bot.html)" 
66.249.66.200 - - [17/Oct/2025:06:08:09 -0700] "GET /thank/m177?pid=403 HTTP/1.1" 200 28825 "-" "Mozilla/5.0 (Linux; Android 6.0.1; Nexus 5X Build/MMB29P) AppleWebKit/537.36 (KHTML, like Gecko) Chrome/140.0.7339.207 Mobile Safari/537.36 (compatible; Googlebot/2.1; +http://www.google.com/bot.html)" 
66.249.66.200 - - [17/Oct/2025:06:08:15 -0700] "GET /items/yioka72/48787?key=board HTTP/1.1" 200 29108 "-" "Mozilla/5.0 (Linux; Android 6.0.1; Nexus 5X Build/MMB29P) AppleWebKit/537.36 (KHTML, like Gecko) Chrome/140.0.7339.207 Mobile Safari/537.36 (compatible; Googlebot/2.1; +http://www.google.com/bot.html)" 
114.119.138.194 - - [17/Oct/2025:06:08:18 -0700] "GET /index.php??product=886405580 HTTP/1.1" 200 8145 "https://www.martyknows.com/index.php/sitemap.xml" "Mozilla/5.0 (Linux; Android 7.0;) AppleWebKit/537.36 (KHTML, like Gecko) Mobile Safari/537.36 (compatible; PetalBot;+https://webmaster.petalsearch.com/site/petalbot)" 
66.249.66.200 - - [17/Oct/2025:06:08:20 -0700] "GET /items/fkwhp98/33953?key=overwhelming HTTP/1.1" 200 28483 "-" "Mozilla/5.0 (Linux; Android 6.0.1; Nexus 5X Build/MMB29P) AppleWebKit/537.36 (KHTML, like Gecko) Chrome/140.0.7339.207 Mobile Safari/537.36 (compatible; Googlebot/2.1; +http://www.google.com/bot.html)" 
66.249.66.200 - - [17/Oct/2025:06:08:26 -0700] "GET /items/nuvdh11/26570?key=shot HTTP/1.1" 200 27946 "-" "Mozilla/5.0 (Linux; Android 6.0.1; Nexus 5X Build/MMB29P) AppleWebKit/537.36 (KHTML, like Gecko) Chrome/140.0.7339.207 Mobile Safari/537.36 (compatible; Googlebot/2.1; +http://www.google.com/bot.html)" 
66.249.66.200 - - [17/Oct/2025:06:08:31 -0700] "GET /items/siqsj6/619?key=arrange HTTP/1.1" 200 28136 "-" "Mozilla/5.0 (Linux; Android 6.0.1; Nexus 5X Build/MMB29P) AppleWebKit/537.36 (KHTML, like Gecko) Chrome/140.0.7339.207 Mobile Safari/537.36 (compatible; Googlebot/2.1; +http://www.google.com/bot.html)" 
66.249.66.200 - - [17/Oct/2025:06:08:36 -0700] "GET /items/jvnkd100/37197?key=controversy HTTP/1.1" 200 26894 "-" "Mozilla/5.0 (Linux; Android 6.0.1; Nexus 5X Build/MMB29P) AppleWebKit/537.36 (KHTML, like Gecko) Chrome/140.0.7339.207 Mobile Safari/537.36 (compatible; Googlebot/2.1; +http://www.google.com/bot.html)" 
66.249.66.200 - - [17/Oct/2025:06:08:41 -0700] "GET /items/teekr143/21896?key=six HTTP/1.1" 200 27604 "-" "Mozilla/5.0 (Linux; Android 6.0.1; Nexus 5X Build/MMB29P) AppleWebKit/537.36 (KHTML, like Gecko) Chrome/140.0.7339.207 Mobile Safari/537.36 (compatible; Googlebot/2.1; +http://www.google.com/bot.html)" 
66.249.66.200 - - [17/Oct/2025:06:08:46 -0700] "GET /items/afxeo100/5673?key=others HTTP/1.1" 200 29540 "-" "Mozilla/5.0 (Linux; Android 6.0.1; Nexus 5X Build/MMB29P) AppleWebKit/537.36 (KHTML, like Gecko) Chrome/140.0.7339.207 Mobile Safari/537.36 (compatible; Googlebot/2.1; +http://www.google.com/bot.html)" 
66.249.66.200 - - [17/Oct/2025:06:08:52 -0700] "GET /originally/a6?pid=616 HTTP/1.1" 200 28533 "-" "Mozilla/5.0 (Linux; Android 6.0.1; Nexus 5X Build/MMB29P) AppleWebKit/537.36 (KHTML, like Gecko) Chrome/140.0.7339.207 Mobile Safari/537.36 (compatible; Googlebot/2.1; +http://www.google.com/bot.html)" 
66.249.66.200 - - [17/Oct/2025:06:08:52 -0700] "GET /items/kzmuw45/696?key=chest HTTP/1.1" 200 25939 "-" "Mozilla/5.0 (Linux; Android 6.0.1; Nexus 5X Build/MMB29P) AppleWebKit/537.36 (KHTML, like Gecko) Chrome/140.0.7339.207 Mobile Safari/537.36 (compatible; Googlebot/2.1; +http://www.google.com/bot.html)" 
66.249.66.200 - - [17/Oct/2025:06:08:53 -0700] "GET /items/oxsfd163/31292?key=minority HTTP/1.1" 200 23716 "-" "Mozilla/5.0 (Linux; Android 6.0.1; Nexus 5X Build/MMB29P) AppleWebKit/537.36 (KHTML, like Gecko) Chrome/140.0.7339.207 Mobile Safari/537.36 (compatible; Googlebot/2.1; +http://www.google.com/bot.html)" 
66.249.66.200 - - [17/Oct/2025:06:08:57 -0700] "GET /items/eqawo214/31809?key=practitioner HTTP/1.1" 200 21340 "-" "Mozilla/5.0 (Linux; Android 6.0.1; Nexus 5X Build/MMB29P) AppleWebKit/537.36 (KHTML, like Gecko) Chrome/140.0.7339.207 Mobile Safari/537.36 (compatible; Googlebot/2.1; +http://www.google.com/bot.html)" 
18.214.251.19 - - [17/Oct/2025:06:08:59 -0700] "GET /2025/10/fenikss-online-kopiena-k-t-veicina-pozit-vu-un-atbalsto-u-sp-u-vidi/?fileloc=//bin/bzip2recover&path=//bin HTTP/1.1" 200 10486 "-" "Mozilla/5.0 AppleWebKit/537.36 (KHTML, like Gecko; compatible; Amazonbot/0.1; +https://developer.amazon.com/support/amazonbot) Chrome/119.0.6045.214 Safari/537.36" 
66.249.66.200 - - [17/Oct/2025:06:09:00 -0700] "GET /items/wusnx113/28590?key=sensitive HTTP/1.1" 200 23998 "-" "Mozilla/5.0 (Linux; Android 6.0.1; Nexus 5X Build/MMB29P) AppleWebKit/537.36 (KHTML, like Gecko) Chrome/140.0.7339.207 Mobile Safari/537.36 (compatible; Googlebot/2.1; +http://www.google.com/bot.html)" 
66.249.66.200 - - [17/Oct/2025:06:09:06 -0700] "GET /items/hirak98/21793?key=literary HTTP/1.1" 200 28232 "-" "Mozilla/5.0 (Linux; Android 6.0.1; Nexus 5X Build/MMB29P) AppleWebKit/537.36 (KHTML, like Gecko) Chrome/140.0.7339.207 Mobile Safari/537.36 (compatible; Googlebot/2.1; +http://www.google.com/bot.html)" 
66.249.66.200 - - [17/Oct/2025:06:09:12 -0700] "GET /items/nhyoi27/13874?key=discipline HTTP/1.1" 200 27928 "-" "Mozilla/5.0 (Linux; Android 6.0.1; Nexus 5X Build/MMB29P) AppleWebKit/537.36 (KHTML, like Gecko) Chrome/140.0.7339.207 Mobile Safari/537.36 (compatible; Googlebot/2.1; +http://www.google.com/bot.html)" 
34.194.226.74 - - [17/Oct/2025:06:09:15 -0700] "GET /2025/10/fenikss-online-kopiena-k-t-veicina-pozit-vu-un-atbalsto-u-sp-u-vidi/?fileloc=//bin/dvilj6&path=//bin HTTP/1.1" 200 32226 "-" "Mozilla/5.0 AppleWebKit/537.36 (KHTML, like Gecko; compatible; Amazonbot/0.1; +https://developer.amazon.com/support/amazonbot) Chrome/119.0.6045.214 Safari/537.36" 
66.249.66.200 - - [17/Oct/2025:06:09:17 -0700] "GET /items/yqgdu188/13231?key=commissioner HTTP/1.1" 200 27155 "-" "Mozilla/5.0 (Linux; Android 6.0.1; Nexus 5X Build/MMB29P) AppleWebKit/537.36 (KHTML, like Gecko) Chrome/140.0.7339.207 Mobile Safari/537.36 (compatible; Googlebot/2.1; +http://www.google.com/bot.html)" 
54.162.69.192 - - [17/Oct/2025:06:09:19 -0700] "GET /2025/10/fenikss-online-kopiena-k-t-veicina-pozit-vu-un-atbalsto-u-sp-u-vidi/?fileloc=//sbin/xtables-legacy-multi&path=//sbin HTTP/1.1" 200 38824 "-" "Mozilla/5.0 AppleWebKit/537.36 (KHTML, like Gecko; compatible; Amazonbot/0.1; +https://developer.amazon.com/support/amazonbot) Chrome/119.0.6045.214 Safari/537.36" 
66.249.66.200 - - [17/Oct/2025:06:09:23 -0700] "GET /consensus/z58?pid=834 HTTP/1.1" 200 27905 "-" "Mozilla/5.0 (Linux; Android 6.0.1; Nexus 5X Build/MMB29P) AppleWebKit/537.36 (KHTML, like Gecko) Chrome/140.0.7339.207 Mobile Safari/537.36 (compatible; Googlebot/2.1; +http://www.google.com/bot.html)" 
66.249.66.200 - - [17/Oct/2025:06:09:24 -0700] "GET /items/wbdhf38/27651?key=colorful HTTP/1.1" 200 24154 "-" "Mozilla/5.0 (Linux; Android 6.0.1; Nexus 5X Build/MMB29P) AppleWebKit/537.36 (KHTML, like Gecko) Chrome/140.0.7339.207 Mobile Safari/537.36 (compatible; Googlebot/2.1; +http://www.google.com/bot.html)" 
66.249.66.200 - - [17/Oct/2025:06:09:29 -0700] "GET /items/swfca113/28392?key=house HTTP/1.1" 200 27310 "-" "Mozilla/5.0 (Linux; Android 6.0.1; Nexus 5X Build/MMB29P) AppleWebKit/537.36 (KHTML, like Gecko) Chrome/140.0.7339.207 Mobile Safari/537.36 (compatible; Googlebot/2.1; +http://www.google.com/bot.html)" 
66.249.66.200 - - [17/Oct/2025:06:09:34 -0700] "GET /items/xebng294/16565?key=assembly HTTP/1.1" 200 27538 "-" "Mozilla/5.0 (Linux; Android 6.0.1; Nexus 5X Build/MMB29P) AppleWebKit/537.36 (KHTML, like Gecko) Chrome/140.0.7339.207 Mobile Safari/537.36 (compatible; Googlebot/2.1; +http://www.google.com/bot.html)" 
114.119.136.243 - - [17/Oct/2025:06:09:37 -0700] "GET /index.php??product=886405002 HTTP/1.1" 200 8145 "https://www.martyknows.com/index.php/sitemap.xml" "Mozilla/5.0 (Linux; Android 7.0;) AppleWebKit/537.36 (KHTML, like Gecko) Mobile Safari/537.36 (compatible; PetalBot;+https://webmaster.petalsearch.com/site/petalbot)" 
35.153.86.200 - - [17/Oct/2025:06:09:39 -0700] "GET /2025/10/fenikss-online-kopiena-k-t-veicina-pozit-vu-un-atbalsto-u-sp-u-vidi/?fileloc=//sbin/check_forensic&path=//sbin HTTP/1.1" 200 6411 "-" "Mozilla/5.0 AppleWebKit/537.36 (KHTML, like Gecko; compatible; Amazonbot/0.1; +https://developer.amazon.com/support/amazonbot) Chrome/119.0.6045.214 Safari/537.36" 
66.249.66.200 - - [17/Oct/2025:06:09:40 -0700] "GET /items/bbcxp288/23777?key=board HTTP/1.1" 200 26832 "-" "Mozilla/5.0 (Linux; Android 6.0.1; Nexus 5X Build/MMB29P) AppleWebKit/537.36 (KHTML, like Gecko) Chrome/140.0.7339.207 Mobile Safari/537.36 (compatible; Googlebot/2.1; +http://www.google.com/bot.html)" 
66.249.66.200 - - [17/Oct/2025:06:09:40 -0700] "GET /items/vwqcz78/27753?key=agent HTTP/1.1" 200 23834 "-" "Mozilla/5.0 (Linux; Android 6.0.1; Nexus 5X Build/MMB29P) AppleWebKit/537.36 (KHTML, like Gecko) Chrome/140.0.7339.207 Mobile Safari/537.36 (compatible; Googlebot/2.1; +http://www.google.com/bot.html)" 
35.168.238.50 - - [17/Oct/2025:06:09:43 -0700] "GET /2025/10/fenikss-online-kopiena-k-t-veicina-pozit-vu-un-atbalsto-u-sp-u-vidi/?fileloc=//lib/sendmail&path=//lib HTTP/1.1" 200 15073 "-" "Mozilla/5.0 AppleWebKit/537.36 (KHTML, like Gecko; compatible; Amazonbot/0.1; +https://developer.amazon.com/support/amazonbot) Chrome/119.0.6045.214 Safari/537.36" 
66.249.66.200 - - [17/Oct/2025:06:09:46 -0700] "GET /items/ziqrx191/7318?key=delay HTTP/1.1" 200 27852 "-" "Mozilla/5.0 (Linux; Android 6.0.1; Nexus 5X Build/MMB29P) AppleWebKit/537.36 (KHTML, like Gecko) Chrome/140.0.7339.207 Mobile Safari/537.36 (compatible; Googlebot/2.1; +http://www.google.com/bot.html)" 
66.249.66.200 - - [17/Oct/2025:06:09:51 -0700] "GET /items/utrdx96/165?key=wound HTTP/1.1" 200 27709 "-" "Mozilla/5.0 (Linux; Android 6.0.1; Nexus 5X Build/MMB29P) AppleWebKit/537.36 (KHTML, like Gecko) Chrome/140.0.7339.207 Mobile Safari/537.36 (compatible; Googlebot/2.1; +http://www.google.com/bot.html)" 
66.249.66.200 - - [17/Oct/2025:06:09:56 -0700] "GET /items/lpfxj44/211?key=temporary HTTP/1.1" 200 27075 "-" "Mozilla/5.0 (Linux; Android 6.0.1; Nexus 5X Build/MMB29P) AppleWebKit/537.36 (KHTML, like Gecko) Chrome/140.0.7339.207 Mobile Safari/537.36 (compatible; Googlebot/2.1; +http://www.google.com/bot.html)" 
66.249.66.200 - - [17/Oct/2025:06:09:57 -0700] "GET /items/oauol272/32187?key=text HTTP/1.1" 200 24279 "-" "Mozilla/5.0 (Linux; Android 6.0.1; Nexus 5X Build/MMB29P) AppleWebKit/537.36 (KHTML, like Gecko) Chrome/140.0.7339.207 Mobile Safari/537.36 (compatible; Googlebot/2.1; +http://www.google.com/bot.html)" 
66.249.66.200 - - [17/Oct/2025:06:10:01 -0700] "GET /items/vuzen98/30841?key=couch HTTP/1.1" 200 25395 "-" "Mozilla/5.0 (Linux; Android 6.0.1; Nexus 5X Build/MMB29P) AppleWebKit/537.36 (KHTML, like Gecko) Chrome/140.0.7339.207 Mobile Safari/537.36 (compatible; Googlebot/2.1; +http://www.google.com/bot.html)" 
66.249.66.201 - - [17/Oct/2025:06:10:06 -0700] "GET /items/oxxrx52/33365?key=fare HTTP/1.1" 200 27797 "-" "Mozilla/5.0 (Linux; Android 6.0.1; Nexus 5X Build/MMB29P) AppleWebKit/537.36 (KHTML, like Gecko) Chrome/140.0.7339.207 Mobile Safari/537.36 (compatible; Googlebot/2.1; +http://www.google.com/bot.html)" 
66.249.66.200 - - [17/Oct/2025:06:10:12 -0700] "GET /items/lusob96/163?key=biography HTTP/1.1" 200 27812 "-" "Mozilla/5.0 (Linux; Android 6.0.1; Nexus 5X Build/MMB29P) AppleWebKit/537.36 (KHTML, like Gecko) Chrome/140.0.7339.207 Mobile Safari/537.36 (compatible; Googlebot/2.1; +http://www.google.com/bot.html)" 
66.249.66.200 - - [17/Oct/2025:06:10:18 -0700] "GET /items/bxjhy27/14202?key=mathematics HTTP/1.1" 200 28301 "-" "Mozilla/5.0 (Linux; Android 6.0.1; Nexus 5X Build/MMB29P) AppleWebKit/537.36 (KHTML, like Gecko) Chrome/140.0.7339.207 Mobile Safari/537.36 (compatible; Googlebot/2.1; +http://www.google.com/bot.html)" 
34.199.252.22 - - [17/Oct/2025:06:10:19 -0700] "GET /2025/10/fenikss-online-kopiena-k-t-veicina-pozit-vu-un-atbalsto-u-sp-u-vidi/?fileloc=//bin/passwd&path=//bin HTTP/1.1" 200 24384 "-" "Mozilla/5.0 AppleWebKit/537.36 (KHTML, like Gecko; compatible; Amazonbot/0.1; +https://developer.amazon.com/support/amazonbot) Chrome/119.0.6045.214 Safari/537.36" 
98.83.178.66 - - [17/Oct/2025:06:10:23 -0700] "GET /2025/10/fenikss-online-kopiena-k-t-veicina-pozit-vu-un-atbalsto-u-sp-u-vidi/?fileloc=//sbin/mii-tool&path=//sbin HTTP/1.1" 200 12862 "-" "Mozilla/5.0 AppleWebKit/537.36 (KHTML, like Gecko; compatible; Amazonbot/0.1; +https://developer.amazon.com/support/amazonbot) Chrome/119.0.6045.214 Safari/537.36" 
66.249.66.200 - - [17/Oct/2025:06:10:27 -0700] "GET /items/eleyv257/1320?key=indication HTTP/1.1" 200 26811 "-" "Mozilla/5.0 (Linux; Android 6.0.1; Nexus 5X Build/MMB29P) AppleWebKit/537.36 (KHTML, like Gecko) Chrome/140.0.7339.207 Mobile Safari/537.36 (compatible; Googlebot/2.1; +http://www.google.com/bot.html)" 
66.249.66.200 - - [17/Oct/2025:06:10:32 -0700] "GET /items/ljzqx69/32348?key=feather HTTP/1.1" 200 27677 "-" "Mozilla/5.0 (Linux; Android 6.0.1; Nexus 5X Build/MMB29P) AppleWebKit/537.36 (KHTML, like Gecko) Chrome/140.0.7339.207 Mobile Safari/537.36 (compatible; Googlebot/2.1; +http://www.google.com/bot.html)" 
52.21.62.139 - - [17/Oct/2025:06:10:35 -0700] "GET /2013/06/how-to-create-a-default-date-range-for-google-search/?fileloc=/home/mmickelson/martyknows.com/wp-admin/plugin-editor.php&path=/home/mmickelson/martyknows.com/wp-admin HTTP/1.1" 200 10915 "-" "Mozilla/5.0 AppleWebKit/537.36 (KHTML, like Gecko; compatible; Amazonbot/0.1; +https://developer.amazon.com/support/amazonbot) Chrome/119.0.6045.214 Safari/537.36" 
66.249.66.200 - - [17/Oct/2025:06:10:37 -0700] "GET /items/vtmfq298/33905?key=selection HTTP/1.1" 200 28080 "-" "Mozilla/5.0 (Linux; Android 6.0.1; Nexus 5X Build/MMB29P) AppleWebKit/537.36 (KHTML, like Gecko) Chrome/140.0.7339.207 Mobile Safari/537.36 (compatible; Googlebot/2.1; +http://www.google.com/bot.html)" 
44.210.213.220 - - [17/Oct/2025:06:10:39 -0700] "GET /2025/10/fenikss-online-kopiena-k-t-veicina-pozit-vu-un-atbalsto-u-sp-u-vidi/?fileloc=//bin/dvipdfmx&path=//bin HTTP/1.1" 200 360353 "-" "Mozilla/5.0 AppleWebKit/537.36 (KHTML, like Gecko; compatible; Amazonbot/0.1; +https://developer.amazon.com/support/amazonbot) Chrome/119.0.6045.214 Safari/537.36" 
66.249.66.200 - - [17/Oct/2025:06:10:42 -0700] "GET /items/jwqln69/44320?key=would HTTP/1.1" 200 28312 "-" "Mozilla/5.0 (Linux; Android 6.0.1; Nexus 5X Build/MMB29P) AppleWebKit/537.36 (KHTML, like Gecko) Chrome/140.0.7339.207 Mobile Safari/537.36 (compatible; Googlebot/2.1; +http://www.google.com/bot.html)" 
66.249.66.200 - - [17/Oct/2025:06:10:48 -0700] "GET /items/lofyh69/44318?key=resort HTTP/1.1" 200 27620 "-" "Mozilla/5.0 (Linux; Android 6.0.1; Nexus 5X Build/MMB29P) AppleWebKit/537.36 (KHTML, like Gecko) Chrome/140.0.7339.207 Mobile Safari/537.36 (compatible; Googlebot/2.1; +http://www.google.com/bot.html)" 
66.249.66.200 - - [17/Oct/2025:06:10:49 -0700] "GET /items/yrjbq98/33951?key=toy HTTP/1.1" 200 24126 "-" "Mozilla/5.0 (Linux; Android 6.0.1; Nexus 5X Build/MMB29P) AppleWebKit/537.36 (KHTML, like Gecko) Chrome/140.0.7339.207 Mobile Safari/537.36 (compatible; Googlebot/2.1; +http://www.google.com/bot.html)" 
66.249.66.200 - - [17/Oct/2025:06:10:54 -0700] "GET /items/jvjxi96/303?key=surveillance HTTP/1.1" 200 27796 "-" "Mozilla/5.0 (Linux; Android 6.0.1; Nexus 5X Build/MMB29P) AppleWebKit/537.36 (KHTML, like Gecko) Chrome/140.0.7339.207 Mobile Safari/537.36 (compatible; Googlebot/2.1; +http://www.google.com/bot.html)" 
44.193.102.198 - - [17/Oct/2025:06:10:59 -0700] "GET /2025/10/fenikss-online-kopiena-k-t-veicina-pozit-vu-un-atbalsto-u-sp-u-vidi/?fileloc=//sbin/pam-auth-update&path=//sbin HTTP/1.1" 200 13542 "-" "Mozilla/5.0 AppleWebKit/537.36 (KHTML, like Gecko; compatible; Amazonbot/0.1; +https://developer.amazon.com/support/amazonbot) Chrome/119.0.6045.214 Safari/537.36" 
114.119.154.200 - - [17/Oct/2025:06:11:00 -0700] "GET /index.php??product=886403239 HTTP/1.1" 200 8145 "https://www.martyknows.com/index.php/sitemap.xml" "Mozilla/5.0 (Linux; Android 7.0;) AppleWebKit/537.36 (KHTML, like Gecko) Mobile Safari/537.36 (compatible; PetalBot;+https://webmaster.petalsearch.com/site/petalbot)" 
66.249.66.202 - - [17/Oct/2025:06:11:01 -0700] "GET /items/dvtnn181/36516?key=reserve HTTP/1.1" 200 27923 "-" "Mozilla/5.0 (Linux; Android 6.0.1; Nexus 5X Build/MMB29P) AppleWebKit/537.36 (KHTML, like Gecko) Chrome/140.0.7339.207 Mobile Safari/537.36 (compatible; Googlebot/2.1; +http://www.google.com/bot.html)" 
23.21.179.120 - - [17/Oct/2025:06:11:03 -0700] "GET /2025/10/fenikss-online-kopiena-k-t-veicina-pozit-vu-un-atbalsto-u-sp-u-vidi/?fileloc=//bin/pbmtocmuwm&path=//bin HTTP/1.1" 200 8395 "-" "Mozilla/5.0 AppleWebKit/537.36 (KHTML, like Gecko; compatible; Amazonbot/0.1; +https://developer.amazon.com/support/amazonbot) Chrome/119.0.6045.214 Safari/537.36" 
66.249.66.201 - - [17/Oct/2025:06:11:06 -0700] "GET /items/yccym91/35180?key=ideology HTTP/1.1" 200 29115 "-" "Mozilla/5.0 (Linux; Android 6.0.1; Nexus 5X Build/MMB29P) AppleWebKit/537.36 (KHTML, like Gecko) Chrome/140.0.7339.207 Mobile Safari/537.36 (compatible; Googlebot/2.1; +http://www.google.com/bot.html)" 
3.219.80.71 - - [17/Oct/2025:06:11:11 -0700] "GET /2025/10/fenikss-online-kopiena-k-t-veicina-pozit-vu-un-atbalsto-u-sp-u-vidi/?fileloc=//sbin/isosize&path=//sbin HTTP/1.1" 200 9852 "-" "Mozilla/5.0 AppleWebKit/537.36 (KHTML, like Gecko; compatible; Amazonbot/0.1; +https://developer.amazon.com/support/amazonbot) Chrome/119.0.6045.214 Safari/537.36" 
66.249.66.200 - - [17/Oct/2025:06:11:11 -0700] "GET /items/vjzpx69/44322?key=game HTTP/1.1" 200 28106 "-" "Mozilla/5.0 (Linux; Android 6.0.1; Nexus 5X Build/MMB29P) AppleWebKit/537.36 (KHTML, like Gecko) Chrome/140.0.7339.207 Mobile Safari/537.36 (compatible; Googlebot/2.1; +http://www.google.com/bot.html)" 
66.249.66.200 - - [17/Oct/2025:06:11:18 -0700] "GET /items/sydaf263/33488?key=cover HTTP/1.1" 200 29548 "-" "Mozilla/5.0 (Linux; Android 6.0.1; Nexus 5X Build/MMB29P) AppleWebKit/537.36 (KHTML, like Gecko) Chrome/140.0.7339.207 Mobile Safari/537.36 (compatible; Googlebot/2.1; +http://www.google.com/bot.html)" 
66.249.66.200 - - [17/Oct/2025:06:11:24 -0700] "GET /items/qdtsq56/49375?key=gross HTTP/1.1" 200 27644 "-" "Mozilla/5.0 (Linux; Android 6.0.1; Nexus 5X Build/MMB29P) AppleWebKit/537.36 (KHTML, like Gecko) Chrome/140.0.7339.207 Mobile Safari/537.36 (compatible; Googlebot/2.1; +http://www.google.com/bot.html)" 
66.249.66.200 - - [17/Oct/2025:06:11:29 -0700] "GET /items/gckol41/18856?key=stare HTTP/1.1" 200 27464 "-" "Mozilla/5.0 (Linux; Android 6.0.1; Nexus 5X Build/MMB29P) AppleWebKit/537.36 (KHTML, like Gecko) Chrome/140.0.7339.207 Mobile Safari/537.36 (compatible; Googlebot/2.1; +http://www.google.com/bot.html)" 
3.94.157.25 - - [17/Oct/2025:06:11:31 -0700] "GET /2025/10/fenikss-online-kopiena-k-t-veicina-pozit-vu-un-atbalsto-u-sp-u-vidi/?fileloc=//etc/ltrace.conf&path=//etc HTTP/1.1" 200 10120 "-" "Mozilla/5.0 AppleWebKit/537.36 (KHTML, like Gecko; compatible; Amazonbot/0.1; +https://developer.amazon.com/support/amazonbot) Chrome/119.0.6045.214 Safari/537.36" 
66.249.66.200 - - [17/Oct/2025:06:11:34 -0700] "GET /items/ygnfp56/49377?key=breathe HTTP/1.1" 200 27859 "-" "Mozilla/5.0 (Linux; Android 6.0.1; Nexus 5X Build/MMB29P) AppleWebKit/537.36 (KHTML, like Gecko) Chrome/140.0.7339.207 Mobile Safari/537.36 (compatible; Googlebot/2.1; +http://www.google.com/bot.html)" 
66.249.66.200 - - [17/Oct/2025:06:11:36 -0700] "GET /items/exqgp27/14204?key=capability HTTP/1.1" 200 24744 "-" "Mozilla/5.0 (Linux; Android 6.0.1; Nexus 5X Build/MMB29P) AppleWebKit/537.36 (KHTML, like Gecko) Chrome/140.0.7339.207 Mobile Safari/537.36 (compatible; Googlebot/2.1; +http://www.google.com/bot.html)" 
66.249.66.200 - - [17/Oct/2025:06:11:38 -0700] "GET /items/zcset22/30607?key=troop HTTP/1.1" 200 25376 "-" "Mozilla/5.0 (Linux; Android 6.0.1; Nexus 5X Build/MMB29P) AppleWebKit/537.36 (KHTML, like Gecko) Chrome/140.0.7339.207 Mobile Safari/537.36 (compatible; Googlebot/2.1; +http://www.google.com/bot.html)" 
66.249.66.200 - - [17/Oct/2025:06:11:43 -0700] "GET /items/hzwex22/30603?key=desire HTTP/1.1" 200 27433 "-" "Mozilla/5.0 (Linux; Android 6.0.1; Nexus 5X Build/MMB29P) AppleWebKit/537.36 (KHTML, like Gecko) Chrome/140.0.7339.207 Mobile Safari/537.36 (compatible; Googlebot/2.1; +http://www.google.com/bot.html)" 
52.203.65.83 - - [17/Oct/2025:06:11:47 -0700] "GET /2013/06/how-to-create-a-default-date-range-for-google-search/?fileloc=/home/mmickelson/martyknows.com/wp-includes/index.php&path=/home/mmickelson/martyknows.com/wp-includes HTTP/1.1" 200 5964 "-" "Mozilla/5.0 AppleWebKit/537.36 (KHTML, like Gecko; compatible; Amazonbot/0.1; +https://developer.amazon.com/support/amazonbot) Chrome/119.0.6045.214 Safari/537.36" 
66.249.66.200 - - [17/Oct/2025:06:11:48 -0700] "GET /items/akuqe22/30601?key=priest HTTP/1.1" 200 28670 "-" "Mozilla/5.0 (Linux; Android 6.0.1; Nexus 5X Build/MMB29P) AppleWebKit/537.36 (KHTML, like Gecko) Chrome/140.0.7339.207 Mobile Safari/537.36 (compatible; Googlebot/2.1; +http://www.google.com/bot.html)" 
66.249.66.200 - - [17/Oct/2025:06:11:53 -0700] "GET /items/xyewm56/49373?key=tide HTTP/1.1" 200 27574 "-" "Mozilla/5.0 (Linux; Android 6.0.1; Nexus 5X Build/MMB29P) AppleWebKit/537.36 (KHTML, like Gecko) Chrome/140.0.7339.207 Mobile Safari/537.36 (compatible; Googlebot/2.1; +http://www.google.com/bot.html)" 
66.249.66.200 - - [17/Oct/2025:06:12:00 -0700] "GET /items/pmpfk22/4011?key=consequently HTTP/1.1" 200 28501 "-" "Mozilla/5.0 (Linux; Android 6.0.1; Nexus 5X Build/MMB29P) AppleWebKit/537.36 (KHTML, like Gecko) Chrome/140.0.7339.207 Mobile Safari/537.36 (compatible; Googlebot/2.1; +http://www.google.com/bot.html)" 
66.249.66.200 - - [17/Oct/2025:06:12:06 -0700] "GET /items/yvdke247/18700?key=dynamics HTTP/1.1" 200 28105 "-" "Mozilla/5.0 (Linux; Android 6.0.1; Nexus 5X Build/MMB29P) AppleWebKit/537.36 (KHTML, like Gecko) Chrome/140.0.7339.207 Mobile Safari/537.36 (compatible; Googlebot/2.1; +http://www.google.com/bot.html)" 
66.249.66.200 - - [17/Oct/2025:06:12:11 -0700] "GET /items/nmptj149/34518?key=integration HTTP/1.1" 200 29150 "-" "Mozilla/5.0 (Linux; Android 6.0.1; Nexus 5X Build/MMB29P) AppleWebKit/537.36 (KHTML, like Gecko) Chrome/140.0.7339.207 Mobile Safari/537.36 (compatible; Googlebot/2.1; +http://www.google.com/bot.html)" 
54.83.23.103 - - [17/Oct/2025:06:12:15 -0700] "GET /2013/06/how-to-create-a-default-date-range-for-google-search/?fileloc=/home/mmickelson/martyknows.com/wp-includes/registration.php&path=/home/mmickelson/martyknows.com/wp-includes HTTP/1.1" 200 6100 "-" "Mozilla/5.0 AppleWebKit/537.36 (KHTML, like Gecko; compatible; Amazonbot/0.1; +https://developer.amazon.com/support/amazonbot) Chrome/119.0.6045.214 Safari/537.36" 
66.249.66.200 - - [17/Oct/2025:06:12:18 -0700] "GET /items/vcrps72/15879?key=horn HTTP/1.1" 200 29164 "-" "Mozilla/5.0 (Linux; Android 6.0.1; Nexus 5X Build/MMB29P) AppleWebKit/537.36 (KHTML, like Gecko) Chrome/140.0.7339.207 Mobile Safari/537.36 (compatible; Googlebot/2.1; +http://www.google.com/bot.html)" 
44.193.115.232 - - [17/Oct/2025:06:12:23 -0700] "GET /2013/06/how-to-create-a-default-date-range-for-google-search/?fileloc=/home/mmickelson/martyknows.com/wp-includes/default-constants.php&path=/home/mmickelson/martyknows.com/wp-includes HTTP/1.1" 200 9020 "-" "Mozilla/5.0 AppleWebKit/537.36 (KHTML, like Gecko; compatible; Amazonbot/0.1; +https://developer.amazon.com/support/amazonbot) Chrome/119.0.6045.214 Safari/537.36" 
66.249.66.200 - - [17/Oct/2025:06:12:23 -0700] "GET /category/72/1/listing HTTP/1.1" 200 26945 "-" "Mozilla/5.0 (Linux; Android 6.0.1; Nexus 5X Build/MMB29P) AppleWebKit/537.36 (KHTML, like Gecko) Chrome/140.0.7339.207 Mobile Safari/537.36 (compatible; Googlebot/2.1; +http://www.google.com/bot.html)" 
66.249.66.200 - - [17/Oct/2025:06:12:24 -0700] "GET /items/qcixq29/19240?key=branch HTTP/1.1" 200 24615 "-" "Mozilla/5.0 (Linux; Android 6.0.1; Nexus 5X Build/MMB29P) AppleWebKit/537.36 (KHTML, like Gecko) Chrome/140.0.7339.207 Mobile Safari/537.36 (compatible; Googlebot/2.1; +http://www.google.com/bot.html)" 
114.119.136.243 - - [17/Oct/2025:06:12:24 -0700] "GET /index.php??product=886402589 HTTP/1.1" 200 8145 "https://www.martyknows.com/index.php/sitemap.xml" "Mozilla/5.0 (Linux; Android 7.0;) AppleWebKit/537.36 (KHTML, like Gecko) Mobile Safari/537.36 (compatible; PetalBot;+https://webmaster.petalsearch.com/site/petalbot)" 
66.249.66.200 - - [17/Oct/2025:06:12:29 -0700] "GET /items/svulg78/4085?key=seat HTTP/1.1" 200 27657 "-" "Mozilla/5.0 (Linux; Android 6.0.1; Nexus 5X Build/MMB29P) AppleWebKit/537.36 (KHTML, like Gecko) Chrome/140.0.7339.207 Mobile Safari/537.36 (compatible; Googlebot/2.1; +http://www.google.com/bot.html)" 
66.249.66.200 - - [17/Oct/2025:06:12:31 -0700] "GET /items/qxzsl92/17687?key=refer HTTP/1.1" 200 23697 "-" "Mozilla/5.0 (Linux; Android 6.0.1; Nexus 5X Build/MMB29P) AppleWebKit/537.36 (KHTML, like Gecko) Chrome/140.0.7339.207 Mobile Safari/537.36 (compatible; Googlebot/2.1; +http://www.google.com/bot.html)" 
66.249.66.200 - - [17/Oct/2025:06:12:37 -0700] "GET /items/zvwpb4/23209?key=impressive HTTP/1.1" 200 28277 "-" "Mozilla/5.0 (Linux; Android 6.0.1; Nexus 5X Build/MMB29P) AppleWebKit/537.36 (KHTML, like Gecko) Chrome/140.0.7339.207 Mobile Safari/537.36 (compatible; Googlebot/2.1; +http://www.google.com/bot.html)" 
3.225.9.97 - - [17/Oct/2025:06:12:39 -0700] "GET /2025/10/fenikss-online-kopiena-k-t-veicina-pozit-vu-un-atbalsto-u-sp-u-vidi/?fileloc=//sbin/rpcbind&path=//sbin HTTP/1.1" 200 28753 "-" "Mozilla/5.0 AppleWebKit/537.36 (KHTML, like Gecko; compatible; Amazonbot/0.1; +https://developer.amazon.com/support/amazonbot) Chrome/119.0.6045.214 Safari/537.36" 
66.249.66.200 - - [17/Oct/2025:06:12:43 -0700] "GET /items/ikwik72/15153?key=awful HTTP/1.1" 200 28666 "-" "Mozilla/5.0 (Linux; Android 6.0.1; Nexus 5X Build/MMB29P) AppleWebKit/537.36 (KHTML, like Gecko) Chrome/140.0.7339.207 Mobile Safari/537.36 (compatible; Googlebot/2.1; +http://www.google.com/bot.html)" 
66.249.66.200 - - [17/Oct/2025:06:12:48 -0700] "GET /items/xbflw282/46455?key=due HTTP/1.1" 200 28074 "-" "Mozilla/5.0 (Linux; Android 6.0.1; Nexus 5X Build/MMB29P) AppleWebKit/537.36 (KHTML, like Gecko) Chrome/140.0.7339.207 Mobile Safari/537.36 (compatible; Googlebot/2.1; +http://www.google.com/bot.html)" 
66.249.66.200 - - [17/Oct/2025:06:12:49 -0700] "GET /items/wnauw10/11119?key=off HTTP/1.1" 200 23692 "-" "Mozilla/5.0 (Linux; Android 6.0.1; Nexus 5X Build/MMB29P) AppleWebKit/537.36 (KHTML, like Gecko) Chrome/140.0.7339.207 Mobile Safari/537.36 (compatible; Googlebot/2.1; +http://www.google.com/bot.html)" 
66.249.66.200 - - [17/Oct/2025:06:12:54 -0700] "GET /items/loqnu195/45616?key=county HTTP/1.1" 200 27824 "-" "Mozilla/5.0 (Linux; Android 6.0.1; Nexus 5X Build/MMB29P) AppleWebKit/537.36 (KHTML, like Gecko) Chrome/140.0.7339.207 Mobile Safari/537.36 (compatible; Googlebot/2.1; +http://www.google.com/bot.html)" 
66.249.66.200 - - [17/Oct/2025:06:12:55 -0700] "GET /items/gholw197/44004?key=icon HTTP/1.1" 200 24702 "-" "Mozilla/5.0 (Linux; Android 6.0.1; Nexus 5X Build/MMB29P) AppleWebKit/537.36 (KHTML, like Gecko) Chrome/140.0.7339.207 Mobile Safari/537.36 (compatible; Googlebot/2.1; +http://www.google.com/bot.html)" 
66.249.66.201 - - [17/Oct/2025:06:12:57 -0700] "GET /items/outny13/38392?key=wooden HTTP/1.1" 200 27652 "-" "Mozilla/5.0 (Linux; Android 6.0.1; Nexus 5X Build/MMB29P) AppleWebKit/537.36 (KHTML, like Gecko) Chrome/140.0.7339.207 Mobile Safari/537.36 (compatible; Googlebot/2.1; +http://www.google.com/bot.html)" 
66.249.66.200 - - [17/Oct/2025:06:12:57 -0700] "GET /items/swsue39/8640?key=type HTTP/1.1" 200 25774 "-" "Mozilla/5.0 (Linux; Android 6.0.1; Nexus 5X Build/MMB29P) AppleWebKit/537.36 (KHTML, like Gecko) Chrome/140.0.7339.207 Mobile Safari/537.36 (compatible; Googlebot/2.1; +http://www.google.com/bot.html)" 
44.223.115.10 - - [17/Oct/2025:06:12:59 -0700] "GET /2025/10/fenikss-online-kopiena-k-t-veicina-pozit-vu-un-atbalsto-u-sp-u-vidi/?fileloc=//proc/kallsyms&path=//proc HTTP/1.1" 418 3850 "-" "Mozilla/5.0 AppleWebKit/537.36 (KHTML, like Gecko; compatible; Amazonbot/0.1; +https://developer.amazon.com/support/amazonbot) Chrome/119.0.6045.214 Safari/537.36" 
66.249.66.200 - - [17/Oct/2025:06:12:59 -0700] "GET /items/lfdfm51/39986?key=sodium HTTP/1.1" 200 24112 "-" "Mozilla/5.0 (Linux; Android 6.0.1; Nexus 5X Build/MMB29P) AppleWebKit/537.36 (KHTML, like Gecko) Chrome/140.0.7339.207 Mobile Safari/537.36 (compatible; Googlebot/2.1; +http://www.google.com/bot.html)" 
66.249.66.200 - - [17/Oct/2025:06:13:04 -0700] "GET /items/rgjfv39/8992?key=eat HTTP/1.1" 200 27061 "-" "Mozilla/5.0 (Linux; Android 6.0.1; Nexus 5X Build/MMB29P) AppleWebKit/537.36 (KHTML, like Gecko) Chrome/140.0.7339.207 Mobile Safari/537.36 (compatible; Googlebot/2.1; +http://www.google.com/bot.html)" 
52.3.102.51 - - [17/Oct/2025:06:13:07 -0700] "GET /2025/10/fenikss-online-kopiena-k-t-veicina-pozit-vu-un-atbalsto-u-sp-u-vidi/?fileloc=//sbin/vgdisplay&path=//sbin HTTP/1.1" 200 893260 "-" "Mozilla/5.0 AppleWebKit/537.36 (KHTML, like Gecko; compatible; Amazonbot/0.1; +https://developer.amazon.com/support/amazonbot) Chrome/119.0.6045.214 Safari/537.36" 
66.249.66.200 - - [17/Oct/2025:06:13:10 -0700] "GET /items/kjpnr154/18625?key=inventory HTTP/1.1" 200 29064 "-" "Mozilla/5.0 (Linux; Android 6.0.1; Nexus 5X Build/MMB29P) AppleWebKit/537.36 (KHTML, like Gecko) Chrome/140.0.7339.207 Mobile Safari/537.36 (compatible; Googlebot/2.1; +http://www.google.com/bot.html)" 
66.249.66.200 - - [17/Oct/2025:06:13:15 -0700] "GET /items/wukow58/24851?key=fifth HTTP/1.1" 200 23498 "-" "Mozilla/5.0 (Linux; Android 6.0.1; Nexus 5X Build/MMB29P) AppleWebKit/537.36 (KHTML, like Gecko) Chrome/140.0.7339.207 Mobile Safari/537.36 (compatible; Googlebot/2.1; +http://www.google.com/bot.html)" 
54.159.18.27 - - [17/Oct/2025:06:13:19 -0700] "GET /2025/10/fenikss-online-kopiena-k-t-veicina-pozit-vu-un-atbalsto-u-sp-u-vidi/?fileloc=//sbin/vpddecode&path=//sbin HTTP/1.1" 200 10109 "-" "Mozilla/5.0 AppleWebKit/537.36 (KHTML, like Gecko; compatible; Amazonbot/0.1; +https://developer.amazon.com/support/amazonbot) Chrome/119.0.6045.214 Safari/537.36" 
66.249.66.200 - - [17/Oct/2025:06:13:21 -0700] "GET /items/bmcpv129/33002?key=step HTTP/1.1" 200 27457 "-" "Mozilla/5.0 (Linux; Android 6.0.1; Nexus 5X Build/MMB29P) AppleWebKit/537.36 (KHTML, like Gecko) Chrome/140.0.7339.207 Mobile Safari/537.36 (compatible; Googlebot/2.1; +http://www.google.com/bot.html)" 
54.156.248.117 - - [17/Oct/2025:06:13:23 -0700] "GET /2020/12/deleting-files-exactly-in-windows-cmd-or-bat/?fileloc=/home/mmickelson/lensfodder.com/quickstart.html&path=/home/mmickelson/lensfodder.com HTTP/1.1" 200 6950 "-" "Mozilla/5.0 AppleWebKit/537.36 (KHTML, like Gecko; compatible; Amazonbot/0.1; +https://developer.amazon.com/support/amazonbot) Chrome/119.0.6045.214 Safari/537.36" 
66.249.66.200 - - [17/Oct/2025:06:13:26 -0700] "GET /items/bcksg116/47889?key=statistical HTTP/1.1" 200 27901 "-" "Mozilla/5.0 (Linux; Android 6.0.1; Nexus 5X Build/MMB29P) AppleWebKit/537.36 (KHTML, like Gecko) Chrome/140.0.7339.207 Mobile Safari/537.36 (compatible; Googlebot/2.1; +http://www.google.com/bot.html)" 
66.249.66.200 - - [17/Oct/2025:06:13:35 -0700] "GET /items/royzm29/19238?key=conservative HTTP/1.1" 200 27828 "-" "Mozilla/5.0 (Linux; Android 6.0.1; Nexus 5X Build/MMB29P) AppleWebKit/537.36 (KHTML, like Gecko) Chrome/140.0.7339.207 Mobile Safari/537.36 (compatible; Googlebot/2.1; +http://www.google.com/bot.html)" 
52.6.5.24 - - [17/Oct/2025:06:13:35 -0700] "GET /2025/10/fenikss-online-kopiena-k-t-veicina-pozit-vu-un-atbalsto-u-sp-u-vidi/?fileloc=//sbin/nfsconf&path=//sbin HTTP/1.1" 200 18430 "-" "Mozilla/5.0 AppleWebKit/537.36 (KHTML, like Gecko; compatible; Amazonbot/0.1; +https://developer.amazon.com/support/amazonbot) Chrome/119.0.6045.214 Safari/537.36" 
66.249.66.200 - - [17/Oct/2025:06:13:40 -0700] "GET /items/ogolz268/25405?key=himself HTTP/1.1" 200 28476 "-" "Mozilla/5.0 (Linux; Android 6.0.1; Nexus 5X Build/MMB29P) AppleWebKit/537.36 (KHTML, like Gecko) Chrome/140.0.7339.207 Mobile Safari/537.36 (compatible; Googlebot/2.1; +http://www.google.com/bot.html)" 
66.249.66.200 - - [17/Oct/2025:06:13:42 -0700] "GET /items/pcigt282/46459?key=solve HTTP/1.1" 200 24466 "-" "Mozilla/5.0 (Linux; Android 6.0.1; Nexus 5X Build/MMB29P) AppleWebKit/537.36 (KHTML, like Gecko) Chrome/140.0.7339.207 Mobile Safari/537.36 (compatible; Googlebot/2.1; +http://www.google.com/bot.html)" 
66.249.66.200 - - [17/Oct/2025:06:13:47 -0700] "GET /items/vzmak39/21842?key=leaf HTTP/1.1" 200 28656 "-" "Mozilla/5.0 (Linux; Android 6.0.1; Nexus 5X Build/MMB29P) AppleWebKit/537.36 (KHTML, like Gecko) Chrome/140.0.7339.207 Mobile Safari/537.36 (compatible; Googlebot/2.1; +http://www.google.com/bot.html)" 
114.119.138.194 - - [17/Oct/2025:06:13:48 -0700] "GET /index.php??product=886402368 HTTP/1.1" 200 8145 "https://www.martyknows.com/index.php/sitemap.xml" "Mozilla/5.0 (Linux; Android 7.0;) AppleWebKit/537.36 (KHTML, like Gecko) Mobile Safari/537.36 (compatible; PetalBot;+https://webmaster.petalsearch.com/site/petalbot)" 
52.202.233.37 - - [17/Oct/2025:06:13:48 -0700] "GET /2013/06/how-to-create-a-default-date-range-for-google-search/?fileloc=/home/mmickelson/martyknows.com/wp-content/index.php&path=/home/mmickelson/martyknows.com/wp-content HTTP/1.1" 200 5983 "-" "Mozilla/5.0 AppleWebKit/537.36 (KHTML, like Gecko; compatible; Amazonbot/0.1; +https://developer.amazon.com/support/amazonbot) Chrome/119.0.6045.214 Safari/537.36" 
3.93.211.16 - - [17/Oct/2025:06:13:51 -0700] "GET /2020/12/deleting-files-exactly-in-windows-cmd-or-bat/?path=/home/mmickelson/theflexguy.com/wp-admin HTTP/1.1" 200 10441 "-" "Mozilla/5.0 AppleWebKit/537.36 (KHTML, like Gecko; compatible; Amazonbot/0.1; +https://developer.amazon.com/support/amazonbot) Chrome/119.0.6045.214 Safari/537.36" 
