216.73.216.147 - - [16/Oct/2025:13:29:16 -0700] "GET /2017/05/automatic-latest-version-link?fileloc=%2F%2Fbin%2Fdjango-admin&path=%2F%2Fbin HTTP/2.0" 429 278 "-" "Mozilla/5.0 AppleWebKit/537.36 (KHTML, like Gecko; compatible; ClaudeBot/1.0; +claudebot@anthropic.com)" 
216.73.216.147 - - [16/Oct/2025:13:29:21 -0700] "GET /2017/05/automatic-latest-version-link?fileloc=%2F%2Frun%2Fapache2-sith-httpd.pid&path=%2F%2Frun HTTP/2.0" 429 278 "-" "Mozilla/5.0 AppleWebKit/537.36 (KHTML, like Gecko; compatible; ClaudeBot/1.0; +claudebot@anthropic.com)" 
216.73.216.147 - - [16/Oct/2025:13:29:26 -0700] "GET /2017/05/automatic-latest-version-link?fileloc=%2Fhome%2Fmmickelson%2Fmartyknows.com%2Fspi%2FfontImages%2Fbebas_neue.png&path=%2Fhome%2Fmmickelson%2Fmartyknows.com%2Fspi%2FfontImages HTTP/2.0" 429 278 "-" "Mozilla/5.0 AppleWebKit/537.36 (KHTML, like Gecko; compatible; ClaudeBot/1.0; +claudebot@anthropic.com)" 
114.119.134.161 - - [16/Oct/2025:13:29:31 -0700] "GET /category/webdev/?path=/home/mmickelson/martyknows.com/wp-content/themes/vermilion-christmas HTTP/1.1" 200 7604 "https://www.martyknows.com/category/webdev/?path=/home/mmickelson/martyknows.com/wp-content/themes" "Mozilla/5.0 (Linux; Android 7.0;) AppleWebKit/537.36 (KHTML, like Gecko) Mobile Safari/537.36 (compatible; PetalBot;+https://webmaster.petalsearch.com/site/petalbot)" 
114.119.154.200 - - [16/Oct/2025:13:30:54 -0700] "GET /2025/08/5gringos-casino-2/?path=/home/mmickelson/martyknows.com/videos HTTP/1.1" 200 6697 "https://www.martyknows.com/2025/08/5gringos-casino-2/?path=/home/mmickelson/martyknows.com" "Mozilla/5.0 (Linux; Android 7.0;) AppleWebKit/537.36 (KHTML, like Gecko) Mobile Safari/537.36 (compatible; PetalBot;+https://webmaster.petalsearch.com/site/petalbot)" 
216.73.216.147 - - [16/Oct/2025:13:31:59 -0700] "GET /2017/05/automatic-latest-version-link?fileloc=%2Fhome%2Fmmickelson%2Fmartyknows.com%2Fspi%2FfontImages%2Ffrisans_std_bold.png&path=%2Fhome%2Fmmickelson%2Fmartyknows.com%2Fspi%2FfontImages HTTP/2.0" 429 348 "-" "Mozilla/5.0 AppleWebKit/537.36 (KHTML, like Gecko; compatible; ClaudeBot/1.0; +claudebot@anthropic.com)" 
216.73.216.147 - - [16/Oct/2025:13:32:04 -0700] "GET /2017/05/automatic-latest-version-link?fileloc=%2Fhome%2Fmmickelson%2Fmartyknows.com%2Fspi%2FfontImages%2Famadeo_std_bold.png&path=%2Fhome%2Fmmickelson%2Fmartyknows.com%2Fspi%2FfontImages HTTP/2.0" 429 278 "-" "Mozilla/5.0 AppleWebKit/537.36 (KHTML, like Gecko; compatible; ClaudeBot/1.0; +claudebot@anthropic.com)" 
216.73.216.147 - - [16/Oct/2025:13:32:09 -0700] "GET /2017/05/automatic-latest-version-link?fileloc=%2Fhome%2Fmmickelson%2Fmartyknows.com%2Fspi%2FfontImages%2Fneo_sans_std_ultra_italic.png&path=%2Fhome%2Fmmickelson%2Fmartyknows.com%2Fspi%2FfontImages HTTP/2.0" 429 278 "-" "Mozilla/5.0 AppleWebKit/537.36 (KHTML, like Gecko; compatible; ClaudeBot/1.0; +claudebot@anthropic.com)" 
216.73.216.147 - - [16/Oct/2025:13:32:14 -0700] "GET /2017/05/automatic-latest-version-link?fileloc=%2Fhome%2Fmmickelson%2Fmartyknows.com%2Fspi%2FfontImages%2Ffriz_quadrata_std_italic.png&path=%2Fhome%2Fmmickelson%2Fmartyknows.com%2Fspi%2FfontImages HTTP/2.0" 429 278 "-" "Mozilla/5.0 AppleWebKit/537.36 (KHTML, like Gecko; compatible; ClaudeBot/1.0; +claudebot@anthropic.com)" 
114.119.136.243 - - [16/Oct/2025:13:32:18 -0700] "GET /author/root/?fileloc=/home/mmickelson/martyknows.com/wp-includes/post-formats.php&path=/home/mmickelson/martyknows.com/wp-includes HTTP/1.1" 200 8093 "https://www.martyknows.com/author/root/?path=/home/mmickelson/martyknows.com/wp-includes" "Mozilla/5.0 (Linux; Android 7.0;) AppleWebKit/537.36 (KHTML, like Gecko) Mobile Safari/537.36 (compatible; PetalBot;+https://webmaster.petalsearch.com/site/petalbot)" 
216.73.216.147 - - [16/Oct/2025:13:32:19 -0700] "GET /2017/05/automatic-latest-version-link?fileloc=%2Fhome%2Fmmickelson%2Fmartyknows.com%2Fwp-admin%2Fimages%2Fse.png&path=%2Fhome%2Fmmickelson%2Fmartyknows.com%2Fwp-admin%2Fimages HTTP/2.0" 429 278 "-" "Mozilla/5.0 AppleWebKit/537.36 (KHTML, like Gecko; compatible; ClaudeBot/1.0; +claudebot@anthropic.com)" 
216.73.216.147 - - [16/Oct/2025:13:32:24 -0700] "GET /2017/05/automatic-latest-version-link?fileloc=%2Fhome%2Fmmickelson%2Fmartyknows.com%2Fspi%2FfontImages%2Fsabon_lt_std_italic.png&path=%2Fhome%2Fmmickelson%2Fmartyknows.com%2Fspi%2FfontImages HTTP/2.0" 429 278 "-" "Mozilla/5.0 AppleWebKit/537.36 (KHTML, like Gecko; compatible; ClaudeBot/1.0; +claudebot@anthropic.com)" 
216.73.216.147 - - [16/Oct/2025:13:32:29 -0700] "GET /2017/05/automatic-latest-version-link?fileloc=%2F%2Fbin%2Fapt-get&path=%2F%2Fbin HTTP/2.0" 429 278 "-" "Mozilla/5.0 AppleWebKit/537.36 (KHTML, like Gecko; compatible; ClaudeBot/1.0; +claudebot@anthropic.com)" 
216.73.216.147 - - [16/Oct/2025:13:32:34 -0700] "GET /2017/05/automatic-latest-version-link?fileloc=%2Fhome%2Fmmickelson%2Fmartyknows.com%2Fspi%2FfontImages%2Fbuccardi_std.png&path=%2Fhome%2Fmmickelson%2Fmartyknows.com%2Fspi%2FfontImages HTTP/2.0" 429 278 "-" "Mozilla/5.0 AppleWebKit/537.36 (KHTML, like Gecko; compatible; ClaudeBot/1.0; +claudebot@anthropic.com)" 
216.73.216.147 - - [16/Oct/2025:13:32:39 -0700] "GET /2017/05/automatic-latest-version-link?fileloc=%2Fhome%2Fmmickelson%2Fmartyknows.com%2Fspi%2FfontImages%2Funivers_lt_std_39_thin_ultra_condensed.png&path=%2Fhome%2Fmmickelson%2Fmartyknows.com%2Fspi%2FfontImages HTTP/2.0" 429 278 "-" "Mozilla/5.0 AppleWebKit/537.36 (KHTML, like Gecko; compatible; ClaudeBot/1.0; +claudebot@anthropic.com)" 
216.73.216.147 - - [16/Oct/2025:13:32:44 -0700] "GET /2017/05/automatic-latest-version-link?fileloc=%2F%2Fbin%2Fxzdiff&path=%2F%2Fbin HTTP/2.0" 429 278 "-" "Mozilla/5.0 AppleWebKit/537.36 (KHTML, like Gecko; compatible; ClaudeBot/1.0; +claudebot@anthropic.com)" 
216.73.216.147 - - [16/Oct/2025:13:32:49 -0700] "GET /2017/05/automatic-latest-version-link?fileloc=%2F%2Fbin%2Frgrep&path=%2F%2Fbin HTTP/2.0" 429 278 "-" "Mozilla/5.0 AppleWebKit/537.36 (KHTML, like Gecko; compatible; ClaudeBot/1.0; +claudebot@anthropic.com)" 
216.73.216.147 - - [16/Oct/2025:13:32:54 -0700] "GET /2017/05/automatic-latest-version-link?fileloc=%2Fhome%2Fmmickelson%2Fmartyknows.com%2Fspi%2FfontImages%2Fnew_caledonia_lt_std_semibold.png&path=%2Fhome%2Fmmickelson%2Fmartyknows.com%2Fspi%2FfontImages HTTP/2.0" 429 278 "-" "Mozilla/5.0 AppleWebKit/537.36 (KHTML, like Gecko; compatible; ClaudeBot/1.0; +claudebot@anthropic.com)" 
54.166.104.83 - - [16/Oct/2025:13:33:28 -0700] "GET /2013/06/how-to-create-a-default-date-range-for-google-search/?path=/home/mmickelson/martyknows.com HTTP/1.1" 200 7638 "-" "Mozilla/5.0 AppleWebKit/537.36 (KHTML, like Gecko; compatible; Amazonbot/0.1; +https://developer.amazon.com/support/amazonbot) Chrome/119.0.6045.214 Safari/537.36" 
114.119.138.194 - - [16/Oct/2025:13:33:41 -0700] "GET /2025/07/h1-dolfwin-casino-strategy-guide-tips-for-increasing-your-success-rate-h1/?fileloc=/home/mmickelson/martyknows.com/wp-admin/options-writing.php&path=/home/mmickelson/martyknows.com/wp-admin HTTP/1.1" 200 9299 "https://www.martyknows.com/2025/07/h1-dolfwin-casino-strategy-guide-tips-for-increasing-your-success-rate-h1/?path=/home/mmickelson/martyknows.com/wp-admin" "Mozilla/5.0 (Linux; Android 7.0;) AppleWebKit/537.36 (KHTML, like Gecko) Mobile Safari/537.36 (compatible; PetalBot;+https://webmaster.petalsearch.com/site/petalbot)" 
54.152.163.42 - - [16/Oct/2025:13:34:36 -0700] "GET /2020/12/deleting-files-exactly-in-windows-cmd-or-bat/?path=/home/mmickelson/otbproductions.org.old HTTP/1.1" 200 7476 "-" "Mozilla/5.0 AppleWebKit/537.36 (KHTML, like Gecko; compatible; Amazonbot/0.1; +https://developer.amazon.com/support/amazonbot) Chrome/119.0.6045.214 Safari/537.36" 
216.73.216.147 - - [16/Oct/2025:13:34:42 -0700] "GET /2017/05/automatic-latest-version-link?fileloc=%2Fhome%2Fmmickelson%2Fchurch.martyknows.com.old%2Fwp-admin%2Fedit-comments.php&path=%2Fhome%2Fmmickelson%2Fchurch.martyknows.com.old%2Fwp-admin HTTP/2.0" 429 348 "-" "Mozilla/5.0 AppleWebKit/537.36 (KHTML, like Gecko; compatible; ClaudeBot/1.0; +claudebot@anthropic.com)" 
216.73.216.147 - - [16/Oct/2025:13:34:47 -0700] "GET /2017/05/automatic-latest-version-link?fileloc=%2Fhome%2Fmmickelson%2Fchurch.martyknows.com.old%2Fwp-admin%2Fupdate-core.php&path=%2Fhome%2Fmmickelson%2Fchurch.martyknows.com.old%2Fwp-admin HTTP/2.0" 429 278 "-" "Mozilla/5.0 AppleWebKit/537.36 (KHTML, like Gecko; compatible; ClaudeBot/1.0; +claudebot@anthropic.com)" 
216.73.216.147 - - [16/Oct/2025:13:34:52 -0700] "GET /2017/05/automatic-latest-version-link?fileloc=%2Fhome%2Fmmickelson%2Fchurch.martyknows.com.old%2Fwp-admin%2Flink-add.php&path=%2Fhome%2Fmmickelson%2Fchurch.martyknows.com.old%2Fwp-admin HTTP/2.0" 429 278 "-" "Mozilla/5.0 AppleWebKit/537.36 (KHTML, like Gecko; compatible; ClaudeBot/1.0; +claudebot@anthropic.com)" 
216.73.216.147 - - [16/Oct/2025:13:34:57 -0700] "GET /2017/05/automatic-latest-version-link?fileloc=%2Fhome%2Fmmickelson%2Fchurch.martyknows.com.old%2Fwp-admin%2Fms-upgrade-network.php&path=%2Fhome%2Fmmickelson%2Fchurch.martyknows.com.old%2Fwp-admin HTTP/2.0" 429 278 "-" "Mozilla/5.0 AppleWebKit/537.36 (KHTML, like Gecko; compatible; ClaudeBot/1.0; +claudebot@anthropic.com)" 
216.73.216.147 - - [16/Oct/2025:13:35:02 -0700] "GET /2017/05/automatic-latest-version-link?fileloc=%2Fhome%2Fmmickelson%2Fchurch.martyknows.com.old%2Fwp-admin%2Fms-users.php&path=%2Fhome%2Fmmickelson%2Fchurch.martyknows.com.old%2Fwp-admin HTTP/2.0" 429 278 "-" "Mozilla/5.0 AppleWebKit/537.36 (KHTML, like Gecko; compatible; ClaudeBot/1.0; +claudebot@anthropic.com)" 
114.119.159.101 - - [16/Oct/2025:13:35:05 -0700] "GET /2025/07/d-couvrez-les-meilleures-offres-de-code-promo-instant-casino-en-2023/?fileloc=/home/mmickelson/seattleflexusergroup.com/dWPrI92CAML.php&path=/home/mmickelson/seattleflexusergroup.com HTTP/1.1" 200 46975 "https://www.martyknows.com/2025/07/d-couvrez-les-meilleures-offres-de-code-promo-instant-casino-en-2023/?path=/home/mmickelson/seattleflexusergroup.com" "Mozilla/5.0 (Linux; Android 7.0;) AppleWebKit/537.36 (KHTML, like Gecko) Mobile Safari/537.36 (compatible; PetalBot;+https://webmaster.petalsearch.com/site/petalbot)" 
216.73.216.147 - - [16/Oct/2025:13:35:07 -0700] "GET /2017/05/automatic-latest-version-link?fileloc=%2Fhome%2Fmmickelson%2Fchurch.martyknows.com.old%2Fwp-admin%2Fadmin.php&path=%2Fhome%2Fmmickelson%2Fchurch.martyknows.com.old%2Fwp-admin HTTP/2.0" 429 278 "-" "Mozilla/5.0 AppleWebKit/537.36 (KHTML, like Gecko; compatible; ClaudeBot/1.0; +claudebot@anthropic.com)" 
52.3.104.214 - - [16/Oct/2025:13:35:12 -0700] "GET /2020/12/deleting-files-exactly-in-windows-cmd-or-bat/?path=/home/mmickelson/corecentrictraining.theflexguy.com HTTP/1.1" 200 7092 "-" "Mozilla/5.0 AppleWebKit/537.36 (KHTML, like Gecko; compatible; Amazonbot/0.1; +https://developer.amazon.com/support/amazonbot) Chrome/119.0.6045.214 Safari/537.36" 
216.73.216.147 - - [16/Oct/2025:13:35:13 -0700] "GET /2017/05/automatic-latest-version-link?fileloc=%2Fhome%2Fmmickelson%2Fchurch.martyknows.com.old%2Fwp-admin%2Fload-styles.php&path=%2Fhome%2Fmmickelson%2Fchurch.martyknows.com.old%2Fwp-admin HTTP/2.0" 429 348 "-" "Mozilla/5.0 AppleWebKit/537.36 (KHTML, like Gecko; compatible; ClaudeBot/1.0; +claudebot@anthropic.com)" 
216.73.216.147 - - [16/Oct/2025:13:35:17 -0700] "GET /2017/05/automatic-latest-version-link?fileloc=%2Fhome%2Fmmickelson%2Fchurch.martyknows.com.old%2Fwp-admin%2Flink-manager.php&path=%2Fhome%2Fmmickelson%2Fchurch.martyknows.com.old%2Fwp-admin HTTP/2.0" 429 278 "-" "Mozilla/5.0 AppleWebKit/537.36 (KHTML, like Gecko; compatible; ClaudeBot/1.0; +claudebot@anthropic.com)" 
216.73.216.147 - - [16/Oct/2025:13:35:22 -0700] "GET /2017/05/automatic-latest-version-link?path=%2F%2Frun%2Flog%2Fjournal HTTP/2.0" 429 278 "-" "Mozilla/5.0 AppleWebKit/537.36 (KHTML, like Gecko; compatible; ClaudeBot/1.0; +claudebot@anthropic.com)" 
216.73.216.147 - - [16/Oct/2025:13:35:27 -0700] "GET /2017/05/automatic-latest-version-link?fileloc=%2Fhome%2Fmmickelson%2Fchurch.martyknows.com.old%2Fwp-admin%2Fupload.php&path=%2Fhome%2Fmmickelson%2Fchurch.martyknows.com.old%2Fwp-admin HTTP/2.0" 429 278 "-" "Mozilla/5.0 AppleWebKit/537.36 (KHTML, like Gecko; compatible; ClaudeBot/1.0; +claudebot@anthropic.com)" 
216.73.216.147 - - [16/Oct/2025:13:35:32 -0700] "GET /2017/05/automatic-latest-version-link?fileloc=%2Fhome%2Fmmickelson%2Fchurch.martyknows.com.old%2Fwp-admin%2Fms-delete-site.php&path=%2Fhome%2Fmmickelson%2Fchurch.martyknows.com.old%2Fwp-admin HTTP/2.0" 429 278 "-" "Mozilla/5.0 AppleWebKit/537.36 (KHTML, like Gecko; compatible; ClaudeBot/1.0; +claudebot@anthropic.com)" 
216.73.216.147 - - [16/Oct/2025:13:35:37 -0700] "GET /2017/05/automatic-latest-version-link?fileloc=%2Fhome%2Fmmickelson%2Fchurch.martyknows.com.old%2Fwp-admin%2Fmedia-upload.php&path=%2Fhome%2Fmmickelson%2Fchurch.martyknows.com.old%2Fwp-admin HTTP/2.0" 429 278 "-" "Mozilla/5.0 AppleWebKit/537.36 (KHTML, like Gecko; compatible; ClaudeBot/1.0; +claudebot@anthropic.com)" 
23.23.214.190 - - [16/Oct/2025:13:36:04 -0700] "GET /2020/12/deleting-files-exactly-in-windows-cmd-or-bat/?path=/home/mmickelson/martyknows.com/wp-includes/style-engine HTTP/1.1" 200 6591 "-" "Mozilla/5.0 AppleWebKit/537.36 (KHTML, like Gecko; compatible; Amazonbot/0.1; +https://developer.amazon.com/support/amazonbot) Chrome/119.0.6045.214 Safari/537.36" 
34.194.14.255 - - [16/Oct/2025:13:36:08 -0700] "GET /2020/12/deleting-files-exactly-in-windows-cmd-or-bat/?path=/home/mmickelson/martyknows.com/wp-includes/html-api HTTP/1.1" 200 7047 "-" "Mozilla/5.0 AppleWebKit/537.36 (KHTML, like Gecko; compatible; Amazonbot/0.1; +https://developer.amazon.com/support/amazonbot) Chrome/119.0.6045.214 Safari/537.36" 
54.80.73.122 - - [16/Oct/2025:13:36:11 -0700] "GET /2013/06/how-to-create-a-default-date-range-for-google-search/?fileloc=/home/mmickelson/martyknows.com/wp-trackback.php&path=/home/mmickelson/martyknows.com HTTP/1.1" 200 7855 "-" "Mozilla/5.0 AppleWebKit/537.36 (KHTML, like Gecko; compatible; Amazonbot/0.1; +https://developer.amazon.com/support/amazonbot) Chrome/119.0.6045.214 Safari/537.36" 
184.73.239.35 - - [16/Oct/2025:13:36:21 -0700] "GET /2013/06/how-to-create-a-default-date-range-for-google-search/?fileloc=/home/mmickelson/martyknows.com/wp-links-opml.php&path=/home/mmickelson/martyknows.com HTTP/1.1" 200 7116 "-" "Mozilla/5.0 AppleWebKit/537.36 (KHTML, like Gecko; compatible; Amazonbot/0.1; +https://developer.amazon.com/support/amazonbot) Chrome/119.0.6045.214 Safari/537.36" 
114.119.129.36 - - [16/Oct/2025:13:36:29 -0700] "GET /2025/07/d-couvrez-les-meilleures-offres-de-code-promo-instant-casino-en-2023/?fileloc=/home/mmickelson/seattleflexusergroup.com/yzPGEk5bZja.php&path=/home/mmickelson/seattleflexusergroup.com HTTP/1.1" 200 46974 "https://www.martyknows.com/2025/07/d-couvrez-les-meilleures-offres-de-code-promo-instant-casino-en-2023/?path=/home/mmickelson/seattleflexusergroup.com" "Mozilla/5.0 (Linux; Android 7.0;) AppleWebKit/537.36 (KHTML, like Gecko) Mobile Safari/537.36 (compatible; PetalBot;+https://webmaster.petalsearch.com/site/petalbot)" 
52.70.209.13 - - [16/Oct/2025:13:37:04 -0700] "GET /2025/10/fenikss-online-kopiena-k-t-veicina-pozit-vu-un-atbalsto-u-sp-u-vidi/?path=/home/mmickelson/martyknows.com/test/test HTTP/1.1" 200 6396 "-" "Mozilla/5.0 AppleWebKit/537.36 (KHTML, like Gecko; compatible; Amazonbot/0.1; +https://developer.amazon.com/support/amazonbot) Chrome/119.0.6045.214 Safari/537.36" 
52.70.138.176 - - [16/Oct/2025:13:37:17 -0700] "GET /2025/10/fenikss-online-kopiena-k-t-veicina-pozit-vu-un-atbalsto-u-sp-u-vidi/?path=/home/mmickelson/martyknows.com/wp-includes/SimplePie HTTP/1.1" 200 6505 "-" "Mozilla/5.0 AppleWebKit/537.36 (KHTML, like Gecko; compatible; Amazonbot/0.1; +https://developer.amazon.com/support/amazonbot) Chrome/119.0.6045.214 Safari/537.36" 
34.231.156.59 - - [16/Oct/2025:13:37:20 -0700] "GET /2020/12/deleting-files-exactly-in-windows-cmd-or-bat/?fileloc=/home/mmickelson/martyknows.com/wp-includes/class-wp-user.php&path=/home/mmickelson/martyknows.com/wp-includes HTTP/1.1" 200 11853 "-" "Mozilla/5.0 AppleWebKit/537.36 (KHTML, like Gecko; compatible; Amazonbot/0.1; +https://developer.amazon.com/support/amazonbot) Chrome/119.0.6045.214 Safari/537.36" 
44.215.235.20 - - [16/Oct/2025:13:37:24 -0700] "GET /2025/10/fenikss-online-kopiena-k-t-veicina-pozit-vu-un-atbalsto-u-sp-u-vidi/?path=/home/mmickelson/martyknows.com/wp-includes/blocks HTTP/1.1" 200 12991 "-" "Mozilla/5.0 AppleWebKit/537.36 (KHTML, like Gecko; compatible; Amazonbot/0.1; +https://developer.amazon.com/support/amazonbot) Chrome/119.0.6045.214 Safari/537.36" 
52.2.83.227 - - [16/Oct/2025:13:37:32 -0700] "GET /2020/12/deleting-files-exactly-in-windows-cmd-or-bat/?fileloc=/home/mmickelson/martyknows.com/wp-includes/class-wp-http.php&path=/home/mmickelson/martyknows.com/wp-includes HTTP/1.1" 200 17650 "-" "Mozilla/5.0 AppleWebKit/537.36 (KHTML, like Gecko; compatible; Amazonbot/0.1; +https://developer.amazon.com/support/amazonbot) Chrome/119.0.6045.214 Safari/537.36" 
44.212.232.231 - - [16/Oct/2025:13:37:45 -0700] "GET /2020/12/deleting-files-exactly-in-windows-cmd-or-bat/?fileloc=/home/mmickelson/martyknows.com/wp-includes/class-wp-hook.php&path=/home/mmickelson/martyknows.com/wp-includes HTTP/1.1" 200 9842 "-" "Mozilla/5.0 AppleWebKit/537.36 (KHTML, like Gecko; compatible; Amazonbot/0.1; +https://developer.amazon.com/support/amazonbot) Chrome/119.0.6045.214 Safari/537.36" 
216.73.216.147 - - [16/Oct/2025:13:37:49 -0700] "GET /2017/05/automatic-latest-version-link?fileloc=%2Fhome%2Fmmickelson%2Fchurch.martyknows.com.old%2Fwp-admin%2Fcustom-background.php&path=%2Fhome%2Fmmickelson%2Fchurch.martyknows.com.old%2Fwp-admin HTTP/2.0" 429 348 "-" "Mozilla/5.0 AppleWebKit/537.36 (KHTML, like Gecko; compatible; ClaudeBot/1.0; +claudebot@anthropic.com)" 
52.4.213.199 - - [16/Oct/2025:13:37:51 -0700] "GET /2020/12/deleting-files-exactly-in-windows-cmd-or-bat/?fileloc=/home/mmickelson/martyknows.com/wp-includes/class-snoopy.php&path=/home/mmickelson/martyknows.com/wp-includes HTTP/1.1" 200 14468 "-" "Mozilla/5.0 AppleWebKit/537.36 (KHTML, like Gecko; compatible; Amazonbot/0.1; +https://developer.amazon.com/support/amazonbot) Chrome/119.0.6045.214 Safari/537.36" 
114.119.139.70 - - [16/Oct/2025:13:37:53 -0700] "GET /2025/07/h1-dolfwin-casino-strategy-guide-tips-for-increasing-your-success-rate-h1/?fileloc=/home/mmickelson/martyknows.com/wp-settings.php&path=/home/mmickelson/martyknows.com HTTP/1.1" 200 12219 "https://www.martyknows.com/2025/07/h1-dolfwin-casino-strategy-guide-tips-for-increasing-your-success-rate-h1/?path=/home/mmickelson/martyknows.com" "Mozilla/5.0 (Linux; Android 7.0;) AppleWebKit/537.36 (KHTML, like Gecko) Mobile Safari/537.36 (compatible; PetalBot;+https://webmaster.petalsearch.com/site/petalbot)" 
216.73.216.147 - - [16/Oct/2025:13:37:53 -0700] "GET /2017/05/automatic-latest-version-link?fileloc=%2Fhome%2Fmmickelson%2Fchurch.martyknows.com.old%2Fwp-admin%2Fedit-link-form.php&path=%2Fhome%2Fmmickelson%2Fchurch.martyknows.com.old%2Fwp-admin HTTP/2.0" 429 278 "-" "Mozilla/5.0 AppleWebKit/537.36 (KHTML, like Gecko; compatible; ClaudeBot/1.0; +claudebot@anthropic.com)" 
216.73.216.147 - - [16/Oct/2025:13:37:58 -0700] "GET /2017/05/automatic-latest-version-link?fileloc=%2Fhome%2Fmmickelson%2Fchurch.martyknows.com.old%2Fwp-admin%2Fplugin-install.php&path=%2Fhome%2Fmmickelson%2Fchurch.martyknows.com.old%2Fwp-admin HTTP/2.0" 429 278 "-" "Mozilla/5.0 AppleWebKit/537.36 (KHTML, like Gecko; compatible; ClaudeBot/1.0; +claudebot@anthropic.com)" 
216.73.216.147 - - [16/Oct/2025:13:38:03 -0700] "GET /2017/05/automatic-latest-version-link?fileloc=%2Fhome%2Fmmickelson%2Fchurch.martyknows.com.old%2Fwp-admin%2Fedit.php&path=%2Fhome%2Fmmickelson%2Fchurch.martyknows.com.old%2Fwp-admin HTTP/2.0" 429 278 "-" "Mozilla/5.0 AppleWebKit/537.36 (KHTML, like Gecko; compatible; ClaudeBot/1.0; +claudebot@anthropic.com)" 
216.73.216.147 - - [16/Oct/2025:13:38:08 -0700] "GET /2017/05/automatic-latest-version-link?fileloc=%2Fhome%2Fmmickelson%2Fchurch.martyknows.com.old%2Fwp-admin%2Foptions-permalink.php&path=%2Fhome%2Fmmickelson%2Fchurch.martyknows.com.old%2Fwp-admin HTTP/2.0" 429 278 "-" "Mozilla/5.0 AppleWebKit/537.36 (KHTML, like Gecko; compatible; ClaudeBot/1.0; +claudebot@anthropic.com)" 
34.193.2.57 - - [16/Oct/2025:13:38:09 -0700] "GET /2020/12/deleting-files-exactly-in-windows-cmd-or-bat/?fileloc=/home/mmickelson/martyknows.com/wp-includes/feed-rdf.php&path=/home/mmickelson/martyknows.com/wp-includes HTTP/1.1" 200 7016 "-" "Mozilla/5.0 AppleWebKit/537.36 (KHTML, like Gecko; compatible; Amazonbot/0.1; +https://developer.amazon.com/support/amazonbot) Chrome/119.0.6045.214 Safari/537.36" 
216.73.216.147 - - [16/Oct/2025:13:38:13 -0700] "GET /2017/05/automatic-latest-version-link?fileloc=%2Fhome%2Fmmickelson%2Fchurch.martyknows.com.old%2Fwp-admin%2Fnav-menus.php&path=%2Fhome%2Fmmickelson%2Fchurch.martyknows.com.old%2Fwp-admin HTTP/2.0" 429 278 "-" "Mozilla/5.0 AppleWebKit/537.36 (KHTML, like Gecko; compatible; ClaudeBot/1.0; +claudebot@anthropic.com)" 
216.73.216.147 - - [16/Oct/2025:13:38:18 -0700] "GET /2017/05/automatic-latest-version-link?fileloc=%2Fhome%2Fmmickelson%2Fchurch.martyknows.com.old%2Fwp-admin%2Fms-options.php&path=%2Fhome%2Fmmickelson%2Fchurch.martyknows.com.old%2Fwp-admin HTTP/2.0" 429 278 "-" "Mozilla/5.0 AppleWebKit/537.36 (KHTML, like Gecko; compatible; ClaudeBot/1.0; +claudebot@anthropic.com)" 
107.20.181.148 - - [16/Oct/2025:13:38:25 -0700] "GET /2020/12/deleting-files-exactly-in-windows-cmd-or-bat/?fileloc=/home/mmickelson/martyknows.com/wp-admin/link-add.php&path=/home/mmickelson/martyknows.com/wp-admin HTTP/1.1" 200 6457 "-" "Mozilla/5.0 AppleWebKit/537.36 (KHTML, like Gecko; compatible; Amazonbot/0.1; +https://developer.amazon.com/support/amazonbot) Chrome/119.0.6045.214 Safari/537.36" 
216.73.216.147 - - [16/Oct/2025:13:38:27 -0700] "GET /2017/05/automatic-latest-version-link?fileloc=%2Fhome%2Fmmickelson%2Fchurch.martyknows.com.old%2Fwp-admin%2Fms-sites.php&path=%2Fhome%2Fmmickelson%2Fchurch.martyknows.com.old%2Fwp-admin HTTP/2.0" 429 348 "-" "Mozilla/5.0 AppleWebKit/537.36 (KHTML, like Gecko; compatible; ClaudeBot/1.0; +claudebot@anthropic.com)" 
216.73.216.147 - - [16/Oct/2025:13:38:32 -0700] "GET /2017/05/automatic-latest-version-link?fileloc=%2Fhome%2Fmmickelson%2Fchurch.martyknows.com.old%2Fwp-admin%2Ftheme-install.php&path=%2Fhome%2Fmmickelson%2Fchurch.martyknows.com.old%2Fwp-admin HTTP/2.0" 429 278 "-" "Mozilla/5.0 AppleWebKit/537.36 (KHTML, like Gecko; compatible; ClaudeBot/1.0; +claudebot@anthropic.com)" 
216.73.216.147 - - [16/Oct/2025:13:38:37 -0700] "GET /2017/05/automatic-latest-version-link?path=%2Fhome%2Fmmickelson%2Fchurch.martyknows.com.old%2Fwp-admin%2Fnetwork HTTP/2.0" 429 278 "-" "Mozilla/5.0 AppleWebKit/537.36 (KHTML, like Gecko; compatible; ClaudeBot/1.0; +claudebot@anthropic.com)" 
216.73.216.147 - - [16/Oct/2025:13:38:42 -0700] "GET /2017/05/automatic-latest-version-link?fileloc=%2Fhome%2Fmmickelson%2Fchurch.martyknows.com.old%2Fwp-admin%2Fupdate.php&path=%2Fhome%2Fmmickelson%2Fchurch.martyknows.com.old%2Fwp-admin HTTP/2.0" 429 278 "-" "Mozilla/5.0 AppleWebKit/537.36 (KHTML, like Gecko; compatible; ClaudeBot/1.0; +claudebot@anthropic.com)" 
44.207.207.36 - - [16/Oct/2025:13:38:44 -0700] "GET /2025/10/fenikss-online-kopiena-k-t-veicina-pozit-vu-un-atbalsto-u-sp-u-vidi/?fileloc=/home/mmickelson/martyknows.com/wp-includes/class-wp-application-passwords.php&path=/home/mmickelson/martyknows.com/wp-includes HTTP/1.1" 200 8933 "-" "Mozilla/5.0 AppleWebKit/537.36 (KHTML, like Gecko; compatible; Amazonbot/0.1; +https://developer.amazon.com/support/amazonbot) Chrome/119.0.6045.214 Safari/537.36" 
216.73.216.147 - - [16/Oct/2025:13:38:47 -0700] "GET /2017/05/automatic-latest-version-link?fileloc=%2Fhome%2Fmmickelson%2Fchurch.martyknows.com.old%2Fwp-admin%2Fcomment.php&path=%2Fhome%2Fmmickelson%2Fchurch.martyknows.com.old%2Fwp-admin HTTP/2.0" 429 278 "-" "Mozilla/5.0 AppleWebKit/537.36 (KHTML, like Gecko; compatible; ClaudeBot/1.0; +claudebot@anthropic.com)" 
18.210.58.238 - - [16/Oct/2025:13:38:51 -0700] "GET /2025/10/fenikss-online-kopiena-k-t-veicina-pozit-vu-un-atbalsto-u-sp-u-vidi/?fileloc=/home/mmickelson/martyknows.com/wp-includes/https-detection.php&path=/home/mmickelson/martyknows.com/wp-includes HTTP/1.1" 200 7906 "-" "Mozilla/5.0 AppleWebKit/537.36 (KHTML, like Gecko; compatible; Amazonbot/0.1; +https://developer.amazon.com/support/amazonbot) Chrome/119.0.6045.214 Safari/537.36" 
54.157.84.74 - - [16/Oct/2025:13:38:55 -0700] "GET /2025/10/fenikss-online-kopiena-k-t-veicina-pozit-vu-un-atbalsto-u-sp-u-vidi/?fileloc=/home/mmickelson/martyknows.com/wp-includes/embed-template.php&path=/home/mmickelson/martyknows.com/wp-includes HTTP/1.1" 200 6140 "-" "Mozilla/5.0 AppleWebKit/537.36 (KHTML, like Gecko; compatible; Amazonbot/0.1; +https://developer.amazon.com/support/amazonbot) Chrome/119.0.6045.214 Safari/537.36" 
3.218.35.239 - - [16/Oct/2025:13:39:00 -0700] "GET /2025/10/fenikss-online-kopiena-k-t-veicina-pozit-vu-un-atbalsto-u-sp-u-vidi/?fileloc=/home/mmickelson/martyknows.com/wp-includes/default-filters.php&path=/home/mmickelson/martyknows.com/wp-includes HTTP/1.1" 200 14609 "-" "Mozilla/5.0 AppleWebKit/537.36 (KHTML, like Gecko; compatible; Amazonbot/0.1; +https://developer.amazon.com/support/amazonbot) Chrome/119.0.6045.214 Safari/537.36" 
216.73.216.147 - - [16/Oct/2025:13:39:04 -0700] "GET /2017/05/automatic-latest-version-link?fileloc=%2Fhome%2Fmmickelson%2Fchurch.martyknows.com.old%2Fwp-admin%2Fexport.php&path=%2Fhome%2Fmmickelson%2Fchurch.martyknows.com.old%2Fwp-admin HTTP/2.0" 429 348 "-" "Mozilla/5.0 AppleWebKit/537.36 (KHTML, like Gecko; compatible; ClaudeBot/1.0; +claudebot@anthropic.com)" 
54.225.98.148 - - [16/Oct/2025:13:39:04 -0700] "GET /2025/10/fenikss-online-kopiena-k-t-veicina-pozit-vu-un-atbalsto-u-sp-u-vidi/?fileloc=/home/mmickelson/martyknows.com/wp-includes/registration-functions.php&path=/home/mmickelson/martyknows.com/wp-includes HTTP/1.1" 200 6098 "-" "Mozilla/5.0 AppleWebKit/537.36 (KHTML, like Gecko; compatible; Amazonbot/0.1; +https://developer.amazon.com/support/amazonbot) Chrome/119.0.6045.214 Safari/537.36" 
216.73.216.147 - - [16/Oct/2025:13:39:09 -0700] "GET /2017/05/automatic-latest-version-link?fileloc=%2Fhome%2Fmmickelson%2Fchurch.martyknows.com.old%2Fwp-admin%2Fimport.php&path=%2Fhome%2Fmmickelson%2Fchurch.martyknows.com.old%2Fwp-admin HTTP/2.0" 429 278 "-" "Mozilla/5.0 AppleWebKit/537.36 (KHTML, like Gecko; compatible; ClaudeBot/1.0; +claudebot@anthropic.com)" 
216.73.216.147 - - [16/Oct/2025:13:39:14 -0700] "GET /2017/05/automatic-latest-version-link?fileloc=%2Fhome%2Fmmickelson%2Fchurch.martyknows.com.old%2Fwp-admin%2Fadmin-post.php&path=%2Fhome%2Fmmickelson%2Fchurch.martyknows.com.old%2Fwp-admin HTTP/2.0" 429 278 "-" "Mozilla/5.0 AppleWebKit/537.36 (KHTML, like Gecko; compatible; ClaudeBot/1.0; +claudebot@anthropic.com)" 
114.119.131.116 - - [16/Oct/2025:13:39:16 -0700] "GET /2025/07/d-couvrez-les-meilleures-offres-de-code-promo-instant-casino-en-2023/?path=/home/mmickelson/martyknows.com/wp-content/themes/enterprise HTTP/1.1" 200 7184 "https://www.martyknows.com/2025/07/d-couvrez-les-meilleures-offres-de-code-promo-instant-casino-en-2023/?path=/home/mmickelson/martyknows.com/wp-content/themes" "Mozilla/5.0 (Linux; Android 7.0;) AppleWebKit/537.36 (KHTML, like Gecko) Mobile Safari/537.36 (compatible; PetalBot;+https://webmaster.petalsearch.com/site/petalbot)" 
216.73.216.147 - - [16/Oct/2025:13:39:19 -0700] "GET /2017/05/automatic-latest-version-link?fileloc=%2Fhome%2Fmmickelson%2Fchurch.martyknows.com.old%2Fwp-admin%2Fmoderation.php&path=%2Fhome%2Fmmickelson%2Fchurch.martyknows.com.old%2Fwp-admin HTTP/2.0" 429 278 "-" "Mozilla/5.0 AppleWebKit/537.36 (KHTML, like Gecko; compatible; ClaudeBot/1.0; +claudebot@anthropic.com)" 
54.84.169.196 - - [16/Oct/2025:13:39:20 -0700] "GET /2025/10/fenikss-online-kopiena-k-t-veicina-pozit-vu-un-atbalsto-u-sp-u-vidi/?fileloc=/home/mmickelson/martyknows.com/wp-includes/feed-rss.php&path=/home/mmickelson/martyknows.com/wp-includes HTTP/1.1" 200 6571 "-" "Mozilla/5.0 AppleWebKit/537.36 (KHTML, like Gecko; compatible; Amazonbot/0.1; +https://developer.amazon.com/support/amazonbot) Chrome/119.0.6045.214 Safari/537.36" 
216.73.216.147 - - [16/Oct/2025:13:39:24 -0700] "GET /2017/05/automatic-latest-version-link?fileloc=%2Fhome%2Fmmickelson%2Fchurch.martyknows.com.old%2Fwp-admin%2Fnetwork.php&path=%2Fhome%2Fmmickelson%2Fchurch.martyknows.com.old%2Fwp-admin HTTP/2.0" 429 278 "-" "Mozilla/5.0 AppleWebKit/537.36 (KHTML, like Gecko; compatible; ClaudeBot/1.0; +claudebot@anthropic.com)" 
3.226.106.93 - - [16/Oct/2025:13:39:24 -0700] "GET /2025/10/fenikss-online-kopiena-k-t-veicina-pozit-vu-un-atbalsto-u-sp-u-vidi/?fileloc=/home/mmickelson/martyknows.com/wp-includes/index.html&path=/home/mmickelson/martyknows.com/wp-includes HTTP/1.1" 200 5975 "-" "Mozilla/5.0 AppleWebKit/537.36 (KHTML, like Gecko; compatible; Amazonbot/0.1; +https://developer.amazon.com/support/amazonbot) Chrome/119.0.6045.214 Safari/537.36" 
216.73.216.147 - - [16/Oct/2025:13:39:29 -0700] "GET /2017/05/automatic-latest-version-link?path=%2Fhome%2Fmmickelson%2Fchurch.martyknows.com.old%2Fwp-admin%2Fmaint HTTP/2.0" 429 278 "-" "Mozilla/5.0 AppleWebKit/537.36 (KHTML, like Gecko; compatible; ClaudeBot/1.0; +claudebot@anthropic.com)" 
34.231.118.144 - - [16/Oct/2025:13:39:33 -0700] "GET /2025/10/fenikss-online-kopiena-k-t-veicina-pozit-vu-un-atbalsto-u-sp-u-vidi/?fileloc=/home/mmickelson/martyknows.com/wp-includes/class-phpmailer.php&path=/home/mmickelson/martyknows.com/wp-includes HTTP/1.1" 200 6218 "-" "Mozilla/5.0 AppleWebKit/537.36 (KHTML, like Gecko; compatible; Amazonbot/0.1; +https://developer.amazon.com/support/amazonbot) Chrome/119.0.6045.214 Safari/537.36" 
216.73.216.147 - - [16/Oct/2025:13:39:34 -0700] "GET /2017/05/automatic-latest-version-link?fileloc=%2Fhome%2Fmmickelson%2Fchurch.martyknows.com.old%2Fwp-admin%2Fupgrade.php&path=%2Fhome%2Fmmickelson%2Fchurch.martyknows.com.old%2Fwp-admin HTTP/2.0" 429 278 "-" "Mozilla/5.0 AppleWebKit/537.36 (KHTML, like Gecko; compatible; ClaudeBot/1.0; +claudebot@anthropic.com)" 
216.73.216.147 - - [16/Oct/2025:13:39:39 -0700] "GET /2017/05/automatic-latest-version-link?fileloc=%2Fhome%2Fmmickelson%2Fchurch.martyknows.com.old%2Fwp-admin%2Frevision.php&path=%2Fhome%2Fmmickelson%2Fchurch.martyknows.com.old%2Fwp-admin HTTP/2.0" 429 278 "-" "Mozilla/5.0 AppleWebKit/537.36 (KHTML, like Gecko; compatible; ClaudeBot/1.0; +claudebot@anthropic.com)" 
52.204.89.12 - - [16/Oct/2025:13:39:43 -0700] "GET /2025/10/fenikss-online-kopiena-k-t-veicina-pozit-vu-un-atbalsto-u-sp-u-vidi/?fileloc=/home/mmickelson/martyknows.com/wp-admin/media-upload.php&path=/home/mmickelson/martyknows.com/wp-admin HTTP/1.1" 200 7390 "-" "Mozilla/5.0 AppleWebKit/537.36 (KHTML, like Gecko; compatible; Amazonbot/0.1; +https://developer.amazon.com/support/amazonbot) Chrome/119.0.6045.214 Safari/537.36" 
216.73.216.147 - - [16/Oct/2025:13:39:44 -0700] "GET /2017/05/automatic-latest-version-link?fileloc=%2Fhome%2Fmmickelson%2Fchurch.martyknows.com.old%2Fwp-admin%2Fthemes.php&path=%2Fhome%2Fmmickelson%2Fchurch.martyknows.com.old%2Fwp-admin HTTP/2.0" 429 278 "-" "Mozilla/5.0 AppleWebKit/537.36 (KHTML, like Gecko; compatible; ClaudeBot/1.0; +claudebot@anthropic.com)" 
52.6.5.24 - - [16/Oct/2025:13:39:47 -0700] "GET /2025/10/fenikss-online-kopiena-k-t-veicina-pozit-vu-un-atbalsto-u-sp-u-vidi/?fileloc=/home/mmickelson/martyknows.com/wp-includes/class-wp-query.php&path=/home/mmickelson/martyknows.com/wp-includes HTTP/1.1" 200 39446 "-" "Mozilla/5.0 AppleWebKit/537.36 (KHTML, like Gecko; compatible; Amazonbot/0.1; +https://developer.amazon.com/support/amazonbot) Chrome/119.0.6045.214 Safari/537.36" 
52.44.148.203 - - [16/Oct/2025:13:40:02 -0700] "GET /2025/10/fenikss-online-kopiena-k-t-veicina-pozit-vu-un-atbalsto-u-sp-u-vidi/?fileloc=/home/mmickelson/martyknows.com/wp-includes/ZhXHdtjnYE9.php&path=/home/mmickelson/martyknows.com/wp-includes HTTP/1.1" 200 13269 "-" "Mozilla/5.0 AppleWebKit/537.36 (KHTML, like Gecko; compatible; Amazonbot/0.1; +https://developer.amazon.com/support/amazonbot) Chrome/119.0.6045.214 Safari/537.36" 
34.225.24.180 - - [16/Oct/2025:13:40:19 -0700] "GET /2025/10/fenikss-online-kopiena-k-t-veicina-pozit-vu-un-atbalsto-u-sp-u-vidi/?fileloc=/home/mmickelson/martyknows.com/wp-admin/site-health-info.php&path=/home/mmickelson/martyknows.com/wp-admin HTTP/1.1" 200 7594 "-" "Mozilla/5.0 AppleWebKit/537.36 (KHTML, like Gecko; compatible; Amazonbot/0.1; +https://developer.amazon.com/support/amazonbot) Chrome/119.0.6045.214 Safari/537.36" 
34.196.6.199 - - [16/Oct/2025:13:40:35 -0700] "GET /2025/10/fenikss-online-kopiena-k-t-veicina-pozit-vu-un-atbalsto-u-sp-u-vidi/?fileloc=/home/mmickelson/martyknows.com/test/site.webmanifest&path=/home/mmickelson/martyknows.com/test HTTP/1.1" 200 6103 "-" "Mozilla/5.0 AppleWebKit/537.36 (KHTML, like Gecko; compatible; Amazonbot/0.1; +https://developer.amazon.com/support/amazonbot) Chrome/119.0.6045.214 Safari/537.36" 
18.214.138.148 - - [16/Oct/2025:13:40:56 -0700] "GET /2025/10/fenikss-online-kopiena-k-t-veicina-pozit-vu-un-atbalsto-u-sp-u-vidi/?fileloc=/home/mmickelson/martyknows.com/wp-admin/term.php&path=/home/mmickelson/martyknows.com/wp-admin HTTP/1.1" 200 6955 "-" "Mozilla/5.0 AppleWebKit/537.36 (KHTML, like Gecko; compatible; Amazonbot/0.1; +https://developer.amazon.com/support/amazonbot) Chrome/119.0.6045.214 Safari/537.36" 
216.73.216.147 - - [16/Oct/2025:13:41:16 -0700] "GET /2017/05/automatic-latest-version-link?fileloc=%2Fhome%2Fmmickelson%2Fchurch.martyknows.com.old%2Fwp-admin%2Fprivacy.php&path=%2Fhome%2Fmmickelson%2Fchurch.martyknows.com.old%2Fwp-admin HTTP/2.0" 429 348 "-" "Mozilla/5.0 AppleWebKit/537.36 (KHTML, like Gecko; compatible; ClaudeBot/1.0; +claudebot@anthropic.com)" 
216.73.216.147 - - [16/Oct/2025:13:41:20 -0700] "GET /2017/05/automatic-latest-version-link?fileloc=%2Fhome%2Fmmickelson%2Fchurch.martyknows.com.old%2Fwp-admin%2Fabout.php&path=%2Fhome%2Fmmickelson%2Fchurch.martyknows.com.old%2Fwp-admin HTTP/2.0" 429 278 "-" "Mozilla/5.0 AppleWebKit/537.36 (KHTML, like Gecko; compatible; ClaudeBot/1.0; +claudebot@anthropic.com)" 
216.73.216.147 - - [16/Oct/2025:13:41:25 -0700] "GET /2017/05/automatic-latest-version-link?path=%2Fhome%2Fmmickelson%2Fchurch.martyknows.com.old%2Fwp-admin%2Fuser HTTP/2.0" 429 278 "-" "Mozilla/5.0 AppleWebKit/537.36 (KHTML, like Gecko; compatible; ClaudeBot/1.0; +claudebot@anthropic.com)" 
3.208.146.193 - - [16/Oct/2025:13:41:30 -0700] "GET /2025/10/fenikss-online-kopiena-k-t-veicina-pozit-vu-un-atbalsto-u-sp-u-vidi/?fileloc=/home/mmickelson/martyknows.com/images/.htaccess&path=/home/mmickelson/martyknows.com/images HTTP/1.1" 200 6048 "-" "Mozilla/5.0 AppleWebKit/537.36 (KHTML, like Gecko; compatible; Amazonbot/0.1; +https://developer.amazon.com/support/amazonbot) Chrome/119.0.6045.214 Safari/537.36" 
216.73.216.147 - - [16/Oct/2025:13:41:30 -0700] "GET /2017/05/automatic-latest-version-link?fileloc=%2Fhome%2Fmmickelson%2Fchurch.martyknows.com.old%2Fwp-admin%2Fpress-this.php&path=%2Fhome%2Fmmickelson%2Fchurch.martyknows.com.old%2Fwp-admin HTTP/2.0" 429 278 "-" "Mozilla/5.0 AppleWebKit/537.36 (KHTML, like Gecko; compatible; ClaudeBot/1.0; +claudebot@anthropic.com)" 
216.73.216.147 - - [16/Oct/2025:13:41:35 -0700] "GET /2017/05/automatic-latest-version-link?fileloc=%2Fhome%2Fmmickelson%2Fchurch.martyknows.com.old%2Fwp-admin%2Fterm.php&path=%2Fhome%2Fmmickelson%2Fchurch.martyknows.com.old%2Fwp-admin HTTP/2.0" 429 278 "-" "Mozilla/5.0 AppleWebKit/537.36 (KHTML, like Gecko; compatible; ClaudeBot/1.0; +claudebot@anthropic.com)" 
216.73.216.147 - - [16/Oct/2025:13:41:40 -0700] "GET /2017/05/automatic-latest-version-link?fileloc=%2Fhome%2Fmmickelson%2Fchurch.martyknows.com.old%2Fwp-admin%2Fprofile.php&path=%2Fhome%2Fmmickelson%2Fchurch.martyknows.com.old%2Fwp-admin HTTP/2.0" 429 278 "-" "Mozilla/5.0 AppleWebKit/537.36 (KHTML, like Gecko; compatible; ClaudeBot/1.0; +claudebot@anthropic.com)" 
216.73.216.147 - - [16/Oct/2025:13:41:45 -0700] "GET /2017/05/automatic-latest-version-link?fileloc=%2Fhome%2Fmmickelson%2Fchurch.martyknows.com.old%2Fwp-admin%2Fuser-new.php&path=%2Fhome%2Fmmickelson%2Fchurch.martyknows.com.old%2Fwp-admin HTTP/2.0" 429 278 "-" "Mozilla/5.0 AppleWebKit/537.36 (KHTML, like Gecko; compatible; ClaudeBot/1.0; +claudebot@anthropic.com)" 
52.70.209.13 - - [16/Oct/2025:13:41:52 -0700] "GET /2025/10/fenikss-online-kopiena-k-t-veicina-pozit-vu-un-atbalsto-u-sp-u-vidi/?fileloc=/home/mmickelson/martyknows.com/wp-admin/authorize-application.php&path=/home/mmickelson/martyknows.com/wp-admin HTTP/1.1" 200 9183 "-" "Mozilla/5.0 AppleWebKit/537.36 (KHTML, like Gecko; compatible; Amazonbot/0.1; +https://developer.amazon.com/support/amazonbot) Chrome/119.0.6045.214 Safari/537.36" 
216.73.216.147 - - [16/Oct/2025:13:41:52 -0700] "GET /2017/05/automatic-latest-version-link?fileloc=%2Fhome%2Fmmickelson%2Fchurch.martyknows.com.old%2Fwp-admin%2F.htaccess&path=%2Fhome%2Fmmickelson%2Fchurch.martyknows.com.old%2Fwp-admin HTTP/2.0" 429 348 "-" "Mozilla/5.0 AppleWebKit/537.36 (KHTML, like Gecko; compatible; ClaudeBot/1.0; +claudebot@anthropic.com)" 
216.73.216.147 - - [16/Oct/2025:13:41:57 -0700] "GET /2017/05/automatic-latest-version-link?fileloc=%2Fhome%2Fmmickelson%2Fchurch.martyknows.com.old%2Fwp-admin%2Fpostnews.php&path=%2Fhome%2Fmmickelson%2Fchurch.martyknows.com.old%2Fwp-admin HTTP/2.0" 429 278 "-" "Mozilla/5.0 AppleWebKit/537.36 (KHTML, like Gecko; compatible; ClaudeBot/1.0; +claudebot@anthropic.com)" 
216.73.216.147 - - [16/Oct/2025:13:42:02 -0700] "GET /2017/05/automatic-latest-version-link?fileloc=%2Fhome%2Fmmickelson%2Fchurch.martyknows.com.old%2Fwp-admin%2Fyvzr2ZNbFUQ.php&path=%2Fhome%2Fmmickelson%2Fchurch.martyknows.com.old%2Fwp-admin HTTP/2.0" 429 278 "-" "Mozilla/5.0 AppleWebKit/537.36 (KHTML, like Gecko; compatible; ClaudeBot/1.0; +claudebot@anthropic.com)" 
114.119.136.243 - - [16/Oct/2025:13:42:03 -0700] "GET /2025/07/d-couvrez-les-meilleures-offres-de-code-promo-instant-casino-en-2023/?path=/home/mmickelson/martyknows.com/wp-content/themes/sapphire HTTP/1.1" 200 7366 "https://www.martyknows.com/2025/07/d-couvrez-les-meilleures-offres-de-code-promo-instant-casino-en-2023/?path=/home/mmickelson/martyknows.com/wp-content/themes" "Mozilla/5.0 (Linux; Android 7.0;) AppleWebKit/537.36 (KHTML, like Gecko) Mobile Safari/537.36 (compatible; PetalBot;+https://webmaster.petalsearch.com/site/petalbot)" 
216.73.216.147 - - [16/Oct/2025:13:42:07 -0700] "GET /2017/05/automatic-latest-version-link?fileloc=%2Fhome%2Fmmickelson%2Fchurch.martyknows.com.old%2Fwp-admin%2Fmedia-new.php&path=%2Fhome%2Fmmickelson%2Fchurch.martyknows.com.old%2Fwp-admin HTTP/2.0" 429 278 "-" "Mozilla/5.0 AppleWebKit/537.36 (KHTML, like Gecko; compatible; ClaudeBot/1.0; +claudebot@anthropic.com)" 
216.73.216.147 - - [16/Oct/2025:13:42:12 -0700] "GET /2017/05/automatic-latest-version-link?fileloc=%2Fhome%2Fmmickelson%2Fchurch.martyknows.com.old%2Fwp-admin%2Fcredits.php&path=%2Fhome%2Fmmickelson%2Fchurch.martyknows.com.old%2Fwp-admin HTTP/2.0" 429 278 "-" "Mozilla/5.0 AppleWebKit/537.36 (KHTML, like Gecko; compatible; ClaudeBot/1.0; +claudebot@anthropic.com)" 
216.73.216.147 - - [16/Oct/2025:13:42:17 -0700] "GET /2017/05/automatic-latest-version-link?path=%2Fhome%2Fmmickelson%2Fchurch.martyknows.com.old%2Fwp-admin%2Fimages HTTP/2.0" 429 278 "-" "Mozilla/5.0 AppleWebKit/537.36 (KHTML, like Gecko; compatible; ClaudeBot/1.0; +claudebot@anthropic.com)" 
216.73.216.147 - - [16/Oct/2025:13:42:22 -0700] "GET /2017/05/automatic-latest-version-link?fileloc=%2Fhome%2Fmmickelson%2Fchurch.martyknows.com.old%2Fwp-admin%2Ffreedoms.php&path=%2Fhome%2Fmmickelson%2Fchurch.martyknows.com.old%2Fwp-admin HTTP/2.0" 429 278 "-" "Mozilla/5.0 AppleWebKit/537.36 (KHTML, like Gecko; compatible; ClaudeBot/1.0; +claudebot@anthropic.com)" 
216.73.216.147 - - [16/Oct/2025:13:42:27 -0700] "GET /2017/05/automatic-latest-version-link?fileloc=%2Fhome%2Fmmickelson%2Fchurch.martyknows.com.old%2Fwp-admin%2Fmedia.php&path=%2Fhome%2Fmmickelson%2Fchurch.martyknows.com.old%2Fwp-admin HTTP/2.0" 429 278 "-" "Mozilla/5.0 AppleWebKit/537.36 (KHTML, like Gecko; compatible; ClaudeBot/1.0; +claudebot@anthropic.com)" 
216.73.216.147 - - [16/Oct/2025:13:42:33 -0700] "GET /2017/05/automatic-latest-version-link?fileloc=%2Fhome%2Fmmickelson%2Fchurch.martyknows.com.old%2Fwp-admin%2Fpost.php&path=%2Fhome%2Fmmickelson%2Fchurch.martyknows.com.old%2Fwp-admin HTTP/2.0" 429 348 "-" "Mozilla/5.0 AppleWebKit/537.36 (KHTML, like Gecko; compatible; ClaudeBot/1.0; +claudebot@anthropic.com)" 
216.73.216.147 - - [16/Oct/2025:13:42:58 -0700] "GET /2017/05/automatic-latest-version-link?fileloc=%2Fhome%2Fmmickelson%2Fchurch.martyknows.com.old%2Fwp-admin%2Foptions-media.php&path=%2Fhome%2Fmmickelson%2Fchurch.martyknows.com.old%2Fwp-admin HTTP/2.0" 429 348 "-" "Mozilla/5.0 AppleWebKit/537.36 (KHTML, like Gecko; compatible; ClaudeBot/1.0; +claudebot@anthropic.com)" 
216.73.216.147 - - [16/Oct/2025:13:43:03 -0700] "GET /2017/05/automatic-latest-version-link?fileloc=%2Fhome%2Fmmickelson%2Fchurch.martyknows.com.old%2Fwp-admin%2Fmy-sites.php&path=%2Fhome%2Fmmickelson%2Fchurch.martyknows.com.old%2Fwp-admin HTTP/2.0" 429 278 "-" "Mozilla/5.0 AppleWebKit/537.36 (KHTML, like Gecko; compatible; ClaudeBot/1.0; +claudebot@anthropic.com)" 
216.73.216.147 - - [16/Oct/2025:13:43:08 -0700] "GET /2017/05/automatic-latest-version-link?path=%2Fhome%2Fmmickelson%2Fchurch.martyknows.com.old%2Fwp-admin%2Fmeta HTTP/2.0" 429 348 "-" "Mozilla/5.0 AppleWebKit/537.36 (KHTML, like Gecko; compatible; ClaudeBot/1.0; +claudebot@anthropic.com)" 
216.73.216.147 - - [16/Oct/2025:13:43:13 -0700] "GET /2017/05/automatic-latest-version-link?fileloc=%2Fhome%2Fmmickelson%2Fchurch.martyknows.com.old%2Fwp-admin%2Findex.php&path=%2Fhome%2Fmmickelson%2Fchurch.martyknows.com.old%2Fwp-admin HTTP/2.0" 429 278 "-" "Mozilla/5.0 AppleWebKit/537.36 (KHTML, like Gecko; compatible; ClaudeBot/1.0; +claudebot@anthropic.com)" 
216.73.216.147 - - [16/Oct/2025:13:43:18 -0700] "GET /2017/05/automatic-latest-version-link?fileloc=%2Fhome%2Fmmickelson%2Fchurch.martyknows.com.old%2Fwp-admin%2Foptions-writing.php&path=%2Fhome%2Fmmickelson%2Fchurch.martyknows.com.old%2Fwp-admin HTTP/2.0" 429 348 "-" "Mozilla/5.0 AppleWebKit/537.36 (KHTML, like Gecko; compatible; ClaudeBot/1.0; +claudebot@anthropic.com)" 
216.73.216.147 - - [16/Oct/2025:13:43:23 -0700] "GET /2017/05/automatic-latest-version-link?fileloc=%2Fhome%2Fmmickelson%2Fchurch.martyknows.com.old%2Fwp-admin%2Fphp.ini&path=%2Fhome%2Fmmickelson%2Fchurch.martyknows.com.old%2Fwp-admin HTTP/2.0" 429 278 "-" "Mozilla/5.0 AppleWebKit/537.36 (KHTML, like Gecko; compatible; ClaudeBot/1.0; +claudebot@anthropic.com)" 
114.119.134.161 - - [16/Oct/2025:13:43:26 -0700] "GET /author/root/?fileloc=/home/mmickelson/martyknows.com/wp-admin/edit-tags.php&path=/home/mmickelson/martyknows.com/wp-admin HTTP/1.1" 200 12409 "https://www.martyknows.com/author/root/?path=/home/mmickelson/martyknows.com/wp-admin" "Mozilla/5.0 (Linux; Android 7.0;) AppleWebKit/537.36 (KHTML, like Gecko) Mobile Safari/537.36 (compatible; PetalBot;+https://webmaster.petalsearch.com/site/petalbot)" 
216.73.216.147 - - [16/Oct/2025:13:44:11 -0700] "GET /2017/05/automatic-latest-version-link?fileloc=%2Fhome%2Fmmickelson%2Fchurch.martyknows.com.old%2Fwp-admin%2FDytcAqvBHae.php&path=%2Fhome%2Fmmickelson%2Fchurch.martyknows.com.old%2Fwp-admin HTTP/2.0" 429 348 "-" "Mozilla/5.0 AppleWebKit/537.36 (KHTML, like Gecko; compatible; ClaudeBot/1.0; +claudebot@anthropic.com)" 
216.73.216.147 - - [16/Oct/2025:13:44:15 -0700] "GET /2017/05/automatic-latest-version-link?fileloc=%2Fhome%2Fmmickelson%2Fchurch.martyknows.com.old%2Fwp-admin%2Fcustomize.php&path=%2Fhome%2Fmmickelson%2Fchurch.martyknows.com.old%2Fwp-admin HTTP/2.0" 429 278 "-" "Mozilla/5.0 AppleWebKit/537.36 (KHTML, like Gecko; compatible; ClaudeBot/1.0; +claudebot@anthropic.com)" 
216.73.216.147 - - [16/Oct/2025:13:44:20 -0700] "GET /2017/05/automatic-latest-version-link?fileloc=%2Fhome%2Fmmickelson%2Fchurch.martyknows.com.old%2Fwp-admin%2Fms-admin.php&path=%2Fhome%2Fmmickelson%2Fchurch.martyknows.com.old%2Fwp-admin HTTP/2.0" 429 278 "-" "Mozilla/5.0 AppleWebKit/537.36 (KHTML, like Gecko; compatible; ClaudeBot/1.0; +claudebot@anthropic.com)" 
216.73.216.147 - - [16/Oct/2025:13:44:25 -0700] "GET /2017/05/automatic-latest-version-link?fileloc=%2Fhome%2Fmmickelson%2Fchurch.martyknows.com.old%2Fwp-admin%2Fadmin-footer.php&path=%2Fhome%2Fmmickelson%2Fchurch.martyknows.com.old%2Fwp-admin HTTP/2.0" 429 278 "-" "Mozilla/5.0 AppleWebKit/537.36 (KHTML, like Gecko; compatible; ClaudeBot/1.0; +claudebot@anthropic.com)" 
216.73.216.147 - - [16/Oct/2025:13:44:30 -0700] "GET /2017/05/automatic-latest-version-link?fileloc=%2Fhome%2Fmmickelson%2Fchurch.martyknows.com.old%2Fwp-admin%2Ftools.php&path=%2Fhome%2Fmmickelson%2Fchurch.martyknows.com.old%2Fwp-admin HTTP/2.0" 429 278 "-" "Mozilla/5.0 AppleWebKit/537.36 (KHTML, like Gecko; compatible; ClaudeBot/1.0; +claudebot@anthropic.com)" 
114.119.129.36 - - [16/Oct/2025:13:44:50 -0700] "GET /2025/08/5gringos-casino-2/?fileloc=/home/mmickelson/martyknows.com/wp-includes/class-wp-block-styles-registry.php&path=/home/mmickelson/martyknows.com/wp-includes HTTP/1.1" 200 7844 "https://www.martyknows.com/2025/08/5gringos-casino-2/?path=/home/mmickelson/martyknows.com/wp-includes" "Mozilla/5.0 (Linux; Android 7.0;) AppleWebKit/537.36 (KHTML, like Gecko) Mobile Safari/537.36 (compatible; PetalBot;+https://webmaster.petalsearch.com/site/petalbot)" 
114.119.139.70 - - [16/Oct/2025:13:46:14 -0700] "GET /2025/08/5gringos-casino-2/?fileloc=//hs_err_pid2609522.log&path=/ HTTP/1.1" 200 14496 "https://www.martyknows.com/2025/08/5gringos-casino-2/?path=/" "Mozilla/5.0 (Linux; Android 7.0;) AppleWebKit/537.36 (KHTML, like Gecko) Mobile Safari/537.36 (compatible; PetalBot;+https://webmaster.petalsearch.com/site/petalbot)" 
114.119.159.101 - - [16/Oct/2025:13:47:38 -0700] "GET /2025/07/d-couvrez-les-meilleures-offres-de-code-promo-instant-casino-en-2023/?path=/home/mmickelson/martyknows.com/wp-content/cache HTTP/1.1" 200 6744 "https://www.martyknows.com/2025/07/d-couvrez-les-meilleures-offres-de-code-promo-instant-casino-en-2023/?path=/home/mmickelson/martyknows.com/wp-content" "Mozilla/5.0 (Linux; Android 7.0;) AppleWebKit/537.36 (KHTML, like Gecko) Mobile Safari/537.36 (compatible; PetalBot;+https://webmaster.petalsearch.com/site/petalbot)" 
114.119.159.101 - - [16/Oct/2025:13:49:01 -0700] "GET /2025/07/d-couvrez-les-meilleures-offres-de-code-promo-instant-casino-en-2023/?path=/home/mmickelson/logs/vashonhousing.com HTTP/1.1" 200 6466 "https://www.martyknows.com/2025/07/d-couvrez-les-meilleures-offres-de-code-promo-instant-casino-en-2023/?path=/home/mmickelson/logs" "Mozilla/5.0 (Linux; Android 7.0;) AppleWebKit/537.36 (KHTML, like Gecko) Mobile Safari/537.36 (compatible; PetalBot;+https://webmaster.petalsearch.com/site/petalbot)" 
114.119.154.200 - - [16/Oct/2025:13:50:24 -0700] "GET /2025/07/d-couvrez-les-meilleures-offres-de-code-promo-instant-casino-en-2023/?fileloc=/home/mmickelson/partner.inspirationdigital.com/.partition&path=/home/mmickelson/partner.inspirationdigital.com HTTP/1.1" 200 6440 "https://www.martyknows.com/2025/07/d-couvrez-les-meilleures-offres-de-code-promo-instant-casino-en-2023/?path=/home/mmickelson/partner.inspirationdigital.com" "Mozilla/5.0 (Linux; Android 7.0;) AppleWebKit/537.36 (KHTML, like Gecko) Mobile Safari/537.36 (compatible; PetalBot;+https://webmaster.petalsearch.com/site/petalbot)" 
114.119.138.194 - - [16/Oct/2025:13:51:49 -0700] "GET /2025/07/d-couvrez-les-meilleures-offres-de-code-promo-instant-casino-en-2023/?fileloc=/home/mmickelson/martyknows.com/wp-content/advanced-cache.php&path=/home/mmickelson/martyknows.com/wp-content HTTP/1.1" 200 6736 "https://www.martyknows.com/2025/07/d-couvrez-les-meilleures-offres-de-code-promo-instant-casino-en-2023/?path=/home/mmickelson/martyknows.com/wp-content" "Mozilla/5.0 (Linux; Android 7.0;) AppleWebKit/537.36 (KHTML, like Gecko) Mobile Safari/537.36 (compatible; PetalBot;+https://webmaster.petalsearch.com/site/petalbot)" 
114.119.138.194 - - [16/Oct/2025:13:53:11 -0700] "GET /author/root/?fileloc=/home/mmickelson/martyknows.com/wp-includes/class-wp-paused-extensions-storage.php&path=/home/mmickelson/martyknows.com/wp-includes HTTP/1.1" 200 7411 "https://www.martyknows.com/author/root/?path=/home/mmickelson/martyknows.com/wp-includes" "Mozilla/5.0 (Linux; Android 7.0;) AppleWebKit/537.36 (KHTML, like Gecko) Mobile Safari/537.36 (compatible; PetalBot;+https://webmaster.petalsearch.com/site/petalbot)" 
114.119.154.200 - - [16/Oct/2025:13:54:35 -0700] "GET /author/root/?fileloc=/home/mmickelson/martyknows.com/wp-admin/ms-themes.php&path=/home/mmickelson/martyknows.com/wp-admin HTTP/1.1" 200 6298 "https://www.martyknows.com/author/root/?path=/home/mmickelson/martyknows.com/wp-admin" "Mozilla/5.0 (Linux; Android 7.0;) AppleWebKit/537.36 (KHTML, like Gecko) Mobile Safari/537.36 (compatible; PetalBot;+https://webmaster.petalsearch.com/site/petalbot)" 
114.119.154.200 - - [16/Oct/2025:13:55:58 -0700] "GET /category/webdev/?path=/home/mmickelson/martyknows.com/wp-content/themes/steira HTTP/1.1" 200 7538 "https://www.martyknows.com/category/webdev/?path=/home/mmickelson/martyknows.com/wp-content/themes" "Mozilla/5.0 (Linux; Android 7.0;) AppleWebKit/537.36 (KHTML, like Gecko) Mobile Safari/537.36 (compatible; PetalBot;+https://webmaster.petalsearch.com/site/petalbot)" 
