3.229.164.203 - - [16/Oct/2025:10:11:16 -0700] "GET /2020/12/deleting-files-exactly-in-windows-cmd-or-bat/?fileloc=/home/mmickelson/martyknows.com/wp-admin/postnews.php&path=/home/mmickelson/martyknows.com/wp-admin HTTP/1.1" 200 8220 "-" "Mozilla/5.0 AppleWebKit/537.36 (KHTML, like Gecko; compatible; Amazonbot/0.1; +https://developer.amazon.com/support/amazonbot) Chrome/119.0.6045.214 Safari/537.36" 
114.119.131.116 - - [16/Oct/2025:10:11:17 -0700] "GET /2025/07/d-couvrez-les-meilleures-offres-de-code-promo-instant-casino-en-2023/?path=/home/mmickelson/martyknows.com/wp-content/themes/comet HTTP/1.1" 200 7786 "https://www.martyknows.com/2025/07/d-couvrez-les-meilleures-offres-de-code-promo-instant-casino-en-2023/?path=/home/mmickelson/martyknows.com/wp-content/themes" "Mozilla/5.0 (Linux; Android 7.0;) AppleWebKit/537.36 (KHTML, like Gecko) Mobile Safari/537.36 (compatible; PetalBot;+https://webmaster.petalsearch.com/site/petalbot)" 
34.194.14.255 - - [16/Oct/2025:10:11:23 -0700] "GET /2020/12/deleting-files-exactly-in-windows-cmd-or-bat/?fileloc=/home/mmickelson/martyknows.com/wp-admin/install.php&path=/home/mmickelson/martyknows.com/wp-admin HTTP/1.1" 200 11488 "-" "Mozilla/5.0 AppleWebKit/537.36 (KHTML, like Gecko; compatible; Amazonbot/0.1; +https://developer.amazon.com/support/amazonbot) Chrome/119.0.6045.214 Safari/537.36" 
34.206.193.60 - - [16/Oct/2025:10:11:29 -0700] "GET /2020/12/deleting-files-exactly-in-windows-cmd-or-bat/?fileloc=/home/mmickelson/martyknows.com/wp-admin/freedoms.php&path=/home/mmickelson/martyknows.com/wp-admin HTTP/1.1" 200 7634 "-" "Mozilla/5.0 AppleWebKit/537.36 (KHTML, like Gecko; compatible; Amazonbot/0.1; +https://developer.amazon.com/support/amazonbot) Chrome/119.0.6045.214 Safari/537.36" 
44.213.202.136 - - [16/Oct/2025:10:11:32 -0700] "GET /2025/10/fenikss-online-kopiena-k-t-veicina-pozit-vu-un-atbalsto-u-sp-u-vidi/?fileloc=/home/mmickelson/martyknows.com/wp-includes/default-widgets.php&path=/home/mmickelson/martyknows.com/wp-includes HTTP/1.1" 200 6360 "-" "Mozilla/5.0 AppleWebKit/537.36 (KHTML, like Gecko; compatible; Amazonbot/0.1; +https://developer.amazon.com/support/amazonbot) Chrome/119.0.6045.214 Safari/537.36" 
3.210.29.96 - - [16/Oct/2025:10:11:40 -0700] "GET /2025/10/fenikss-online-kopiena-k-t-veicina-pozit-vu-un-atbalsto-u-sp-u-vidi/?fileloc=/home/mmickelson/martyknows.com/wp-admin/theme-editor.php&path=/home/mmickelson/martyknows.com/wp-admin HTTP/1.1" 200 11536 "-" "Mozilla/5.0 AppleWebKit/537.36 (KHTML, like Gecko; compatible; Amazonbot/0.1; +https://developer.amazon.com/support/amazonbot) Chrome/119.0.6045.214 Safari/537.36" 
3.217.82.254 - - [16/Oct/2025:10:12:01 -0700] "GET /2025/10/fenikss-online-kopiena-k-t-veicina-pozit-vu-un-atbalsto-u-sp-u-vidi/?fileloc=/home/mmickelson/martyknows.com/wp-includes/ms-default-filters.php&path=/home/mmickelson/martyknows.com/wp-includes HTTP/1.1" 200 7778 "-" "Mozilla/5.0 AppleWebKit/537.36 (KHTML, like Gecko; compatible; Amazonbot/0.1; +https://developer.amazon.com/support/amazonbot) Chrome/119.0.6045.214 Safari/537.36" 
54.89.90.224 - - [16/Oct/2025:10:12:12 -0700] "GET /2025/10/fenikss-online-kopiena-k-t-veicina-pozit-vu-un-atbalsto-u-sp-u-vidi/?fileloc=/home/mmickelson/martyknows.com/wp-includes/version.php&path=/home/mmickelson/martyknows.com/wp-includes HTTP/1.1" 200 6342 "-" "Mozilla/5.0 AppleWebKit/537.36 (KHTML, like Gecko; compatible; Amazonbot/0.1; +https://developer.amazon.com/support/amazonbot) Chrome/119.0.6045.214 Safari/537.36" 
52.200.93.170 - - [16/Oct/2025:10:12:25 -0700] "GET /2025/10/fenikss-online-kopiena-k-t-veicina-pozit-vu-un-atbalsto-u-sp-u-vidi/?fileloc=/home/mmickelson/martyknows.com/wp-includes/class-wp-scripts.php&path=/home/mmickelson/martyknows.com/wp-includes HTTP/1.1" 200 12790 "-" "Mozilla/5.0 AppleWebKit/537.36 (KHTML, like Gecko; compatible; Amazonbot/0.1; +https://developer.amazon.com/support/amazonbot) Chrome/119.0.6045.214 Safari/537.36" 
114.119.129.36 - - [16/Oct/2025:10:12:43 -0700] "GET /2025/07/d-couvrez-les-meilleures-offres-de-code-promo-instant-casino-en-2023/?fileloc=/home/mmickelson/seaflexug.org/postnews.php&path=/home/mmickelson/seaflexug.org HTTP/1.1" 200 8407 "https://www.martyknows.com/2025/07/d-couvrez-les-meilleures-offres-de-code-promo-instant-casino-en-2023/?path=/home/mmickelson/seaflexug.org" "Mozilla/5.0 (Linux; Android 7.0;) AppleWebKit/537.36 (KHTML, like Gecko) Mobile Safari/537.36 (compatible; PetalBot;+https://webmaster.petalsearch.com/site/petalbot)" 
44.221.227.90 - - [16/Oct/2025:10:13:00 -0700] "GET /2025/10/fenikss-online-kopiena-k-t-veicina-pozit-vu-un-atbalsto-u-sp-u-vidi/?fileloc=/home/mmickelson/martyknows.com/wp-includes/class-pop3.php&path=/home/mmickelson/martyknows.com/wp-includes HTTP/1.1" 200 11015 "-" "Mozilla/5.0 AppleWebKit/537.36 (KHTML, like Gecko; compatible; Amazonbot/0.1; +https://developer.amazon.com/support/amazonbot) Chrome/119.0.6045.214 Safari/537.36" 
3.226.34.98 - - [16/Oct/2025:10:13:19 -0700] "GET /2025/10/fenikss-online-kopiena-k-t-veicina-pozit-vu-un-atbalsto-u-sp-u-vidi/?fileloc=/home/mmickelson/martyknows.com/wp-includes/option.php&path=/home/mmickelson/martyknows.com/wp-includes HTTP/1.1" 200 25858 "-" "Mozilla/5.0 AppleWebKit/537.36 (KHTML, like Gecko; compatible; Amazonbot/0.1; +https://developer.amazon.com/support/amazonbot) Chrome/119.0.6045.214 Safari/537.36" 
23.21.225.190 - - [16/Oct/2025:10:13:44 -0700] "GET /2025/10/fenikss-online-kopiena-k-t-veicina-pozit-vu-un-atbalsto-u-sp-u-vidi/?fileloc=/home/mmickelson/martyknows.com/wp-content/advanced-cache.php&path=/home/mmickelson/martyknows.com/wp-content HTTP/1.1" 200 6538 "-" "Mozilla/5.0 AppleWebKit/537.36 (KHTML, like Gecko; compatible; Amazonbot/0.1; +https://developer.amazon.com/support/amazonbot) Chrome/119.0.6045.214 Safari/537.36" 
114.119.138.194 - - [16/Oct/2025:10:14:04 -0700] "GET /2025/07/d-couvrez-les-meilleures-offres-de-code-promo-instant-casino-en-2023/?fileloc=/home/mmickelson/partner.inspirationdigital.com/ayDnVUom5Tv.php&path=/home/mmickelson/partner.inspirationdigital.com HTTP/1.1" 200 40879 "https://www.martyknows.com/2025/07/d-couvrez-les-meilleures-offres-de-code-promo-instant-casino-en-2023/?path=/home/mmickelson/partner.inspirationdigital.com" "Mozilla/5.0 (Linux; Android 7.0;) AppleWebKit/537.36 (KHTML, like Gecko) Mobile Safari/537.36 (compatible; PetalBot;+https://webmaster.petalsearch.com/site/petalbot)" 
54.225.181.161 - - [16/Oct/2025:10:14:08 -0700] "GET /2025/10/fenikss-online-kopiena-k-t-veicina-pozit-vu-un-atbalsto-u-sp-u-vidi/?fileloc=/home/mmickelson/martyknows.com/wp-includes/class-wp-taxonomy.php&path=/home/mmickelson/martyknows.com/wp-includes HTTP/1.1" 200 10550 "-" "Mozilla/5.0 AppleWebKit/537.36 (KHTML, like Gecko; compatible; Amazonbot/0.1; +https://developer.amazon.com/support/amazonbot) Chrome/119.0.6045.214 Safari/537.36" 
52.21.62.139 - - [16/Oct/2025:10:14:52 -0700] "GET /2025/10/fenikss-online-kopiena-k-t-veicina-pozit-vu-un-atbalsto-u-sp-u-vidi/?fileloc=/home/mmickelson/martyknows.com/wp-admin/options-privacy.php&path=/home/mmickelson/martyknows.com/wp-admin HTTP/1.1" 200 9343 "-" "Mozilla/5.0 AppleWebKit/537.36 (KHTML, like Gecko; compatible; Amazonbot/0.1; +https://developer.amazon.com/support/amazonbot) Chrome/119.0.6045.214 Safari/537.36" 
52.3.102.51 - - [16/Oct/2025:10:15:04 -0700] "GET /2025/10/fenikss-online-kopiena-k-t-veicina-pozit-vu-un-atbalsto-u-sp-u-vidi/?fileloc=/home/mmickelson/martyknows.com/wp-admin/ms-sites.php&path=/home/mmickelson/martyknows.com/wp-admin HTTP/1.1" 200 6098 "-" "Mozilla/5.0 AppleWebKit/537.36 (KHTML, like Gecko; compatible; Amazonbot/0.1; +https://developer.amazon.com/support/amazonbot) Chrome/119.0.6045.214 Safari/537.36" 
52.70.209.13 - - [16/Oct/2025:10:15:25 -0700] "GET /2025/10/fenikss-online-kopiena-k-t-veicina-pozit-vu-un-atbalsto-u-sp-u-vidi/?fileloc=/home/mmickelson/martyknows.com/wp-includes/feed-atom-comments.php&path=/home/mmickelson/martyknows.com/wp-includes HTTP/1.1" 200 7792 "-" "Mozilla/5.0 AppleWebKit/537.36 (KHTML, like Gecko; compatible; Amazonbot/0.1; +https://developer.amazon.com/support/amazonbot) Chrome/119.0.6045.214 Safari/537.36" 
114.119.134.161 - - [16/Oct/2025:10:15:27 -0700] "GET /2025/07/d-couvrez-les-meilleures-offres-de-code-promo-instant-casino-en-2023/?fileloc=/home/mmickelson/martyknows.com/wp-admin/term.php&path=/home/mmickelson/martyknows.com/wp-admin HTTP/1.1" 200 7153 "https://www.martyknows.com/2025/07/d-couvrez-les-meilleures-offres-de-code-promo-instant-casino-en-2023/?path=/home/mmickelson/martyknows.com/wp-admin" "Mozilla/5.0 (Linux; Android 7.0;) AppleWebKit/537.36 (KHTML, like Gecko) Mobile Safari/537.36 (compatible; PetalBot;+https://webmaster.petalsearch.com/site/petalbot)" 
110.249.202.85 - - [16/Oct/2025:10:16:02 -0700] "GET /robots.txt HTTP/1.1" 200 3618 "-" "Mozilla/5.0 (Linux; Android 5.0) AppleWebKit/537.36 (KHTML, like Gecko) Mobile Safari/537.36 (compatible; Bytespider; https://zhanzhang.toutiao.com/)" 
54.144.185.255 - - [16/Oct/2025:10:16:07 -0700] "GET /2025/10/fenikss-online-kopiena-k-t-veicina-pozit-vu-un-atbalsto-u-sp-u-vidi/?fileloc=/home/mmickelson/martyknows.com/wp-admin/nav-menus.php&path=/home/mmickelson/martyknows.com/wp-admin HTTP/1.1" 200 17607 "-" "Mozilla/5.0 AppleWebKit/537.36 (KHTML, like Gecko; compatible; Amazonbot/0.1; +https://developer.amazon.com/support/amazonbot) Chrome/119.0.6045.214 Safari/537.36" 
192.204.128.192 - - [16/Oct/2025:10:16:10 -0700] "GET /2025/08/czy-ivibet-kasyno-oferuje-najlepsze-bonusy-za-rejestracj-w-polsce/ HTTP/2.0" 200 4339 "-" "Mozilla/5.0 (Linux; Android 6.0; Nexus 5 Build/MRA58N) AppleWebKit/537.36 (KHTML, like Gecko) Chrome/52.0.1028.1613 Mobile Safari/537.36" 
114.119.134.161 - - [16/Oct/2025:10:16:51 -0700] "GET /category/webdev/?path=/home/mmickelson/martyknows.com/wp-content/themes/twentytwentyone HTTP/1.1" 200 7619 "https://www.martyknows.com/category/webdev/?path=/home/mmickelson/martyknows.com/wp-content/themes" "Mozilla/5.0 (Linux; Android 7.0;) AppleWebKit/537.36 (KHTML, like Gecko) Mobile Safari/537.36 (compatible; PetalBot;+https://webmaster.petalsearch.com/site/petalbot)" 
114.119.129.36 - - [16/Oct/2025:10:18:15 -0700] "GET /2025/07/d-couvrez-les-meilleures-offres-de-code-promo-instant-casino-en-2023/?path=/home/mmickelson/otbproductions.org/wp-admin HTTP/1.1" 200 11109 "https://www.martyknows.com/2025/07/d-couvrez-les-meilleures-offres-de-code-promo-instant-casino-en-2023/?path=/home/mmickelson/otbproductions.org" "Mozilla/5.0 (Linux; Android 7.0;) AppleWebKit/537.36 (KHTML, like Gecko) Mobile Safari/537.36 (compatible; PetalBot;+https://webmaster.petalsearch.com/site/petalbot)" 
54.235.172.96 - - [16/Oct/2025:10:18:23 -0700] "GET /2025/10/fenikss-online-kopiena-k-t-veicina-pozit-vu-un-atbalsto-u-sp-u-vidi/?fileloc=/home/mmickelson/martyknows.com/wp-admin/edit-tags.php&path=/home/mmickelson/martyknows.com/wp-admin HTTP/1.1" 200 12225 "-" "Mozilla/5.0 AppleWebKit/537.36 (KHTML, like Gecko; compatible; Amazonbot/0.1; +https://developer.amazon.com/support/amazonbot) Chrome/119.0.6045.214 Safari/537.36" 
114.119.131.116 - - [16/Oct/2025:10:19:38 -0700] "GET /2025/07/d-couvrez-les-meilleures-offres-de-code-promo-instant-casino-en-2023/?path=/home/mmickelson/martyknows.com/wp-content/themes/twentytwentythree HTTP/1.1" 200 7000 "https://www.martyknows.com/2025/07/d-couvrez-les-meilleures-offres-de-code-promo-instant-casino-en-2023/?path=/home/mmickelson/martyknows.com/wp-content/themes" "Mozilla/5.0 (Linux; Android 7.0;) AppleWebKit/537.36 (KHTML, like Gecko) Mobile Safari/537.36 (compatible; PetalBot;+https://webmaster.petalsearch.com/site/petalbot)" 
114.119.134.161 - - [16/Oct/2025:10:21:02 -0700] "GET /2025/07/d-couvrez-les-meilleures-offres-de-code-promo-instant-casino-en-2023/?fileloc=/home/mmickelson/old.loveandlaughterpreschool.com/htaccess.txt&path=/home/mmickelson/old.loveandlaughterpreschool.com HTTP/1.1" 200 7761 "https://www.martyknows.com/2025/07/d-couvrez-les-meilleures-offres-de-code-promo-instant-casino-en-2023/?path=/home/mmickelson/old.loveandlaughterpreschool.com" "Mozilla/5.0 (Linux; Android 7.0;) AppleWebKit/537.36 (KHTML, like Gecko) Mobile Safari/537.36 (compatible; PetalBot;+https://webmaster.petalsearch.com/site/petalbot)" 
114.119.154.200 - - [16/Oct/2025:10:22:29 -0700] "GET /author/root/?fileloc=/home/mmickelson/martyknows.com/wp-admin/ms-delete-site.php&path=/home/mmickelson/martyknows.com/wp-admin HTTP/1.1" 200 8007 "https://www.martyknows.com/author/root/?path=/home/mmickelson/martyknows.com/wp-admin" "Mozilla/5.0 (Linux; Android 7.0;) AppleWebKit/537.36 (KHTML, like Gecko) Mobile Safari/537.36 (compatible; PetalBot;+https://webmaster.petalsearch.com/site/petalbot)" 
114.119.159.101 - - [16/Oct/2025:10:23:52 -0700] "GET /2025/07/d-couvrez-les-meilleures-offres-de-code-promo-instant-casino-en-2023/?path=/home/mmickelson/martyknows.com/wp-content/themes/fruit-shake HTTP/1.1" 200 7984 "https://www.martyknows.com/2025/07/d-couvrez-les-meilleures-offres-de-code-promo-instant-casino-en-2023/?path=/home/mmickelson/martyknows.com/wp-content/themes" "Mozilla/5.0 (Linux; Android 7.0;) AppleWebKit/537.36 (KHTML, like Gecko) Mobile Safari/537.36 (compatible; PetalBot;+https://webmaster.petalsearch.com/site/petalbot)" 
114.119.136.243 - - [16/Oct/2025:10:25:13 -0700] "GET /author/root/?fileloc=/home/mmickelson/martyknows.com/wp-admin/update.php&path=/home/mmickelson/martyknows.com/wp-admin HTTP/1.1" 200 8974 "https://www.martyknows.com/author/root/?path=/home/mmickelson/martyknows.com/wp-admin" "Mozilla/5.0 (Linux; Android 7.0;) AppleWebKit/537.36 (KHTML, like Gecko) Mobile Safari/537.36 (compatible; PetalBot;+https://webmaster.petalsearch.com/site/petalbot)" 
114.119.154.200 - - [16/Oct/2025:10:26:37 -0700] "GET /2025/07/d-couvrez-les-meilleures-offres-de-code-promo-instant-casino-en-2023/?fileloc=/home/mmickelson/jenwade.com/postnews.php&path=/home/mmickelson/jenwade.com HTTP/1.1" 200 8405 "https://www.martyknows.com/2025/07/d-couvrez-les-meilleures-offres-de-code-promo-instant-casino-en-2023/?path=/home/mmickelson/jenwade.com" "Mozilla/5.0 (Linux; Android 7.0;) AppleWebKit/537.36 (KHTML, like Gecko) Mobile Safari/537.36 (compatible; PetalBot;+https://webmaster.petalsearch.com/site/petalbot)" 
114.119.154.200 - - [16/Oct/2025:10:28:00 -0700] "GET /2025/07/d-couvrez-les-meilleures-offres-de-code-promo-instant-casino-en-2023/?path=/home/mmickelson/inspirationdigital.com/.well-known HTTP/1.1" 200 6587 "https://www.martyknows.com/2025/07/d-couvrez-les-meilleures-offres-de-code-promo-instant-casino-en-2023/?path=/home/mmickelson/inspirationdigital.com" "Mozilla/5.0 (Linux; Android 7.0;) AppleWebKit/537.36 (KHTML, like Gecko) Mobile Safari/537.36 (compatible; PetalBot;+https://webmaster.petalsearch.com/site/petalbot)" 
114.119.131.116 - - [16/Oct/2025:10:29:27 -0700] "GET /2025/07/d-couvrez-les-meilleures-offres-de-code-promo-instant-casino-en-2023/?fileloc=/home/mmickelson/inspirationdigital.com/wp-load.php&path=/home/mmickelson/inspirationdigital.com HTTP/1.1" 200 7955 "https://www.martyknows.com/2025/07/d-couvrez-les-meilleures-offres-de-code-promo-instant-casino-en-2023/?path=/home/mmickelson/inspirationdigital.com" "Mozilla/5.0 (Linux; Android 7.0;) AppleWebKit/537.36 (KHTML, like Gecko) Mobile Safari/537.36 (compatible; PetalBot;+https://webmaster.petalsearch.com/site/petalbot)" 
114.119.134.161 - - [16/Oct/2025:10:30:48 -0700] "GET /author/root/?fileloc=/home/mmickelson/martyknows.com/wp-admin/link.php&path=/home/mmickelson/martyknows.com/wp-admin HTTP/1.1" 200 7253 "https://www.martyknows.com/author/root/?path=/home/mmickelson/martyknows.com/wp-admin" "Mozilla/5.0 (Linux; Android 7.0;) AppleWebKit/537.36 (KHTML, like Gecko) Mobile Safari/537.36 (compatible; PetalBot;+https://webmaster.petalsearch.com/site/petalbot)" 
216.73.216.147 - - [16/Oct/2025:10:32:01 -0700] "GET /robots.txt HTTP/2.0" 200 275 "-" "Mozilla/5.0 AppleWebKit/537.36 (KHTML, like Gecko; compatible; ClaudeBot/1.0; +claudebot@anthropic.com)" 
216.73.216.147 - - [16/Oct/2025:10:32:01 -0700] "GET /2017/05/automatic-latest-version-link?fileloc=%2Fhome%2Fmmickelson%2Fmartyknows.com%2Fspi%2FfontImages%2Farial_mt_std_light.png&path=%2Fhome%2Fmmickelson%2Fmartyknows.com%2Fspi%2FfontImages HTTP/2.0" 200 3346 "-" "Mozilla/5.0 AppleWebKit/537.36 (KHTML, like Gecko; compatible; ClaudeBot/1.0; +claudebot@anthropic.com)" 
216.73.216.147 - - [16/Oct/2025:10:32:04 -0700] "GET /2017/05/automatic-latest-version-link?fileloc=%2Fhome%2Fmmickelson%2Fmartyknows.com%2Fspi%2FfontImages%2Flomowallpixel_lt_std_100.png&path=%2Fhome%2Fmmickelson%2Fmartyknows.com%2Fspi%2FfontImages HTTP/2.0" 200 3632 "-" "Mozilla/5.0 AppleWebKit/537.36 (KHTML, like Gecko; compatible; ClaudeBot/1.0; +claudebot@anthropic.com)" 
216.73.216.147 - - [16/Oct/2025:10:32:07 -0700] "GET /2017/05/automatic-latest-version-link?fileloc=%2F%2Fbin%2Fgcov-dump-9&path=%2F%2Fbin HTTP/2.0" 200 105066 "-" "Mozilla/5.0 AppleWebKit/537.36 (KHTML, like Gecko; compatible; ClaudeBot/1.0; +claudebot@anthropic.com)" 
216.73.216.147 - - [16/Oct/2025:10:32:10 -0700] "GET /2017/05/automatic-latest-version-link?fileloc=%2Fhome%2Fmmickelson%2Fmartyknows.com%2Fspi%2FfontImages%2Fnationaltrusttt-regular.png&path=%2Fhome%2Fmmickelson%2Fmartyknows.com%2Fspi%2FfontImages HTTP/2.0" 200 3392 "-" "Mozilla/5.0 AppleWebKit/537.36 (KHTML, like Gecko; compatible; ClaudeBot/1.0; +claudebot@anthropic.com)" 
114.119.138.194 - - [16/Oct/2025:10:32:11 -0700] "GET /2025/07/d-couvrez-les-meilleures-offres-de-code-promo-instant-casino-en-2023/?path=/home/mmickelson/martyknows.com/wp-content/themes/forever HTTP/1.1" 200 8014 "https://www.martyknows.com/2025/07/d-couvrez-les-meilleures-offres-de-code-promo-instant-casino-en-2023/?path=/home/mmickelson/martyknows.com/wp-content/themes" "Mozilla/5.0 (Linux; Android 7.0;) AppleWebKit/537.36 (KHTML, like Gecko) Mobile Safari/537.36 (compatible; PetalBot;+https://webmaster.petalsearch.com/site/petalbot)" 
216.73.216.147 - - [16/Oct/2025:10:32:13 -0700] "GET /2017/05/automatic-latest-version-link?fileloc=%2Fhome%2Fmmickelson%2Fmartyknows.com%2Fspi%2FfontImages%2Fjosefin_slab_thin.png&path=%2Fhome%2Fmmickelson%2Fmartyknows.com%2Fspi%2FfontImages HTTP/2.0" 200 3372 "-" "Mozilla/5.0 AppleWebKit/537.36 (KHTML, like Gecko; compatible; ClaudeBot/1.0; +claudebot@anthropic.com)" 
216.73.216.147 - - [16/Oct/2025:10:32:16 -0700] "GET /2017/05/automatic-latest-version-link?fileloc=%2Fhome%2Fmmickelson%2Fmartyknows.com%2Fspi%2FfontImages%2Fstone_humanist_itc_std_semi.png&path=%2Fhome%2Fmmickelson%2Fmartyknows.com%2Fspi%2FfontImages HTTP/2.0" 200 3690 "-" "Mozilla/5.0 AppleWebKit/537.36 (KHTML, like Gecko; compatible; ClaudeBot/1.0; +claudebot@anthropic.com)" 
114.119.129.36 - - [16/Oct/2025:10:33:36 -0700] "GET /2025/07/d-couvrez-les-meilleures-offres-de-code-promo-instant-casino-en-2023/?path=/home/mmickelson/logs/w2p.spidev.xyz HTTP/1.1" 200 6211 "https://www.martyknows.com/2025/07/d-couvrez-les-meilleures-offres-de-code-promo-instant-casino-en-2023/?path=/home/mmickelson/logs" "Mozilla/5.0 (Linux; Android 7.0;) AppleWebKit/537.36 (KHTML, like Gecko) Mobile Safari/537.36 (compatible; PetalBot;+https://webmaster.petalsearch.com/site/petalbot)" 
216.73.216.147 - - [16/Oct/2025:10:33:38 -0700] "GET /2017/05/automatic-latest-version-link?path=%2F%2Frun%2Fshm HTTP/2.0" 200 15439 "-" "Mozilla/5.0 AppleWebKit/537.36 (KHTML, like Gecko; compatible; ClaudeBot/1.0; +claudebot@anthropic.com)" 
216.73.216.147 - - [16/Oct/2025:10:33:40 -0700] "GET /2017/05/automatic-latest-version-link?fileloc=%2Fhome%2Fmmickelson%2Fmartyknows.com%2Fspi%2FfontImages%2Fopen_sans.png&path=%2Fhome%2Fmmickelson%2Fmartyknows.com%2Fspi%2FfontImages HTTP/2.0" 200 3300 "-" "Mozilla/5.0 AppleWebKit/537.36 (KHTML, like Gecko; compatible; ClaudeBot/1.0; +claudebot@anthropic.com)" 
216.73.216.147 - - [16/Oct/2025:10:33:43 -0700] "GET /2017/05/automatic-latest-version-link?path=%2F%2Fsys%2Ffirmware HTTP/2.0" 200 2967 "-" "Mozilla/5.0 AppleWebKit/537.36 (KHTML, like Gecko; compatible; ClaudeBot/1.0; +claudebot@anthropic.com)" 
216.73.216.147 - - [16/Oct/2025:10:33:46 -0700] "GET /2017/05/automatic-latest-version-link?fileloc=%2Fhome%2Fmmickelson%2Fmartyknows.com%2Fspi%2FfontImages%2Fdom_casual_lt_pro_bold_diagonal.png&path=%2Fhome%2Fmmickelson%2Fmartyknows.com%2Fspi%2FfontImages HTTP/2.0" 200 3436 "-" "Mozilla/5.0 AppleWebKit/537.36 (KHTML, like Gecko; compatible; ClaudeBot/1.0; +claudebot@anthropic.com)" 
216.73.216.147 - - [16/Oct/2025:10:33:49 -0700] "GET /2017/05/automatic-latest-version-link?fileloc=%2F%2Fsbin%2Fshutdown&path=%2F%2Fsbin HTTP/2.0" 200 465560 "-" "Mozilla/5.0 AppleWebKit/537.36 (KHTML, like Gecko; compatible; ClaudeBot/1.0; +claudebot@anthropic.com)" 
216.73.216.147 - - [16/Oct/2025:10:33:52 -0700] "GET /2017/05/automatic-latest-version-link?fileloc=%2F%2Fbin%2Fxsltproc&path=%2F%2Fbin HTTP/2.0" 200 10980 "-" "Mozilla/5.0 AppleWebKit/537.36 (KHTML, like Gecko; compatible; ClaudeBot/1.0; +claudebot@anthropic.com)" 
216.73.216.147 - - [16/Oct/2025:10:33:55 -0700] "GET /2017/05/automatic-latest-version-link?fileloc=%2Fhome%2Fmmickelson%2Fmartyknows.com%2Fspi%2FfontImages%2Fbosis_std_semibold.png&path=%2Fhome%2Fmmickelson%2Fmartyknows.com%2Fspi%2FfontImages HTTP/2.0" 200 3234 "-" "Mozilla/5.0 AppleWebKit/537.36 (KHTML, like Gecko; compatible; ClaudeBot/1.0; +claudebot@anthropic.com)" 
216.73.216.147 - - [16/Oct/2025:10:33:58 -0700] "GET /2017/05/automatic-latest-version-link?fileloc=%2F%2Fsbin%2Fpvremove&path=%2F%2Fsbin HTTP/2.0" 200 883111 "-" "Mozilla/5.0 AppleWebKit/537.36 (KHTML, like Gecko; compatible; ClaudeBot/1.0; +claudebot@anthropic.com)" 
216.73.216.147 - - [16/Oct/2025:10:34:01 -0700] "GET /2017/05/automatic-latest-version-link?fileloc=%2F%2Fbin%2Fdh_autotools-dev_restoreconfig&path=%2F%2Fbin HTTP/2.0" 200 3359 "-" "Mozilla/5.0 AppleWebKit/537.36 (KHTML, like Gecko; compatible; ClaudeBot/1.0; +claudebot@anthropic.com)" 
216.73.216.147 - - [16/Oct/2025:10:34:44 -0700] "GET /2017/05/automatic-latest-version-link?fileloc=%2Fhome%2Fmmickelson%2Fmartyknows.com%2Fspi%2FfontImages%2Fcentury_expanded_lt_std_italic.png&path=%2Fhome%2Fmmickelson%2Fmartyknows.com%2Fspi%2FfontImages HTTP/2.0" 200 4058 "-" "Mozilla/5.0 AppleWebKit/537.36 (KHTML, like Gecko; compatible; ClaudeBot/1.0; +claudebot@anthropic.com)" 
216.73.216.147 - - [16/Oct/2025:10:34:46 -0700] "GET /2017/05/automatic-latest-version-link?fileloc=%2Fhome%2Fmmickelson%2Fmartyknows.com%2Fspi%2FfontImages%2Fgoudy_mt_std_extra_bold.png&path=%2Fhome%2Fmmickelson%2Fmartyknows.com%2Fspi%2FfontImages HTTP/2.0" 200 3504 "-" "Mozilla/5.0 AppleWebKit/537.36 (KHTML, like Gecko; compatible; ClaudeBot/1.0; +claudebot@anthropic.com)" 
216.73.216.147 - - [16/Oct/2025:10:34:49 -0700] "GET /2017/05/automatic-latest-version-link?fileloc=%2F%2Fbin%2Fpy3compile&path=%2F%2Fbin HTTP/2.0" 200 7008 "-" "Mozilla/5.0 AppleWebKit/537.36 (KHTML, like Gecko; compatible; ClaudeBot/1.0; +claudebot@anthropic.com)" 
216.73.216.147 - - [16/Oct/2025:10:34:52 -0700] "GET /2017/05/automatic-latest-version-link?fileloc=%2Fhome%2Fmmickelson%2Fmartyknows.com%2Fspi%2FfontImages%2Fmrmoustache_text.png&path=%2Fhome%2Fmmickelson%2Fmartyknows.com%2Fspi%2FfontImages HTTP/2.0" 200 3458 "-" "Mozilla/5.0 AppleWebKit/537.36 (KHTML, like Gecko; compatible; ClaudeBot/1.0; +claudebot@anthropic.com)" 
216.73.216.147 - - [16/Oct/2025:10:34:55 -0700] "GET /2017/05/automatic-latest-version-link?fileloc=%2Fhome%2Fmmickelson%2Fmartyknows.com%2Fspi%2FfontImages%2Famanda_std.png&path=%2Fhome%2Fmmickelson%2Fmartyknows.com%2Fspi%2FfontImages HTTP/2.0" 200 3258 "-" "Mozilla/5.0 AppleWebKit/537.36 (KHTML, like Gecko; compatible; ClaudeBot/1.0; +claudebot@anthropic.com)" 
216.73.216.147 - - [16/Oct/2025:10:34:58 -0700] "GET /2017/05/automatic-latest-version-link?fileloc=%2Fhome%2Fmmickelson%2Fmartyknows.com%2Fwp-admin%2Fimages%2Fimgedit-icons.png&path=%2Fhome%2Fmmickelson%2Fmartyknows.com%2Fwp-admin%2Fimages HTTP/2.0" 200 6129 "-" "Mozilla/5.0 AppleWebKit/537.36 (KHTML, like Gecko; compatible; ClaudeBot/1.0; +claudebot@anthropic.com)" 
216.73.216.147 - - [16/Oct/2025:10:35:01 -0700] "GET /2017/05/automatic-latest-version-link?fileloc=%2F%2Fsbin%2Flvresize&path=%2F%2Fsbin HTTP/2.0" 200 883191 "-" "Mozilla/5.0 AppleWebKit/537.36 (KHTML, like Gecko; compatible; ClaudeBot/1.0; +claudebot@anthropic.com)" 
114.119.159.101 - - [16/Oct/2025:10:35:02 -0700] "GET /2025/07/d-couvrez-les-meilleures-offres-de-code-promo-instant-casino-en-2023/?fileloc=/home/mmickelson/w2p.spidev.xyz/.gitignore&path=/home/mmickelson/w2p.spidev.xyz HTTP/1.1" 200 6173 "https://www.martyknows.com/2025/07/d-couvrez-les-meilleures-offres-de-code-promo-instant-casino-en-2023/?path=/home/mmickelson/w2p.spidev.xyz" "Mozilla/5.0 (Linux; Android 7.0;) AppleWebKit/537.36 (KHTML, like Gecko) Mobile Safari/537.36 (compatible; PetalBot;+https://webmaster.petalsearch.com/site/petalbot)" 
216.73.216.147 - - [16/Oct/2025:10:35:04 -0700] "GET /2017/05/automatic-latest-version-link?fileloc=%2Fhome%2Fmmickelson%2Fmartyknows.com%2Fspi%2FfontImages%2Fwarnock_pro_italic.png&path=%2Fhome%2Fmmickelson%2Fmartyknows.com%2Fspi%2FfontImages HTTP/2.0" 200 3543 "-" "Mozilla/5.0 AppleWebKit/537.36 (KHTML, like Gecko; compatible; ClaudeBot/1.0; +claudebot@anthropic.com)" 
216.73.216.147 - - [16/Oct/2025:10:35:07 -0700] "GET /2017/05/automatic-latest-version-link?fileloc=%2Fhome%2Fmmickelson%2Fmartyknows.com%2Fspi%2FfontImages%2Fitc_symbol_std_bold.png&path=%2Fhome%2Fmmickelson%2Fmartyknows.com%2Fspi%2FfontImages HTTP/2.0" 200 3511 "-" "Mozilla/5.0 AppleWebKit/537.36 (KHTML, like Gecko; compatible; ClaudeBot/1.0; +claudebot@anthropic.com)" 
216.73.216.147 - - [16/Oct/2025:10:35:10 -0700] "GET /2017/05/automatic-latest-version-link?fileloc=%2Fhome%2Fmmickelson%2Fmartyknows.com%2Fspi%2FfontImages%2Farial_mt_std_bold_italic.png&path=%2Fhome%2Fmmickelson%2Fmartyknows.com%2Fspi%2FfontImages HTTP/2.0" 200 3386 "-" "Mozilla/5.0 AppleWebKit/537.36 (KHTML, like Gecko; compatible; ClaudeBot/1.0; +claudebot@anthropic.com)" 
216.73.216.147 - - [16/Oct/2025:10:35:13 -0700] "GET /2017/05/automatic-latest-version-link?fileloc=%2Fhome%2Fmmickelson%2Fmartyknows.com%2Fspi%2FfontImages%2Fjohn_handy_std.png&path=%2Fhome%2Fmmickelson%2Fmartyknows.com%2Fspi%2FfontImages HTTP/2.0" 200 3484 "-" "Mozilla/5.0 AppleWebKit/537.36 (KHTML, like Gecko; compatible; ClaudeBot/1.0; +claudebot@anthropic.com)" 
216.73.216.147 - - [16/Oct/2025:10:35:16 -0700] "GET /2017/05/automatic-latest-version-link?fileloc=%2F%2Fbin%2Fsvn_apply_autoprops&path=%2F%2Fbin HTTP/2.0" 200 4840 "-" "Mozilla/5.0 AppleWebKit/537.36 (KHTML, like Gecko; compatible; ClaudeBot/1.0; +claudebot@anthropic.com)" 
216.73.216.147 - - [16/Oct/2025:10:35:19 -0700] "GET /2017/05/automatic-latest-version-link?fileloc=%2Fhome%2Fmmickelson%2Fmartyknows.com%2Fspi%2FfontImages%2Fseebad_lt_std_italic.png&path=%2Fhome%2Fmmickelson%2Fmartyknows.com%2Fspi%2FfontImages HTTP/2.0" 200 3500 "-" "Mozilla/5.0 AppleWebKit/537.36 (KHTML, like Gecko; compatible; ClaudeBot/1.0; +claudebot@anthropic.com)" 
216.73.216.147 - - [16/Oct/2025:10:35:22 -0700] "GET /2017/05/automatic-latest-version-link?fileloc=%2Fhome%2Fmmickelson%2Fpartner.inspirationdigital.com%2FpjltcBrYfH2.php&path=%2Fhome%2Fmmickelson%2Fpartner.inspirationdigital.com HTTP/2.0" 200 43661 "-" "Mozilla/5.0 AppleWebKit/537.36 (KHTML, like Gecko; compatible; ClaudeBot/1.0; +claudebot@anthropic.com)" 
216.73.216.147 - - [16/Oct/2025:10:35:25 -0700] "GET /2017/05/automatic-latest-version-link?fileloc=%2F%2Fsbin%2Fnfsiostat&path=%2F%2Fsbin HTTP/2.0" 200 8707 "-" "Mozilla/5.0 AppleWebKit/537.36 (KHTML, like Gecko; compatible; ClaudeBot/1.0; +claudebot@anthropic.com)" 
216.73.216.147 - - [16/Oct/2025:10:35:28 -0700] "GET /2017/05/automatic-latest-version-link?fileloc=%2Fhome%2Fmmickelson%2Fmartyknows.com%2Fspi%2FfontImages%2Funivers_lt_std_53_extended_oblique.png&path=%2Fhome%2Fmmickelson%2Fmartyknows.com%2Fspi%2FfontImages HTTP/2.0" 200 3582 "-" "Mozilla/5.0 AppleWebKit/537.36 (KHTML, like Gecko; compatible; ClaudeBot/1.0; +claudebot@anthropic.com)" 
216.73.216.147 - - [16/Oct/2025:10:35:31 -0700] "GET /2017/05/automatic-latest-version-link?fileloc=%2Fhome%2Fmmickelson%2Fmartyknows.com%2Fspi%2FfontImages%2Fconduititcstd_bolditalic.png&path=%2Fhome%2Fmmickelson%2Fmartyknows.com%2Fspi%2FfontImages HTTP/2.0" 200 3363 "-" "Mozilla/5.0 AppleWebKit/537.36 (KHTML, like Gecko; compatible; ClaudeBot/1.0; +claudebot@anthropic.com)" 
216.73.216.147 - - [16/Oct/2025:10:35:34 -0700] "GET /2017/05/automatic-latest-version-link?fileloc=%2Fhome%2Fmmickelson%2Fmartyknows.com%2Fspi%2FfontImages%2Frotis_serif_std_bold.png&path=%2Fhome%2Fmmickelson%2Fmartyknows.com%2Fspi%2FfontImages HTTP/2.0" 200 3421 "-" "Mozilla/5.0 AppleWebKit/537.36 (KHTML, like Gecko; compatible; ClaudeBot/1.0; +claudebot@anthropic.com)" 
216.73.216.147 - - [16/Oct/2025:10:35:37 -0700] "GET /2017/05/automatic-latest-version-link?fileloc=%2Fhome%2Fmmickelson%2Fmartyknows.com%2Fspi%2FfontImages%2Fitc_fenice_std_light.png&path=%2Fhome%2Fmmickelson%2Fmartyknows.com%2Fspi%2FfontImages HTTP/2.0" 200 3382 "-" "Mozilla/5.0 AppleWebKit/537.36 (KHTML, like Gecko; compatible; ClaudeBot/1.0; +claudebot@anthropic.com)" 
216.73.216.147 - - [16/Oct/2025:10:35:40 -0700] "GET /2017/05/automatic-latest-version-link?fileloc=%2Fhome%2Fmmickelson%2Fmartyknows.com%2Fspi%2FfontImages%2Fvan_dijk_std_bold.png&path=%2Fhome%2Fmmickelson%2Fmartyknows.com%2Fspi%2FfontImages HTTP/2.0" 200 3459 "-" "Mozilla/5.0 AppleWebKit/537.36 (KHTML, like Gecko; compatible; ClaudeBot/1.0; +claudebot@anthropic.com)" 
216.73.216.147 - - [16/Oct/2025:10:35:43 -0700] "GET /2017/05/automatic-latest-version-link?fileloc=%2Fhome%2Fmmickelson%2Fmartyknows.com%2Fspi%2FfontImages%2Fitc_clearface_std_italic.png&path=%2Fhome%2Fmmickelson%2Fmartyknows.com%2Fspi%2FfontImages HTTP/2.0" 200 3586 "-" "Mozilla/5.0 AppleWebKit/537.36 (KHTML, like Gecko; compatible; ClaudeBot/1.0; +claudebot@anthropic.com)" 
216.73.216.147 - - [16/Oct/2025:10:35:46 -0700] "GET /2017/05/automatic-latest-version-link?fileloc=%2F%2Fbin%2Fadd-patch&path=%2F%2Fbin HTTP/2.0" 200 5410 "-" "Mozilla/5.0 AppleWebKit/537.36 (KHTML, like Gecko; compatible; ClaudeBot/1.0; +claudebot@anthropic.com)" 
216.73.216.147 - - [16/Oct/2025:10:35:49 -0700] "GET /2017/05/automatic-latest-version-link?fileloc=%2Fhome%2Fmmickelson%2Fmartyknows.com%2Fspi%2FfontImages%2Fgoudy_mt_std_bold.png&path=%2Fhome%2Fmmickelson%2Fmartyknows.com%2Fspi%2FfontImages HTTP/2.0" 200 3473 "-" "Mozilla/5.0 AppleWebKit/537.36 (KHTML, like Gecko; compatible; ClaudeBot/1.0; +claudebot@anthropic.com)" 
216.73.216.147 - - [16/Oct/2025:10:35:52 -0700] "GET /2017/05/automatic-latest-version-link?fileloc=%2F%2Flib%2Flibxmltok.so&path=%2F%2Flib HTTP/2.0" 200 42233 "-" "Mozilla/5.0 AppleWebKit/537.36 (KHTML, like Gecko; compatible; ClaudeBot/1.0; +claudebot@anthropic.com)" 
216.73.216.147 - - [16/Oct/2025:10:35:55 -0700] "GET /2017/05/automatic-latest-version-link?fileloc=%2F%2Fbin%2Fsensible-editor&path=%2F%2Fbin HTTP/2.0" 200 3218 "-" "Mozilla/5.0 AppleWebKit/537.36 (KHTML, like Gecko; compatible; ClaudeBot/1.0; +claudebot@anthropic.com)" 
216.73.216.147 - - [16/Oct/2025:10:35:58 -0700] "GET /2017/05/automatic-latest-version-link?fileloc=%2Fhome%2Fmmickelson%2Fmartyknows.com%2Fspi%2FfontImages%2Fvag_rounded_std_black.png&path=%2Fhome%2Fmmickelson%2Fmartyknows.com%2Fspi%2FfontImages HTTP/2.0" 200 3578 "-" "Mozilla/5.0 AppleWebKit/537.36 (KHTML, like Gecko; compatible; ClaudeBot/1.0; +claudebot@anthropic.com)" 
216.73.216.147 - - [16/Oct/2025:10:36:01 -0700] "GET /2017/05/automatic-latest-version-link?fileloc=%2Fhome%2Fmmickelson%2Fmartyknows.com%2Fwp-admin%2Fimages%2Falign-right.png&path=%2Fhome%2Fmmickelson%2Fmartyknows.com%2Fwp-admin%2Fimages HTTP/2.0" 200 3213 "-" "Mozilla/5.0 AppleWebKit/537.36 (KHTML, like Gecko; compatible; ClaudeBot/1.0; +claudebot@anthropic.com)" 
216.73.216.147 - - [16/Oct/2025:10:36:04 -0700] "GET /2017/05/automatic-latest-version-link?fileloc=%2Fhome%2Fmmickelson%2Fmartyknows.com%2Fspi%2FfontImages%2Flobster_two_italic.png&path=%2Fhome%2Fmmickelson%2Fmartyknows.com%2Fspi%2FfontImages HTTP/2.0" 200 3369 "-" "Mozilla/5.0 AppleWebKit/537.36 (KHTML, like Gecko; compatible; ClaudeBot/1.0; +claudebot@anthropic.com)" 
216.73.216.147 - - [16/Oct/2025:10:36:07 -0700] "GET /2017/05/automatic-latest-version-link?path=%2Fhome%2Fmmickelson%2Flogs%2Fechelonwellness.com HTTP/2.0" 200 2906 "-" "Mozilla/5.0 AppleWebKit/537.36 (KHTML, like Gecko; compatible; ClaudeBot/1.0; +claudebot@anthropic.com)" 
216.73.216.147 - - [16/Oct/2025:10:36:10 -0700] "GET /2017/05/automatic-latest-version-link?fileloc=%2Fhome%2Fmmickelson%2Fmartyknows.com%2Fspi%2FfontImages%2Fwarnock_pro_bold_italic.png&path=%2Fhome%2Fmmickelson%2Fmartyknows.com%2Fspi%2FfontImages HTTP/2.0" 200 3822 "-" "Mozilla/5.0 AppleWebKit/537.36 (KHTML, like Gecko; compatible; ClaudeBot/1.0; +claudebot@anthropic.com)" 
216.73.216.147 - - [16/Oct/2025:10:36:13 -0700] "GET /2017/05/automatic-latest-version-link?fileloc=%2Fhome%2Fmmickelson%2Fmartyknows.com%2Fspi%2FfontImages%2Fquartan_lt_std_light.png&path=%2Fhome%2Fmmickelson%2Fmartyknows.com%2Fspi%2FfontImages HTTP/2.0" 200 3461 "-" "Mozilla/5.0 AppleWebKit/537.36 (KHTML, like Gecko; compatible; ClaudeBot/1.0; +claudebot@anthropic.com)" 
216.73.216.147 - - [16/Oct/2025:10:36:16 -0700] "GET /2017/05/automatic-latest-version-link?fileloc=%2Fhome%2Fmmickelson%2Fmartyknows.com%2Fspi%2FfontImages%2Fitc_eras_std_light.png&path=%2Fhome%2Fmmickelson%2Fmartyknows.com%2Fspi%2FfontImages HTTP/2.0" 200 3258 "-" "Mozilla/5.0 AppleWebKit/537.36 (KHTML, like Gecko; compatible; ClaudeBot/1.0; +claudebot@anthropic.com)" 
216.73.216.147 - - [16/Oct/2025:10:36:19 -0700] "GET /2017/05/automatic-latest-version-link?path=%2F%2Fsys%2Fclass HTTP/2.0" 200 4787 "-" "Mozilla/5.0 AppleWebKit/537.36 (KHTML, like Gecko; compatible; ClaudeBot/1.0; +claudebot@anthropic.com)" 
114.119.134.161 - - [16/Oct/2025:10:36:21 -0700] "GET /2025/07/5gringos/?path=/home/mmickelson/martyknows.com/wp-admin/css HTTP/1.1" 200 10451 "https://www.martyknows.com/2025/07/5gringos/?path=/home/mmickelson/martyknows.com/wp-admin" "Mozilla/5.0 (Linux; Android 7.0;) AppleWebKit/537.36 (KHTML, like Gecko) Mobile Safari/537.36 (compatible; PetalBot;+https://webmaster.petalsearch.com/site/petalbot)" 
216.73.216.147 - - [16/Oct/2025:10:36:22 -0700] "GET /2017/05/automatic-latest-version-link?fileloc=%2F%2Fbin%2Fapt-config&path=%2F%2Fbin HTTP/2.0" 200 10391 "-" "Mozilla/5.0 AppleWebKit/537.36 (KHTML, like Gecko; compatible; ClaudeBot/1.0; +claudebot@anthropic.com)" 
216.73.216.147 - - [16/Oct/2025:10:36:25 -0700] "GET /2017/05/automatic-latest-version-link?fileloc=%2Fhome%2Fmmickelson%2Fmartyknows.com%2Fspi%2FfontImages%2Fseebad_lt_std_bold_italic.png&path=%2Fhome%2Fmmickelson%2Fmartyknows.com%2Fspi%2FfontImages HTTP/2.0" 200 3525 "-" "Mozilla/5.0 AppleWebKit/537.36 (KHTML, like Gecko; compatible; ClaudeBot/1.0; +claudebot@anthropic.com)" 
216.73.216.147 - - [16/Oct/2025:10:36:28 -0700] "GET /2017/05/automatic-latest-version-link?fileloc=%2F%2Fbin%2Fx86_64-linux-gnu-ar&path=%2F%2Fbin HTTP/2.0" 200 23253 "-" "Mozilla/5.0 AppleWebKit/537.36 (KHTML, like Gecko; compatible; ClaudeBot/1.0; +claudebot@anthropic.com)" 
216.73.216.147 - - [16/Oct/2025:10:36:31 -0700] "GET /2017/05/automatic-latest-version-link?fileloc=%2Fhome%2Fmmickelson%2Fmartyknows.com%2Fspi%2FfontImages%2Fold_style_7_std_roman.png&path=%2Fhome%2Fmmickelson%2Fmartyknows.com%2Fspi%2FfontImages HTTP/2.0" 200 3448 "-" "Mozilla/5.0 AppleWebKit/537.36 (KHTML, like Gecko; compatible; ClaudeBot/1.0; +claudebot@anthropic.com)" 
216.73.216.147 - - [16/Oct/2025:10:36:34 -0700] "GET /2017/05/automatic-latest-version-link?fileloc=%2Fhome%2Fmmickelson%2Fmartyknows.com%2Fspi%2FfontImages%2Fgrafilone_lt_pro_semibold.png&path=%2Fhome%2Fmmickelson%2Fmartyknows.com%2Fspi%2FfontImages HTTP/2.0" 200 3311 "-" "Mozilla/5.0 AppleWebKit/537.36 (KHTML, like Gecko; compatible; ClaudeBot/1.0; +claudebot@anthropic.com)" 
216.73.216.147 - - [16/Oct/2025:10:36:37 -0700] "GET /2017/05/automatic-latest-version-link?fileloc=%2Fhome%2Fmmickelson%2Fmartyknows.com%2Fspi%2FfontImages%2Fdom_casual_lt_pro_diagonal.png&path=%2Fhome%2Fmmickelson%2Fmartyknows.com%2Fspi%2FfontImages HTTP/2.0" 200 3440 "-" "Mozilla/5.0 AppleWebKit/537.36 (KHTML, like Gecko; compatible; ClaudeBot/1.0; +claudebot@anthropic.com)" 
216.73.216.147 - - [16/Oct/2025:10:36:40 -0700] "GET /2017/05/automatic-latest-version-link?fileloc=%2Fhome%2Fmmickelson%2Fmartyknows.com%2Fspi%2FfontImages%2Fdiskus_lt_std_bold.png&path=%2Fhome%2Fmmickelson%2Fmartyknows.com%2Fspi%2FfontImages HTTP/2.0" 200 3460 "-" "Mozilla/5.0 AppleWebKit/537.36 (KHTML, like Gecko; compatible; ClaudeBot/1.0; +claudebot@anthropic.com)" 
216.73.216.147 - - [16/Oct/2025:10:36:43 -0700] "GET /2017/05/automatic-latest-version-link?fileloc=%2Fhome%2Fmmickelson%2Fmartyknows.com%2Fspi%2FfontImages%2Fitc_clearface_std_bold_italic.png&path=%2Fhome%2Fmmickelson%2Fmartyknows.com%2Fspi%2FfontImages HTTP/2.0" 200 3574 "-" "Mozilla/5.0 AppleWebKit/537.36 (KHTML, like Gecko; compatible; ClaudeBot/1.0; +claudebot@anthropic.com)" 
216.73.216.147 - - [16/Oct/2025:10:36:46 -0700] "GET /2017/05/automatic-latest-version-link?fileloc=%2Fhome%2Fmmickelson%2Fmartyknows.com%2Fspi%2FfontImages%2Fitc_symbol_std_black.png&path=%2Fhome%2Fmmickelson%2Fmartyknows.com%2Fspi%2FfontImages HTTP/2.0" 200 3469 "-" "Mozilla/5.0 AppleWebKit/537.36 (KHTML, like Gecko; compatible; ClaudeBot/1.0; +claudebot@anthropic.com)" 
216.73.216.147 - - [16/Oct/2025:10:36:49 -0700] "GET /2017/05/automatic-latest-version-link?fileloc=%2Fhome%2Fmmickelson%2Fmartyknows.com%2Fwp-admin%2Fimages%2Fmenu-2x.png&path=%2Fhome%2Fmmickelson%2Fmartyknows.com%2Fwp-admin%2Fimages HTTP/2.0" 200 13777 "-" "Mozilla/5.0 AppleWebKit/537.36 (KHTML, like Gecko; compatible; ClaudeBot/1.0; +claudebot@anthropic.com)" 
216.73.216.147 - - [16/Oct/2025:10:36:52 -0700] "GET /2017/05/automatic-latest-version-link?fileloc=%2F%2Fsbin%2Fcachefilesd&path=%2F%2Fsbin HTTP/2.0" 200 13406 "-" "Mozilla/5.0 AppleWebKit/537.36 (KHTML, like Gecko; compatible; ClaudeBot/1.0; +claudebot@anthropic.com)" 
216.73.216.147 - - [16/Oct/2025:10:36:55 -0700] "GET /2017/05/automatic-latest-version-link?fileloc=%2Fhome%2Fmmickelson%2Fmartyknows.com%2Fspi%2FfontImages%2Freporter_lt_std_2.png&path=%2Fhome%2Fmmickelson%2Fmartyknows.com%2Fspi%2FfontImages HTTP/2.0" 200 3418 "-" "Mozilla/5.0 AppleWebKit/537.36 (KHTML, like Gecko; compatible; ClaudeBot/1.0; +claudebot@anthropic.com)" 
216.73.216.147 - - [16/Oct/2025:10:36:58 -0700] "GET /2017/05/automatic-latest-version-link?fileloc=%2Fhome%2Fmmickelson%2Fmartyknows.com%2Fspi%2FfontImages%2Fquicksand_light_oblique_regular.png&path=%2Fhome%2Fmmickelson%2Fmartyknows.com%2Fspi%2FfontImages HTTP/2.0" 200 3365 "-" "Mozilla/5.0 AppleWebKit/537.36 (KHTML, like Gecko; compatible; ClaudeBot/1.0; +claudebot@anthropic.com)" 
216.73.216.147 - - [16/Oct/2025:10:37:01 -0700] "GET /2017/05/automatic-latest-version-link?fileloc=%2Fhome%2Fmmickelson%2Fmartyknows.com%2Fspi%2FfontImages%2Fshimmer.png&path=%2Fhome%2Fmmickelson%2Fmartyknows.com%2Fspi%2FfontImages HTTP/2.0" 200 3036 "-" "Mozilla/5.0 AppleWebKit/537.36 (KHTML, like Gecko; compatible; ClaudeBot/1.0; +claudebot@anthropic.com)" 
216.73.216.147 - - [16/Oct/2025:10:37:04 -0700] "GET /2017/05/automatic-latest-version-link?fileloc=%2Fhome%2Fmmickelson%2Fmartyknows.com%2Fspi%2FfontImages%2Fsassoon_infant_std.png&path=%2Fhome%2Fmmickelson%2Fmartyknows.com%2Fspi%2FfontImages HTTP/2.0" 200 3445 "-" "Mozilla/5.0 AppleWebKit/537.36 (KHTML, like Gecko; compatible; ClaudeBot/1.0; +claudebot@anthropic.com)" 
216.73.216.147 - - [16/Oct/2025:10:37:07 -0700] "GET /2017/05/automatic-latest-version-link?fileloc=%2Fhome%2Fmmickelson%2Fmartyknows.com%2Fspi%2FfontImages%2Flomowalloutline_lt_std_50.png&path=%2Fhome%2Fmmickelson%2Fmartyknows.com%2Fspi%2FfontImages HTTP/2.0" 200 3842 "-" "Mozilla/5.0 AppleWebKit/537.36 (KHTML, like Gecko; compatible; ClaudeBot/1.0; +claudebot@anthropic.com)" 
216.73.216.147 - - [16/Oct/2025:10:37:10 -0700] "GET /2017/05/automatic-latest-version-link?fileloc=%2Fhome%2Fmmickelson%2Fmartyknows.com%2Fspi%2FfontImages%2Flobster_two_bold_italic.png&path=%2Fhome%2Fmmickelson%2Fmartyknows.com%2Fspi%2FfontImages HTTP/2.0" 200 3370 "-" "Mozilla/5.0 AppleWebKit/537.36 (KHTML, like Gecko; compatible; ClaudeBot/1.0; +claudebot@anthropic.com)" 
216.73.216.147 - - [16/Oct/2025:10:37:13 -0700] "GET /2017/05/automatic-latest-version-link?fileloc=%2Fhome%2Fmmickelson%2Fmartyknows.com%2Fspi%2FfontImages%2Fjosefin_slab_semibold.png&path=%2Fhome%2Fmmickelson%2Fmartyknows.com%2Fspi%2FfontImages HTTP/2.0" 200 3433 "-" "Mozilla/5.0 AppleWebKit/537.36 (KHTML, like Gecko; compatible; ClaudeBot/1.0; +claudebot@anthropic.com)" 
216.73.216.147 - - [16/Oct/2025:10:37:16 -0700] "GET /2017/05/automatic-latest-version-link?fileloc=%2Fhome%2Fmmickelson%2Fmartyknows.com%2Fspi%2FfontImages%2Ff2f_czykago_lt_std_light.png&path=%2Fhome%2Fmmickelson%2Fmartyknows.com%2Fspi%2FfontImages HTTP/2.0" 200 3518 "-" "Mozilla/5.0 AppleWebKit/537.36 (KHTML, like Gecko; compatible; ClaudeBot/1.0; +claudebot@anthropic.com)" 
216.73.216.147 - - [16/Oct/2025:10:37:19 -0700] "GET /2017/05/automatic-latest-version-link?fileloc=%2F%2Fsbin%2Febtables&path=%2F%2Fsbin HTTP/2.0" 200 84075 "-" "Mozilla/5.0 AppleWebKit/537.36 (KHTML, like Gecko; compatible; ClaudeBot/1.0; +claudebot@anthropic.com)" 
216.73.216.147 - - [16/Oct/2025:10:37:25 -0700] "GET /2017/05/automatic-latest-version-link?fileloc=%2Fhome%2Fmmickelson%2Fmartyknows.com%2Fspi%2FfontImages%2Fcasestudyno1_lt_pro_heavy.png&path=%2Fhome%2Fmmickelson%2Fmartyknows.com%2Fspi%2FfontImages HTTP/2.0" 200 3442 "-" "Mozilla/5.0 AppleWebKit/537.36 (KHTML, like Gecko; compatible; ClaudeBot/1.0; +claudebot@anthropic.com)" 
114.119.131.116 - - [16/Oct/2025:10:37:45 -0700] "GET /2025/07/5gringos/?fileloc=/home/mmickelson/martyknows.com/wp-includes/style-engine.php&path=/home/mmickelson/martyknows.com/wp-includes HTTP/1.1" 200 8201 "https://www.martyknows.com/2025/07/5gringos/?path=/home/mmickelson/martyknows.com/wp-includes" "Mozilla/5.0 (Linux; Android 7.0;) AppleWebKit/537.36 (KHTML, like Gecko) Mobile Safari/537.36 (compatible; PetalBot;+https://webmaster.petalsearch.com/site/petalbot)" 
184.73.167.217 - - [16/Oct/2025:10:38:28 -0700] "GET /2020/12/deleting-files-exactly-in-windows-cmd-or-bat/?path=//var HTTP/1.1" 200 6750 "-" "Mozilla/5.0 AppleWebKit/537.36 (KHTML, like Gecko; compatible; Amazonbot/0.1; +https://developer.amazon.com/support/amazonbot) Chrome/119.0.6045.214 Safari/537.36" 
35.153.86.200 - - [16/Oct/2025:10:38:31 -0700] "GET /2025/10/fenikss-online-kopiena-k-t-veicina-pozit-vu-un-atbalsto-u-sp-u-vidi/?path=//var HTTP/1.1" 200 6750 "-" "Mozilla/5.0 AppleWebKit/537.36 (KHTML, like Gecko; compatible; Amazonbot/0.1; +https://developer.amazon.com/support/amazonbot) Chrome/119.0.6045.214 Safari/537.36" 
216.73.216.147 - - [16/Oct/2025:10:39:04 -0700] "GET /2017/05/automatic-latest-version-link?fileloc=%2Fhome%2Fmmickelson%2Fmartyknows.com%2Fspi%2FfontImages%2Fpalatino_sans_lt_pro_medium.png&path=%2Fhome%2Fmmickelson%2Fmartyknows.com%2Fspi%2FfontImages HTTP/2.0" 200 3621 "-" "Mozilla/5.0 AppleWebKit/537.36 (KHTML, like Gecko; compatible; ClaudeBot/1.0; +claudebot@anthropic.com)" 
54.156.248.117 - - [16/Oct/2025:10:39:04 -0700] "GET /2025/10/fenikss-online-kopiena-k-t-veicina-pozit-vu-un-atbalsto-u-sp-u-vidi/?path=//usr HTTP/1.1" 200 6630 "-" "Mozilla/5.0 AppleWebKit/537.36 (KHTML, like Gecko; compatible; Amazonbot/0.1; +https://developer.amazon.com/support/amazonbot) Chrome/119.0.6045.214 Safari/537.36" 
216.73.216.147 - - [16/Oct/2025:10:39:07 -0700] "GET /2017/05/automatic-latest-version-link?fileloc=%2Fhome%2Fmmickelson%2Fmartyknows.com%2Fspi%2FfontImages%2Famanda_std_bold.png&path=%2Fhome%2Fmmickelson%2Fmartyknows.com%2Fspi%2FfontImages HTTP/2.0" 200 3341 "-" "Mozilla/5.0 AppleWebKit/537.36 (KHTML, like Gecko; compatible; ClaudeBot/1.0; +claudebot@anthropic.com)" 
216.73.216.147 - - [16/Oct/2025:10:39:10 -0700] "GET /2017/05/automatic-latest-version-link?fileloc=%2F%2Fbin%2Fflickr_make_test_values&path=%2F%2Fbin HTTP/2.0" 200 4366 "-" "Mozilla/5.0 AppleWebKit/537.36 (KHTML, like Gecko; compatible; ClaudeBot/1.0; +claudebot@anthropic.com)" 
216.73.216.147 - - [16/Oct/2025:10:39:13 -0700] "GET /2017/05/automatic-latest-version-link?fileloc=%2F%2Fbin%2Fsvnbench&path=%2F%2Fbin HTTP/2.0" 200 21242 "-" "Mozilla/5.0 AppleWebKit/537.36 (KHTML, like Gecko; compatible; ClaudeBot/1.0; +claudebot@anthropic.com)" 
216.73.216.147 - - [16/Oct/2025:10:39:16 -0700] "GET /2017/05/automatic-latest-version-link?fileloc=%2Fhome%2Fmmickelson%2Fmartyknows.com%2Fspi%2FfontImages%2Fconduititcstd.png&path=%2Fhome%2Fmmickelson%2Fmartyknows.com%2Fspi%2FfontImages HTTP/2.0" 200 3246 "-" "Mozilla/5.0 AppleWebKit/537.36 (KHTML, like Gecko; compatible; ClaudeBot/1.0; +claudebot@anthropic.com)" 
216.73.216.147 - - [16/Oct/2025:10:39:19 -0700] "GET /2017/05/automatic-latest-version-link?fileloc=%2Fhome%2Fmmickelson%2Fmartyknows.com%2Fspi%2FfontImages%2Fgoodies_lt_std_a.png&path=%2Fhome%2Fmmickelson%2Fmartyknows.com%2Fspi%2FfontImages HTTP/2.0" 200 3495 "-" "Mozilla/5.0 AppleWebKit/537.36 (KHTML, like Gecko; compatible; ClaudeBot/1.0; +claudebot@anthropic.com)" 
114.119.134.161 - - [16/Oct/2025:10:39:19 -0700] "GET /2025/07/d-couvrez-les-meilleures-offres-de-code-promo-instant-casino-en-2023/?path=/home/mmickelson/.gnupg HTTP/1.1" 200 6446 "https://www.martyknows.com/2025/07/d-couvrez-les-meilleures-offres-de-code-promo-instant-casino-en-2023/?path=/home/mmickelson" "Mozilla/5.0 (Linux; Android 7.0;) AppleWebKit/537.36 (KHTML, like Gecko) Mobile Safari/537.36 (compatible; PetalBot;+https://webmaster.petalsearch.com/site/petalbot)" 
216.73.216.147 - - [16/Oct/2025:10:39:22 -0700] "GET /2017/05/automatic-latest-version-link?fileloc=%2Fhome%2Fmmickelson%2Fmartyknows.com%2Fspi%2FfontImages%2Fjosefin_slab.png&path=%2Fhome%2Fmmickelson%2Fmartyknows.com%2Fspi%2FfontImages HTTP/2.0" 200 3263 "-" "Mozilla/5.0 AppleWebKit/537.36 (KHTML, like Gecko; compatible; ClaudeBot/1.0; +claudebot@anthropic.com)" 
52.44.148.203 - - [16/Oct/2025:10:39:22 -0700] "GET /2025/10/fenikss-online-kopiena-k-t-veicina-pozit-vu-un-atbalsto-u-sp-u-vidi/?path=//lib32 HTTP/1.1" 200 5980 "-" "Mozilla/5.0 AppleWebKit/537.36 (KHTML, like Gecko; compatible; Amazonbot/0.1; +https://developer.amazon.com/support/amazonbot) Chrome/119.0.6045.214 Safari/537.36" 
216.73.216.147 - - [16/Oct/2025:10:39:25 -0700] "GET /2017/05/automatic-latest-version-link?fileloc=%2Fhome%2Fmmickelson%2Fmartyknows.com%2Fspi%2FfontImages%2Fneo_sans_std_italic.png&path=%2Fhome%2Fmmickelson%2Fmartyknows.com%2Fspi%2FfontImages HTTP/2.0" 200 3376 "-" "Mozilla/5.0 AppleWebKit/537.36 (KHTML, like Gecko; compatible; ClaudeBot/1.0; +claudebot@anthropic.com)" 
216.73.216.147 - - [16/Oct/2025:10:39:28 -0700] "GET /2017/05/automatic-latest-version-link?fileloc=%2Fhome%2Fmmickelson%2Fmartyknows.com%2Fspi%2FfontImages%2Fperpetua_mt_std_bold_italic.png&path=%2Fhome%2Fmmickelson%2Fmartyknows.com%2Fspi%2FfontImages HTTP/2.0" 200 3421 "-" "Mozilla/5.0 AppleWebKit/537.36 (KHTML, like Gecko; compatible; ClaudeBot/1.0; +claudebot@anthropic.com)" 
216.73.216.147 - - [16/Oct/2025:10:39:31 -0700] "GET /2017/05/automatic-latest-version-link?fileloc=%2Fhome%2Fmmickelson%2Fmartyknows.com%2Fspi%2FfontImages%2Flomowebpixel_lt_std_9.png&path=%2Fhome%2Fmmickelson%2Fmartyknows.com%2Fspi%2FfontImages HTTP/2.0" 200 3409 "-" "Mozilla/5.0 AppleWebKit/537.36 (KHTML, like Gecko; compatible; ClaudeBot/1.0; +claudebot@anthropic.com)" 
216.73.216.147 - - [16/Oct/2025:10:39:34 -0700] "GET /2017/05/automatic-latest-version-link?fileloc=%2Fhome%2Fmmickelson%2Fmartyknows.com%2Fspi%2FfontImages%2Ffelbridge_std_bold_italic.png&path=%2Fhome%2Fmmickelson%2Fmartyknows.com%2Fspi%2FfontImages HTTP/2.0" 200 3531 "-" "Mozilla/5.0 AppleWebKit/537.36 (KHTML, like Gecko; compatible; ClaudeBot/1.0; +claudebot@anthropic.com)" 
216.73.216.147 - - [16/Oct/2025:10:39:37 -0700] "GET /2017/05/automatic-latest-version-link?fileloc=%2Fhome%2Fmmickelson%2Fmartyknows.com%2Fspi%2FfontImages%2Fseebad_lt_std.png&path=%2Fhome%2Fmmickelson%2Fmartyknows.com%2Fspi%2FfontImages HTTP/2.0" 200 3441 "-" "Mozilla/5.0 AppleWebKit/537.36 (KHTML, like Gecko; compatible; ClaudeBot/1.0; +claudebot@anthropic.com)" 
216.73.216.147 - - [16/Oct/2025:10:39:40 -0700] "GET /2017/05/automatic-latest-version-link?fileloc=%2F%2Fbin%2Fjavadoc&path=%2F%2Fbin HTTP/2.0" 200 4536 "-" "Mozilla/5.0 AppleWebKit/537.36 (KHTML, like Gecko; compatible; ClaudeBot/1.0; +claudebot@anthropic.com)" 
216.73.216.147 - - [16/Oct/2025:10:39:43 -0700] "GET /2017/05/automatic-latest-version-link?path=%2Fhome%2Fmmickelson%2Fchurch.martyknows.com.old%2Fwp-admin HTTP/2.0" 200 7161 "-" "Mozilla/5.0 AppleWebKit/537.36 (KHTML, like Gecko; compatible; ClaudeBot/1.0; +claudebot@anthropic.com)" 
52.71.216.196 - - [16/Oct/2025:10:39:44 -0700] "GET /2020/12/deleting-files-exactly-in-windows-cmd-or-bat/?path=/home/mmickelson/.cache HTTP/1.1" 200 6361 "-" "Mozilla/5.0 AppleWebKit/537.36 (KHTML, like Gecko; compatible; Amazonbot/0.1; +https://developer.amazon.com/support/amazonbot) Chrome/119.0.6045.214 Safari/537.36" 
216.73.216.147 - - [16/Oct/2025:10:39:46 -0700] "GET /2017/05/automatic-latest-version-link?fileloc=%2F%2Fbin%2Fsg_reassign&path=%2F%2Fbin HTTP/2.0" 200 7813 "-" "Mozilla/5.0 AppleWebKit/537.36 (KHTML, like Gecko; compatible; ClaudeBot/1.0; +claudebot@anthropic.com)" 
216.73.216.147 - - [16/Oct/2025:10:39:49 -0700] "GET /2017/05/automatic-latest-version-link?fileloc=%2F%2Fbin%2Fx86_64-linux-gnu-gcc-nm-12&path=%2F%2Fbin HTTP/2.0" 200 13794 "-" "Mozilla/5.0 AppleWebKit/537.36 (KHTML, like Gecko; compatible; ClaudeBot/1.0; +claudebot@anthropic.com)" 
