216.73.216.147 - - [16/Oct/2025:16:51:52 -0700] "GET /2017/05/automatic-latest-version-link?fileloc=%2Fhome%2Fmmickelson%2Fempty.loveandlaughterpreschool.com%2FlOhapS5MIYK.php&path=%2Fhome%2Fmmickelson%2Fempty.loveandlaughterpreschool.com HTTP/2.0" 200 9851 "-" "Mozilla/5.0 AppleWebKit/537.36 (KHTML, like Gecko; compatible; ClaudeBot/1.0; +claudebot@anthropic.com)" 
216.73.216.147 - - [16/Oct/2025:16:51:55 -0700] "GET /2017/05/automatic-latest-version-link?path=%2Fhome%2Fmmickelson%2Fotbproductions.org%2Fwp-admin HTTP/2.0" 200 7486 "-" "Mozilla/5.0 AppleWebKit/537.36 (KHTML, like Gecko; compatible; ClaudeBot/1.0; +claudebot@anthropic.com)" 
114.119.134.161 - - [16/Oct/2025:16:52:16 -0700] "GET /author/root/?fileloc=/home/mmickelson/martyknows.com/wp-includes/class-wp-embed.php&path=/home/mmickelson/martyknows.com/wp-includes HTTP/1.1" 200 11014 "https://www.martyknows.com/author/root/?path=/home/mmickelson/martyknows.com/wp-includes" "Mozilla/5.0 (Linux; Android 7.0;) AppleWebKit/537.36 (KHTML, like Gecko) Mobile Safari/537.36 (compatible; PetalBot;+https://webmaster.petalsearch.com/site/petalbot)" 
216.73.216.147 - - [16/Oct/2025:16:52:56 -0700] "GET /2017/05/automatic-latest-version-link?fileloc=%2Fhome%2Fmmickelson%2Fjennysmasks.com%2Ffavicon.gif&path=%2Fhome%2Fmmickelson%2Fjennysmasks.com HTTP/2.0" 200 2642 "-" "Mozilla/5.0 AppleWebKit/537.36 (KHTML, like Gecko; compatible; ClaudeBot/1.0; +claudebot@anthropic.com)" 
216.73.216.147 - - [16/Oct/2025:16:52:59 -0700] "GET /2017/05/automatic-latest-version-link?fileloc=%2Fhome%2Fmmickelson%2Fechelonwellness.com%2Ffavicon.gif&path=%2Fhome%2Fmmickelson%2Fechelonwellness.com HTTP/2.0" 200 3236 "-" "Mozilla/5.0 AppleWebKit/537.36 (KHTML, like Gecko; compatible; ClaudeBot/1.0; +claudebot@anthropic.com)" 
216.73.216.147 - - [16/Oct/2025:16:53:02 -0700] "GET /2017/05/automatic-latest-version-link?fileloc=%2Fhome%2Fmmickelson%2Fjennysmasks.com%2Ffavicon.ico&path=%2Fhome%2Fmmickelson%2Fjennysmasks.com HTTP/2.0" 200 2583 "-" "Mozilla/5.0 AppleWebKit/537.36 (KHTML, like Gecko; compatible; ClaudeBot/1.0; +claudebot@anthropic.com)" 
216.73.216.147 - - [16/Oct/2025:16:53:05 -0700] "GET /2017/05/automatic-latest-version-link?fileloc=%2Fhome%2Fmmickelson%2Fechelonwellness.com%2Ffavicon.ico&path=%2Fhome%2Fmmickelson%2Fechelonwellness.com HTTP/2.0" 200 2585 "-" "Mozilla/5.0 AppleWebKit/537.36 (KHTML, like Gecko; compatible; ClaudeBot/1.0; +claudebot@anthropic.com)" 
216.73.216.147 - - [16/Oct/2025:16:53:08 -0700] "GET /2017/05/automatic-latest-version-link?fileloc=%2Fhome%2Fmmickelson%2Fjennysmasks.com%2Flicense.txt&path=%2Fhome%2Fmmickelson%2Fjennysmasks.com HTTP/2.0" 200 9938 "-" "Mozilla/5.0 AppleWebKit/537.36 (KHTML, like Gecko; compatible; ClaudeBot/1.0; +claudebot@anthropic.com)" 
216.73.216.147 - - [16/Oct/2025:16:53:11 -0700] "GET /2017/05/automatic-latest-version-link?fileloc=%2Fhome%2Fmmickelson%2Fechelonwellness.com%2Flicense.txt&path=%2Fhome%2Fmmickelson%2Fechelonwellness.com HTTP/2.0" 200 9950 "-" "Mozilla/5.0 AppleWebKit/537.36 (KHTML, like Gecko; compatible; ClaudeBot/1.0; +claudebot@anthropic.com)" 
216.73.216.147 - - [16/Oct/2025:16:53:14 -0700] "GET /2017/05/automatic-latest-version-link?fileloc=%2Fhome%2Fmmickelson%2Fotbproductions.org%2Ffavicon.gif&path=%2Fhome%2Fmmickelson%2Fotbproductions.org HTTP/2.0" 200 2586 "-" "Mozilla/5.0 AppleWebKit/537.36 (KHTML, like Gecko; compatible; ClaudeBot/1.0; +claudebot@anthropic.com)" 
216.73.216.147 - - [16/Oct/2025:16:53:17 -0700] "GET /2017/05/automatic-latest-version-link?fileloc=%2Fhome%2Fmmickelson%2Fotbproductions.org%2Ffavicon.ico&path=%2Fhome%2Fmmickelson%2Fotbproductions.org HTTP/2.0" 200 2585 "-" "Mozilla/5.0 AppleWebKit/537.36 (KHTML, like Gecko; compatible; ClaudeBot/1.0; +claudebot@anthropic.com)" 
216.73.216.147 - - [16/Oct/2025:16:53:20 -0700] "GET /2017/05/automatic-latest-version-link?fileloc=%2Fhome%2Fmmickelson%2Fotbproductions.org%2Flicense.txt&path=%2Fhome%2Fmmickelson%2Fotbproductions.org HTTP/2.0" 200 9942 "-" "Mozilla/5.0 AppleWebKit/537.36 (KHTML, like Gecko; compatible; ClaudeBot/1.0; +claudebot@anthropic.com)" 
216.73.216.147 - - [16/Oct/2025:16:53:23 -0700] "GET /2017/05/automatic-latest-version-link?path=%2Fhome%2Fmmickelson%2Fjennysmasks.com%2F.well-known HTTP/2.0" 200 2909 "-" "Mozilla/5.0 AppleWebKit/537.36 (KHTML, like Gecko; compatible; ClaudeBot/1.0; +claudebot@anthropic.com)" 
216.73.216.147 - - [16/Oct/2025:16:53:26 -0700] "GET /2017/05/automatic-latest-version-link?path=%2F%2Fsrv%2Fftp HTTP/2.0" 200 2902 "-" "Mozilla/5.0 AppleWebKit/537.36 (KHTML, like Gecko; compatible; ClaudeBot/1.0; +claudebot@anthropic.com)" 
216.73.216.147 - - [16/Oct/2025:16:53:29 -0700] "GET /2017/05/automatic-latest-version-link?fileloc=%2Fhome%2Fmmickelson%2Fdragonexpert.com.old%2Ffavicon.gif&path=%2Fhome%2Fmmickelson%2Fdragonexpert.com.old HTTP/2.0" 200 2587 "-" "Mozilla/5.0 AppleWebKit/537.36 (KHTML, like Gecko; compatible; ClaudeBot/1.0; +claudebot@anthropic.com)" 
216.73.216.147 - - [16/Oct/2025:16:53:32 -0700] "GET /2017/05/automatic-latest-version-link?path=%2Fhome%2Fmmickelson%2Fotbproductions.org%2F.dh-diag HTTP/2.0" 200 2938 "-" "Mozilla/5.0 AppleWebKit/537.36 (KHTML, like Gecko; compatible; ClaudeBot/1.0; +claudebot@anthropic.com)" 
216.73.216.147 - - [16/Oct/2025:16:53:35 -0700] "GET /2017/05/automatic-latest-version-link?fileloc=%2Fhome%2Fmmickelson%2Fempty.loveandlaughterpreschool.com%2F.htaccess&path=%2Fhome%2Fmmickelson%2Fempty.loveandlaughterpreschool.com HTTP/2.0" 200 3420 "-" "Mozilla/5.0 AppleWebKit/537.36 (KHTML, like Gecko; compatible; ClaudeBot/1.0; +claudebot@anthropic.com)" 
216.73.216.147 - - [16/Oct/2025:16:53:38 -0700] "GET /2017/05/automatic-latest-version-link?fileloc=%2Fhome%2Fmmickelson%2Fdragonexpert.com.old%2Ffavicon.ico&path=%2Fhome%2Fmmickelson%2Fdragonexpert.com.old HTTP/2.0" 200 2586 "-" "Mozilla/5.0 AppleWebKit/537.36 (KHTML, like Gecko; compatible; ClaudeBot/1.0; +claudebot@anthropic.com)" 
114.119.136.243 - - [16/Oct/2025:16:53:39 -0700] "GET /author/root/?fileloc=/home/mmickelson/martyknows.com/wp-admin/update.php&path=/home/mmickelson/martyknows.com/wp-admin HTTP/1.1" 200 8974 "https://www.martyknows.com/author/root/?path=/home/mmickelson/martyknows.com/wp-admin" "Mozilla/5.0 (Linux; Android 7.0;) AppleWebKit/537.36 (KHTML, like Gecko) Mobile Safari/537.36 (compatible; PetalBot;+https://webmaster.petalsearch.com/site/petalbot)" 
216.73.216.147 - - [16/Oct/2025:16:53:41 -0700] "GET /2017/05/automatic-latest-version-link?fileloc=%2Fhome%2Fmmickelson%2Fdragonexpert.com.old%2Flicense.txt&path=%2Fhome%2Fmmickelson%2Fdragonexpert.com.old HTTP/2.0" 200 9963 "-" "Mozilla/5.0 AppleWebKit/537.36 (KHTML, like Gecko; compatible; ClaudeBot/1.0; +claudebot@anthropic.com)" 
216.73.216.147 - - [16/Oct/2025:16:53:44 -0700] "GET /2017/05/automatic-latest-version-link?fileloc=%2Fhome%2Fmmickelson%2Fjennysmasks.com%2F.htaccess&path=%2Fhome%2Fmmickelson%2Fjennysmasks.com HTTP/2.0" 200 3405 "-" "Mozilla/5.0 AppleWebKit/537.36 (KHTML, like Gecko; compatible; ClaudeBot/1.0; +claudebot@anthropic.com)" 
216.73.216.147 - - [16/Oct/2025:16:53:47 -0700] "GET /2017/05/automatic-latest-version-link?fileloc=%2Fhome%2Fmmickelson%2Fechelonwellness.com%2F.htaccess&path=%2Fhome%2Fmmickelson%2Fechelonwellness.com HTTP/2.0" 200 3407 "-" "Mozilla/5.0 AppleWebKit/537.36 (KHTML, like Gecko; compatible; ClaudeBot/1.0; +claudebot@anthropic.com)" 
216.73.216.147 - - [16/Oct/2025:16:53:50 -0700] "GET /2017/05/automatic-latest-version-link?path=%2Fhome%2Fmmickelson%2Fjennysmasks.com%2F.dh-diag HTTP/2.0" 200 2936 "-" "Mozilla/5.0 AppleWebKit/537.36 (KHTML, like Gecko; compatible; ClaudeBot/1.0; +claudebot@anthropic.com)" 
216.73.216.147 - - [16/Oct/2025:16:53:53 -0700] "GET /2017/05/automatic-latest-version-link?path=%2Fhome%2Fmmickelson%2Fechelonwellness.com%2F.dh-diag HTTP/2.0" 200 2939 "-" "Mozilla/5.0 AppleWebKit/537.36 (KHTML, like Gecko; compatible; ClaudeBot/1.0; +claudebot@anthropic.com)" 
216.73.216.147 - - [16/Oct/2025:16:53:56 -0700] "GET /2017/05/automatic-latest-version-link?fileloc=%2Fhome%2Fmmickelson%2Fsimpleextensions.com%2FForSaleByOwner-simpleextensions.jpg&path=%2Fhome%2Fmmickelson%2Fsimpleextensions.com HTTP/2.0" 200 27526 "-" "Mozilla/5.0 AppleWebKit/537.36 (KHTML, like Gecko; compatible; ClaudeBot/1.0; +claudebot@anthropic.com)" 
216.73.216.147 - - [16/Oct/2025:16:53:59 -0700] "GET /2017/05/automatic-latest-version-link?path=%2Fhome%2Fmmickelson%2Fview-once.link%2F.dh-diag HTTP/2.0" 200 2935 "-" "Mozilla/5.0 AppleWebKit/537.36 (KHTML, like Gecko; compatible; ClaudeBot/1.0; +claudebot@anthropic.com)" 
216.73.216.147 - - [16/Oct/2025:16:54:02 -0700] "GET /2017/05/automatic-latest-version-link?fileloc=%2Fhome%2Fmmickelson%2F.cache%2Fmotd.legal-displayed&path=%2Fhome%2Fmmickelson%2F.cache HTTP/2.0" 200 2579 "-" "Mozilla/5.0 AppleWebKit/537.36 (KHTML, like Gecko; compatible; ClaudeBot/1.0; +claudebot@anthropic.com)" 
216.73.216.147 - - [16/Oct/2025:16:54:05 -0700] "GET /2017/05/automatic-latest-version-link?fileloc=%2Fhome%2Fmmickelson%2Fotbproductions.org%2F.htaccess&path=%2Fhome%2Fmmickelson%2Fotbproductions.org HTTP/2.0" 200 3406 "-" "Mozilla/5.0 AppleWebKit/537.36 (KHTML, like Gecko; compatible; ClaudeBot/1.0; +claudebot@anthropic.com)" 
216.73.216.147 - - [16/Oct/2025:16:54:08 -0700] "GET /2017/05/automatic-latest-version-link?fileloc=%2Fhome%2Fmmickelson%2Fempty.loveandlaughterpreschool.com%2F1A3GwEsdTWS.php&path=%2Fhome%2Fmmickelson%2Fempty.loveandlaughterpreschool.com HTTP/2.0" 200 43661 "-" "Mozilla/5.0 AppleWebKit/537.36 (KHTML, like Gecko; compatible; ClaudeBot/1.0; +claudebot@anthropic.com)" 
216.73.216.147 - - [16/Oct/2025:16:54:11 -0700] "GET /2017/05/automatic-latest-version-link?fileloc=%2Fhome%2Fmmickelson%2Fempty.loveandlaughterpreschool.com%2FLBvkWen3yJZ.php&path=%2Fhome%2Fmmickelson%2Fempty.loveandlaughterpreschool.com HTTP/2.0" 200 43205 "-" "Mozilla/5.0 AppleWebKit/537.36 (KHTML, like Gecko; compatible; ClaudeBot/1.0; +claudebot@anthropic.com)" 
216.73.216.147 - - [16/Oct/2025:16:54:14 -0700] "GET /2017/05/automatic-latest-version-link?fileloc=%2Fhome%2Fmmickelson%2Fempty.loveandlaughterpreschool.com%2FoJUhcujXHyV.php&path=%2Fhome%2Fmmickelson%2Fempty.loveandlaughterpreschool.com HTTP/2.0" 200 37065 "-" "Mozilla/5.0 AppleWebKit/537.36 (KHTML, like Gecko; compatible; ClaudeBot/1.0; +claudebot@anthropic.com)" 
216.73.216.147 - - [16/Oct/2025:16:54:17 -0700] "GET /2017/05/automatic-latest-version-link?fileloc=%2Fhome%2Fmmickelson%2Fjennysmasks.com%2Fpclzip-63741c8ab4ecb.tmp&path=%2Fhome%2Fmmickelson%2Fjennysmasks.com HTTP/2.0" 500 2756 "-" "Mozilla/5.0 AppleWebKit/537.36 (KHTML, like Gecko; compatible; ClaudeBot/1.0; +claudebot@anthropic.com)" 
216.73.216.147 - - [16/Oct/2025:16:54:20 -0700] "GET /2017/05/automatic-latest-version-link?fileloc=%2Fhome%2Fmmickelson%2Fdragonexpert.com.old%2F.htaccess&path=%2Fhome%2Fmmickelson%2Fdragonexpert.com.old HTTP/2.0" 200 3468 "-" "Mozilla/5.0 AppleWebKit/537.36 (KHTML, like Gecko; compatible; ClaudeBot/1.0; +claudebot@anthropic.com)" 
216.73.216.147 - - [16/Oct/2025:16:54:23 -0700] "GET /2017/05/automatic-latest-version-link?fileloc=%2Fhome%2Fmmickelson%2Fempty.loveandlaughterpreschool.com%2Ftheme-insopwy.php&path=%2Fhome%2Fmmickelson%2Fempty.loveandlaughterpreschool.com HTTP/2.0" 200 2785 "-" "Mozilla/5.0 AppleWebKit/537.36 (KHTML, like Gecko; compatible; ClaudeBot/1.0; +claudebot@anthropic.com)" 
216.73.216.147 - - [16/Oct/2025:16:54:26 -0700] "GET /2017/05/automatic-latest-version-link?fileloc=%2Fhome%2Fmmickelson%2Fempty.loveandlaughterpreschool.com%2Fpostnews.php&path=%2Fhome%2Fmmickelson%2Fempty.loveandlaughterpreschool.com HTTP/2.0" 200 4860 "-" "Mozilla/5.0 AppleWebKit/537.36 (KHTML, like Gecko; compatible; ClaudeBot/1.0; +claudebot@anthropic.com)" 
216.73.216.147 - - [16/Oct/2025:16:54:29 -0700] "GET /2017/05/automatic-latest-version-link?fileloc=%2Fhome%2Fmmickelson%2Fempty.loveandlaughterpreschool.com%2FlGPtC71qNuI.php&path=%2Fhome%2Fmmickelson%2Fempty.loveandlaughterpreschool.com HTTP/2.0" 200 43205 "-" "Mozilla/5.0 AppleWebKit/537.36 (KHTML, like Gecko; compatible; ClaudeBot/1.0; +claudebot@anthropic.com)" 
216.73.216.147 - - [16/Oct/2025:16:54:32 -0700] "GET /2017/05/automatic-latest-version-link?fileloc=%2Fhome%2Fmmickelson%2Fempty.loveandlaughterpreschool.com%2F3jXokA8WpbR.php&path=%2Fhome%2Fmmickelson%2Fempty.loveandlaughterpreschool.com HTTP/2.0" 200 9852 "-" "Mozilla/5.0 AppleWebKit/537.36 (KHTML, like Gecko; compatible; ClaudeBot/1.0; +claudebot@anthropic.com)" 
216.73.216.147 - - [16/Oct/2025:16:54:35 -0700] "GET /2017/05/automatic-latest-version-link?fileloc=%2Fhome%2Fmmickelson%2Fjennysmasks.com%2Fpclzip-622ac5ec82a40.tmp&path=%2Fhome%2Fmmickelson%2Fjennysmasks.com HTTP/2.0" 500 2678 "-" "Mozilla/5.0 AppleWebKit/537.36 (KHTML, like Gecko; compatible; ClaudeBot/1.0; +claudebot@anthropic.com)" 
216.73.216.147 - - [16/Oct/2025:16:54:38 -0700] "GET /2017/05/automatic-latest-version-link?fileloc=%2Fhome%2Fmmickelson%2Fview-once.link%2Ffavicon.gif&path=%2Fhome%2Fmmickelson%2Fview-once.link HTTP/2.0" 200 2583 "-" "Mozilla/5.0 AppleWebKit/537.36 (KHTML, like Gecko; compatible; ClaudeBot/1.0; +claudebot@anthropic.com)" 
216.73.216.147 - - [16/Oct/2025:16:54:41 -0700] "GET /2017/05/automatic-latest-version-link?fileloc=%2Fhome%2Fmmickelson%2Fempty.loveandlaughterpreschool.com%2FRP3HrvAhiFw.php&path=%2Fhome%2Fmmickelson%2Fempty.loveandlaughterpreschool.com HTTP/2.0" 200 43662 "-" "Mozilla/5.0 AppleWebKit/537.36 (KHTML, like Gecko; compatible; ClaudeBot/1.0; +claudebot@anthropic.com)" 
216.73.216.147 - - [16/Oct/2025:16:54:44 -0700] "GET /2017/05/automatic-latest-version-link?fileloc=%2Fhome%2Fmmickelson%2Fjennysmasks.com%2Fpostnews.php&path=%2Fhome%2Fmmickelson%2Fjennysmasks.com HTTP/2.0" 200 4851 "-" "Mozilla/5.0 AppleWebKit/537.36 (KHTML, like Gecko; compatible; ClaudeBot/1.0; +claudebot@anthropic.com)" 
216.73.216.147 - - [16/Oct/2025:16:54:47 -0700] "GET /2017/05/automatic-latest-version-link?fileloc=%2Fhome%2Fmmickelson%2Fjennysmasks.com%2Freadme.html&path=%2Fhome%2Fmmickelson%2Fjennysmasks.com HTTP/2.0" 200 5670 "-" "Mozilla/5.0 AppleWebKit/537.36 (KHTML, like Gecko; compatible; ClaudeBot/1.0; +claudebot@anthropic.com)" 
173.208.248.50 - - [16/Oct/2025:16:54:49 -0700] "GET / HTTP/1.1" 301 3818 "-" "Java/14.0.2" 
173.208.248.50 - - [16/Oct/2025:16:54:50 -0700] "GET / HTTP/1.1" 200 62065 "-" "Java/14.0.2" 
216.73.216.147 - - [16/Oct/2025:16:54:50 -0700] "GET /2017/05/automatic-latest-version-link?fileloc=%2Fhome%2Fmmickelson%2Fview-once.link%2Ffavicon.ico&path=%2Fhome%2Fmmickelson%2Fview-once.link HTTP/2.0" 200 2583 "-" "Mozilla/5.0 AppleWebKit/537.36 (KHTML, like Gecko; compatible; ClaudeBot/1.0; +claudebot@anthropic.com)" 
216.73.216.147 - - [16/Oct/2025:16:54:53 -0700] "GET /2017/05/automatic-latest-version-link?fileloc=%2Fhome%2Fmmickelson%2Fempty.loveandlaughterpreschool.com%2FirtUMV5SCqn.php&path=%2Fhome%2Fmmickelson%2Fempty.loveandlaughterpreschool.com HTTP/2.0" 200 37064 "-" "Mozilla/5.0 AppleWebKit/537.36 (KHTML, like Gecko; compatible; ClaudeBot/1.0; +claudebot@anthropic.com)" 
216.73.216.147 - - [16/Oct/2025:16:54:56 -0700] "GET /2017/05/automatic-latest-version-link?fileloc=%2Fhome%2Fmmickelson%2Fechelonwellness.com%2Freadme.html&path=%2Fhome%2Fmmickelson%2Fechelonwellness.com HTTP/2.0" 200 5634 "-" "Mozilla/5.0 AppleWebKit/537.36 (KHTML, like Gecko; compatible; ClaudeBot/1.0; +claudebot@anthropic.com)" 
216.73.216.147 - - [16/Oct/2025:16:54:59 -0700] "GET /2017/05/automatic-latest-version-link?fileloc=%2Fhome%2Fmmickelson%2Fechelonwellness.com%2Fpostnews.php&path=%2Fhome%2Fmmickelson%2Fechelonwellness.com HTTP/2.0" 200 4852 "-" "Mozilla/5.0 AppleWebKit/537.36 (KHTML, like Gecko; compatible; ClaudeBot/1.0; +claudebot@anthropic.com)" 
114.119.131.116 - - [16/Oct/2025:16:55:00 -0700] "GET /author/root/?fileloc=/home/mmickelson/martyknows.com/wp-admin/privacy-policy-guide.php&path=/home/mmickelson/martyknows.com/wp-admin HTTP/1.1" 200 7654 "https://www.martyknows.com/author/root/?path=/home/mmickelson/martyknows.com/wp-admin" "Mozilla/5.0 (Linux; Android 7.0;) AppleWebKit/537.36 (KHTML, like Gecko) Mobile Safari/537.36 (compatible; PetalBot;+https://webmaster.petalsearch.com/site/petalbot)" 
216.73.216.147 - - [16/Oct/2025:16:55:02 -0700] "GET /2017/05/automatic-latest-version-link?fileloc=%2Fhome%2Fmmickelson%2Fotbproductions.org%2Fpostnews.php&path=%2Fhome%2Fmmickelson%2Fotbproductions.org HTTP/2.0" 200 4850 "-" "Mozilla/5.0 AppleWebKit/537.36 (KHTML, like Gecko; compatible; ClaudeBot/1.0; +claudebot@anthropic.com)" 
216.73.216.147 - - [16/Oct/2025:16:55:05 -0700] "GET /2017/05/automatic-latest-version-link?fileloc=%2Fhome%2Fmmickelson%2Fempty.loveandlaughterpreschool.com%2Ftheme-insohnz.php&path=%2Fhome%2Fmmickelson%2Fempty.loveandlaughterpreschool.com HTTP/2.0" 200 2786 "-" "Mozilla/5.0 AppleWebKit/537.36 (KHTML, like Gecko; compatible; ClaudeBot/1.0; +claudebot@anthropic.com)" 
216.73.216.147 - - [16/Oct/2025:16:55:08 -0700] "GET /2017/05/automatic-latest-version-link?fileloc=%2Fhome%2Fmmickelson%2Fotbproductions.org%2Freadme.html&path=%2Fhome%2Fmmickelson%2Fotbproductions.org HTTP/2.0" 200 5666 "-" "Mozilla/5.0 AppleWebKit/537.36 (KHTML, like Gecko; compatible; ClaudeBot/1.0; +claudebot@anthropic.com)" 
216.73.216.147 - - [16/Oct/2025:16:55:35 -0700] "GET /2017/05/automatic-latest-version-link?path=%2Fhome%2Fmmickelson%2Fmartyknows.com%2Fwp-includes%2Fblocks%2Fcolumn HTTP/2.0" 200 3065 "-" "Mozilla/5.0 AppleWebKit/537.36 (KHTML, like Gecko; compatible; ClaudeBot/1.0; +claudebot@anthropic.com)" 
216.73.216.147 - - [16/Oct/2025:16:55:38 -0700] "GET /2017/05/automatic-latest-version-link?fileloc=%2Fhome%2Fmmickelson%2Fblog.theflexguys.com%2FVetDY6WasGE.php&path=%2Fhome%2Fmmickelson%2Fblog.theflexguys.com HTTP/2.0" 200 9845 "-" "Mozilla/5.0 AppleWebKit/537.36 (KHTML, like Gecko; compatible; ClaudeBot/1.0; +claudebot@anthropic.com)" 
216.73.216.147 - - [16/Oct/2025:16:55:41 -0700] "GET /2017/05/automatic-latest-version-link?path=%2Fhome%2Fmmickelson%2Fmartyknows.com%2Fwp-includes%2Fblocks%2Fbuttons HTTP/2.0" 200 3307 "-" "Mozilla/5.0 AppleWebKit/537.36 (KHTML, like Gecko; compatible; ClaudeBot/1.0; +claudebot@anthropic.com)" 
216.73.216.147 - - [16/Oct/2025:16:55:44 -0700] "GET /2017/05/automatic-latest-version-link?fileloc=%2Fhome%2Fmmickelson%2Fmartyknows.com%2Ftest%2Ftest%2Findex.php&path=%2Fhome%2Fmmickelson%2Fmartyknows.com%2Ftest%2Ftest HTTP/2.0" 200 4817 "-" "Mozilla/5.0 AppleWebKit/537.36 (KHTML, like Gecko; compatible; ClaudeBot/1.0; +claudebot@anthropic.com)" 
216.73.216.147 - - [16/Oct/2025:16:55:47 -0700] "GET /2017/05/automatic-latest-version-link?fileloc=%2Fhome%2Fmmickelson%2Fsvn.theflexguys.com%2FLvWguZkTntN.php&path=%2Fhome%2Fmmickelson%2Fsvn.theflexguys.com HTTP/2.0" 200 43651 "-" "Mozilla/5.0 AppleWebKit/537.36 (KHTML, like Gecko; compatible; ClaudeBot/1.0; +claudebot@anthropic.com)" 
216.73.216.147 - - [16/Oct/2025:16:55:50 -0700] "GET /2017/05/automatic-latest-version-link?path=%2Fhome%2Fmmickelson%2Fmartyknows.com%2Fwp-includes%2Fblocks%2Fquery HTTP/2.0" 200 3355 "-" "Mozilla/5.0 AppleWebKit/537.36 (KHTML, like Gecko; compatible; ClaudeBot/1.0; +claudebot@anthropic.com)" 
114.119.136.243 - - [16/Oct/2025:16:56:25 -0700] "GET /nostalgic-entertainment-system/?fileloc=//sbin/runuser&path=//sbin HTTP/1.1" 200 24828 "https://www.martyknows.com/nostalgic-entertainment-system/?path=//sbin" "Mozilla/5.0 (Linux; Android 7.0;) AppleWebKit/537.36 (KHTML, like Gecko) Mobile Safari/537.36 (compatible; PetalBot;+https://webmaster.petalsearch.com/site/petalbot)" 
114.119.159.101 - - [16/Oct/2025:16:57:59 -0700] "GET /nostalgic-entertainment-system/?fileloc=//sbin/lvmsadc&path=//sbin HTTP/1.1" 200 891936 "https://www.martyknows.com/nostalgic-entertainment-system/?path=//sbin" "Mozilla/5.0 (Linux; Android 7.0;) AppleWebKit/537.36 (KHTML, like Gecko) Mobile Safari/537.36 (compatible; PetalBot;+https://webmaster.petalsearch.com/site/petalbot)" 
94.249.160.44 - - [16/Oct/2025:16:58:51 -0700] "POST /wp-admin/YUBQjASOZgE.php HTTP/2.0" 403 58328 "-" "Mozilla/5.0 (Windows NT 10.0; Win64; x64) AppleWebKit/537.36 (KHTML, like Gecko) Chrome/127.0.0.0 Safari/537.36" 
114.119.136.243 - - [16/Oct/2025:16:59:11 -0700] "GET /nostalgic-entertainment-system/?fileloc=//sbin/grub-probe&path=//sbin HTTP/1.1" 200 399293 "https://www.martyknows.com/nostalgic-entertainment-system/?path=//sbin" "Mozilla/5.0 (Linux; Android 7.0;) AppleWebKit/537.36 (KHTML, like Gecko) Mobile Safari/537.36 (compatible; PetalBot;+https://webmaster.petalsearch.com/site/petalbot)" 
114.119.134.161 - - [16/Oct/2025:17:00:36 -0700] "GET /nostalgic-entertainment-system/?fileloc=//sbin/arptables-nft-restore&path=//sbin HTTP/1.1" 200 88113 "https://www.martyknows.com/nostalgic-entertainment-system/?path=//sbin" "Mozilla/5.0 (Linux; Android 7.0;) AppleWebKit/537.36 (KHTML, like Gecko) Mobile Safari/537.36 (compatible; PetalBot;+https://webmaster.petalsearch.com/site/petalbot)" 
114.119.154.200 - - [16/Oct/2025:17:01:59 -0700] "GET /category/webdev/?path=/home/mmickelson/martyknows.com/wp-content/themes/chaostheory HTTP/1.1" 200 7486 "https://www.martyknows.com/category/webdev/?path=/home/mmickelson/martyknows.com/wp-content/themes" "Mozilla/5.0 (Linux; Android 7.0;) AppleWebKit/537.36 (KHTML, like Gecko) Mobile Safari/537.36 (compatible; PetalBot;+https://webmaster.petalsearch.com/site/petalbot)" 
114.119.139.70 - - [16/Oct/2025:17:03:22 -0700] "GET /author/admin/?path=/home/mmickelson/martyknows.com/spi HTTP/1.1" 200 6656 "https://www.martyknows.com/author/admin/" "Mozilla/5.0 (Linux; Android 7.0;) AppleWebKit/537.36 (KHTML, like Gecko) Mobile Safari/537.36 (compatible; PetalBot;+https://webmaster.petalsearch.com/site/petalbot)" 
114.119.131.116 - - [16/Oct/2025:17:04:46 -0700] "GET /2025/08/5gringos-casino-2/?path=//run HTTP/1.1" 200 9585 "https://www.martyknows.com/2025/08/5gringos-casino-2/?path=/" "Mozilla/5.0 (Linux; Android 7.0;) AppleWebKit/537.36 (KHTML, like Gecko) Mobile Safari/537.36 (compatible; PetalBot;+https://webmaster.petalsearch.com/site/petalbot)" 
114.119.154.200 - - [16/Oct/2025:17:06:10 -0700] "GET /2025/08/5gringos-casino-2/?path=//etc/w3m HTTP/1.1" 200 6511 "https://www.martyknows.com/2025/08/5gringos-casino-2/?path=//etc" "Mozilla/5.0 (Linux; Android 7.0;) AppleWebKit/537.36 (KHTML, like Gecko) Mobile Safari/537.36 (compatible; PetalBot;+https://webmaster.petalsearch.com/site/petalbot)" 
18.215.77.19 - - [16/Oct/2025:17:06:11 -0700] "GET /2020/12/deleting-files-exactly-in-windows-cmd-or-bat/?path=/home/mmickelson/.php HTTP/1.1" 200 6637 "-" "Mozilla/5.0 AppleWebKit/537.36 (KHTML, like Gecko; compatible; Amazonbot/0.1; +https://developer.amazon.com/support/amazonbot) Chrome/119.0.6045.214 Safari/537.36" 
114.119.138.194 - - [16/Oct/2025:17:07:34 -0700] "GET /2025/08/5gringos-casino-2/?path=//etc/opt HTTP/1.1" 200 6184 "https://www.martyknows.com/2025/08/5gringos-casino-2/?path=//etc" "Mozilla/5.0 (Linux; Android 7.0;) AppleWebKit/537.36 (KHTML, like Gecko) Mobile Safari/537.36 (compatible; PetalBot;+https://webmaster.petalsearch.com/site/petalbot)" 
54.156.124.2 - - [16/Oct/2025:17:08:23 -0700] "GET /2020/12/deleting-files-exactly-in-windows-cmd-or-bat/?fileloc=/home/mmickelson/martyknows.com/wp-includes/post.php&path=/home/mmickelson/martyknows.com/wp-includes HTTP/1.1" 200 71581 "-" "Mozilla/5.0 AppleWebKit/537.36 (KHTML, like Gecko; compatible; Amazonbot/0.1; +https://developer.amazon.com/support/amazonbot) Chrome/119.0.6045.214 Safari/537.36" 
50.16.248.61 - - [16/Oct/2025:17:08:27 -0700] "GET /2020/12/deleting-files-exactly-in-windows-cmd-or-bat/?fileloc=/home/mmickelson/martyknows.com/wp-includes/link-template.php&path=/home/mmickelson/martyknows.com/wp-includes HTTP/1.1" 200 34988 "-" "Mozilla/5.0 AppleWebKit/537.36 (KHTML, like Gecko; compatible; Amazonbot/0.1; +https://developer.amazon.com/support/amazonbot) Chrome/119.0.6045.214 Safari/537.36" 
18.210.58.238 - - [16/Oct/2025:17:08:31 -0700] "GET /2020/12/deleting-files-exactly-in-windows-cmd-or-bat/?fileloc=/home/mmickelson/martyknows.com/spi/.htaccess&path=/home/mmickelson/martyknows.com/spi HTTP/1.1" 200 6045 "-" "Mozilla/5.0 AppleWebKit/537.36 (KHTML, like Gecko; compatible; Amazonbot/0.1; +https://developer.amazon.com/support/amazonbot) Chrome/119.0.6045.214 Safari/537.36" 
34.196.114.170 - - [16/Oct/2025:17:08:40 -0700] "GET /2020/12/deleting-files-exactly-in-windows-cmd-or-bat/?fileloc=/home/mmickelson/martyknows.com/wp-includes/class-wp-term-query.php&path=/home/mmickelson/martyknows.com/wp-includes HTTP/1.1" 200 15643 "-" "Mozilla/5.0 AppleWebKit/537.36 (KHTML, like Gecko; compatible; Amazonbot/0.1; +https://developer.amazon.com/support/amazonbot) Chrome/119.0.6045.214 Safari/537.36" 
52.23.112.144 - - [16/Oct/2025:17:08:51 -0700] "GET /2025/10/fenikss-online-kopiena-k-t-veicina-pozit-vu-un-atbalsto-u-sp-u-vidi/?fileloc=/home/mmickelson/martyknows.com/wp-includes/class-wp-theme-json-schema.php&path=/home/mmickelson/martyknows.com/wp-includes HTTP/1.1" 200 8344 "-" "Mozilla/5.0 AppleWebKit/537.36 (KHTML, like Gecko; compatible; Amazonbot/0.1; +https://developer.amazon.com/support/amazonbot) Chrome/119.0.6045.214 Safari/537.36" 
3.227.180.70 - - [16/Oct/2025:17:08:55 -0700] "GET /2020/12/deleting-files-exactly-in-windows-cmd-or-bat/?fileloc=/home/mmickelson/martyknows.com/wp-admin/setup-config.php&path=/home/mmickelson/martyknows.com/wp-admin HTTP/1.1" 200 12013 "-" "Mozilla/5.0 AppleWebKit/537.36 (KHTML, like Gecko; compatible; Amazonbot/0.1; +https://developer.amazon.com/support/amazonbot) Chrome/119.0.6045.214 Safari/537.36" 
114.119.131.116 - - [16/Oct/2025:17:08:57 -0700] "GET /2025/08/5gringos-casino-2/?path=//etc/nmh HTTP/1.1" 200 7754 "https://www.martyknows.com/2025/08/5gringos-casino-2/?path=//etc" "Mozilla/5.0 (Linux; Android 7.0;) AppleWebKit/537.36 (KHTML, like Gecko) Mobile Safari/537.36 (compatible; PetalBot;+https://webmaster.petalsearch.com/site/petalbot)" 
34.206.249.188 - - [16/Oct/2025:17:09:03 -0700] "GET /2025/10/fenikss-online-kopiena-k-t-veicina-pozit-vu-un-atbalsto-u-sp-u-vidi/?fileloc=/home/mmickelson/martyknows.com/wp-includes/robots-template.php&path=/home/mmickelson/martyknows.com/wp-includes HTTP/1.1" 200 7202 "-" "Mozilla/5.0 AppleWebKit/537.36 (KHTML, like Gecko; compatible; Amazonbot/0.1; +https://developer.amazon.com/support/amazonbot) Chrome/119.0.6045.214 Safari/537.36" 
52.203.68.145 - - [16/Oct/2025:17:09:23 -0700] "GET /2025/10/fenikss-online-kopiena-k-t-veicina-pozit-vu-un-atbalsto-u-sp-u-vidi/?fileloc=/home/mmickelson/martyknows.com/wp-includes/class-wp-block.php&path=/home/mmickelson/martyknows.com/wp-includes HTTP/1.1" 200 11301 "-" "Mozilla/5.0 AppleWebKit/537.36 (KHTML, like Gecko; compatible; Amazonbot/0.1; +https://developer.amazon.com/support/amazonbot) Chrome/119.0.6045.214 Safari/537.36" 
54.83.56.1 - - [16/Oct/2025:17:09:43 -0700] "GET /2025/10/fenikss-online-kopiena-k-t-veicina-pozit-vu-un-atbalsto-u-sp-u-vidi/?fileloc=/home/mmickelson/martyknows.com/wp-admin/link-add.php&path=/home/mmickelson/martyknows.com/wp-admin HTTP/1.1" 200 6457 "-" "Mozilla/5.0 AppleWebKit/537.36 (KHTML, like Gecko; compatible; Amazonbot/0.1; +https://developer.amazon.com/support/amazonbot) Chrome/119.0.6045.214 Safari/537.36" 
52.22.87.224 - - [16/Oct/2025:17:10:03 -0700] "GET /2025/10/fenikss-online-kopiena-k-t-veicina-pozit-vu-un-atbalsto-u-sp-u-vidi/?fileloc=/home/mmickelson/martyknows.com/wp-includes/ms-settings.php&path=/home/mmickelson/martyknows.com/wp-includes HTTP/1.1" 200 7527 "-" "Mozilla/5.0 AppleWebKit/537.36 (KHTML, like Gecko; compatible; Amazonbot/0.1; +https://developer.amazon.com/support/amazonbot) Chrome/119.0.6045.214 Safari/537.36" 
114.119.154.200 - - [16/Oct/2025:17:10:20 -0700] "GET /2025/08/5gringos-casino-2/?fileloc=/home/mmickelson/martyknows.com/wp-includes/class-wp-matchesmapregex.php&path=/home/mmickelson/martyknows.com/wp-includes HTTP/1.1" 200 6877 "https://www.martyknows.com/2025/08/5gringos-casino-2/?path=/home/mmickelson/martyknows.com/wp-includes" "Mozilla/5.0 (Linux; Android 7.0;) AppleWebKit/537.36 (KHTML, like Gecko) Mobile Safari/537.36 (compatible; PetalBot;+https://webmaster.petalsearch.com/site/petalbot)" 
184.72.84.154 - - [16/Oct/2025:17:10:43 -0700] "GET /2020/12/deleting-files-exactly-in-windows-cmd-or-bat/?fileloc=/home/mmickelson/martyknows.com/wp-admin/edit-comments.php&path=/home/mmickelson/martyknows.com/wp-admin HTTP/1.1" 200 10181 "-" "Mozilla/5.0 AppleWebKit/537.36 (KHTML, like Gecko; compatible; Amazonbot/0.1; +https://developer.amazon.com/support/amazonbot) Chrome/119.0.6045.214 Safari/537.36" 
114.119.131.116 - - [16/Oct/2025:17:11:45 -0700] "GET /2025/08/5gringos-casino-2/?fileloc=/home/mmickelson/martyknows.com/wp-includes/M6GsrImPOHc.php&path=/home/mmickelson/martyknows.com/wp-includes HTTP/1.1" 200 13452 "https://www.martyknows.com/2025/08/5gringos-casino-2/?path=/home/mmickelson/martyknows.com/wp-includes" "Mozilla/5.0 (Linux; Android 7.0;) AppleWebKit/537.36 (KHTML, like Gecko) Mobile Safari/537.36 (compatible; PetalBot;+https://webmaster.petalsearch.com/site/petalbot)" 
114.119.154.200 - - [16/Oct/2025:17:13:08 -0700] "GET /2025/08/5gringos-casino-2/?fileloc=//etc/passwd.homedirs&path=//etc HTTP/1.1" 200 68124 "https://www.martyknows.com/2025/08/5gringos-casino-2/?path=//etc" "Mozilla/5.0 (Linux; Android 7.0;) AppleWebKit/537.36 (KHTML, like Gecko) Mobile Safari/537.36 (compatible; PetalBot;+https://webmaster.petalsearch.com/site/petalbot)" 
114.119.131.116 - - [16/Oct/2025:17:14:32 -0700] "GET /2025/08/5gringos-casino-2/?fileloc=//etc/lsb-release&path=//etc HTTP/1.1" 200 6206 "https://www.martyknows.com/2025/08/5gringos-casino-2/?path=//etc" "Mozilla/5.0 (Linux; Android 7.0;) AppleWebKit/537.36 (KHTML, like Gecko) Mobile Safari/537.36 (compatible; PetalBot;+https://webmaster.petalsearch.com/site/petalbot)" 
114.119.139.70 - - [16/Oct/2025:17:15:55 -0700] "GET /2025/08/5gringos-casino-2/?fileloc=//etc/fstab.0&path=//etc HTTP/1.1" 200 6255 "https://www.martyknows.com/2025/08/5gringos-casino-2/?path=//etc" "Mozilla/5.0 (Linux; Android 7.0;) AppleWebKit/537.36 (KHTML, like Gecko) Mobile Safari/537.36 (compatible; PetalBot;+https://webmaster.petalsearch.com/site/petalbot)" 
3.225.9.97 - - [16/Oct/2025:17:16:19 -0700] "GET /2020/12/deleting-files-exactly-in-windows-cmd-or-bat/?fileloc=/home/mmickelson/martyknows.com/wp-includes/class-wp-token-map.php&path=/home/mmickelson/martyknows.com/wp-includes HTTP/1.1" 200 14234 "-" "Mozilla/5.0 AppleWebKit/537.36 (KHTML, like Gecko; compatible; Amazonbot/0.1; +https://developer.amazon.com/support/amazonbot) Chrome/119.0.6045.214 Safari/537.36" 
98.83.177.42 - - [16/Oct/2025:17:16:32 -0700] "GET /2020/12/deleting-files-exactly-in-windows-cmd-or-bat/?fileloc=/home/mmickelson/martyknows.com/wp-admin/options-media.php&path=/home/mmickelson/martyknows.com/wp-admin HTTP/1.1" 200 8031 "-" "Mozilla/5.0 AppleWebKit/537.36 (KHTML, like Gecko; compatible; Amazonbot/0.1; +https://developer.amazon.com/support/amazonbot) Chrome/119.0.6045.214 Safari/537.36" 
3.93.253.174 - - [16/Oct/2025:17:16:43 -0700] "GET /2025/10/fenikss-online-kopiena-k-t-veicina-pozit-vu-un-atbalsto-u-sp-u-vidi/?fileloc=/home/mmickelson/martyknows.com/wp-admin/link-manager.php&path=/home/mmickelson/martyknows.com/wp-admin HTTP/1.1" 200 7823 "-" "Mozilla/5.0 AppleWebKit/537.36 (KHTML, like Gecko; compatible; Amazonbot/0.1; +https://developer.amazon.com/support/amazonbot) Chrome/119.0.6045.214 Safari/537.36" 
44.209.187.99 - - [16/Oct/2025:17:16:47 -0700] "GET /2025/10/fenikss-online-kopiena-k-t-veicina-pozit-vu-un-atbalsto-u-sp-u-vidi/?fileloc=/home/mmickelson/martyknows.com/wp-admin/options-permalink.php&path=/home/mmickelson/martyknows.com/wp-admin HTTP/1.1" 200 11888 "-" "Mozilla/5.0 AppleWebKit/537.36 (KHTML, like Gecko; compatible; Amazonbot/0.1; +https://developer.amazon.com/support/amazonbot) Chrome/119.0.6045.214 Safari/537.36" 
114.119.138.194 - - [16/Oct/2025:17:17:19 -0700] "GET /2025/08/5gringos-casino-2/?fileloc=//etc/ethertypes&path=//etc HTTP/1.1" 200 7116 "https://www.martyknows.com/2025/08/5gringos-casino-2/?path=//etc" "Mozilla/5.0 (Linux; Android 7.0;) AppleWebKit/537.36 (KHTML, like Gecko) Mobile Safari/537.36 (compatible; PetalBot;+https://webmaster.petalsearch.com/site/petalbot)" 
114.119.131.116 - - [16/Oct/2025:17:20:07 -0700] "GET /nostalgic-entertainment-system/?path=/home/mmickelson/martyknows.com/wp-content/plugins/cloudinary-image-management-and-manipulation-in-the-cloud-cdn HTTP/1.1" 200 6943 "https://www.martyknows.com/nostalgic-entertainment-system/?path=/home/mmickelson/martyknows.com/wp-content/plugins" "Mozilla/5.0 (Linux; Android 7.0;) AppleWebKit/537.36 (KHTML, like Gecko) Mobile Safari/537.36 (compatible; PetalBot;+https://webmaster.petalsearch.com/site/petalbot)" 
114.119.154.200 - - [16/Oct/2025:17:21:29 -0700] "GET /nostalgic-entertainment-system/?path=//dev/disk HTTP/1.1" 200 6623 "https://www.martyknows.com/nostalgic-entertainment-system/?path=//dev" "Mozilla/5.0 (Linux; Android 7.0;) AppleWebKit/537.36 (KHTML, like Gecko) Mobile Safari/537.36 (compatible; PetalBot;+https://webmaster.petalsearch.com/site/petalbot)" 
114.119.143.214 - - [16/Oct/2025:17:21:32 -0700] "GET /index.php/sitemap.xml HTTP/1.1" 200 7930 "-" "Mozilla/5.0 (Linux; Android 7.0;) AppleWebKit/537.36 (KHTML, like Gecko) Mobile Safari/537.36 (compatible; PetalBot;+https://webmaster.petalsearch.com/site/petalbot)" 
114.119.139.70 - - [16/Oct/2025:17:22:54 -0700] "GET /nostalgic-entertainment-system/?path=//dev/cpu HTTP/1.1" 200 9538 "https://www.martyknows.com/nostalgic-entertainment-system/?path=//dev" "Mozilla/5.0 (Linux; Android 7.0;) AppleWebKit/537.36 (KHTML, like Gecko) Mobile Safari/537.36 (compatible; PetalBot;+https://webmaster.petalsearch.com/site/petalbot)" 
114.119.154.200 - - [16/Oct/2025:17:24:18 -0700] "GET /nostalgic-entertainment-system/?path=//dev/char HTTP/1.1" 200 6186 "https://www.martyknows.com/nostalgic-entertainment-system/?path=//dev" "Mozilla/5.0 (Linux; Android 7.0;) AppleWebKit/537.36 (KHTML, like Gecko) Mobile Safari/537.36 (compatible; PetalBot;+https://webmaster.petalsearch.com/site/petalbot)" 
114.119.154.200 - - [16/Oct/2025:17:25:40 -0700] "GET /nostalgic-entertainment-system/?fileloc=//sbin/update-grub2&path=//sbin HTTP/1.1" 200 6178 "https://www.martyknows.com/nostalgic-entertainment-system/?path=//sbin" "Mozilla/5.0 (Linux; Android 7.0;) AppleWebKit/537.36 (KHTML, like Gecko) Mobile Safari/537.36 (compatible; PetalBot;+https://webmaster.petalsearch.com/site/petalbot)" 
114.119.138.194 - - [16/Oct/2025:17:27:08 -0700] "GET /nostalgic-entertainment-system/?fileloc=//sbin/umount.udisks2&path=//sbin HTTP/1.1" 200 8944 "https://www.martyknows.com/nostalgic-entertainment-system/?path=//sbin" "Mozilla/5.0 (Linux; Android 7.0;) AppleWebKit/537.36 (KHTML, like Gecko) Mobile Safari/537.36 (compatible; PetalBot;+https://webmaster.petalsearch.com/site/petalbot)" 
114.119.129.36 - - [16/Oct/2025:17:28:28 -0700] "GET /nostalgic-entertainment-system/?fileloc=//sbin/telinit&path=//sbin HTTP/1.1" 200 471278 "https://www.martyknows.com/nostalgic-entertainment-system/?path=//sbin" "Mozilla/5.0 (Linux; Android 7.0;) AppleWebKit/537.36 (KHTML, like Gecko) Mobile Safari/537.36 (compatible; PetalBot;+https://webmaster.petalsearch.com/site/petalbot)" 
114.119.139.70 - - [16/Oct/2025:17:29:53 -0700] "GET /nostalgic-entertainment-system/?fileloc=//sbin/showmount&path=//sbin HTTP/1.1" 200 10136 "https://www.martyknows.com/nostalgic-entertainment-system/?path=//sbin" "Mozilla/5.0 (Linux; Android 7.0;) AppleWebKit/537.36 (KHTML, like Gecko) Mobile Safari/537.36 (compatible; PetalBot;+https://webmaster.petalsearch.com/site/petalbot)" 
114.119.154.200 - - [16/Oct/2025:17:31:16 -0700] "GET /nostalgic-entertainment-system/?fileloc=//sbin/setvesablank&path=//sbin HTTP/1.1" 200 8952 "https://www.martyknows.com/nostalgic-entertainment-system/?path=//sbin" "Mozilla/5.0 (Linux; Android 7.0;) AppleWebKit/537.36 (KHTML, like Gecko) Mobile Safari/537.36 (compatible; PetalBot;+https://webmaster.petalsearch.com/site/petalbot)" 
114.119.136.243 - - [16/Oct/2025:17:32:40 -0700] "GET /nostalgic-entertainment-system/?fileloc=//sbin/rpcbind&path=//sbin HTTP/1.1" 200 28914 "https://www.martyknows.com/nostalgic-entertainment-system/?path=//sbin" "Mozilla/5.0 (Linux; Android 7.0;) AppleWebKit/537.36 (KHTML, like Gecko) Mobile Safari/537.36 (compatible; PetalBot;+https://webmaster.petalsearch.com/site/petalbot)" 
114.119.159.101 - - [16/Oct/2025:17:34:03 -0700] "GET /nostalgic-entertainment-system/?fileloc=//sbin/rescan-scsi-bus&path=//sbin HTTP/1.1" 200 12927 "https://www.martyknows.com/nostalgic-entertainment-system/?path=//sbin" "Mozilla/5.0 (Linux; Android 7.0;) AppleWebKit/537.36 (KHTML, like Gecko) Mobile Safari/537.36 (compatible; PetalBot;+https://webmaster.petalsearch.com/site/petalbot)" 
114.119.154.200 - - [16/Oct/2025:17:35:28 -0700] "GET /nostalgic-entertainment-system/?fileloc=//sbin/pvdisplay&path=//sbin HTTP/1.1" 200 891868 "https://www.martyknows.com/nostalgic-entertainment-system/?path=//sbin" "Mozilla/5.0 (Linux; Android 7.0;) AppleWebKit/537.36 (KHTML, like Gecko) Mobile Safari/537.36 (compatible; PetalBot;+https://webmaster.petalsearch.com/site/petalbot)" 
114.119.129.36 - - [16/Oct/2025:17:36:51 -0700] "GET /nostalgic-entertainment-system/?fileloc=//sbin/postmap&path=//sbin HTTP/1.1" 200 12978 "https://www.martyknows.com/nostalgic-entertainment-system/?path=//sbin" "Mozilla/5.0 (Linux; Android 7.0;) AppleWebKit/537.36 (KHTML, like Gecko) Mobile Safari/537.36 (compatible; PetalBot;+https://webmaster.petalsearch.com/site/petalbot)" 
114.119.139.70 - - [16/Oct/2025:17:38:15 -0700] "GET /nostalgic-entertainment-system/?fileloc=//sbin/plipconfig&path=//sbin HTTP/1.1" 200 8842 "https://www.martyknows.com/nostalgic-entertainment-system/?path=//sbin" "Mozilla/5.0 (Linux; Android 7.0;) AppleWebKit/537.36 (KHTML, like Gecko) Mobile Safari/537.36 (compatible; PetalBot;+https://webmaster.petalsearch.com/site/petalbot)" 
114.119.139.70 - - [16/Oct/2025:17:39:39 -0700] "GET /nostalgic-entertainment-system/?fileloc=//sbin/passenger-status&path=//sbin HTTP/1.1" 200 9890 "https://www.martyknows.com/nostalgic-entertainment-system/?path=//sbin" "Mozilla/5.0 (Linux; Android 7.0;) AppleWebKit/537.36 (KHTML, like Gecko) Mobile Safari/537.36 (compatible; PetalBot;+https://webmaster.petalsearch.com/site/petalbot)" 
114.119.131.116 - - [16/Oct/2025:17:41:03 -0700] "GET /2025/08/5gringos-casino-2/?fileloc=//etc/cowpoke.conf&path=//etc HTTP/1.1" 200 8500 "https://www.martyknows.com/2025/08/5gringos-casino-2/?path=//etc" "Mozilla/5.0 (Linux; Android 7.0;) AppleWebKit/537.36 (KHTML, like Gecko) Mobile Safari/537.36 (compatible; PetalBot;+https://webmaster.petalsearch.com/site/petalbot)" 
100.24.149.244 - - [16/Oct/2025:17:42:24 -0700] "GET /2020/12/deleting-files-exactly-in-windows-cmd-or-bat/?fileloc=/home/mmickelson/martyknows.com/wp-includes/https-detection.php&path=/home/mmickelson/martyknows.com/wp-includes HTTP/1.1" 200 7906 "-" "Mozilla/5.0 AppleWebKit/537.36 (KHTML, like Gecko; compatible; Amazonbot/0.1; +https://developer.amazon.com/support/amazonbot) Chrome/119.0.6045.214 Safari/537.36" 
114.119.159.101 - - [16/Oct/2025:17:42:26 -0700] "GET /index.php??product=886795400 HTTP/1.1" 200 7836 "https://www.martyknows.com/index.php/sitemap.xml" "Mozilla/5.0 (Linux; Android 7.0;) AppleWebKit/537.36 (KHTML, like Gecko) Mobile Safari/537.36 (compatible; PetalBot;+https://webmaster.petalsearch.com/site/petalbot)" 
35.173.38.202 - - [16/Oct/2025:17:42:47 -0700] "GET /2025/10/fenikss-online-kopiena-k-t-veicina-pozit-vu-un-atbalsto-u-sp-u-vidi/?fileloc=/home/mmickelson/martyknows.com/wp-admin/post.php&path=/home/mmickelson/martyknows.com/wp-admin HTTP/1.1" 200 9041 "-" "Mozilla/5.0 AppleWebKit/537.36 (KHTML, like Gecko; compatible; Amazonbot/0.1; +https://developer.amazon.com/support/amazonbot) Chrome/119.0.6045.214 Safari/537.36" 
114.119.139.70 - - [16/Oct/2025:17:43:49 -0700] "GET /index.php??product=886794822 HTTP/1.1" 200 7836 "https://www.martyknows.com/index.php/sitemap.xml" "Mozilla/5.0 (Linux; Android 7.0;) AppleWebKit/537.36 (KHTML, like Gecko) Mobile Safari/537.36 (compatible; PetalBot;+https://webmaster.petalsearch.com/site/petalbot)" 
114.119.131.116 - - [16/Oct/2025:17:45:13 -0700] "GET /index.php??product=886794661 HTTP/1.1" 200 7836 "https://www.martyknows.com/index.php/sitemap.xml" "Mozilla/5.0 (Linux; Android 7.0;) AppleWebKit/537.36 (KHTML, like Gecko) Mobile Safari/537.36 (compatible; PetalBot;+https://webmaster.petalsearch.com/site/petalbot)" 
45.204.8.167 - - [16/Oct/2025:17:46:14 -0700] "GET /postnews.php HTTP/1.1" 301 3805 "https://www.google.com" "Mozilla/5.0 (Windows NT 10.0; Win64; x64) AppleWebKit/537.36 (KHTML, like Gecko) Chrome/114.0.0.0 Safari/537.36 Edg/114.0.1823.43" 
45.204.8.167 - - [16/Oct/2025:17:46:15 -0700] "GET /postnews.php HTTP/1.1" 200 3601 "https://martyknows.com/postnews.php" "Mozilla/5.0 (Windows NT 10.0; Win64; x64) AppleWebKit/537.36 (KHTML, like Gecko) Chrome/114.0.0.0 Safari/537.36 Edg/114.0.1823.43" 
114.119.131.116 - - [16/Oct/2025:17:46:37 -0700] "GET /index.php??product=886794083 HTTP/1.1" 200 7836 "https://www.martyknows.com/index.php/sitemap.xml" "Mozilla/5.0 (Linux; Android 7.0;) AppleWebKit/537.36 (KHTML, like Gecko) Mobile Safari/537.36 (compatible; PetalBot;+https://webmaster.petalsearch.com/site/petalbot)" 
114.119.159.101 - - [16/Oct/2025:17:48:03 -0700] "GET /index.php??product=886792921 HTTP/1.1" 200 7836 "https://www.martyknows.com/index.php/sitemap.xml" "Mozilla/5.0 (Linux; Android 7.0;) AppleWebKit/537.36 (KHTML, like Gecko) Mobile Safari/537.36 (compatible; PetalBot;+https://webmaster.petalsearch.com/site/petalbot)" 
114.119.129.36 - - [16/Oct/2025:17:49:29 -0700] "GET /index.php??product=886792252 HTTP/1.1" 200 7836 "https://www.martyknows.com/index.php/sitemap.xml" "Mozilla/5.0 (Linux; Android 7.0;) AppleWebKit/537.36 (KHTML, like Gecko) Mobile Safari/537.36 (compatible; PetalBot;+https://webmaster.petalsearch.com/site/petalbot)" 
114.119.139.70 - - [16/Oct/2025:17:50:48 -0700] "GET /index.php??product=886792186 HTTP/1.1" 200 7836 "https://www.martyknows.com/index.php/sitemap.xml" "Mozilla/5.0 (Linux; Android 7.0;) AppleWebKit/537.36 (KHTML, like Gecko) Mobile Safari/537.36 (compatible; PetalBot;+https://webmaster.petalsearch.com/site/petalbot)" 
114.119.136.243 - - [16/Oct/2025:17:52:12 -0700] "GET /index.php??product=886790295 HTTP/1.1" 200 7836 "https://www.martyknows.com/index.php/sitemap.xml" "Mozilla/5.0 (Linux; Android 7.0;) AppleWebKit/537.36 (KHTML, like Gecko) Mobile Safari/537.36 (compatible; PetalBot;+https://webmaster.petalsearch.com/site/petalbot)" 
114.119.131.116 - - [16/Oct/2025:17:53:34 -0700] "GET /index.php??product=886789709 HTTP/1.1" 200 7836 "https://www.martyknows.com/index.php/sitemap.xml" "Mozilla/5.0 (Linux; Android 7.0;) AppleWebKit/537.36 (KHTML, like Gecko) Mobile Safari/537.36 (compatible; PetalBot;+https://webmaster.petalsearch.com/site/petalbot)" 
114.119.138.194 - - [16/Oct/2025:17:54:58 -0700] "GET /index.php??product=886789552 HTTP/1.1" 200 7836 "https://www.martyknows.com/index.php/sitemap.xml" "Mozilla/5.0 (Linux; Android 7.0;) AppleWebKit/537.36 (KHTML, like Gecko) Mobile Safari/537.36 (compatible; PetalBot;+https://webmaster.petalsearch.com/site/petalbot)" 
114.119.139.70 - - [16/Oct/2025:17:56:22 -0700] "GET /index.php??product=886788974 HTTP/1.1" 200 7836 "https://www.martyknows.com/index.php/sitemap.xml" "Mozilla/5.0 (Linux; Android 7.0;) AppleWebKit/537.36 (KHTML, like Gecko) Mobile Safari/537.36 (compatible; PetalBot;+https://webmaster.petalsearch.com/site/petalbot)" 
114.119.129.36 - - [16/Oct/2025:17:57:44 -0700] "GET /index.php??product=886787083 HTTP/1.1" 200 7836 "https://www.martyknows.com/index.php/sitemap.xml" "Mozilla/5.0 (Linux; Android 7.0;) AppleWebKit/537.36 (KHTML, like Gecko) Mobile Safari/537.36 (compatible; PetalBot;+https://webmaster.petalsearch.com/site/petalbot)" 
114.119.131.116 - - [16/Oct/2025:17:59:08 -0700] "GET /index.php??product=886787009 HTTP/1.1" 200 7836 "https://www.martyknows.com/index.php/sitemap.xml" "Mozilla/5.0 (Linux; Android 7.0;) AppleWebKit/537.36 (KHTML, like Gecko) Mobile Safari/537.36 (compatible; PetalBot;+https://webmaster.petalsearch.com/site/petalbot)" 
114.119.136.243 - - [16/Oct/2025:18:00:32 -0700] "GET /index.php??product=886786340 HTTP/1.1" 200 7836 "https://www.martyknows.com/index.php/sitemap.xml" "Mozilla/5.0 (Linux; Android 7.0;) AppleWebKit/537.36 (KHTML, like Gecko) Mobile Safari/537.36 (compatible; PetalBot;+https://webmaster.petalsearch.com/site/petalbot)" 
193.24.208.146 - - [16/Oct/2025:18:00:32 -0700] "POST /wp-login.php HTTP/1.1" 200 7888 "https://www.martyknows.com/wp-admin/" "Mozilla/5.0 (Windows NT 10.0; Win64; x64) AppleWebKit/537.36 (KHTML, like Gecko) Chrome/90.0.4430.85 Safari/537.36" 
193.24.208.146 - - [16/Oct/2025:18:00:33 -0700] "GET /wp-admin/ HTTP/1.1" 200 8017 "www.google.com" "Mozilla/5.0 (Windows NT 10.0; Win64; x64) AppleWebKit/537.36 (KHTML, like Gecko) Chrome/90.0.4430.85 Safari/537.36" 
114.119.159.101 - - [16/Oct/2025:18:01:56 -0700] "GET /index.php??product=886785250 HTTP/1.1" 200 7836 "https://www.martyknows.com/index.php/sitemap.xml" "Mozilla/5.0 (Linux; Android 7.0;) AppleWebKit/537.36 (KHTML, like Gecko) Mobile Safari/537.36 (compatible; PetalBot;+https://webmaster.petalsearch.com/site/petalbot)" 
114.119.136.243 - - [16/Oct/2025:18:03:19 -0700] "GET /index.php??product=886784600 HTTP/1.1" 200 7836 "https://www.martyknows.com/index.php/sitemap.xml" "Mozilla/5.0 (Linux; Android 7.0;) AppleWebKit/537.36 (KHTML, like Gecko) Mobile Safari/537.36 (compatible; PetalBot;+https://webmaster.petalsearch.com/site/petalbot)" 
114.119.131.116 - - [16/Oct/2025:18:04:44 -0700] "GET /index.php??product=886784447 HTTP/1.1" 200 7836 "https://www.martyknows.com/index.php/sitemap.xml" "Mozilla/5.0 (Linux; Android 7.0;) AppleWebKit/537.36 (KHTML, like Gecko) Mobile Safari/537.36 (compatible; PetalBot;+https://webmaster.petalsearch.com/site/petalbot)" 
114.119.129.36 - - [16/Oct/2025:18:06:08 -0700] "GET /index.php??product=886783861 HTTP/1.1" 200 7836 "https://www.martyknows.com/index.php/sitemap.xml" "Mozilla/5.0 (Linux; Android 7.0;) AppleWebKit/537.36 (KHTML, like Gecko) Mobile Safari/537.36 (compatible; PetalBot;+https://webmaster.petalsearch.com/site/petalbot)" 
114.119.134.161 - - [16/Oct/2025:18:07:30 -0700] "GET /index.php??product=886781974 HTTP/1.1" 200 7836 "https://www.martyknows.com/index.php/sitemap.xml" "Mozilla/5.0 (Linux; Android 7.0;) AppleWebKit/537.36 (KHTML, like Gecko) Mobile Safari/537.36 (compatible; PetalBot;+https://webmaster.petalsearch.com/site/petalbot)" 
114.119.154.200 - - [16/Oct/2025:18:08:53 -0700] "GET /index.php??product=886781900 HTTP/1.1" 200 7836 "https://www.martyknows.com/index.php/sitemap.xml" "Mozilla/5.0 (Linux; Android 7.0;) AppleWebKit/537.36 (KHTML, like Gecko) Mobile Safari/537.36 (compatible; PetalBot;+https://webmaster.petalsearch.com/site/petalbot)" 
114.119.138.194 - - [16/Oct/2025:18:10:18 -0700] "GET /index.php??product=886781235 HTTP/1.1" 200 7836 "https://www.martyknows.com/index.php/sitemap.xml" "Mozilla/5.0 (Linux; Android 7.0;) AppleWebKit/537.36 (KHTML, like Gecko) Mobile Safari/537.36 (compatible; PetalBot;+https://webmaster.petalsearch.com/site/petalbot)" 
216.73.216.147 - - [16/Oct/2025:18:11:15 -0700] "GET /robots.txt HTTP/2.0" 200 275 "-" "Mozilla/5.0 AppleWebKit/537.36 (KHTML, like Gecko; compatible; ClaudeBot/1.0; +claudebot@anthropic.com)" 
216.73.216.147 - - [16/Oct/2025:18:11:15 -0700] "GET /2017/05/automatic-latest-version-link?fileloc=%2F%2Frun%2Fmdadm%2Fautorebuild.pid&path=%2F%2Frun%2Fmdadm HTTP/2.0" 200 2586 "-" "Mozilla/5.0 AppleWebKit/537.36 (KHTML, like Gecko; compatible; ClaudeBot/1.0; +claudebot@anthropic.com)" 
114.119.131.116 - - [16/Oct/2025:18:11:40 -0700] "GET /index.php??product=886780137 HTTP/1.1" 200 7836 "https://www.martyknows.com/index.php/sitemap.xml" "Mozilla/5.0 (Linux; Android 7.0;) AppleWebKit/537.36 (KHTML, like Gecko) Mobile Safari/537.36 (compatible; PetalBot;+https://webmaster.petalsearch.com/site/petalbot)" 
209.38.221.63 - - [16/Oct/2025:18:12:48 -0700] "GET / HTTP/1.1" 301 3818 "-" "Mozilla/5.0 (X11; Linux x86_64) AppleWebKit/537.36 (KHTML, like Gecko) Chrome/139.0.0.0 Safari/537.36" 
209.38.221.63 - - [16/Oct/2025:18:12:51 -0700] "GET /favicon.ico HTTP/1.1" 301 3840 "https://martyknows.com/" "Mozilla/5.0 (X11; Linux x86_64) AppleWebKit/537.36 (KHTML, like Gecko) Chrome/139.0.0.0 Safari/537.36" 
114.119.136.243 - - [16/Oct/2025:18:13:04 -0700] "GET /index.php??product=886779559 HTTP/1.1" 200 7836 "https://www.martyknows.com/index.php/sitemap.xml" "Mozilla/5.0 (Linux; Android 7.0;) AppleWebKit/537.36 (KHTML, like Gecko) Mobile Safari/537.36 (compatible; PetalBot;+https://webmaster.petalsearch.com/site/petalbot)" 
216.73.216.147 - - [16/Oct/2025:18:13:51 -0700] "GET /2017/05/automatic-latest-version-link?fileloc=%2Fhome%2Fmmickelson%2Finspirationdigital.com.old%2Ffiles%2FSiliconConnectorUI.InDesignPlugin.zip&path=%2Fhome%2Fmmickelson%2Finspirationdigital.com.old%2Ffiles HTTP/2.0" 200 91605 "-" "Mozilla/5.0 AppleWebKit/537.36 (KHTML, like Gecko; compatible; ClaudeBot/1.0; +claudebot@anthropic.com)" 
3.225.9.97 - - [16/Oct/2025:18:13:55 -0700] "GET /2020/12/deleting-files-exactly-in-windows-cmd-or-bat/?fileloc=//bin/gpgsplit&path=//bin HTTP/1.1" 200 14902 "-" "Mozilla/5.0 AppleWebKit/537.36 (KHTML, like Gecko; compatible; Amazonbot/0.1; +https://developer.amazon.com/support/amazonbot) Chrome/119.0.6045.214 Safari/537.36" 
52.3.102.51 - - [16/Oct/2025:18:13:59 -0700] "GET /2020/12/deleting-files-exactly-in-windows-cmd-or-bat/?fileloc=//bin/mpg123-strip&path=//bin HTTP/1.1" 200 10395 "-" "Mozilla/5.0 AppleWebKit/537.36 (KHTML, like Gecko; compatible; Amazonbot/0.1; +https://developer.amazon.com/support/amazonbot) Chrome/119.0.6045.214 Safari/537.36" 
