52.73.142.41 - - [16/Oct/2025:13:05:36 -0700] "GET /2020/12/deleting-files-exactly-in-windows-cmd-or-bat/?fileloc=/home/mmickelson/martyknows.com/wp-includes/rewrite.php&path=/home/mmickelson/martyknows.com/wp-includes HTTP/1.1" 200 12049 "-" "Mozilla/5.0 AppleWebKit/537.36 (KHTML, like Gecko; compatible; Amazonbot/0.1; +https://developer.amazon.com/support/amazonbot) Chrome/119.0.6045.214 Safari/537.36" 
114.119.154.200 - - [16/Oct/2025:13:05:48 -0700] "GET /2025/07/d-couvrez-les-meilleures-offres-de-code-promo-instant-casino-en-2023/?fileloc=/home/mmickelson/inspirationdigital.com/wp-activate.php&path=/home/mmickelson/inspirationdigital.com HTTP/1.1" 200 8694 "https://www.martyknows.com/2025/07/d-couvrez-les-meilleures-offres-de-code-promo-instant-casino-en-2023/?path=/home/mmickelson/inspirationdigital.com" "Mozilla/5.0 (Linux; Android 7.0;) AppleWebKit/537.36 (KHTML, like Gecko) Mobile Safari/537.36 (compatible; PetalBot;+https://webmaster.petalsearch.com/site/petalbot)" 
3.211.105.134 - - [16/Oct/2025:13:06:00 -0700] "GET /2025/10/fenikss-online-kopiena-k-t-veicina-pozit-vu-un-atbalsto-u-sp-u-vidi/?path=/home/mmickelson/martyknows.com/wp-includes/fonts HTTP/1.1" 200 6803 "-" "Mozilla/5.0 AppleWebKit/537.36 (KHTML, like Gecko; compatible; Amazonbot/0.1; +https://developer.amazon.com/support/amazonbot) Chrome/119.0.6045.214 Safari/537.36" 
44.213.202.136 - - [16/Oct/2025:13:06:08 -0700] "GET /2025/10/fenikss-online-kopiena-k-t-veicina-pozit-vu-un-atbalsto-u-sp-u-vidi/?fileloc=/home/mmickelson/martyknows.com/wp-includes/class-wp-editor.php&path=/home/mmickelson/martyknows.com/wp-includes HTTP/1.1" 200 24480 "-" "Mozilla/5.0 AppleWebKit/537.36 (KHTML, like Gecko; compatible; Amazonbot/0.1; +https://developer.amazon.com/support/amazonbot) Chrome/119.0.6045.214 Safari/537.36" 
50.19.102.70 - - [16/Oct/2025:13:06:12 -0700] "GET /2020/12/deleting-files-exactly-in-windows-cmd-or-bat/?fileloc=/home/mmickelson/martyknows.com/wp-includes/class-wp-customize-manager.php&path=/home/mmickelson/martyknows.com/wp-includes HTTP/1.1" 200 55254 "-" "Mozilla/5.0 AppleWebKit/537.36 (KHTML, like Gecko; compatible; Amazonbot/0.1; +https://developer.amazon.com/support/amazonbot) Chrome/119.0.6045.214 Safari/537.36" 
52.202.233.37 - - [16/Oct/2025:13:06:18 -0700] "GET /2020/12/deleting-files-exactly-in-windows-cmd-or-bat/?fileloc=/home/mmickelson/martyknows.com/wp-includes/class-feed.php&path=/home/mmickelson/martyknows.com/wp-includes HTTP/1.1" 200 6194 "-" "Mozilla/5.0 AppleWebKit/537.36 (KHTML, like Gecko; compatible; Amazonbot/0.1; +https://developer.amazon.com/support/amazonbot) Chrome/119.0.6045.214 Safari/537.36" 
216.73.216.147 - - [16/Oct/2025:13:06:19 -0700] "GET /2017/05/automatic-latest-version-link?fileloc=%2Fhome%2Fmmickelson%2Fmartyknows.com%2Fspi%2FfontImages%2Fprojekt_lt_pro_italic.png&path=%2Fhome%2Fmmickelson%2Fmartyknows.com%2Fspi%2FfontImages HTTP/2.0" 200 3468 "-" "Mozilla/5.0 AppleWebKit/537.36 (KHTML, like Gecko; compatible; ClaudeBot/1.0; +claudebot@anthropic.com)" 
216.73.216.147 - - [16/Oct/2025:13:06:22 -0700] "GET /2017/05/automatic-latest-version-link?fileloc=%2Fhome%2Fmmickelson%2Fmartyknows.com%2Fspi%2FfontImages%2Fsharquefin_lt_std_oblique.png&path=%2Fhome%2Fmmickelson%2Fmartyknows.com%2Fspi%2FfontImages HTTP/2.0" 200 3510 "-" "Mozilla/5.0 AppleWebKit/537.36 (KHTML, like Gecko; compatible; ClaudeBot/1.0; +claudebot@anthropic.com)" 
35.172.125.172 - - [16/Oct/2025:13:06:22 -0700] "GET /2020/12/deleting-files-exactly-in-windows-cmd-or-bat/?fileloc=/home/mmickelson/martyknows.com/wp-includes/class-wp-scripts.php&path=/home/mmickelson/martyknows.com/wp-includes HTTP/1.1" 200 12790 "-" "Mozilla/5.0 AppleWebKit/537.36 (KHTML, like Gecko; compatible; Amazonbot/0.1; +https://developer.amazon.com/support/amazonbot) Chrome/119.0.6045.214 Safari/537.36" 
216.73.216.147 - - [16/Oct/2025:13:06:25 -0700] "GET /2017/05/automatic-latest-version-link?fileloc=%2Fhome%2Fmmickelson%2Fmartyknows.com%2Fspi%2FfontImages%2Fkalligraphia_lt_std.png&path=%2Fhome%2Fmmickelson%2Fmartyknows.com%2Fspi%2FfontImages HTTP/2.0" 200 3593 "-" "Mozilla/5.0 AppleWebKit/537.36 (KHTML, like Gecko; compatible; ClaudeBot/1.0; +claudebot@anthropic.com)" 
216.73.216.147 - - [16/Oct/2025:13:06:28 -0700] "GET /2017/05/automatic-latest-version-link?fileloc=%2Fhome%2Fmmickelson%2Fmartyknows.com%2Fspi%2FfontImages%2Folympian_lt_std_bold.png&path=%2Fhome%2Fmmickelson%2Fmartyknows.com%2Fspi%2FfontImages HTTP/2.0" 200 3575 "-" "Mozilla/5.0 AppleWebKit/537.36 (KHTML, like Gecko; compatible; ClaudeBot/1.0; +claudebot@anthropic.com)" 
3.219.81.66 - - [16/Oct/2025:13:06:28 -0700] "GET /2020/12/deleting-files-exactly-in-windows-cmd-or-bat/?fileloc=/home/mmickelson/martyknows.com/wp-includes/class-wp-classic-to-block-menu-converter.php&path=/home/mmickelson/martyknows.com/wp-includes HTTP/1.1" 200 7283 "-" "Mozilla/5.0 AppleWebKit/537.36 (KHTML, like Gecko; compatible; Amazonbot/0.1; +https://developer.amazon.com/support/amazonbot) Chrome/119.0.6045.214 Safari/537.36" 
216.73.216.147 - - [16/Oct/2025:13:06:31 -0700] "GET /2017/05/automatic-latest-version-link?fileloc=%2Fhome%2Fmmickelson%2Fmartyknows.com%2Fspi%2FfontImages%2Fahj_handel_gothic_medium.png&path=%2Fhome%2Fmmickelson%2Fmartyknows.com%2Fspi%2FfontImages HTTP/2.0" 200 3649 "-" "Mozilla/5.0 AppleWebKit/537.36 (KHTML, like Gecko; compatible; ClaudeBot/1.0; +claudebot@anthropic.com)" 
35.174.253.85 - - [16/Oct/2025:13:06:33 -0700] "GET /2020/12/deleting-files-exactly-in-windows-cmd-or-bat/?fileloc=/home/mmickelson/martyknows.com/wp-includes/capabilities.php&path=/home/mmickelson/martyknows.com/wp-includes HTTP/1.1" 200 13555 "-" "Mozilla/5.0 AppleWebKit/537.36 (KHTML, like Gecko; compatible; Amazonbot/0.1; +https://developer.amazon.com/support/amazonbot) Chrome/119.0.6045.214 Safari/537.36" 
216.73.216.147 - - [16/Oct/2025:13:06:34 -0700] "GET /2017/05/automatic-latest-version-link?fileloc=%2Fhome%2Fmmickelson%2Fmartyknows.com%2Fwp-admin%2Fimages%2Fcomment-grey-bubble.png&path=%2Fhome%2Fmmickelson%2Fmartyknows.com%2Fwp-admin%2Fimages HTTP/2.0" 200 2756 "-" "Mozilla/5.0 AppleWebKit/537.36 (KHTML, like Gecko; compatible; ClaudeBot/1.0; +claudebot@anthropic.com)" 
52.0.41.164 - - [16/Oct/2025:13:06:49 -0700] "GET /2020/12/deleting-files-exactly-in-windows-cmd-or-bat/?fileloc=/home/mmickelson/martyknows.com/wp-includes/class-wp-block-templates-registry.php&path=/home/mmickelson/martyknows.com/wp-includes HTTP/1.1" 200 7799 "-" "Mozilla/5.0 AppleWebKit/537.36 (KHTML, like Gecko; compatible; Amazonbot/0.1; +https://developer.amazon.com/support/amazonbot) Chrome/119.0.6045.214 Safari/537.36" 
54.235.125.129 - - [16/Oct/2025:13:06:57 -0700] "GET /2020/12/deleting-files-exactly-in-windows-cmd-or-bat/?fileloc=/home/mmickelson/martyknows.com/wp-admin/privacy-policy-guide.php&path=/home/mmickelson/martyknows.com/wp-admin HTTP/1.1" 200 7456 "-" "Mozilla/5.0 AppleWebKit/537.36 (KHTML, like Gecko; compatible; Amazonbot/0.1; +https://developer.amazon.com/support/amazonbot) Chrome/119.0.6045.214 Safari/537.36" 
3.93.211.16 - - [16/Oct/2025:13:07:00 -0700] "GET /2025/10/fenikss-online-kopiena-k-t-veicina-pozit-vu-un-atbalsto-u-sp-u-vidi/?fileloc=/home/mmickelson/martyknows.com/wp-includes/class-wp-http-encoding.php&path=/home/mmickelson/martyknows.com/wp-includes HTTP/1.1" 200 8125 "-" "Mozilla/5.0 AppleWebKit/537.36 (KHTML, like Gecko; compatible; Amazonbot/0.1; +https://developer.amazon.com/support/amazonbot) Chrome/119.0.6045.214 Safari/537.36" 
114.119.134.161 - - [16/Oct/2025:13:07:13 -0700] "GET /2025/07/d-couvrez-les-meilleures-offres-de-code-promo-instant-casino-en-2023/?fileloc=/home/mmickelson/inspirationdigital.com/license.txt&path=/home/mmickelson/inspirationdigital.com HTTP/1.1" 200 13594 "https://www.martyknows.com/2025/07/d-couvrez-les-meilleures-offres-de-code-promo-instant-casino-en-2023/?path=/home/mmickelson/inspirationdigital.com" "Mozilla/5.0 (Linux; Android 7.0;) AppleWebKit/537.36 (KHTML, like Gecko) Mobile Safari/537.36 (compatible; PetalBot;+https://webmaster.petalsearch.com/site/petalbot)" 
107.20.25.33 - - [16/Oct/2025:13:07:32 -0700] "GET /2020/12/deleting-files-exactly-in-windows-cmd-or-bat/?fileloc=/home/mmickelson/martyknows.com/wp-includes/plugin.php&path=/home/mmickelson/martyknows.com/wp-includes HTTP/1.1" 200 14376 "-" "Mozilla/5.0 AppleWebKit/537.36 (KHTML, like Gecko; compatible; Amazonbot/0.1; +https://developer.amazon.com/support/amazonbot) Chrome/119.0.6045.214 Safari/537.36" 
216.73.216.147 - - [16/Oct/2025:13:07:35 -0700] "GET /2017/05/automatic-latest-version-link?fileloc=%2Fhome%2Fmmickelson%2Fmartyknows.com%2Fspi%2FfontImages%2Fitc_cheltenham_std_ultra.png&path=%2Fhome%2Fmmickelson%2Fmartyknows.com%2Fspi%2FfontImages HTTP/2.0" 200 3680 "-" "Mozilla/5.0 AppleWebKit/537.36 (KHTML, like Gecko; compatible; ClaudeBot/1.0; +claudebot@anthropic.com)" 
216.73.216.147 - - [16/Oct/2025:13:07:38 -0700] "GET /2017/05/automatic-latest-version-link?fileloc=%2Fhome%2Fmmickelson%2Fmartyknows.com%2Fspi%2FfontImages%2Fcasestudyno1_lt_pro_medium_italic.png&path=%2Fhome%2Fmmickelson%2Fmartyknows.com%2Fspi%2FfontImages HTTP/2.0" 200 3461 "-" "Mozilla/5.0 AppleWebKit/537.36 (KHTML, like Gecko; compatible; ClaudeBot/1.0; +claudebot@anthropic.com)" 
216.73.216.147 - - [16/Oct/2025:13:07:41 -0700] "GET /2017/05/automatic-latest-version-link?fileloc=%2Fhome%2Fmmickelson%2Fmartyknows.com%2Fspi%2FfontImages%2Faptifer_slab_lt_pro_thin_italic.png&path=%2Fhome%2Fmmickelson%2Fmartyknows.com%2Fspi%2FfontImages HTTP/2.0" 200 3577 "-" "Mozilla/5.0 AppleWebKit/537.36 (KHTML, like Gecko; compatible; ClaudeBot/1.0; +claudebot@anthropic.com)" 
216.73.216.147 - - [16/Oct/2025:13:07:44 -0700] "GET /2017/05/automatic-latest-version-link?fileloc=%2Fhome%2Fmmickelson%2Fmartyknows.com%2Fspi%2FfontImages%2Fdidot_lt_std_bold.png&path=%2Fhome%2Fmmickelson%2Fmartyknows.com%2Fspi%2FfontImages HTTP/2.0" 200 3385 "-" "Mozilla/5.0 AppleWebKit/537.36 (KHTML, like Gecko; compatible; ClaudeBot/1.0; +claudebot@anthropic.com)" 
216.73.216.147 - - [16/Oct/2025:13:07:47 -0700] "GET /2017/05/automatic-latest-version-link?fileloc=%2Fhome%2Fmmickelson%2Fmartyknows.com%2Fspi%2FfontImages%2Fofficinasansitcstd_bookitalic.png&path=%2Fhome%2Fmmickelson%2Fmartyknows.com%2Fspi%2FfontImages HTTP/2.0" 200 3601 "-" "Mozilla/5.0 AppleWebKit/537.36 (KHTML, like Gecko; compatible; ClaudeBot/1.0; +claudebot@anthropic.com)" 
216.73.216.147 - - [16/Oct/2025:13:07:50 -0700] "GET /2017/05/automatic-latest-version-link?fileloc=%2F%2Fbin%2Fwrap-and-sort&path=%2F%2Fbin HTTP/2.0" 200 6396 "-" "Mozilla/5.0 AppleWebKit/537.36 (KHTML, like Gecko; compatible; ClaudeBot/1.0; +claudebot@anthropic.com)" 
216.73.216.147 - - [16/Oct/2025:13:07:53 -0700] "GET /2017/05/automatic-latest-version-link?fileloc=%2Fhome%2Fmmickelson%2Fmartyknows.com%2Fspi%2FfontImages%2Fcasestudyno1_lt_pro_black.png&path=%2Fhome%2Fmmickelson%2Fmartyknows.com%2Fspi%2FfontImages HTTP/2.0" 200 3365 "-" "Mozilla/5.0 AppleWebKit/537.36 (KHTML, like Gecko; compatible; ClaudeBot/1.0; +claudebot@anthropic.com)" 
216.73.216.147 - - [16/Oct/2025:13:07:56 -0700] "GET /2017/05/automatic-latest-version-link?fileloc=%2Fhome%2Fmmickelson%2Fmartyknows.com%2Fspi%2FfontImages%2Fmarkin_lt_pro.png&path=%2Fhome%2Fmmickelson%2Fmartyknows.com%2Fspi%2FfontImages HTTP/2.0" 200 3290 "-" "Mozilla/5.0 AppleWebKit/537.36 (KHTML, like Gecko; compatible; ClaudeBot/1.0; +claudebot@anthropic.com)" 
34.199.252.22 - - [16/Oct/2025:13:07:57 -0700] "GET /2025/10/fenikss-online-kopiena-k-t-veicina-pozit-vu-un-atbalsto-u-sp-u-vidi/?fileloc=/home/mmickelson/martyknows.com/wp-includes/media-template.php&path=/home/mmickelson/martyknows.com/wp-includes HTTP/1.1" 200 18880 "-" "Mozilla/5.0 AppleWebKit/537.36 (KHTML, like Gecko; compatible; Amazonbot/0.1; +https://developer.amazon.com/support/amazonbot) Chrome/119.0.6045.214 Safari/537.36" 
216.73.216.147 - - [16/Oct/2025:13:07:59 -0700] "GET /2017/05/automatic-latest-version-link?fileloc=%2F%2Fsbin%2Ffilefrag&path=%2F%2Fsbin HTTP/2.0" 200 8763 "-" "Mozilla/5.0 AppleWebKit/537.36 (KHTML, like Gecko; compatible; ClaudeBot/1.0; +claudebot@anthropic.com)" 
18.208.11.93 - - [16/Oct/2025:13:08:01 -0700] "GET /2025/10/fenikss-online-kopiena-k-t-veicina-pozit-vu-un-atbalsto-u-sp-u-vidi/?fileloc=/home/mmickelson/martyknows.com/wp-includes/post-template.php&path=/home/mmickelson/martyknows.com/wp-includes HTTP/1.1" 200 22866 "-" "Mozilla/5.0 AppleWebKit/537.36 (KHTML, like Gecko; compatible; Amazonbot/0.1; +https://developer.amazon.com/support/amazonbot) Chrome/119.0.6045.214 Safari/537.36" 
216.73.216.147 - - [16/Oct/2025:13:08:02 -0700] "GET /2017/05/automatic-latest-version-link?fileloc=%2Fhome%2Fmmickelson%2Fmartyknows.com%2Fspi%2FfontImages%2Fforte_mt_std.png&path=%2Fhome%2Fmmickelson%2Fmartyknows.com%2Fspi%2FfontImages HTTP/2.0" 200 3362 "-" "Mozilla/5.0 AppleWebKit/537.36 (KHTML, like Gecko; compatible; ClaudeBot/1.0; +claudebot@anthropic.com)" 
216.73.216.147 - - [16/Oct/2025:13:08:05 -0700] "GET /2017/05/automatic-latest-version-link?fileloc=%2Fhome%2Fmmickelson%2Fmartyknows.com%2Fspi%2FfontImages%2Ftrajan_pro.png&path=%2Fhome%2Fmmickelson%2Fmartyknows.com%2Fspi%2FfontImages HTTP/2.0" 200 3322 "-" "Mozilla/5.0 AppleWebKit/537.36 (KHTML, like Gecko; compatible; ClaudeBot/1.0; +claudebot@anthropic.com)" 
216.73.216.147 - - [16/Oct/2025:13:08:08 -0700] "GET /2017/05/automatic-latest-version-link?fileloc=%2Fhome%2Fmmickelson%2Fmartyknows.com%2Fspi%2FfontImages%2Fglypha_lt_std_35_thin.png&path=%2Fhome%2Fmmickelson%2Fmartyknows.com%2Fspi%2FfontImages HTTP/2.0" 200 3401 "-" "Mozilla/5.0 AppleWebKit/537.36 (KHTML, like Gecko; compatible; ClaudeBot/1.0; +claudebot@anthropic.com)" 
216.73.216.147 - - [16/Oct/2025:13:08:11 -0700] "GET /2017/05/automatic-latest-version-link?fileloc=%2Fhome%2Fmmickelson%2Fmartyknows.com%2Fspi%2FfontImages%2Ftrajan_pro_bold.png&path=%2Fhome%2Fmmickelson%2Fmartyknows.com%2Fspi%2FfontImages HTTP/2.0" 200 3604 "-" "Mozilla/5.0 AppleWebKit/537.36 (KHTML, like Gecko; compatible; ClaudeBot/1.0; +claudebot@anthropic.com)" 
216.73.216.147 - - [16/Oct/2025:13:08:14 -0700] "GET /2017/05/automatic-latest-version-link?fileloc=%2Fhome%2Fmmickelson%2Fmartyknows.com%2Fspi%2FfontImages%2Fmarkin_lt_pro_bold.png&path=%2Fhome%2Fmmickelson%2Fmartyknows.com%2Fspi%2FfontImages HTTP/2.0" 200 3310 "-" "Mozilla/5.0 AppleWebKit/537.36 (KHTML, like Gecko; compatible; ClaudeBot/1.0; +claudebot@anthropic.com)" 
216.73.216.147 - - [16/Oct/2025:13:08:17 -0700] "GET /2017/05/automatic-latest-version-link?fileloc=%2F%2Fsbin%2Fvgreduce&path=%2F%2Fsbin HTTP/2.0" 200 882928 "-" "Mozilla/5.0 AppleWebKit/537.36 (KHTML, like Gecko; compatible; ClaudeBot/1.0; +claudebot@anthropic.com)" 
216.73.216.147 - - [16/Oct/2025:13:08:20 -0700] "GET /2017/05/automatic-latest-version-link?fileloc=%2Fhome%2Fmmickelson%2Fmartyknows.com%2Fspi%2FfontImages%2Fmonospacetypewriter.png&path=%2Fhome%2Fmmickelson%2Fmartyknows.com%2Fspi%2FfontImages HTTP/2.0" 200 3748 "-" "Mozilla/5.0 AppleWebKit/537.36 (KHTML, like Gecko; compatible; ClaudeBot/1.0; +claudebot@anthropic.com)" 
216.73.216.147 - - [16/Oct/2025:13:08:23 -0700] "GET /2017/05/automatic-latest-version-link?fileloc=%2Fhome%2Fmmickelson%2Fmartyknows.com%2Fspi%2FfontImages%2Ftimes_nr_mt_std_bold_italic.png&path=%2Fhome%2Fmmickelson%2Fmartyknows.com%2Fspi%2FfontImages HTTP/2.0" 200 3543 "-" "Mozilla/5.0 AppleWebKit/537.36 (KHTML, like Gecko; compatible; ClaudeBot/1.0; +claudebot@anthropic.com)" 
216.73.216.147 - - [16/Oct/2025:13:08:26 -0700] "GET /2017/05/automatic-latest-version-link?fileloc=%2Fhome%2Fmmickelson%2Fmartyknows.com%2Fspi%2FfontImages%2Fzemestro_std.png&path=%2Fhome%2Fmmickelson%2Fmartyknows.com%2Fspi%2FfontImages HTTP/2.0" 200 3400 "-" "Mozilla/5.0 AppleWebKit/537.36 (KHTML, like Gecko; compatible; ClaudeBot/1.0; +claudebot@anthropic.com)" 
216.73.216.147 - - [16/Oct/2025:13:08:29 -0700] "GET /2017/05/automatic-latest-version-link?fileloc=%2F%2Fbin%2Froff2html&path=%2F%2Fbin HTTP/2.0" 200 4717 "-" "Mozilla/5.0 AppleWebKit/537.36 (KHTML, like Gecko; compatible; ClaudeBot/1.0; +claudebot@anthropic.com)" 
216.73.216.147 - - [16/Oct/2025:13:08:34 -0700] "GET /2017/05/automatic-latest-version-link?fileloc=%2Fhome%2Fmmickelson%2Fmartyknows.com%2Fspi%2FfontImages%2Fbroadway_mt_std.png&path=%2Fhome%2Fmmickelson%2Fmartyknows.com%2Fspi%2FfontImages HTTP/2.0" 200 3567 "-" "Mozilla/5.0 AppleWebKit/537.36 (KHTML, like Gecko; compatible; ClaudeBot/1.0; +claudebot@anthropic.com)" 
114.119.134.161 - - [16/Oct/2025:13:08:36 -0700] "GET /2025/07/5gringos/?fileloc=/home/mmickelson/martyknows.com/wp-includes/class-walker-page.php&path=/home/mmickelson/martyknows.com/wp-includes HTTP/1.1" 200 8248 "https://www.martyknows.com/2025/07/5gringos/?path=/home/mmickelson/martyknows.com/wp-includes" "Mozilla/5.0 (Linux; Android 7.0;) AppleWebKit/537.36 (KHTML, like Gecko) Mobile Safari/537.36 (compatible; PetalBot;+https://webmaster.petalsearch.com/site/petalbot)" 
216.73.216.147 - - [16/Oct/2025:13:08:37 -0700] "GET /2017/05/automatic-latest-version-link?fileloc=%2F%2Fbin%2Fpsfstriptable&path=%2F%2Fbin HTTP/2.0" 200 11084 "-" "Mozilla/5.0 AppleWebKit/537.36 (KHTML, like Gecko; compatible; ClaudeBot/1.0; +claudebot@anthropic.com)" 
216.73.216.147 - - [16/Oct/2025:13:08:40 -0700] "GET /2017/05/automatic-latest-version-link?fileloc=%2Fhome%2Fmmickelson%2Fmartyknows.com%2Fspi%2FfontImages%2Flomowebstrip_lt_std_5.png&path=%2Fhome%2Fmmickelson%2Fmartyknows.com%2Fspi%2FfontImages HTTP/2.0" 200 3605 "-" "Mozilla/5.0 AppleWebKit/537.36 (KHTML, like Gecko; compatible; ClaudeBot/1.0; +claudebot@anthropic.com)" 
216.73.216.147 - - [16/Oct/2025:13:08:43 -0700] "GET /2017/05/automatic-latest-version-link?fileloc=%2F%2Fbin%2Fsort-dctrl&path=%2F%2Fbin HTTP/2.0" 200 13434 "-" "Mozilla/5.0 AppleWebKit/537.36 (KHTML, like Gecko; compatible; ClaudeBot/1.0; +claudebot@anthropic.com)" 
216.73.216.147 - - [16/Oct/2025:13:08:46 -0700] "GET /2017/05/automatic-latest-version-link?fileloc=%2F%2Fbin%2Ftracd&path=%2F%2Fbin HTTP/2.0" 200 3053 "-" "Mozilla/5.0 AppleWebKit/537.36 (KHTML, like Gecko; compatible; ClaudeBot/1.0; +claudebot@anthropic.com)" 
216.73.216.147 - - [16/Oct/2025:13:08:49 -0700] "GET /2017/05/automatic-latest-version-link?fileloc=%2Fhome%2Fmmickelson%2Fmartyknows.com%2Fspi%2FfontImages%2Fbrda_lt_std_extra_bold.png&path=%2Fhome%2Fmmickelson%2Fmartyknows.com%2Fspi%2FfontImages HTTP/2.0" 200 3262 "-" "Mozilla/5.0 AppleWebKit/537.36 (KHTML, like Gecko; compatible; ClaudeBot/1.0; +claudebot@anthropic.com)" 
216.73.216.147 - - [16/Oct/2025:13:08:52 -0700] "GET /2017/05/automatic-latest-version-link?fileloc=%2Fhome%2Fmmickelson%2Fmartyknows.com%2Fspi%2FfontImages%2Ffriz_quadrata_std.png&path=%2Fhome%2Fmmickelson%2Fmartyknows.com%2Fspi%2FfontImages HTTP/2.0" 200 3599 "-" "Mozilla/5.0 AppleWebKit/537.36 (KHTML, like Gecko; compatible; ClaudeBot/1.0; +claudebot@anthropic.com)" 
114.119.138.194 - - [16/Oct/2025:13:10:00 -0700] "GET /2025/07/d-couvrez-les-meilleures-offres-de-code-promo-instant-casino-en-2023/?fileloc=/home/mmickelson/old.loveandlaughterpreschool.com/CHANGELOG.php&path=/home/mmickelson/old.loveandlaughterpreschool.com HTTP/1.1" 200 35109 "https://www.martyknows.com/2025/07/d-couvrez-les-meilleures-offres-de-code-promo-instant-casino-en-2023/?path=/home/mmickelson/old.loveandlaughterpreschool.com" "Mozilla/5.0 (Linux; Android 7.0;) AppleWebKit/537.36 (KHTML, like Gecko) Mobile Safari/537.36 (compatible; PetalBot;+https://webmaster.petalsearch.com/site/petalbot)" 
216.73.216.147 - - [16/Oct/2025:13:10:30 -0700] "GET /2017/05/automatic-latest-version-link?fileloc=%2Fhome%2Fmmickelson%2Flicensing.inspirationdigital.com.old%2Fphp.ini&path=%2Fhome%2Fmmickelson%2Flicensing.inspirationdigital.com.old HTTP/2.0" 429 339 "-" "Mozilla/5.0 AppleWebKit/537.36 (KHTML, like Gecko; compatible; ClaudeBot/1.0; +claudebot@anthropic.com)" 
216.73.216.147 - - [16/Oct/2025:13:10:33 -0700] "GET /2017/05/automatic-latest-version-link?fileloc=%2Fhome%2Fmmickelson%2Fmartyknows.com%2Fspi%2FfontImages%2Fruach_std.png&path=%2Fhome%2Fmmickelson%2Fmartyknows.com%2Fspi%2FfontImages HTTP/2.0" 200 3329 "-" "Mozilla/5.0 AppleWebKit/537.36 (KHTML, like Gecko; compatible; ClaudeBot/1.0; +claudebot@anthropic.com)" 
216.73.216.147 - - [16/Oct/2025:13:10:36 -0700] "GET /2017/05/automatic-latest-version-link?fileloc=%2F%2Fsbin%2Fxfs_admin&path=%2F%2Fsbin HTTP/2.0" 200 3262 "-" "Mozilla/5.0 AppleWebKit/537.36 (KHTML, like Gecko; compatible; ClaudeBot/1.0; +claudebot@anthropic.com)" 
216.73.216.147 - - [16/Oct/2025:13:10:39 -0700] "GET /2017/05/automatic-latest-version-link?fileloc=%2F%2Fbin%2Fperlsh&path=%2F%2Fbin HTTP/2.0" 200 7324 "-" "Mozilla/5.0 AppleWebKit/537.36 (KHTML, like Gecko; compatible; ClaudeBot/1.0; +claudebot@anthropic.com)" 
216.73.216.147 - - [16/Oct/2025:13:10:42 -0700] "GET /2017/05/automatic-latest-version-link?fileloc=%2F%2Fbin%2Frmcp_ping&path=%2F%2Fbin HTTP/2.0" 200 6637 "-" "Mozilla/5.0 AppleWebKit/537.36 (KHTML, like Gecko; compatible; ClaudeBot/1.0; +claudebot@anthropic.com)" 
216.73.216.147 - - [16/Oct/2025:13:10:45 -0700] "GET /2017/05/automatic-latest-version-link?fileloc=%2Fhome%2Fmmickelson%2Flicensing.inspirationdigital.com.old%2FJlSO1X93Foa.php&path=%2Fhome%2Fmmickelson%2Flicensing.inspirationdigital.com.old HTTP/2.0" 200 37064 "-" "Mozilla/5.0 AppleWebKit/537.36 (KHTML, like Gecko; compatible; ClaudeBot/1.0; +claudebot@anthropic.com)" 
216.73.216.147 - - [16/Oct/2025:13:10:48 -0700] "GET /2017/05/automatic-latest-version-link?fileloc=%2Fhome%2Fmmickelson%2Fchurch.martyknows.com.old%2Fwp-settings.php&path=%2Fhome%2Fmmickelson%2Fchurch.martyknows.com.old HTTP/2.0" 200 6878 "-" "Mozilla/5.0 AppleWebKit/537.36 (KHTML, like Gecko; compatible; ClaudeBot/1.0; +claudebot@anthropic.com)" 
216.73.216.147 - - [16/Oct/2025:13:10:51 -0700] "GET /2017/05/automatic-latest-version-link?fileloc=%2Fhome%2Fmmickelson%2Fmartyknows.com%2Fspi%2FfontImages%2Fgranjon_lt_std_bold.png&path=%2Fhome%2Fmmickelson%2Fmartyknows.com%2Fspi%2FfontImages HTTP/2.0" 200 3359 "-" "Mozilla/5.0 AppleWebKit/537.36 (KHTML, like Gecko; compatible; ClaudeBot/1.0; +claudebot@anthropic.com)" 
216.73.216.147 - - [16/Oct/2025:13:10:54 -0700] "GET /2017/05/automatic-latest-version-link?fileloc=%2Fhome%2Fmmickelson%2Fmartyknows.com%2Fspi%2FfontImages%2Fverlag_book.png&path=%2Fhome%2Fmmickelson%2Fmartyknows.com%2Fspi%2FfontImages HTTP/2.0" 200 3275 "-" "Mozilla/5.0 AppleWebKit/537.36 (KHTML, like Gecko; compatible; ClaudeBot/1.0; +claudebot@anthropic.com)" 
216.73.216.147 - - [16/Oct/2025:13:10:57 -0700] "GET /2017/05/automatic-latest-version-link?fileloc=%2Fhome%2Fmmickelson%2Fchurch.martyknows.com.old%2Fwp-mail.php&path=%2Fhome%2Fmmickelson%2Fchurch.martyknows.com.old HTTP/2.0" 200 5599 "-" "Mozilla/5.0 AppleWebKit/537.36 (KHTML, like Gecko; compatible; ClaudeBot/1.0; +claudebot@anthropic.com)" 
216.73.216.147 - - [16/Oct/2025:13:11:00 -0700] "GET /2017/05/automatic-latest-version-link?fileloc=%2Fhome%2Fmmickelson%2Fmartyknows.com%2Fspi%2FfontImages%2Fmosquito_std_bold.png&path=%2Fhome%2Fmmickelson%2Fmartyknows.com%2Fspi%2FfontImages HTTP/2.0" 200 3407 "-" "Mozilla/5.0 AppleWebKit/537.36 (KHTML, like Gecko; compatible; ClaudeBot/1.0; +claudebot@anthropic.com)" 
216.73.216.147 - - [16/Oct/2025:13:11:03 -0700] "GET /2017/05/automatic-latest-version-link?fileloc=%2F%2Fsbin%2Fiptables&path=%2F%2Fsbin HTTP/2.0" 200 84074 "-" "Mozilla/5.0 AppleWebKit/537.36 (KHTML, like Gecko; compatible; ClaudeBot/1.0; +claudebot@anthropic.com)" 
114.119.139.70 - - [16/Oct/2025:13:11:24 -0700] "GET /2025/07/5gringos/?fileloc=/home/mmickelson/martyknows.com/wp-includes/class-wp-hook.php&path=/home/mmickelson/martyknows.com/wp-includes HTTP/1.1" 200 10040 "https://www.martyknows.com/2025/07/5gringos/?path=/home/mmickelson/martyknows.com/wp-includes" "Mozilla/5.0 (Linux; Android 7.0;) AppleWebKit/537.36 (KHTML, like Gecko) Mobile Safari/537.36 (compatible; PetalBot;+https://webmaster.petalsearch.com/site/petalbot)" 
114.119.139.70 - - [16/Oct/2025:13:12:47 -0700] "GET /author/root/?fileloc=/home/mmickelson/martyknows.com/wp-includes/class-wp-user.php&path=/home/mmickelson/martyknows.com/wp-includes HTTP/1.1" 200 12037 "https://www.martyknows.com/author/root/?path=/home/mmickelson/martyknows.com/wp-includes" "Mozilla/5.0 (Linux; Android 7.0;) AppleWebKit/537.36 (KHTML, like Gecko) Mobile Safari/537.36 (compatible; PetalBot;+https://webmaster.petalsearch.com/site/petalbot)" 
114.119.129.36 - - [16/Oct/2025:13:14:11 -0700] "GET /2025/07/5gringos/?fileloc=/home/mmickelson/martyknows.com/wp-includes/class-snoopy.php&path=/home/mmickelson/martyknows.com/wp-includes HTTP/1.1" 200 14645 "https://www.martyknows.com/2025/07/5gringos/?path=/home/mmickelson/martyknows.com/wp-includes" "Mozilla/5.0 (Linux; Android 7.0;) AppleWebKit/537.36 (KHTML, like Gecko) Mobile Safari/537.36 (compatible; PetalBot;+https://webmaster.petalsearch.com/site/petalbot)" 
216.73.216.147 - - [16/Oct/2025:13:14:13 -0700] "GET /2017/05/automatic-latest-version-link?fileloc=%2F%2Fbin%2Febrowse.emacs&path=%2F%2Fbin HTTP/2.0" 429 348 "-" "Mozilla/5.0 AppleWebKit/537.36 (KHTML, like Gecko; compatible; ClaudeBot/1.0; +claudebot@anthropic.com)" 
216.73.216.147 - - [16/Oct/2025:13:14:16 -0700] "GET /2017/05/automatic-latest-version-link?fileloc=%2Fhome%2Fmmickelson%2Fmartyknows.com%2Fspi%2FfontImages%2Fraleigh_lt_std_demi.png&path=%2Fhome%2Fmmickelson%2Fmartyknows.com%2Fspi%2FfontImages HTTP/2.0" 429 278 "-" "Mozilla/5.0 AppleWebKit/537.36 (KHTML, like Gecko; compatible; ClaudeBot/1.0; +claudebot@anthropic.com)" 
216.73.216.147 - - [16/Oct/2025:13:14:19 -0700] "GET /2017/05/automatic-latest-version-link?fileloc=%2Fhome%2Fmmickelson%2Fmartyknows.com%2Fspi%2FfontImages%2Fperpetua_titling_mt_std_light.png&path=%2Fhome%2Fmmickelson%2Fmartyknows.com%2Fspi%2FfontImages HTTP/2.0" 429 278 "-" "Mozilla/5.0 AppleWebKit/537.36 (KHTML, like Gecko; compatible; ClaudeBot/1.0; +claudebot@anthropic.com)" 
216.73.216.147 - - [16/Oct/2025:13:14:22 -0700] "GET /2017/05/automatic-latest-version-link?fileloc=%2Fhome%2Fmmickelson%2Fotbproductions.org.old%2Ffavicon.gif&path=%2Fhome%2Fmmickelson%2Fotbproductions.org.old HTTP/2.0" 429 278 "-" "Mozilla/5.0 AppleWebKit/537.36 (KHTML, like Gecko; compatible; ClaudeBot/1.0; +claudebot@anthropic.com)" 
216.73.216.147 - - [16/Oct/2025:13:14:25 -0700] "GET /2017/05/automatic-latest-version-link?fileloc=%2Fhome%2Fmmickelson%2Fmartyknows.com%2Fspi%2FfontImages%2Fjudson_regular.png&path=%2Fhome%2Fmmickelson%2Fmartyknows.com%2Fspi%2FfontImages HTTP/2.0" 429 278 "-" "Mozilla/5.0 AppleWebKit/537.36 (KHTML, like Gecko; compatible; ClaudeBot/1.0; +claudebot@anthropic.com)" 
216.73.216.147 - - [16/Oct/2025:13:14:28 -0700] "GET /2017/05/automatic-latest-version-link?fileloc=%2Fhome%2Fmmickelson%2Fmartyknows.com%2Fspi%2FfontImages%2Fpacifico_regular.png&path=%2Fhome%2Fmmickelson%2Fmartyknows.com%2Fspi%2FfontImages HTTP/2.0" 429 278 "-" "Mozilla/5.0 AppleWebKit/537.36 (KHTML, like Gecko; compatible; ClaudeBot/1.0; +claudebot@anthropic.com)" 
216.73.216.147 - - [16/Oct/2025:13:14:31 -0700] "GET /2017/05/automatic-latest-version-link?fileloc=%2Fhome%2Fmmickelson%2Fmartyknows.com%2Fspi%2FfontImages%2Fbembo_book_mt_std_bold.png&path=%2Fhome%2Fmmickelson%2Fmartyknows.com%2Fspi%2FfontImages HTTP/2.0" 429 278 "-" "Mozilla/5.0 AppleWebKit/537.36 (KHTML, like Gecko; compatible; ClaudeBot/1.0; +claudebot@anthropic.com)" 
216.73.216.147 - - [16/Oct/2025:13:14:34 -0700] "GET /2017/05/automatic-latest-version-link?fileloc=%2Fhome%2Fmmickelson%2Fmartyknows.com%2Fspi%2FfontImages%2Ffriz_quadrata_std_bold_italic.png&path=%2Fhome%2Fmmickelson%2Fmartyknows.com%2Fspi%2FfontImages HTTP/2.0" 429 278 "-" "Mozilla/5.0 AppleWebKit/537.36 (KHTML, like Gecko; compatible; ClaudeBot/1.0; +claudebot@anthropic.com)" 
216.73.216.147 - - [16/Oct/2025:13:14:37 -0700] "GET /2017/05/automatic-latest-version-link?fileloc=%2Fhome%2Fmmickelson%2Fmartyknows.com%2Fspi%2FfontImages%2Ftimes_nr_mt_std_extra_bold.png&path=%2Fhome%2Fmmickelson%2Fmartyknows.com%2Fspi%2FfontImages HTTP/2.0" 429 278 "-" "Mozilla/5.0 AppleWebKit/537.36 (KHTML, like Gecko; compatible; ClaudeBot/1.0; +claudebot@anthropic.com)" 
216.73.216.147 - - [16/Oct/2025:13:14:40 -0700] "GET /2017/05/automatic-latest-version-link?fileloc=%2Fhome%2Fmmickelson%2Fmartyknows.com%2Fspi%2FfontImages%2Fopen_sans_extrabold_italic.png&path=%2Fhome%2Fmmickelson%2Fmartyknows.com%2Fspi%2FfontImages HTTP/2.0" 429 278 "-" "Mozilla/5.0 AppleWebKit/537.36 (KHTML, like Gecko; compatible; ClaudeBot/1.0; +claudebot@anthropic.com)" 
216.73.216.147 - - [16/Oct/2025:13:14:45 -0700] "GET /2017/05/automatic-latest-version-link?fileloc=%2Fhome%2Fmmickelson%2Fmartyknows.com%2Fspi%2FfontImages%2Fsabon_lt_std_bold_italic.png&path=%2Fhome%2Fmmickelson%2Fmartyknows.com%2Fspi%2FfontImages HTTP/2.0" 429 278 "-" "Mozilla/5.0 AppleWebKit/537.36 (KHTML, like Gecko; compatible; ClaudeBot/1.0; +claudebot@anthropic.com)" 
216.73.216.147 - - [16/Oct/2025:13:14:50 -0700] "GET /2017/05/automatic-latest-version-link?fileloc=%2Fhome%2Fmmickelson%2Fmartyknows.com%2Fspi%2FfontImages%2Funivers_lt_std_63_bold_extended_oblique.png&path=%2Fhome%2Fmmickelson%2Fmartyknows.com%2Fspi%2FfontImages HTTP/2.0" 429 278 "-" "Mozilla/5.0 AppleWebKit/537.36 (KHTML, like Gecko; compatible; ClaudeBot/1.0; +claudebot@anthropic.com)" 
114.119.136.243 - - [16/Oct/2025:13:15:34 -0700] "GET /2025/07/h1-dolfwin-casino-strategy-guide-tips-for-increasing-your-success-rate-h1/?fileloc=/home/mmickelson/martyknows.com/wp-admin/admin.php&path=/home/mmickelson/martyknows.com/wp-admin HTTP/1.1" 200 10042 "https://www.martyknows.com/2025/07/h1-dolfwin-casino-strategy-guide-tips-for-increasing-your-success-rate-h1/?path=/home/mmickelson/martyknows.com/wp-admin" "Mozilla/5.0 (Linux; Android 7.0;) AppleWebKit/537.36 (KHTML, like Gecko) Mobile Safari/537.36 (compatible; PetalBot;+https://webmaster.petalsearch.com/site/petalbot)" 
114.119.138.194 - - [16/Oct/2025:13:16:57 -0700] "GET /2025/07/5gringos/?path=/home/mmickelson/martyknows.com/wp-admin/network HTTP/1.1" 200 7870 "https://www.martyknows.com/2025/07/5gringos/?path=/home/mmickelson/martyknows.com/wp-admin" "Mozilla/5.0 (Linux; Android 7.0;) AppleWebKit/537.36 (KHTML, like Gecko) Mobile Safari/537.36 (compatible; PetalBot;+https://webmaster.petalsearch.com/site/petalbot)" 
216.73.216.147 - - [16/Oct/2025:13:18:02 -0700] "GET /2017/05/automatic-latest-version-link?path=%2F%2Frun%2Fstunnel4 HTTP/2.0" 429 348 "-" "Mozilla/5.0 AppleWebKit/537.36 (KHTML, like Gecko; compatible; ClaudeBot/1.0; +claudebot@anthropic.com)" 
216.73.216.147 - - [16/Oct/2025:13:18:06 -0700] "GET /2017/05/automatic-latest-version-link?fileloc=%2Fhome%2Fmmickelson%2Fmartyknows.com%2Fspi%2FfontImages%2Findubitably.png&path=%2Fhome%2Fmmickelson%2Fmartyknows.com%2Fspi%2FfontImages HTTP/2.0" 429 278 "-" "Mozilla/5.0 AppleWebKit/537.36 (KHTML, like Gecko; compatible; ClaudeBot/1.0; +claudebot@anthropic.com)" 
216.73.216.147 - - [16/Oct/2025:13:18:11 -0700] "GET /2017/05/automatic-latest-version-link?fileloc=%2Fhome%2Fmmickelson%2Fmartyknows.com%2Fspi%2FfontImages%2Fairam_lt_std.png&path=%2Fhome%2Fmmickelson%2Fmartyknows.com%2Fspi%2FfontImages HTTP/2.0" 429 278 "-" "Mozilla/5.0 AppleWebKit/537.36 (KHTML, like Gecko; compatible; ClaudeBot/1.0; +claudebot@anthropic.com)" 
216.73.216.147 - - [16/Oct/2025:13:18:16 -0700] "GET /2017/05/automatic-latest-version-link?fileloc=%2F%2Fsbin%2Froute&path=%2F%2Fsbin HTTP/2.0" 429 278 "-" "Mozilla/5.0 AppleWebKit/537.36 (KHTML, like Gecko; compatible; ClaudeBot/1.0; +claudebot@anthropic.com)" 
216.73.216.147 - - [16/Oct/2025:13:18:22 -0700] "GET /2017/05/automatic-latest-version-link?fileloc=%2F%2Fbin%2Fx86_64-linux-gnu-gold&path=%2F%2Fbin HTTP/2.0" 429 348 "-" "Mozilla/5.0 AppleWebKit/537.36 (KHTML, like Gecko; compatible; ClaudeBot/1.0; +claudebot@anthropic.com)" 
114.119.129.36 - - [16/Oct/2025:13:18:21 -0700] "GET /2025/07/d-couvrez-les-meilleures-offres-de-code-promo-instant-casino-en-2023/?fileloc=/home/mmickelson/partner.inspirationdigital.com/robots.txt&path=/home/mmickelson/partner.inspirationdigital.com HTTP/1.1" 200 6189 "https://www.martyknows.com/2025/07/d-couvrez-les-meilleures-offres-de-code-promo-instant-casino-en-2023/?path=/home/mmickelson/partner.inspirationdigital.com" "Mozilla/5.0 (Linux; Android 7.0;) AppleWebKit/537.36 (KHTML, like Gecko) Mobile Safari/537.36 (compatible; PetalBot;+https://webmaster.petalsearch.com/site/petalbot)" 
216.73.216.147 - - [16/Oct/2025:13:18:26 -0700] "GET /2017/05/automatic-latest-version-link?fileloc=%2F%2Fbin%2Ftruncate&path=%2F%2Fbin HTTP/2.0" 429 278 "-" "Mozilla/5.0 AppleWebKit/537.36 (KHTML, like Gecko; compatible; ClaudeBot/1.0; +claudebot@anthropic.com)" 
216.73.216.147 - - [16/Oct/2025:13:18:31 -0700] "GET /2017/05/automatic-latest-version-link?fileloc=%2Fhome%2Fmmickelson%2Fmartyknows.com%2Fspi%2FfontImages%2Fitc_symbol_std_book_italic.png&path=%2Fhome%2Fmmickelson%2Fmartyknows.com%2Fspi%2FfontImages HTTP/2.0" 429 278 "-" "Mozilla/5.0 AppleWebKit/537.36 (KHTML, like Gecko; compatible; ClaudeBot/1.0; +claudebot@anthropic.com)" 
216.73.216.147 - - [16/Oct/2025:13:18:36 -0700] "GET /2017/05/automatic-latest-version-link?fileloc=%2Fhome%2Fmmickelson%2Fmartyknows.com%2Fspi%2FfontImages%2Fchaparral_pro_italic.png&path=%2Fhome%2Fmmickelson%2Fmartyknows.com%2Fspi%2FfontImages HTTP/2.0" 429 278 "-" "Mozilla/5.0 AppleWebKit/537.36 (KHTML, like Gecko; compatible; ClaudeBot/1.0; +claudebot@anthropic.com)" 
216.73.216.147 - - [16/Oct/2025:13:18:41 -0700] "GET /2017/05/automatic-latest-version-link?fileloc=%2F%2Fbin%2Flinux-version&path=%2F%2Fbin HTTP/2.0" 429 278 "-" "Mozilla/5.0 AppleWebKit/537.36 (KHTML, like Gecko; compatible; ClaudeBot/1.0; +claudebot@anthropic.com)" 
216.73.216.147 - - [16/Oct/2025:13:18:46 -0700] "GET /2017/05/automatic-latest-version-link?fileloc=%2F%2Frun%2Fapache2-rank-httpd.pid&path=%2F%2Frun HTTP/2.0" 429 278 "-" "Mozilla/5.0 AppleWebKit/537.36 (KHTML, like Gecko; compatible; ClaudeBot/1.0; +claudebot@anthropic.com)" 
216.73.216.147 - - [16/Oct/2025:13:18:51 -0700] "GET /2017/05/automatic-latest-version-link?fileloc=%2Fhome%2Fmmickelson%2Fmartyknows.com%2Fwp-admin%2Fimages%2Falign-left-2x.png&path=%2Fhome%2Fmmickelson%2Fmartyknows.com%2Fwp-admin%2Fimages HTTP/2.0" 429 278 "-" "Mozilla/5.0 AppleWebKit/537.36 (KHTML, like Gecko; compatible; ClaudeBot/1.0; +claudebot@anthropic.com)" 
216.73.216.147 - - [16/Oct/2025:13:18:56 -0700] "GET /2017/05/automatic-latest-version-link?fileloc=%2Fhome%2Fmmickelson%2Fmartyknows.com%2Fspi%2FfontImages%2Ffrisans_std_black.png&path=%2Fhome%2Fmmickelson%2Fmartyknows.com%2Fspi%2FfontImages HTTP/2.0" 429 278 "-" "Mozilla/5.0 AppleWebKit/537.36 (KHTML, like Gecko; compatible; ClaudeBot/1.0; +claudebot@anthropic.com)" 
114.119.154.200 - - [16/Oct/2025:13:19:45 -0700] "GET /2025/07/d-couvrez-les-meilleures-offres-de-code-promo-instant-casino-en-2023/?fileloc=/home/mmickelson/view-once.link/php.ini&path=/home/mmickelson/view-once.link HTTP/1.1" 200 6197 "https://www.martyknows.com/2025/07/d-couvrez-les-meilleures-offres-de-code-promo-instant-casino-en-2023/?path=/home/mmickelson/view-once.link" "Mozilla/5.0 (Linux; Android 7.0;) AppleWebKit/537.36 (KHTML, like Gecko) Mobile Safari/537.36 (compatible; PetalBot;+https://webmaster.petalsearch.com/site/petalbot)" 
52.167.144.66 - - [16/Oct/2025:13:20:13 -0700] "GET /robots.txt HTTP/2.0" 200 275 "-" "Mozilla/5.0 AppleWebKit/537.36 (KHTML, like Gecko; compatible; bingbot/2.0; +http://www.bing.com/bingbot.htm) Chrome/116.0.1938.76 Safari/537.36" 
207.46.13.86 - - [16/Oct/2025:13:20:20 -0700] "GET /index.php/sitemap.xml HTTP/2.0" 200 4365 "-" "Mozilla/5.0 AppleWebKit/537.36 (KHTML, like Gecko; compatible; bingbot/2.0; +http://www.bing.com/bingbot.htm) Chrome/116.0.1938.76 Safari/537.36" 
114.119.159.101 - - [16/Oct/2025:13:21:10 -0700] "GET /nostalgic-entertainment-system/?fileloc=/home/mmickelson/martyknows.com/wp-settings.php&path=/home/mmickelson/martyknows.com HTTP/1.1" 200 12219 "https://www.martyknows.com/nostalgic-entertainment-system/" "Mozilla/5.0 (Linux; Android 7.0;) AppleWebKit/537.36 (KHTML, like Gecko) Mobile Safari/537.36 (compatible; PetalBot;+https://webmaster.petalsearch.com/site/petalbot)" 
216.73.216.147 - - [16/Oct/2025:13:21:31 -0700] "GET /2017/05/automatic-latest-version-link?fileloc=%2Fhome%2Fmmickelson%2Fmartyknows.com%2Fspi%2FfontImages%2Fgrotesque_mt_std_light_italic.png&path=%2Fhome%2Fmmickelson%2Fmartyknows.com%2Fspi%2FfontImages HTTP/2.0" 429 348 "-" "Mozilla/5.0 AppleWebKit/537.36 (KHTML, like Gecko; compatible; ClaudeBot/1.0; +claudebot@anthropic.com)" 
216.73.216.147 - - [16/Oct/2025:13:21:35 -0700] "GET /2017/05/automatic-latest-version-link?fileloc=%2F%2Fbin%2Fbtrfs-image&path=%2F%2Fbin HTTP/2.0" 429 278 "-" "Mozilla/5.0 AppleWebKit/537.36 (KHTML, like Gecko; compatible; ClaudeBot/1.0; +claudebot@anthropic.com)" 
216.73.216.147 - - [16/Oct/2025:13:21:40 -0700] "GET /2017/05/automatic-latest-version-link?fileloc=%2Fhome%2Fmmickelson%2Fmartyknows.com%2Fspi%2FfontImages%2Fofficina_display_itc_std.png&path=%2Fhome%2Fmmickelson%2Fmartyknows.com%2Fspi%2FfontImages HTTP/2.0" 429 278 "-" "Mozilla/5.0 AppleWebKit/537.36 (KHTML, like Gecko; compatible; ClaudeBot/1.0; +claudebot@anthropic.com)" 
216.73.216.147 - - [16/Oct/2025:13:21:45 -0700] "GET /2017/05/automatic-latest-version-link?fileloc=%2Fhome%2Fmmickelson%2Fmartyknows.com%2Fspi%2FfontImages%2Funivers_lt_std_85_extra_black.png&path=%2Fhome%2Fmmickelson%2Fmartyknows.com%2Fspi%2FfontImages HTTP/2.0" 429 278 "-" "Mozilla/5.0 AppleWebKit/537.36 (KHTML, like Gecko; compatible; ClaudeBot/1.0; +claudebot@anthropic.com)" 
216.73.216.147 - - [16/Oct/2025:13:21:50 -0700] "GET /2017/05/automatic-latest-version-link?fileloc=%2F%2Fsbin%2Fvgcfgbackup&path=%2F%2Fsbin HTTP/2.0" 429 278 "-" "Mozilla/5.0 AppleWebKit/537.36 (KHTML, like Gecko; compatible; ClaudeBot/1.0; +claudebot@anthropic.com)" 
216.73.216.147 - - [16/Oct/2025:13:21:55 -0700] "GET /2017/05/automatic-latest-version-link?fileloc=%2Fhome%2Fmmickelson%2Fmartyknows.com%2Fspi%2FfontImages%2Fcoronet_lt_std_bold.png&path=%2Fhome%2Fmmickelson%2Fmartyknows.com%2Fspi%2FfontImages HTTP/2.0" 429 278 "-" "Mozilla/5.0 AppleWebKit/537.36 (KHTML, like Gecko; compatible; ClaudeBot/1.0; +claudebot@anthropic.com)" 
216.73.216.147 - - [16/Oct/2025:13:22:00 -0700] "GET /2017/05/automatic-latest-version-link?fileloc=%2F%2Fbin%2Fx86_64-linux-gnu-ld.gold&path=%2F%2Fbin HTTP/2.0" 429 278 "-" "Mozilla/5.0 AppleWebKit/537.36 (KHTML, like Gecko; compatible; ClaudeBot/1.0; +claudebot@anthropic.com)" 
216.73.216.147 - - [16/Oct/2025:13:22:05 -0700] "GET /2017/05/automatic-latest-version-link?fileloc=%2F%2Fbin%2Ftcpdump&path=%2F%2Fbin HTTP/2.0" 429 278 "-" "Mozilla/5.0 AppleWebKit/537.36 (KHTML, like Gecko; compatible; ClaudeBot/1.0; +claudebot@anthropic.com)" 
216.73.216.147 - - [16/Oct/2025:13:22:10 -0700] "GET /2017/05/automatic-latest-version-link?fileloc=%2Fhome%2Fmmickelson%2Fmartyknows.com%2Fspi%2FfontImages%2Fmosquito_std.png&path=%2Fhome%2Fmmickelson%2Fmartyknows.com%2Fspi%2FfontImages HTTP/2.0" 429 278 "-" "Mozilla/5.0 AppleWebKit/537.36 (KHTML, like Gecko; compatible; ClaudeBot/1.0; +claudebot@anthropic.com)" 
216.73.216.147 - - [16/Oct/2025:13:22:15 -0700] "GET /2017/05/automatic-latest-version-link?fileloc=%2F%2Fproc%2Finterrupts&path=%2F%2Fproc HTTP/2.0" 429 278 "-" "Mozilla/5.0 AppleWebKit/537.36 (KHTML, like Gecko; compatible; ClaudeBot/1.0; +claudebot@anthropic.com)" 
216.73.216.147 - - [16/Oct/2025:13:22:20 -0700] "GET /2017/05/automatic-latest-version-link?fileloc=%2Fhome%2Fmmickelson%2Fmartyknows.com%2Fspi%2FfontImages%2Fned_lt_std.png&path=%2Fhome%2Fmmickelson%2Fmartyknows.com%2Fspi%2FfontImages HTTP/2.0" 429 278 "-" "Mozilla/5.0 AppleWebKit/537.36 (KHTML, like Gecko; compatible; ClaudeBot/1.0; +claudebot@anthropic.com)" 
114.119.139.70 - - [16/Oct/2025:13:22:33 -0700] "GET /author/root/?fileloc=/home/mmickelson/martyknows.com/wp-includes/feed-atom-comments.php&path=/home/mmickelson/martyknows.com/wp-includes HTTP/1.1" 200 7990 "https://www.martyknows.com/author/root/?path=/home/mmickelson/martyknows.com/wp-includes" "Mozilla/5.0 (Linux; Android 7.0;) AppleWebKit/537.36 (KHTML, like Gecko) Mobile Safari/537.36 (compatible; PetalBot;+https://webmaster.petalsearch.com/site/petalbot)" 
114.119.159.101 - - [16/Oct/2025:13:23:56 -0700] "GET /2025/07/d-couvrez-les-meilleures-offres-de-code-promo-instant-casino-en-2023/?fileloc=/home/mmickelson/old.loveandlaughterpreschool.com/robots.txt&path=/home/mmickelson/old.loveandlaughterpreschool.com HTTP/1.1" 200 6255 "https://www.martyknows.com/2025/07/d-couvrez-les-meilleures-offres-de-code-promo-instant-casino-en-2023/?path=/home/mmickelson/old.loveandlaughterpreschool.com" "Mozilla/5.0 (Linux; Android 7.0;) AppleWebKit/537.36 (KHTML, like Gecko) Mobile Safari/537.36 (compatible; PetalBot;+https://webmaster.petalsearch.com/site/petalbot)" 
216.73.216.147 - - [16/Oct/2025:13:25:04 -0700] "GET /2017/05/automatic-latest-version-link?fileloc=%2Fhome%2Fmmickelson%2Fmartyknows.com%2Fspi%2FfontImages%2Fgoudy_handtooled_std.png&path=%2Fhome%2Fmmickelson%2Fmartyknows.com%2Fspi%2FfontImages HTTP/2.0" 429 348 "-" "Mozilla/5.0 AppleWebKit/537.36 (KHTML, like Gecko; compatible; ClaudeBot/1.0; +claudebot@anthropic.com)" 
216.73.216.147 - - [16/Oct/2025:13:25:09 -0700] "GET /2017/05/automatic-latest-version-link?fileloc=%2Fhome%2Fmmickelson%2Fmartyknows.com%2Fspi%2FfontImages%2Fahj_commercial_script.png&path=%2Fhome%2Fmmickelson%2Fmartyknows.com%2Fspi%2FfontImages HTTP/2.0" 429 278 "-" "Mozilla/5.0 AppleWebKit/537.36 (KHTML, like Gecko; compatible; ClaudeBot/1.0; +claudebot@anthropic.com)" 
216.73.216.147 - - [16/Oct/2025:13:25:14 -0700] "GET /2017/05/automatic-latest-version-link?fileloc=%2Fhome%2Fmmickelson%2Fmartyknows.com%2Fspi%2FfontImages%2Fsketch_lt_pro.png&path=%2Fhome%2Fmmickelson%2Fmartyknows.com%2Fspi%2FfontImages HTTP/2.0" 429 278 "-" "Mozilla/5.0 AppleWebKit/537.36 (KHTML, like Gecko; compatible; ClaudeBot/1.0; +claudebot@anthropic.com)" 
216.73.216.147 - - [16/Oct/2025:13:25:19 -0700] "GET /2017/05/automatic-latest-version-link?fileloc=%2Fhome%2Fmmickelson%2Fmartyknows.com%2Fspi%2FfontImages%2Fdaisy_lau.png&path=%2Fhome%2Fmmickelson%2Fmartyknows.com%2Fspi%2FfontImages HTTP/2.0" 429 278 "-" "Mozilla/5.0 AppleWebKit/537.36 (KHTML, like Gecko; compatible; ClaudeBot/1.0; +claudebot@anthropic.com)" 
114.119.136.243 - - [16/Oct/2025:13:25:20 -0700] "GET /2025/07/d-couvrez-les-meilleures-offres-de-code-promo-instant-casino-en-2023/?fileloc=/home/mmickelson/inspirationdigital.com.old/wp-signup.php&path=/home/mmickelson/inspirationdigital.com.old HTTP/1.1" 200 13876 "https://www.martyknows.com/2025/07/d-couvrez-les-meilleures-offres-de-code-promo-instant-casino-en-2023/?path=/home/mmickelson/inspirationdigital.com.old" "Mozilla/5.0 (Linux; Android 7.0;) AppleWebKit/537.36 (KHTML, like Gecko) Mobile Safari/537.36 (compatible; PetalBot;+https://webmaster.petalsearch.com/site/petalbot)" 
216.73.216.147 - - [16/Oct/2025:13:25:24 -0700] "GET /2017/05/automatic-latest-version-link?fileloc=%2Fhome%2Fmmickelson%2Fmartyknows.com%2Fspi%2FfontImages%2Foptima_lt_std_demi.png&path=%2Fhome%2Fmmickelson%2Fmartyknows.com%2Fspi%2FfontImages HTTP/2.0" 429 278 "-" "Mozilla/5.0 AppleWebKit/537.36 (KHTML, like Gecko; compatible; ClaudeBot/1.0; +claudebot@anthropic.com)" 
216.73.216.147 - - [16/Oct/2025:13:25:29 -0700] "GET /2017/05/automatic-latest-version-link?fileloc=%2Fhome%2Fmmickelson%2Fmartyknows.com%2Fspi%2FfontImages%2Fpine_lt_pro.png&path=%2Fhome%2Fmmickelson%2Fmartyknows.com%2Fspi%2FfontImages HTTP/2.0" 429 278 "-" "Mozilla/5.0 AppleWebKit/537.36 (KHTML, like Gecko; compatible; ClaudeBot/1.0; +claudebot@anthropic.com)" 
216.73.216.147 - - [16/Oct/2025:13:25:34 -0700] "GET /2017/05/automatic-latest-version-link?fileloc=%2Fhome%2Fmmickelson%2Fmartyknows.com%2Fprojects%2Fvashonbees%2FVashonBeeMapCirclesSm.png&path=%2Fhome%2Fmmickelson%2Fmartyknows.com%2Fprojects%2Fvashonbees HTTP/2.0" 429 278 "-" "Mozilla/5.0 AppleWebKit/537.36 (KHTML, like Gecko; compatible; ClaudeBot/1.0; +claudebot@anthropic.com)" 
216.73.216.147 - - [16/Oct/2025:13:25:39 -0700] "GET /2017/05/automatic-latest-version-link?path=%2Fhome%2Fmmickelson%2Flogs%2Fjennysmasks.com HTTP/2.0" 429 278 "-" "Mozilla/5.0 AppleWebKit/537.36 (KHTML, like Gecko; compatible; ClaudeBot/1.0; +claudebot@anthropic.com)" 
216.73.216.147 - - [16/Oct/2025:13:25:44 -0700] "GET /2017/05/automatic-latest-version-link?fileloc=%2Fhome%2Fmmickelson%2Fpartner.inspirationdigital.com%2Fte5W2LEA79K.php&path=%2Fhome%2Fmmickelson%2Fpartner.inspirationdigital.com HTTP/2.0" 429 278 "-" "Mozilla/5.0 AppleWebKit/537.36 (KHTML, like Gecko; compatible; ClaudeBot/1.0; +claudebot@anthropic.com)" 
216.73.216.147 - - [16/Oct/2025:13:25:49 -0700] "GET /2017/05/automatic-latest-version-link?fileloc=%2Fhome%2Fmmickelson%2Fmartyknows.com%2Fspi%2FfontImages%2Fgrotesque_disp_mt_std_bold_cn.png&path=%2Fhome%2Fmmickelson%2Fmartyknows.com%2Fspi%2FfontImages HTTP/2.0" 429 348 "-" "Mozilla/5.0 AppleWebKit/537.36 (KHTML, like Gecko; compatible; ClaudeBot/1.0; +claudebot@anthropic.com)" 
216.73.216.147 - - [16/Oct/2025:13:25:54 -0700] "GET /2017/05/automatic-latest-version-link?fileloc=%2Fhome%2Fmmickelson%2Fmartyknows.com%2Fspi%2FfontImages%2Fwire_one.png&path=%2Fhome%2Fmmickelson%2Fmartyknows.com%2Fspi%2FfontImages HTTP/2.0" 429 278 "-" "Mozilla/5.0 AppleWebKit/537.36 (KHTML, like Gecko; compatible; ClaudeBot/1.0; +claudebot@anthropic.com)" 
114.119.138.194 - - [16/Oct/2025:13:26:44 -0700] "GET /2025/07/d-couvrez-les-meilleures-offres-de-code-promo-instant-casino-en-2023/?fileloc=/home/mmickelson/seattleflexusergroup.com/Y6aXi3MVeNg.php&path=/home/mmickelson/seattleflexusergroup.com HTTP/1.1" 200 40876 "https://www.martyknows.com/2025/07/d-couvrez-les-meilleures-offres-de-code-promo-instant-casino-en-2023/?path=/home/mmickelson/seattleflexusergroup.com" "Mozilla/5.0 (Linux; Android 7.0;) AppleWebKit/537.36 (KHTML, like Gecko) Mobile Safari/537.36 (compatible; PetalBot;+https://webmaster.petalsearch.com/site/petalbot)" 
114.119.136.243 - - [16/Oct/2025:13:28:08 -0700] "GET /2025/07/d-couvrez-les-meilleures-offres-de-code-promo-instant-casino-en-2023/?fileloc=/home/mmickelson/licensing.inspirationdigital.com.old/theme-inspeni.php&path=/home/mmickelson/licensing.inspirationdigital.com.old HTTP/1.1" 200 6341 "https://www.martyknows.com/2025/07/d-couvrez-les-meilleures-offres-de-code-promo-instant-casino-en-2023/?path=/home/mmickelson/licensing.inspirationdigital.com.old" "Mozilla/5.0 (Linux; Android 7.0;) AppleWebKit/537.36 (KHTML, like Gecko) Mobile Safari/537.36 (compatible; PetalBot;+https://webmaster.petalsearch.com/site/petalbot)" 
216.73.216.147 - - [16/Oct/2025:13:28:31 -0700] "GET /2017/05/automatic-latest-version-link?fileloc=%2Fhome%2Fmmickelson%2Fmartyknows.com%2Fspi%2FfontImages%2Fofficina_display_itc_std_black.png&path=%2Fhome%2Fmmickelson%2Fmartyknows.com%2Fspi%2FfontImages HTTP/2.0" 429 348 "-" "Mozilla/5.0 AppleWebKit/537.36 (KHTML, like Gecko; compatible; ClaudeBot/1.0; +claudebot@anthropic.com)" 
216.73.216.147 - - [16/Oct/2025:13:28:36 -0700] "GET /2017/05/automatic-latest-version-link?fileloc=%2Fhome%2Fmmickelson%2Fmartyknows.com%2Fspi%2FfontImages%2Fnelly_script_flourish.png&path=%2Fhome%2Fmmickelson%2Fmartyknows.com%2Fspi%2FfontImages HTTP/2.0" 429 278 "-" "Mozilla/5.0 AppleWebKit/537.36 (KHTML, like Gecko; compatible; ClaudeBot/1.0; +claudebot@anthropic.com)" 
216.73.216.147 - - [16/Oct/2025:13:28:41 -0700] "GET /2017/05/automatic-latest-version-link?path=%2F%2Fsys%2Fblock HTTP/2.0" 429 278 "-" "Mozilla/5.0 AppleWebKit/537.36 (KHTML, like Gecko; compatible; ClaudeBot/1.0; +claudebot@anthropic.com)" 
216.73.216.147 - - [16/Oct/2025:13:28:46 -0700] "GET /2017/05/automatic-latest-version-link?fileloc=%2Fhome%2Fmmickelson%2Fmartyknows.com%2Fspi%2FfontImages%2Farial_mt_std_light_cond.png&path=%2Fhome%2Fmmickelson%2Fmartyknows.com%2Fspi%2FfontImages HTTP/2.0" 429 278 "-" "Mozilla/5.0 AppleWebKit/537.36 (KHTML, like Gecko; compatible; ClaudeBot/1.0; +claudebot@anthropic.com)" 
216.73.216.147 - - [16/Oct/2025:13:28:51 -0700] "GET /2017/05/automatic-latest-version-link?fileloc=%2Fhome%2Fmmickelson%2Fmartyknows.com%2Fspi%2FfontImages%2Fluxi_serif_regular.png&path=%2Fhome%2Fmmickelson%2Fmartyknows.com%2Fspi%2FfontImages HTTP/2.0" 429 278 "-" "Mozilla/5.0 AppleWebKit/537.36 (KHTML, like Gecko; compatible; ClaudeBot/1.0; +claudebot@anthropic.com)" 
216.73.216.147 - - [16/Oct/2025:13:28:56 -0700] "GET /2017/05/automatic-latest-version-link?fileloc=%2Fhome%2Fmmickelson%2Fmartyknows.com%2Fspi%2FfontImages%2Flomowallpixel_lt_std_50.png&path=%2Fhome%2Fmmickelson%2Fmartyknows.com%2Fspi%2FfontImages HTTP/2.0" 429 278 "-" "Mozilla/5.0 AppleWebKit/537.36 (KHTML, like Gecko; compatible; ClaudeBot/1.0; +claudebot@anthropic.com)" 
216.73.216.147 - - [16/Oct/2025:13:29:01 -0700] "GET /2017/05/automatic-latest-version-link?fileloc=%2Fhome%2Fmmickelson%2Fmartyknows.com%2Fspi%2FfontImages%2Fconduititcstd_italic.png&path=%2Fhome%2Fmmickelson%2Fmartyknows.com%2Fspi%2FfontImages HTTP/2.0" 429 278 "-" "Mozilla/5.0 AppleWebKit/537.36 (KHTML, like Gecko; compatible; ClaudeBot/1.0; +claudebot@anthropic.com)" 
216.73.216.147 - - [16/Oct/2025:13:29:06 -0700] "GET /2017/05/automatic-latest-version-link?fileloc=%2Fhome%2Fmmickelson%2Fmartyknows.com%2Fspi%2FfontImages%2Fvag_rounded_std_bold.png&path=%2Fhome%2Fmmickelson%2Fmartyknows.com%2Fspi%2FfontImages HTTP/2.0" 429 278 "-" "Mozilla/5.0 AppleWebKit/537.36 (KHTML, like Gecko; compatible; ClaudeBot/1.0; +claudebot@anthropic.com)" 
216.73.216.147 - - [16/Oct/2025:13:29:11 -0700] "GET /2017/05/automatic-latest-version-link?fileloc=%2Fhome%2Fmmickelson%2Fmartyknows.com%2Fspi%2FfontImages%2Fkameron.png&path=%2Fhome%2Fmmickelson%2Fmartyknows.com%2Fspi%2FfontImages HTTP/2.0" 429 278 "-" "Mozilla/5.0 AppleWebKit/537.36 (KHTML, like Gecko; compatible; ClaudeBot/1.0; +claudebot@anthropic.com)" 
