23.23.214.190 - - [16/Oct/2025:12:41:03 -0700] "GET /2020/12/deleting-files-exactly-in-windows-cmd-or-bat/?fileloc=/home/mmickelson/martyknows.com/wp-includes/class-wp-image-editor-gd.php&path=/home/mmickelson/martyknows.com/wp-includes HTTP/1.1" 200 11008 "-" "Mozilla/5.0 AppleWebKit/537.36 (KHTML, like Gecko; compatible; Amazonbot/0.1; +https://developer.amazon.com/support/amazonbot) Chrome/119.0.6045.214 Safari/537.36" 
52.6.97.88 - - [16/Oct/2025:12:41:24 -0700] "GET /2020/12/deleting-files-exactly-in-windows-cmd-or-bat/?fileloc=/home/mmickelson/martyknows.com/wp-includes/nav-menu-template.php&path=/home/mmickelson/martyknows.com/wp-includes HTTP/1.1" 200 12439 "-" "Mozilla/5.0 AppleWebKit/537.36 (KHTML, like Gecko; compatible; Amazonbot/0.1; +https://developer.amazon.com/support/amazonbot) Chrome/119.0.6045.214 Safari/537.36" 
3.213.85.234 - - [16/Oct/2025:12:41:36 -0700] "GET /2020/12/deleting-files-exactly-in-windows-cmd-or-bat/?fileloc=/home/mmickelson/martyknows.com/wp-includes/class-wp-http-encoding.php&path=/home/mmickelson/martyknows.com/wp-includes HTTP/1.1" 200 8125 "-" "Mozilla/5.0 AppleWebKit/537.36 (KHTML, like Gecko; compatible; Amazonbot/0.1; +https://developer.amazon.com/support/amazonbot) Chrome/119.0.6045.214 Safari/537.36" 
34.233.114.237 - - [16/Oct/2025:12:41:39 -0700] "GET /2020/12/deleting-files-exactly-in-windows-cmd-or-bat/?fileloc=/home/mmickelson/martyknows.com/wp-includes/class-wp-post-type.php&path=/home/mmickelson/martyknows.com/wp-includes HTTP/1.1" 200 12880 "-" "Mozilla/5.0 AppleWebKit/537.36 (KHTML, like Gecko; compatible; Amazonbot/0.1; +https://developer.amazon.com/support/amazonbot) Chrome/119.0.6045.214 Safari/537.36" 
52.2.4.213 - - [16/Oct/2025:12:41:56 -0700] "GET /2020/12/deleting-files-exactly-in-windows-cmd-or-bat/?fileloc=/home/mmickelson/martyknows.com/wp-includes/class-requests.php&path=/home/mmickelson/martyknows.com/wp-includes HTTP/1.1" 200 6816 "-" "Mozilla/5.0 AppleWebKit/537.36 (KHTML, like Gecko; compatible; Amazonbot/0.1; +https://developer.amazon.com/support/amazonbot) Chrome/119.0.6045.214 Safari/537.36" 
52.200.54.136 - - [16/Oct/2025:12:42:00 -0700] "GET /2025/10/fenikss-online-kopiena-k-t-veicina-pozit-vu-un-atbalsto-u-sp-u-vidi/?path=/home/mmickelson/martyknows.com/wp-content/cache HTTP/1.1" 200 6546 "-" "Mozilla/5.0 AppleWebKit/537.36 (KHTML, like Gecko; compatible; Amazonbot/0.1; +https://developer.amazon.com/support/amazonbot) Chrome/119.0.6045.214 Safari/537.36" 
114.119.138.194 - - [16/Oct/2025:12:42:11 -0700] "GET /author/root/?path=/home/mmickelson/martyknows.com/wp-includes/html-api HTTP/1.1" 200 7245 "https://www.martyknows.com/author/root/?path=/home/mmickelson/martyknows.com/wp-includes" "Mozilla/5.0 (Linux; Android 7.0;) AppleWebKit/537.36 (KHTML, like Gecko) Mobile Safari/537.36 (compatible; PetalBot;+https://webmaster.petalsearch.com/site/petalbot)" 
50.19.221.48 - - [16/Oct/2025:12:42:28 -0700] "GET /2020/12/deleting-files-exactly-in-windows-cmd-or-bat/?fileloc=/home/mmickelson/martyknows.com/wp-includes/admin-bar.php&path=/home/mmickelson/martyknows.com/wp-includes HTTP/1.1" 200 14913 "-" "Mozilla/5.0 AppleWebKit/537.36 (KHTML, like Gecko; compatible; Amazonbot/0.1; +https://developer.amazon.com/support/amazonbot) Chrome/119.0.6045.214 Safari/537.36" 
3.93.98.99 - - [16/Oct/2025:12:42:34 -0700] "GET /2025/10/fenikss-online-kopiena-k-t-veicina-pozit-vu-un-atbalsto-u-sp-u-vidi/?fileloc=/home/mmickelson/martyknows.com/wp-includes/class-wp-image-editor-imagick.php&path=/home/mmickelson/martyknows.com/wp-includes HTTP/1.1" 200 15363 "-" "Mozilla/5.0 AppleWebKit/537.36 (KHTML, like Gecko; compatible; Amazonbot/0.1; +https://developer.amazon.com/support/amazonbot) Chrome/119.0.6045.214 Safari/537.36" 
3.232.102.111 - - [16/Oct/2025:12:42:52 -0700] "GET /2020/12/deleting-files-exactly-in-windows-cmd-or-bat/?fileloc=/home/mmickelson/martyknows.com/wp-admin/link.php&path=/home/mmickelson/martyknows.com/wp-admin HTTP/1.1" 200 7055 "-" "Mozilla/5.0 AppleWebKit/537.36 (KHTML, like Gecko; compatible; Amazonbot/0.1; +https://developer.amazon.com/support/amazonbot) Chrome/119.0.6045.214 Safari/537.36" 
114.119.139.70 - - [16/Oct/2025:12:43:34 -0700] "GET /author/root/?path=/home/mmickelson/martyknows.com/wp-admin/user HTTP/1.1" 200 6974 "https://www.martyknows.com/author/root/?path=/home/mmickelson/martyknows.com/wp-admin" "Mozilla/5.0 (Linux; Android 7.0;) AppleWebKit/537.36 (KHTML, like Gecko) Mobile Safari/537.36 (compatible; PetalBot;+https://webmaster.petalsearch.com/site/petalbot)" 
52.200.93.170 - - [16/Oct/2025:12:44:19 -0700] "GET /2020/12/deleting-files-exactly-in-windows-cmd-or-bat/?fileloc=/home/mmickelson/martyknows.com/wp-includes/class-wp-text-diff-renderer-inline.php&path=/home/mmickelson/martyknows.com/wp-includes HTTP/1.1" 200 6468 "-" "Mozilla/5.0 AppleWebKit/537.36 (KHTML, like Gecko; compatible; Amazonbot/0.1; +https://developer.amazon.com/support/amazonbot) Chrome/119.0.6045.214 Safari/537.36" 
34.226.89.140 - - [16/Oct/2025:12:44:44 -0700] "GET /2020/12/deleting-files-exactly-in-windows-cmd-or-bat/?fileloc=/home/mmickelson/martyknows.com/wp-admin/term.php&path=/home/mmickelson/martyknows.com/wp-admin HTTP/1.1" 200 6955 "-" "Mozilla/5.0 AppleWebKit/537.36 (KHTML, like Gecko; compatible; Amazonbot/0.1; +https://developer.amazon.com/support/amazonbot) Chrome/119.0.6045.214 Safari/537.36" 
114.119.138.194 - - [16/Oct/2025:12:44:55 -0700] "GET /author/root/?fileloc=/home/mmickelson/martyknows.com/wp-includes/ms-deprecated.php&path=/home/mmickelson/martyknows.com/wp-includes HTTP/1.1" 200 12609 "https://www.martyknows.com/author/root/?path=/home/mmickelson/martyknows.com/wp-includes" "Mozilla/5.0 (Linux; Android 7.0;) AppleWebKit/537.36 (KHTML, like Gecko) Mobile Safari/537.36 (compatible; PetalBot;+https://webmaster.petalsearch.com/site/petalbot)" 
54.164.106.236 - - [16/Oct/2025:12:45:11 -0700] "GET /2025/10/fenikss-online-kopiena-k-t-veicina-pozit-vu-un-atbalsto-u-sp-u-vidi/?fileloc=/home/mmickelson/martyknows.com/wp-admin/menu-header.php&path=/home/mmickelson/martyknows.com/wp-admin HTTP/1.1" 200 8913 "-" "Mozilla/5.0 AppleWebKit/537.36 (KHTML, like Gecko; compatible; Amazonbot/0.1; +https://developer.amazon.com/support/amazonbot) Chrome/119.0.6045.214 Safari/537.36" 
3.218.35.239 - - [16/Oct/2025:12:45:23 -0700] "GET /2025/10/fenikss-online-kopiena-k-t-veicina-pozit-vu-un-atbalsto-u-sp-u-vidi/?fileloc=/home/mmickelson/martyknows.com/wp-includes/theme-i18n.json&path=/home/mmickelson/martyknows.com/wp-includes HTTP/1.1" 200 6305 "-" "Mozilla/5.0 AppleWebKit/537.36 (KHTML, like Gecko; compatible; Amazonbot/0.1; +https://developer.amazon.com/support/amazonbot) Chrome/119.0.6045.214 Safari/537.36" 
23.23.104.107 - - [16/Oct/2025:12:45:51 -0700] "GET /2025/10/fenikss-online-kopiena-k-t-veicina-pozit-vu-un-atbalsto-u-sp-u-vidi/?fileloc=/home/mmickelson/martyknows.com/wp-admin/install-helper.php&path=/home/mmickelson/martyknows.com/wp-admin HTTP/1.1" 200 7896 "-" "Mozilla/5.0 AppleWebKit/537.36 (KHTML, like Gecko; compatible; Amazonbot/0.1; +https://developer.amazon.com/support/amazonbot) Chrome/119.0.6045.214 Safari/537.36" 
54.166.104.83 - - [16/Oct/2025:12:45:59 -0700] "GET /2025/10/fenikss-online-kopiena-k-t-veicina-pozit-vu-un-atbalsto-u-sp-u-vidi/?fileloc=/home/mmickelson/martyknows.com/wp-includes/comment.php&path=/home/mmickelson/martyknows.com/wp-includes HTTP/1.1" 200 37260 "-" "Mozilla/5.0 AppleWebKit/537.36 (KHTML, like Gecko; compatible; Amazonbot/0.1; +https://developer.amazon.com/support/amazonbot) Chrome/119.0.6045.214 Safari/537.36" 
54.92.171.106 - - [16/Oct/2025:12:46:15 -0700] "GET /2025/10/fenikss-online-kopiena-k-t-veicina-pozit-vu-un-atbalsto-u-sp-u-vidi/?fileloc=/home/mmickelson/martyknows.com/wp-admin/upgrade.php&path=/home/mmickelson/martyknows.com/wp-admin HTTP/1.1" 200 7890 "-" "Mozilla/5.0 AppleWebKit/537.36 (KHTML, like Gecko; compatible; Amazonbot/0.1; +https://developer.amazon.com/support/amazonbot) Chrome/119.0.6045.214 Safari/537.36" 
114.119.136.243 - - [16/Oct/2025:12:46:20 -0700] "GET /2025/07/d-couvrez-les-meilleures-offres-de-code-promo-instant-casino-en-2023/?path=/home/mmickelson/old.loveandlaughterpreschool.com/language HTTP/1.1" 200 6770 "https://www.martyknows.com/2025/07/d-couvrez-les-meilleures-offres-de-code-promo-instant-casino-en-2023/?path=/home/mmickelson/old.loveandlaughterpreschool.com" "Mozilla/5.0 (Linux; Android 7.0;) AppleWebKit/537.36 (KHTML, like Gecko) Mobile Safari/537.36 (compatible; PetalBot;+https://webmaster.petalsearch.com/site/petalbot)" 
23.23.103.31 - - [16/Oct/2025:12:46:31 -0700] "GET /2025/10/fenikss-online-kopiena-k-t-veicina-pozit-vu-un-atbalsto-u-sp-u-vidi/?fileloc=/home/mmickelson/martyknows.com/wp-includes/class-walker-category.php&path=/home/mmickelson/martyknows.com/wp-includes HTTP/1.1" 200 8416 "-" "Mozilla/5.0 AppleWebKit/537.36 (KHTML, like Gecko; compatible; Amazonbot/0.1; +https://developer.amazon.com/support/amazonbot) Chrome/119.0.6045.214 Safari/537.36" 
98.82.40.168 - - [16/Oct/2025:12:46:35 -0700] "GET /2025/10/fenikss-online-kopiena-k-t-veicina-pozit-vu-un-atbalsto-u-sp-u-vidi/?fileloc=/home/mmickelson/martyknows.com/test/safari-pinned-tab.svg&path=/home/mmickelson/martyknows.com/test HTTP/1.1" 200 7180 "-" "Mozilla/5.0 AppleWebKit/537.36 (KHTML, like Gecko; compatible; Amazonbot/0.1; +https://developer.amazon.com/support/amazonbot) Chrome/119.0.6045.214 Safari/537.36" 
52.3.127.170 - - [16/Oct/2025:12:47:03 -0700] "GET /2020/12/deleting-files-exactly-in-windows-cmd-or-bat/?fileloc=/home/mmickelson/martyknows.com/wp-includes/ms-settings.php&path=/home/mmickelson/martyknows.com/wp-includes HTTP/1.1" 200 7527 "-" "Mozilla/5.0 AppleWebKit/537.36 (KHTML, like Gecko; compatible; Amazonbot/0.1; +https://developer.amazon.com/support/amazonbot) Chrome/119.0.6045.214 Safari/537.36" 
18.232.12.157 - - [16/Oct/2025:12:47:34 -0700] "GET /2025/10/fenikss-online-kopiena-k-t-veicina-pozit-vu-un-atbalsto-u-sp-u-vidi/?fileloc=/home/mmickelson/martyknows.com/backup/.htaccess&path=/home/mmickelson/martyknows.com/backup HTTP/1.1" 200 6048 "-" "Mozilla/5.0 AppleWebKit/537.36 (KHTML, like Gecko; compatible; Amazonbot/0.1; +https://developer.amazon.com/support/amazonbot) Chrome/119.0.6045.214 Safari/537.36" 
114.119.136.243 - - [16/Oct/2025:12:47:59 -0700] "GET /2025/07/h1-dolfwin-casino-strategy-guide-tips-for-increasing-your-success-rate-h1/?fileloc=/home/mmickelson/martyknows.com/wp-admin/zqfdsaec.php&path=/home/mmickelson/martyknows.com/wp-admin HTTP/1.1" 200 48046 "https://www.martyknows.com/2025/07/h1-dolfwin-casino-strategy-guide-tips-for-increasing-your-success-rate-h1/?path=/home/mmickelson/martyknows.com/wp-admin" "Mozilla/5.0 (Linux; Android 7.0;) AppleWebKit/537.36 (KHTML, like Gecko) Mobile Safari/537.36 (compatible; PetalBot;+https://webmaster.petalsearch.com/site/petalbot)" 
3.213.46.222 - - [16/Oct/2025:12:48:12 -0700] "GET /2020/12/deleting-files-exactly-in-windows-cmd-or-bat/?fileloc=/home/mmickelson/martyknows.com/test/android-chrome-192x192.png&path=/home/mmickelson/martyknows.com/test HTTP/1.1" 200 13386 "-" "Mozilla/5.0 AppleWebKit/537.36 (KHTML, like Gecko; compatible; Amazonbot/0.1; +https://developer.amazon.com/support/amazonbot) Chrome/119.0.6045.214 Safari/537.36" 
114.119.136.243 - - [16/Oct/2025:12:50:26 -0700] "GET /2025/07/d-couvrez-les-meilleures-offres-de-code-promo-instant-casino-en-2023/?path=/home/mmickelson/martyknows.com/wp-content/themes/elegant-grunge HTTP/1.1" 200 7439 "https://www.martyknows.com/2025/07/d-couvrez-les-meilleures-offres-de-code-promo-instant-casino-en-2023/?path=/home/mmickelson/martyknows.com/wp-content/themes" "Mozilla/5.0 (Linux; Android 7.0;) AppleWebKit/537.36 (KHTML, like Gecko) Mobile Safari/537.36 (compatible; PetalBot;+https://webmaster.petalsearch.com/site/petalbot)" 
52.205.141.124 - - [16/Oct/2025:12:50:43 -0700] "GET /2020/12/deleting-files-exactly-in-windows-cmd-or-bat/?fileloc=/home/mmickelson/martyknows.com/wp-admin/edit-form-advanced.php&path=/home/mmickelson/martyknows.com/wp-admin HTTP/1.1" 200 15329 "-" "Mozilla/5.0 AppleWebKit/537.36 (KHTML, like Gecko; compatible; Amazonbot/0.1; +https://developer.amazon.com/support/amazonbot) Chrome/119.0.6045.214 Safari/537.36" 
114.119.129.36 - - [16/Oct/2025:12:51:12 -0700] "GET /2025/07/d-couvrez-les-meilleures-offres-de-code-promo-instant-casino-en-2023/?fileloc=/home/mmickelson/seaflexug.org/theme-inszhqi.php&path=/home/mmickelson/seaflexug.org HTTP/1.1" 200 6328 "https://www.martyknows.com/2025/07/d-couvrez-les-meilleures-offres-de-code-promo-instant-casino-en-2023/?path=/home/mmickelson/seaflexug.org" "Mozilla/5.0 (Linux; Android 7.0;) AppleWebKit/537.36 (KHTML, like Gecko) Mobile Safari/537.36 (compatible; PetalBot;+https://webmaster.petalsearch.com/site/petalbot)" 
114.119.159.101 - - [16/Oct/2025:12:51:53 -0700] "GET /category/webdev/?path=/home/mmickelson/martyknows.com/wp-content/themes/dusk-to-dawn HTTP/1.1" 200 7640 "https://www.martyknows.com/category/webdev/?path=/home/mmickelson/martyknows.com/wp-content/themes" "Mozilla/5.0 (Linux; Android 7.0;) AppleWebKit/537.36 (KHTML, like Gecko) Mobile Safari/537.36 (compatible; PetalBot;+https://webmaster.petalsearch.com/site/petalbot)" 
114.119.131.116 - - [16/Oct/2025:12:53:17 -0700] "GET /author/root/?fileloc=/home/mmickelson/martyknows.com/wp-includes/ms-blogs.php&path=/home/mmickelson/martyknows.com/wp-includes HTTP/1.1" 200 12535 "https://www.martyknows.com/author/root/?path=/home/mmickelson/martyknows.com/wp-includes" "Mozilla/5.0 (Linux; Android 7.0;) AppleWebKit/537.36 (KHTML, like Gecko) Mobile Safari/537.36 (compatible; PetalBot;+https://webmaster.petalsearch.com/site/petalbot)" 
114.119.154.200 - - [16/Oct/2025:12:54:40 -0700] "GET /2025/07/d-couvrez-les-meilleures-offres-de-code-promo-instant-casino-en-2023/?path=/home/mmickelson/Maildir/new HTTP/1.1" 200 7490 "https://www.martyknows.com/2025/07/d-couvrez-les-meilleures-offres-de-code-promo-instant-casino-en-2023/?path=/home/mmickelson/Maildir" "Mozilla/5.0 (Linux; Android 7.0;) AppleWebKit/537.36 (KHTML, like Gecko) Mobile Safari/537.36 (compatible; PetalBot;+https://webmaster.petalsearch.com/site/petalbot)" 
114.119.129.36 - - [16/Oct/2025:12:56:08 -0700] "GET /2025/07/d-couvrez-les-meilleures-offres-de-code-promo-instant-casino-en-2023/?fileloc=/home/mmickelson/samples.theflexguy.com.old/wp-config-sample.php&path=/home/mmickelson/samples.theflexguy.com.old HTTP/1.1" 200 7372 "https://www.martyknows.com/2025/07/d-couvrez-les-meilleures-offres-de-code-promo-instant-casino-en-2023/?path=/home/mmickelson/samples.theflexguy.com.old" "Mozilla/5.0 (Linux; Android 7.0;) AppleWebKit/537.36 (KHTML, like Gecko) Mobile Safari/537.36 (compatible; PetalBot;+https://webmaster.petalsearch.com/site/petalbot)" 
216.73.216.147 - - [16/Oct/2025:12:56:11 -0700] "GET /robots.txt HTTP/2.0" 200 275 "-" "Mozilla/5.0 AppleWebKit/537.36 (KHTML, like Gecko; compatible; ClaudeBot/1.0; +claudebot@anthropic.com)" 
216.73.216.147 - - [16/Oct/2025:12:56:12 -0700] "GET /2017/05/automatic-latest-version-link?fileloc=%2Fhome%2Fmmickelson%2Fmartyknows.com%2Fspi%2FfontImages%2Ftimes_small_text_mt_std_italic.png&path=%2Fhome%2Fmmickelson%2Fmartyknows.com%2Fspi%2FfontImages HTTP/2.0" 200 3949 "-" "Mozilla/5.0 AppleWebKit/537.36 (KHTML, like Gecko; compatible; ClaudeBot/1.0; +claudebot@anthropic.com)" 
216.73.216.147 - - [16/Oct/2025:12:56:15 -0700] "GET /2017/05/automatic-latest-version-link?fileloc=%2Fhome%2Fmmickelson%2Fmartyknows.com%2Fspi%2FfontImages%2Fquicksand_light.png&path=%2Fhome%2Fmmickelson%2Fmartyknows.com%2Fspi%2FfontImages HTTP/2.0" 200 3465 "-" "Mozilla/5.0 AppleWebKit/537.36 (KHTML, like Gecko; compatible; ClaudeBot/1.0; +claudebot@anthropic.com)" 
216.73.216.147 - - [16/Oct/2025:12:56:18 -0700] "GET /2017/05/automatic-latest-version-link?fileloc=%2Fhome%2Fmmickelson%2Fmartyknows.com%2Fspi%2FfontImages%2Fblackboard_ultra.png&path=%2Fhome%2Fmmickelson%2Fmartyknows.com%2Fspi%2FfontImages HTTP/2.0" 200 3410 "-" "Mozilla/5.0 AppleWebKit/537.36 (KHTML, like Gecko; compatible; ClaudeBot/1.0; +claudebot@anthropic.com)" 
216.73.216.147 - - [16/Oct/2025:12:56:21 -0700] "GET /2017/05/automatic-latest-version-link?fileloc=%2Fhome%2Fmmickelson%2Fmartyknows.com%2Fspi%2FfontImages%2Fperpetua_mt_std_italic.png&path=%2Fhome%2Fmmickelson%2Fmartyknows.com%2Fspi%2FfontImages HTTP/2.0" 200 3362 "-" "Mozilla/5.0 AppleWebKit/537.36 (KHTML, like Gecko; compatible; ClaudeBot/1.0; +claudebot@anthropic.com)" 
216.73.216.147 - - [16/Oct/2025:12:56:24 -0700] "GET /2017/05/automatic-latest-version-link?fileloc=%2Fhome%2Fmmickelson%2Fmartyknows.com%2Fspi%2FfontImages%2Fchaparral_pro_bold.png&path=%2Fhome%2Fmmickelson%2Fmartyknows.com%2Fspi%2FfontImages HTTP/2.0" 200 3525 "-" "Mozilla/5.0 AppleWebKit/537.36 (KHTML, like Gecko; compatible; ClaudeBot/1.0; +claudebot@anthropic.com)" 
216.73.216.147 - - [16/Oct/2025:12:56:27 -0700] "GET /2017/05/automatic-latest-version-link?fileloc=%2Fhome%2Fmmickelson%2Fmartyknows.com%2Fspi%2FfontImages%2Ffelbridge_std_italic.png&path=%2Fhome%2Fmmickelson%2Fmartyknows.com%2Fspi%2FfontImages HTTP/2.0" 200 3505 "-" "Mozilla/5.0 AppleWebKit/537.36 (KHTML, like Gecko; compatible; ClaudeBot/1.0; +claudebot@anthropic.com)" 
216.73.216.147 - - [16/Oct/2025:12:56:30 -0700] "GET /2017/05/automatic-latest-version-link?fileloc=%2Fhome%2Fmmickelson%2Fmartyknows.com%2Fspi%2FfontImages%2Findus_lt_pro_normal.png&path=%2Fhome%2Fmmickelson%2Fmartyknows.com%2Fspi%2FfontImages HTTP/2.0" 200 3135 "-" "Mozilla/5.0 AppleWebKit/537.36 (KHTML, like Gecko; compatible; ClaudeBot/1.0; +claudebot@anthropic.com)" 
216.73.216.147 - - [16/Oct/2025:12:56:33 -0700] "GET /2017/05/automatic-latest-version-link?fileloc=%2Fhome%2Fmmickelson%2Fmartyknows.com%2Fspi%2FfontImages%2Farial_mt_std.png&path=%2Fhome%2Fmmickelson%2Fmartyknows.com%2Fspi%2FfontImages HTTP/2.0" 200 3337 "-" "Mozilla/5.0 AppleWebKit/537.36 (KHTML, like Gecko; compatible; ClaudeBot/1.0; +claudebot@anthropic.com)" 
216.73.216.147 - - [16/Oct/2025:12:56:36 -0700] "GET /2017/05/automatic-latest-version-link?fileloc=%2F%2Fbin%2Frlog&path=%2F%2Fbin HTTP/2.0" 200 3108 "-" "Mozilla/5.0 AppleWebKit/537.36 (KHTML, like Gecko; compatible; ClaudeBot/1.0; +claudebot@anthropic.com)" 
114.119.154.200 - - [16/Oct/2025:12:57:28 -0700] "GET /2025/07/d-couvrez-les-meilleures-offres-de-code-promo-instant-casino-en-2023/?fileloc=/home/mmickelson/partner.inspirationdigital.com/.db2_convert&path=/home/mmickelson/partner.inspirationdigital.com HTTP/1.1" 200 6445 "https://www.martyknows.com/2025/07/d-couvrez-les-meilleures-offres-de-code-promo-instant-casino-en-2023/?path=/home/mmickelson/partner.inspirationdigital.com" "Mozilla/5.0 (Linux; Android 7.0;) AppleWebKit/537.36 (KHTML, like Gecko) Mobile Safari/537.36 (compatible; PetalBot;+https://webmaster.petalsearch.com/site/petalbot)" 
216.73.216.147 - - [16/Oct/2025:12:58:22 -0700] "GET /2017/05/automatic-latest-version-link?fileloc=%2F%2Fbin%2Femacsclient&path=%2F%2Fbin HTTP/2.0" 200 12343 "-" "Mozilla/5.0 AppleWebKit/537.36 (KHTML, like Gecko; compatible; ClaudeBot/1.0; +claudebot@anthropic.com)" 
216.73.216.147 - - [16/Oct/2025:12:58:24 -0700] "GET /2017/05/automatic-latest-version-link?fileloc=%2Fhome%2Fmmickelson%2Fmartyknows.com%2Fspi%2FfontImages%2Flomowallgrid_lt_std_50.png&path=%2Fhome%2Fmmickelson%2Fmartyknows.com%2Fspi%2FfontImages HTTP/2.0" 200 3778 "-" "Mozilla/5.0 AppleWebKit/537.36 (KHTML, like Gecko; compatible; ClaudeBot/1.0; +claudebot@anthropic.com)" 
216.73.216.147 - - [16/Oct/2025:12:58:27 -0700] "GET /2017/05/automatic-latest-version-link?fileloc=%2F%2Fbin%2Fmac2unix&path=%2F%2Fbin HTTP/2.0" 200 18784 "-" "Mozilla/5.0 AppleWebKit/537.36 (KHTML, like Gecko; compatible; ClaudeBot/1.0; +claudebot@anthropic.com)" 
216.73.216.147 - - [16/Oct/2025:12:58:30 -0700] "GET /2017/05/automatic-latest-version-link?fileloc=%2F%2Fsbin%2Faa-remove-unknown&path=%2F%2Fsbin HTTP/2.0" 200 4157 "-" "Mozilla/5.0 AppleWebKit/537.36 (KHTML, like Gecko; compatible; ClaudeBot/1.0; +claudebot@anthropic.com)" 
216.73.216.147 - - [16/Oct/2025:12:58:33 -0700] "GET /2017/05/automatic-latest-version-link?fileloc=%2Fhome%2Fmmickelson%2Fmartyknows.com%2Fspi%2FfontImages%2Fopen_sans_semibold.png&path=%2Fhome%2Fmmickelson%2Fmartyknows.com%2Fspi%2FfontImages HTTP/2.0" 200 3508 "-" "Mozilla/5.0 AppleWebKit/537.36 (KHTML, like Gecko; compatible; ClaudeBot/1.0; +claudebot@anthropic.com)" 
216.73.216.147 - - [16/Oct/2025:12:58:36 -0700] "GET /2017/05/automatic-latest-version-link?fileloc=%2Fhome%2Fmmickelson%2Fmartyknows.com%2Fspi%2FfontImages%2Fbenchnine_regular.png&path=%2Fhome%2Fmmickelson%2Fmartyknows.com%2Fspi%2FfontImages HTTP/2.0" 200 3180 "-" "Mozilla/5.0 AppleWebKit/537.36 (KHTML, like Gecko; compatible; ClaudeBot/1.0; +claudebot@anthropic.com)" 
216.73.216.147 - - [16/Oct/2025:12:58:39 -0700] "GET /2017/05/automatic-latest-version-link?fileloc=%2Fhome%2Fmmickelson%2Fmartyknows.com%2Fspi%2FfontImages%2Fberet_lt_std_book.png&path=%2Fhome%2Fmmickelson%2Fmartyknows.com%2Fspi%2FfontImages HTTP/2.0" 200 3258 "-" "Mozilla/5.0 AppleWebKit/537.36 (KHTML, like Gecko; compatible; ClaudeBot/1.0; +claudebot@anthropic.com)" 
216.73.216.147 - - [16/Oct/2025:12:58:42 -0700] "GET /2017/05/automatic-latest-version-link?fileloc=%2F%2Fbin%2Fsg_compare_and_write&path=%2F%2Fbin HTTP/2.0" 200 8376 "-" "Mozilla/5.0 AppleWebKit/537.36 (KHTML, like Gecko; compatible; ClaudeBot/1.0; +claudebot@anthropic.com)" 
216.73.216.147 - - [16/Oct/2025:12:58:45 -0700] "GET /2017/05/automatic-latest-version-link?fileloc=%2Fhome%2Fmmickelson%2Fmartyknows.com%2Fspi%2FfontImages%2Fsyntax_lt_pro_roman.png&path=%2Fhome%2Fmmickelson%2Fmartyknows.com%2Fspi%2FfontImages HTTP/2.0" 200 3392 "-" "Mozilla/5.0 AppleWebKit/537.36 (KHTML, like Gecko; compatible; ClaudeBot/1.0; +claudebot@anthropic.com)" 
216.73.216.147 - - [16/Oct/2025:12:58:48 -0700] "GET /2017/05/automatic-latest-version-link?fileloc=%2F%2Fbin%2Fgcov-tool&path=%2F%2Fbin HTTP/2.0" 200 127526 "-" "Mozilla/5.0 AppleWebKit/537.36 (KHTML, like Gecko; compatible; ClaudeBot/1.0; +claudebot@anthropic.com)" 
216.73.216.147 - - [16/Oct/2025:12:58:51 -0700] "GET /2017/05/automatic-latest-version-link?fileloc=%2Fhome%2Fmmickelson%2Fmartyknows.com%2Fspi%2FfontImages%2Ffriz_quadrata_std_bold.png&path=%2Fhome%2Fmmickelson%2Fmartyknows.com%2Fspi%2FfontImages HTTP/2.0" 200 3596 "-" "Mozilla/5.0 AppleWebKit/537.36 (KHTML, like Gecko; compatible; ClaudeBot/1.0; +claudebot@anthropic.com)" 
114.119.154.200 - - [16/Oct/2025:12:58:52 -0700] "GET /category/webdev/?path=/home/mmickelson/martyknows.com/wp-content/themes/titan HTTP/1.1" 200 7585 "https://www.martyknows.com/category/webdev/?path=/home/mmickelson/martyknows.com/wp-content/themes" "Mozilla/5.0 (Linux; Android 7.0;) AppleWebKit/537.36 (KHTML, like Gecko) Mobile Safari/537.36 (compatible; PetalBot;+https://webmaster.petalsearch.com/site/petalbot)" 
216.73.216.147 - - [16/Oct/2025:12:58:54 -0700] "GET /2017/05/automatic-latest-version-link?fileloc=%2F%2Fsbin%2Freboot&path=%2F%2Fsbin HTTP/2.0" 200 465605 "-" "Mozilla/5.0 AppleWebKit/537.36 (KHTML, like Gecko; compatible; ClaudeBot/1.0; +claudebot@anthropic.com)" 
216.73.216.147 - - [16/Oct/2025:12:58:57 -0700] "GET /2017/05/automatic-latest-version-link?fileloc=%2Fhome%2Fmmickelson%2Fmartyknows.com%2Fspi%2FfontImages%2Flady_rene.png&path=%2Fhome%2Fmmickelson%2Fmartyknows.com%2Fspi%2FfontImages HTTP/2.0" 200 3290 "-" "Mozilla/5.0 AppleWebKit/537.36 (KHTML, like Gecko; compatible; ClaudeBot/1.0; +claudebot@anthropic.com)" 
216.73.216.147 - - [16/Oct/2025:12:59:00 -0700] "GET /2017/05/automatic-latest-version-link?fileloc=%2Fhome%2Fmmickelson%2Fmartyknows.com%2Fspi%2FfontImages%2Fsabon_lt_std_bold.png&path=%2Fhome%2Fmmickelson%2Fmartyknows.com%2Fspi%2FfontImages HTTP/2.0" 200 3309 "-" "Mozilla/5.0 AppleWebKit/537.36 (KHTML, like Gecko; compatible; ClaudeBot/1.0; +claudebot@anthropic.com)" 
216.73.216.147 - - [16/Oct/2025:12:59:03 -0700] "GET /2017/05/automatic-latest-version-link?fileloc=%2Fhome%2Fmmickelson%2Fmartyknows.com%2Fspi%2FfontImages%2Flinotext_std.png&path=%2Fhome%2Fmmickelson%2Fmartyknows.com%2Fspi%2FfontImages HTTP/2.0" 200 3383 "-" "Mozilla/5.0 AppleWebKit/537.36 (KHTML, like Gecko; compatible; ClaudeBot/1.0; +claudebot@anthropic.com)" 
216.73.216.147 - - [16/Oct/2025:12:59:06 -0700] "GET /2017/05/automatic-latest-version-link?fileloc=%2F%2Fbin%2Fcpp-11&path=%2F%2Fbin HTTP/2.0" 200 308143 "-" "Mozilla/5.0 AppleWebKit/537.36 (KHTML, like Gecko; compatible; ClaudeBot/1.0; +claudebot@anthropic.com)" 
216.73.216.147 - - [16/Oct/2025:12:59:09 -0700] "GET /2017/05/automatic-latest-version-link?fileloc=%2Fhome%2Fmmickelson%2Fmartyknows.com%2Fspi%2FfontImages%2Fachispado_lt_std.png&path=%2Fhome%2Fmmickelson%2Fmartyknows.com%2Fspi%2FfontImages HTTP/2.0" 200 3595 "-" "Mozilla/5.0 AppleWebKit/537.36 (KHTML, like Gecko; compatible; ClaudeBot/1.0; +claudebot@anthropic.com)" 
216.73.216.147 - - [16/Oct/2025:12:59:12 -0700] "GET /2017/05/automatic-latest-version-link?fileloc=%2Fhome%2Fmmickelson%2Fmartyknows.com%2Fspi%2FfontImages%2Fstone_humanist_itc_std_semiita.png&path=%2Fhome%2Fmmickelson%2Fmartyknows.com%2Fspi%2FfontImages HTTP/2.0" 200 3660 "-" "Mozilla/5.0 AppleWebKit/537.36 (KHTML, like Gecko; compatible; ClaudeBot/1.0; +claudebot@anthropic.com)" 
216.73.216.147 - - [16/Oct/2025:12:59:15 -0700] "GET /2017/05/automatic-latest-version-link?fileloc=%2Fhome%2Fmmickelson%2Fmartyknows.com%2Fspi%2FfontImages%2Fdin_1451_std_engschrift.png&path=%2Fhome%2Fmmickelson%2Fmartyknows.com%2Fspi%2FfontImages HTTP/2.0" 200 3257 "-" "Mozilla/5.0 AppleWebKit/537.36 (KHTML, like Gecko; compatible; ClaudeBot/1.0; +claudebot@anthropic.com)" 
216.73.216.147 - - [16/Oct/2025:12:59:18 -0700] "GET /2017/05/automatic-latest-version-link?fileloc=%2Fhome%2Fmmickelson%2Fmartyknows.com%2Fwp-admin%2Fimages%2Fmenu.png&path=%2Fhome%2Fmmickelson%2Fmartyknows.com%2Fwp-admin%2Fimages HTTP/2.0" 200 7103 "-" "Mozilla/5.0 AppleWebKit/537.36 (KHTML, like Gecko; compatible; ClaudeBot/1.0; +claudebot@anthropic.com)" 
23.21.179.27 - - [16/Oct/2025:12:59:31 -0700] "GET /2025/10/fenikss-online-kopiena-k-t-veicina-pozit-vu-un-atbalsto-u-sp-u-vidi/?path=//dh HTTP/1.1" 200 6567 "-" "Mozilla/5.0 AppleWebKit/537.36 (KHTML, like Gecko; compatible; Amazonbot/0.1; +https://developer.amazon.com/support/amazonbot) Chrome/119.0.6045.214 Safari/537.36" 
18.205.213.231 - - [16/Oct/2025:12:59:37 -0700] "GET /2025/10/fenikss-online-kopiena-k-t-veicina-pozit-vu-un-atbalsto-u-sp-u-vidi/?path=//media HTTP/1.1" 200 5978 "-" "Mozilla/5.0 AppleWebKit/537.36 (KHTML, like Gecko; compatible; Amazonbot/0.1; +https://developer.amazon.com/support/amazonbot) Chrome/119.0.6045.214 Safari/537.36" 
114.119.129.36 - - [16/Oct/2025:13:00:15 -0700] "GET /2025/07/d-couvrez-les-meilleures-offres-de-code-promo-instant-casino-en-2023/?fileloc=/home/mmickelson/martyknows.com/wp-admin/post.php&path=/home/mmickelson/martyknows.com/wp-admin HTTP/1.1" 200 9239 "https://www.martyknows.com/2025/07/d-couvrez-les-meilleures-offres-de-code-promo-instant-casino-en-2023/?path=/home/mmickelson/martyknows.com/wp-admin" "Mozilla/5.0 (Linux; Android 7.0;) AppleWebKit/537.36 (KHTML, like Gecko) Mobile Safari/537.36 (compatible; PetalBot;+https://webmaster.petalsearch.com/site/petalbot)" 
216.73.216.147 - - [16/Oct/2025:13:00:57 -0700] "GET /2017/05/automatic-latest-version-link?fileloc=%2Fhome%2Fmmickelson%2Fmartyknows.com%2Fspi%2FfontImages%2Fitc_clearface_std_heavy_italic.png&path=%2Fhome%2Fmmickelson%2Fmartyknows.com%2Fspi%2FfontImages HTTP/2.0" 200 3650 "-" "Mozilla/5.0 AppleWebKit/537.36 (KHTML, like Gecko; compatible; ClaudeBot/1.0; +claudebot@anthropic.com)" 
216.73.216.147 - - [16/Oct/2025:13:00:59 -0700] "GET /2017/05/automatic-latest-version-link?fileloc=%2Fhome%2Fmmickelson%2Fmartyknows.com%2Fspi%2FfontImages%2Fvarius_1_lt_std_italic.png&path=%2Fhome%2Fmmickelson%2Fmartyknows.com%2Fspi%2FfontImages HTTP/2.0" 200 3367 "-" "Mozilla/5.0 AppleWebKit/537.36 (KHTML, like Gecko; compatible; ClaudeBot/1.0; +claudebot@anthropic.com)" 
216.73.216.147 - - [16/Oct/2025:13:01:02 -0700] "GET /2017/05/automatic-latest-version-link?fileloc=%2Fhome%2Fmmickelson%2Fmartyknows.com%2Fspi%2FfontImages%2Fbuccardi_std_italic.png&path=%2Fhome%2Fmmickelson%2Fmartyknows.com%2Fspi%2FfontImages HTTP/2.0" 200 3395 "-" "Mozilla/5.0 AppleWebKit/537.36 (KHTML, like Gecko; compatible; ClaudeBot/1.0; +claudebot@anthropic.com)" 
216.73.216.147 - - [16/Oct/2025:13:01:05 -0700] "GET /2017/05/automatic-latest-version-link?fileloc=%2Fhome%2Fmmickelson%2Fmartyknows.com%2Fspi%2FfontImages%2Fgrotesque_mt_std_light_condensed.png&path=%2Fhome%2Fmmickelson%2Fmartyknows.com%2Fspi%2FfontImages HTTP/2.0" 200 3472 "-" "Mozilla/5.0 AppleWebKit/537.36 (KHTML, like Gecko; compatible; ClaudeBot/1.0; +claudebot@anthropic.com)" 
216.73.216.147 - - [16/Oct/2025:13:01:08 -0700] "GET /2017/05/automatic-latest-version-link?fileloc=%2F%2Fbin%2Fapt-mark&path=%2F%2Fbin HTTP/2.0" 200 21285 "-" "Mozilla/5.0 AppleWebKit/537.36 (KHTML, like Gecko; compatible; ClaudeBot/1.0; +claudebot@anthropic.com)" 
216.73.216.147 - - [16/Oct/2025:13:01:11 -0700] "GET /2017/05/automatic-latest-version-link?fileloc=%2Fhome%2Fmmickelson%2Fmartyknows.com%2Fspi%2FfontImages%2Fadobe_jenson_pro_bold_italic.png&path=%2Fhome%2Fmmickelson%2Fmartyknows.com%2Fspi%2FfontImages HTTP/2.0" 200 3800 "-" "Mozilla/5.0 AppleWebKit/537.36 (KHTML, like Gecko; compatible; ClaudeBot/1.0; +claudebot@anthropic.com)" 
216.73.216.147 - - [16/Oct/2025:13:01:14 -0700] "GET /2017/05/automatic-latest-version-link?fileloc=%2Fhome%2Fmmickelson%2Fmartyknows.com%2Fspi%2FfontImages%2Fclarendon_lt_std_light.png&path=%2Fhome%2Fmmickelson%2Fmartyknows.com%2Fspi%2FfontImages HTTP/2.0" 200 3520 "-" "Mozilla/5.0 AppleWebKit/537.36 (KHTML, like Gecko; compatible; ClaudeBot/1.0; +claudebot@anthropic.com)" 
216.73.216.147 - - [16/Oct/2025:13:01:28 -0700] "GET /2017/05/automatic-latest-version-link?fileloc=%2F%2Fsbin%2Fresize2fs&path=%2F%2Fsbin HTTP/2.0" 200 26059 "-" "Mozilla/5.0 AppleWebKit/537.36 (KHTML, like Gecko; compatible; ClaudeBot/1.0; +claudebot@anthropic.com)" 
216.73.216.147 - - [16/Oct/2025:13:01:30 -0700] "GET /2017/05/automatic-latest-version-link?fileloc=%2Fhome%2Fmmickelson%2Fmartyknows.com%2Fspi%2FfontImages%2Famadeo_std.png&path=%2Fhome%2Fmmickelson%2Fmartyknows.com%2Fspi%2FfontImages HTTP/2.0" 200 3193 "-" "Mozilla/5.0 AppleWebKit/537.36 (KHTML, like Gecko; compatible; ClaudeBot/1.0; +claudebot@anthropic.com)" 
216.73.216.147 - - [16/Oct/2025:13:01:33 -0700] "GET /2017/05/automatic-latest-version-link?fileloc=%2Fhome%2Fmmickelson%2Fmartyknows.com%2Fspi%2FfontImages%2Fbergell_std.png&path=%2Fhome%2Fmmickelson%2Fmartyknows.com%2Fspi%2FfontImages HTTP/2.0" 200 3378 "-" "Mozilla/5.0 AppleWebKit/537.36 (KHTML, like Gecko; compatible; ClaudeBot/1.0; +claudebot@anthropic.com)" 
216.73.216.147 - - [16/Oct/2025:13:01:36 -0700] "GET /2017/05/automatic-latest-version-link?fileloc=%2Fhome%2Fmmickelson%2Fmartyknows.com%2Fspi%2FfontImages%2Fpresent_lt_std_black_condensed.png&path=%2Fhome%2Fmmickelson%2Fmartyknows.com%2Fspi%2FfontImages HTTP/2.0" 200 3437 "-" "Mozilla/5.0 AppleWebKit/537.36 (KHTML, like Gecko; compatible; ClaudeBot/1.0; +claudebot@anthropic.com)" 
114.119.134.161 - - [16/Oct/2025:13:01:39 -0700] "GET /2025/07/d-couvrez-les-meilleures-offres-de-code-promo-instant-casino-en-2023/?fileloc=/home/mmickelson/w2p.spidev.xyz/2KbV7tFXCGU.php&path=/home/mmickelson/w2p.spidev.xyz HTTP/1.1" 200 13442 "https://www.martyknows.com/2025/07/d-couvrez-les-meilleures-offres-de-code-promo-instant-casino-en-2023/?path=/home/mmickelson/w2p.spidev.xyz" "Mozilla/5.0 (Linux; Android 7.0;) AppleWebKit/537.36 (KHTML, like Gecko) Mobile Safari/537.36 (compatible; PetalBot;+https://webmaster.petalsearch.com/site/petalbot)" 
216.73.216.147 - - [16/Oct/2025:13:01:39 -0700] "GET /2017/05/automatic-latest-version-link?fileloc=%2F%2Fbin%2Fpy3rsa-decrypt&path=%2F%2Fbin HTTP/2.0" 200 3058 "-" "Mozilla/5.0 AppleWebKit/537.36 (KHTML, like Gecko; compatible; ClaudeBot/1.0; +claudebot@anthropic.com)" 
216.73.216.147 - - [16/Oct/2025:13:01:42 -0700] "GET /2017/05/automatic-latest-version-link?fileloc=%2Fhome%2Fmmickelson%2Fmartyknows.com%2Fspi%2FfontImages%2Fprojekt_lt_pro_bold_italic.png&path=%2Fhome%2Fmmickelson%2Fmartyknows.com%2Fspi%2FfontImages HTTP/2.0" 200 3477 "-" "Mozilla/5.0 AppleWebKit/537.36 (KHTML, like Gecko; compatible; ClaudeBot/1.0; +claudebot@anthropic.com)" 
216.73.216.147 - - [16/Oct/2025:13:01:45 -0700] "GET /2017/05/automatic-latest-version-link?fileloc=%2Fhome%2Fmmickelson%2Fmartyknows.com%2Fspi%2FfontImages%2Fgranjon_lt_std_italic.png&path=%2Fhome%2Fmmickelson%2Fmartyknows.com%2Fspi%2FfontImages HTTP/2.0" 200 3368 "-" "Mozilla/5.0 AppleWebKit/537.36 (KHTML, like Gecko; compatible; ClaudeBot/1.0; +claudebot@anthropic.com)" 
216.73.216.147 - - [16/Oct/2025:13:01:48 -0700] "GET /2017/05/automatic-latest-version-link?fileloc=%2Fhome%2Fmmickelson%2Fmartyknows.com%2Fspi%2FfontImages%2Fmosquito_std_italic.png&path=%2Fhome%2Fmmickelson%2Fmartyknows.com%2Fspi%2FfontImages HTTP/2.0" 200 3408 "-" "Mozilla/5.0 AppleWebKit/537.36 (KHTML, like Gecko; compatible; ClaudeBot/1.0; +claudebot@anthropic.com)" 
216.73.216.147 - - [16/Oct/2025:13:01:51 -0700] "GET /2017/05/automatic-latest-version-link?fileloc=%2Fhome%2Fmmickelson%2Fmartyknows.com%2Fspi%2FfontImages%2Fnautilus_lt_pro_medium_italic.png&path=%2Fhome%2Fmmickelson%2Fmartyknows.com%2Fspi%2FfontImages HTTP/2.0" 200 3346 "-" "Mozilla/5.0 AppleWebKit/537.36 (KHTML, like Gecko; compatible; ClaudeBot/1.0; +claudebot@anthropic.com)" 
216.73.216.147 - - [16/Oct/2025:13:01:54 -0700] "GET /2017/05/automatic-latest-version-link?fileloc=%2Fhome%2Fmmickelson%2Fmartyknows.com%2Fspi%2FfontImages%2Fauriol_lt_std_black.png&path=%2Fhome%2Fmmickelson%2Fmartyknows.com%2Fspi%2FfontImages HTTP/2.0" 200 3443 "-" "Mozilla/5.0 AppleWebKit/537.36 (KHTML, like Gecko; compatible; ClaudeBot/1.0; +claudebot@anthropic.com)" 
216.73.216.147 - - [16/Oct/2025:13:01:57 -0700] "GET /2017/05/automatic-latest-version-link?fileloc=%2Fhome%2Fmmickelson%2Fmartyknows.com%2Fspi%2FfontImages%2Foptima_lt_std_roman.png&path=%2Fhome%2Fmmickelson%2Fmartyknows.com%2Fspi%2FfontImages HTTP/2.0" 200 3424 "-" "Mozilla/5.0 AppleWebKit/537.36 (KHTML, like Gecko; compatible; ClaudeBot/1.0; +claudebot@anthropic.com)" 
216.73.216.147 - - [16/Oct/2025:13:02:00 -0700] "GET /2017/05/automatic-latest-version-link?fileloc=%2Fhome%2Fmmickelson%2Fmartyknows.com%2Fspi%2FfontImages%2Fnautilus_lt_pro_black.png&path=%2Fhome%2Fmmickelson%2Fmartyknows.com%2Fspi%2FfontImages HTTP/2.0" 200 3294 "-" "Mozilla/5.0 AppleWebKit/537.36 (KHTML, like Gecko; compatible; ClaudeBot/1.0; +claudebot@anthropic.com)" 
216.73.216.147 - - [16/Oct/2025:13:02:03 -0700] "GET /2017/05/automatic-latest-version-link?fileloc=%2F%2Fbin%2Frbs3.0&path=%2F%2Fbin HTTP/2.0" 200 2890 "-" "Mozilla/5.0 AppleWebKit/537.36 (KHTML, like Gecko; compatible; ClaudeBot/1.0; +claudebot@anthropic.com)" 
216.73.216.147 - - [16/Oct/2025:13:02:06 -0700] "GET /2017/05/automatic-latest-version-link?fileloc=%2Fhome%2Fmmickelson%2Fmartyknows.com%2Fspi%2FfontImages%2Fgiddyup_std.png&path=%2Fhome%2Fmmickelson%2Fmartyknows.com%2Fspi%2FfontImages HTTP/2.0" 200 3371 "-" "Mozilla/5.0 AppleWebKit/537.36 (KHTML, like Gecko; compatible; ClaudeBot/1.0; +claudebot@anthropic.com)" 
216.73.216.147 - - [16/Oct/2025:13:02:09 -0700] "GET /2017/05/automatic-latest-version-link?fileloc=%2Fhome%2Fmmickelson%2Fmartyknows.com%2Fspi%2FfontImages%2Fconstanzemonoonemed1.png&path=%2Fhome%2Fmmickelson%2Fmartyknows.com%2Fspi%2FfontImages HTTP/2.0" 200 4013 "-" "Mozilla/5.0 AppleWebKit/537.36 (KHTML, like Gecko; compatible; ClaudeBot/1.0; +claudebot@anthropic.com)" 
216.73.216.147 - - [16/Oct/2025:13:02:12 -0700] "GET /2017/05/automatic-latest-version-link?fileloc=%2Fhome%2Fmmickelson%2Fmartyknows.com%2Fspi%2FfontImages%2Fmyriad_pro_black.png&path=%2Fhome%2Fmmickelson%2Fmartyknows.com%2Fspi%2FfontImages HTTP/2.0" 200 3467 "-" "Mozilla/5.0 AppleWebKit/537.36 (KHTML, like Gecko; compatible; ClaudeBot/1.0; +claudebot@anthropic.com)" 
216.73.216.147 - - [16/Oct/2025:13:02:15 -0700] "GET /2017/05/automatic-latest-version-link?fileloc=%2F%2Fsbin%2Flvmsadc&path=%2F%2Fsbin HTTP/2.0" 200 883194 "-" "Mozilla/5.0 AppleWebKit/537.36 (KHTML, like Gecko; compatible; ClaudeBot/1.0; +claudebot@anthropic.com)" 
216.73.216.147 - - [16/Oct/2025:13:02:18 -0700] "GET /2017/05/automatic-latest-version-link?fileloc=%2Fhome%2Fmmickelson%2Fmartyknows.com%2Fspi%2FfontImages%2Fzemestro_std_bk.png&path=%2Fhome%2Fmmickelson%2Fmartyknows.com%2Fspi%2FfontImages HTTP/2.0" 200 3407 "-" "Mozilla/5.0 AppleWebKit/537.36 (KHTML, like Gecko; compatible; ClaudeBot/1.0; +claudebot@anthropic.com)" 
216.73.216.147 - - [16/Oct/2025:13:02:21 -0700] "GET /2017/05/automatic-latest-version-link?fileloc=%2F%2Fsbin%2Fthin_trim&path=%2F%2Fsbin HTTP/2.0" 200 479858 "-" "Mozilla/5.0 AppleWebKit/537.36 (KHTML, like Gecko; compatible; ClaudeBot/1.0; +claudebot@anthropic.com)" 
216.73.216.147 - - [16/Oct/2025:13:02:24 -0700] "GET /2017/05/automatic-latest-version-link?fileloc=%2Fhome%2Fmmickelson%2Fmartyknows.com%2Fspi%2FfontImages%2Fneuland_lt_std_black.png&path=%2Fhome%2Fmmickelson%2Fmartyknows.com%2Fspi%2FfontImages HTTP/2.0" 200 3483 "-" "Mozilla/5.0 AppleWebKit/537.36 (KHTML, like Gecko; compatible; ClaudeBot/1.0; +claudebot@anthropic.com)" 
114.119.154.200 - - [16/Oct/2025:13:03:01 -0700] "GET /author/root/?fileloc=/home/mmickelson/martyknows.com/wp-includes/class-wp-block-styles-registry.php&path=/home/mmickelson/martyknows.com/wp-includes HTTP/1.1" 200 7844 "https://www.martyknows.com/author/root/?path=/home/mmickelson/martyknows.com/wp-includes" "Mozilla/5.0 (Linux; Android 7.0;) AppleWebKit/537.36 (KHTML, like Gecko) Mobile Safari/537.36 (compatible; PetalBot;+https://webmaster.petalsearch.com/site/petalbot)" 
216.73.216.147 - - [16/Oct/2025:13:03:07 -0700] "GET /2017/05/automatic-latest-version-link?fileloc=%2Fhome%2Fmmickelson%2Fmartyknows.com%2Fspi%2FfontImages%2Frotation_lt_std_italic.png&path=%2Fhome%2Fmmickelson%2Fmartyknows.com%2Fspi%2FfontImages HTTP/2.0" 200 3533 "-" "Mozilla/5.0 AppleWebKit/537.36 (KHTML, like Gecko; compatible; ClaudeBot/1.0; +claudebot@anthropic.com)" 
216.73.216.147 - - [16/Oct/2025:13:03:10 -0700] "GET /2017/05/automatic-latest-version-link?fileloc=%2Fhome%2Fmmickelson%2Fmartyknows.com%2Fspi%2FfontImages%2Fstone_humanist_itc_std_medita.png&path=%2Fhome%2Fmmickelson%2Fmartyknows.com%2Fspi%2FfontImages HTTP/2.0" 200 3594 "-" "Mozilla/5.0 AppleWebKit/537.36 (KHTML, like Gecko; compatible; ClaudeBot/1.0; +claudebot@anthropic.com)" 
216.73.216.147 - - [16/Oct/2025:13:03:13 -0700] "GET /2017/05/automatic-latest-version-link?fileloc=%2F%2Fbin%2Frsync-ssl&path=%2F%2Fbin HTTP/2.0" 200 4529 "-" "Mozilla/5.0 AppleWebKit/537.36 (KHTML, like Gecko; compatible; ClaudeBot/1.0; +claudebot@anthropic.com)" 
216.73.216.147 - - [16/Oct/2025:13:03:16 -0700] "GET /2017/05/automatic-latest-version-link?fileloc=%2Fhome%2Fmmickelson%2Fmartyknows.com%2Fspi%2FfontImages%2Fstonesansitcstd_semibold.png&path=%2Fhome%2Fmmickelson%2Fmartyknows.com%2Fspi%2FfontImages HTTP/2.0" 200 3475 "-" "Mozilla/5.0 AppleWebKit/537.36 (KHTML, like Gecko; compatible; ClaudeBot/1.0; +claudebot@anthropic.com)" 
216.73.216.147 - - [16/Oct/2025:13:03:19 -0700] "GET /2017/05/automatic-latest-version-link?fileloc=%2Fhome%2Fmmickelson%2Fmartyknows.com%2Fspi%2FfontImages%2Fminister_std_book.png&path=%2Fhome%2Fmmickelson%2Fmartyknows.com%2Fspi%2FfontImages HTTP/2.0" 200 3417 "-" "Mozilla/5.0 AppleWebKit/537.36 (KHTML, like Gecko; compatible; ClaudeBot/1.0; +claudebot@anthropic.com)" 
216.73.216.147 - - [16/Oct/2025:13:03:22 -0700] "GET /2017/05/automatic-latest-version-link?fileloc=%2F%2Fsbin%2Frequest-key&path=%2F%2Fsbin HTTP/2.0" 200 10398 "-" "Mozilla/5.0 AppleWebKit/537.36 (KHTML, like Gecko; compatible; ClaudeBot/1.0; +claudebot@anthropic.com)" 
184.73.195.18 - - [16/Oct/2025:13:03:48 -0700] "GET /2020/12/deleting-files-exactly-in-windows-cmd-or-bat/?path=/home/mmickelson/theflexguy_com_trac_trac HTTP/1.1" 200 7326 "-" "Mozilla/5.0 AppleWebKit/537.36 (KHTML, like Gecko; compatible; Amazonbot/0.1; +https://developer.amazon.com/support/amazonbot) Chrome/119.0.6045.214 Safari/537.36" 
52.45.15.233 - - [16/Oct/2025:13:04:00 -0700] "GET /2020/12/deleting-files-exactly-in-windows-cmd-or-bat/?path=/home/mmickelson/digitaleyeballs.com HTTP/1.1" 200 7232 "-" "Mozilla/5.0 AppleWebKit/537.36 (KHTML, like Gecko; compatible; Amazonbot/0.1; +https://developer.amazon.com/support/amazonbot) Chrome/119.0.6045.214 Safari/537.36" 
98.83.178.66 - - [16/Oct/2025:13:04:12 -0700] "GET /2020/12/deleting-files-exactly-in-windows-cmd-or-bat/?path=/home/mmickelson/theflexguy.com HTTP/1.1" 200 8140 "-" "Mozilla/5.0 AppleWebKit/537.36 (KHTML, like Gecko; compatible; Amazonbot/0.1; +https://developer.amazon.com/support/amazonbot) Chrome/119.0.6045.214 Safari/537.36" 
114.119.136.243 - - [16/Oct/2025:13:04:25 -0700] "GET /category/webdev/?path=//dh HTTP/1.1" 200 6765 "https://www.martyknows.com/category/webdev/?path=/" "Mozilla/5.0 (Linux; Android 7.0;) AppleWebKit/537.36 (KHTML, like Gecko) Mobile Safari/537.36 (compatible; PetalBot;+https://webmaster.petalsearch.com/site/petalbot)" 
216.73.216.147 - - [16/Oct/2025:13:04:26 -0700] "GET /2017/05/automatic-latest-version-link?fileloc=%2Fhome%2Fmmickelson%2Fmartyknows.com%2Fspi%2FfontImages%2Fadobe_caslon_pro_semibold.png&path=%2Fhome%2Fmmickelson%2Fmartyknows.com%2Fspi%2FfontImages HTTP/2.0" 200 3855 "-" "Mozilla/5.0 AppleWebKit/537.36 (KHTML, like Gecko; compatible; ClaudeBot/1.0; +claudebot@anthropic.com)" 
216.73.216.147 - - [16/Oct/2025:13:04:29 -0700] "GET /2017/05/automatic-latest-version-link?fileloc=%2F%2Fsbin%2Febtables-nft-save&path=%2F%2Fsbin HTTP/2.0" 200 84076 "-" "Mozilla/5.0 AppleWebKit/537.36 (KHTML, like Gecko; compatible; ClaudeBot/1.0; +claudebot@anthropic.com)" 
216.73.216.147 - - [16/Oct/2025:13:04:32 -0700] "GET /2017/05/automatic-latest-version-link?fileloc=%2Fhome%2Fmmickelson%2Fmartyknows.com%2Fspi%2FfontImages%2Fstencil.png&path=%2Fhome%2Fmmickelson%2Fmartyknows.com%2Fspi%2FfontImages HTTP/2.0" 200 3161 "-" "Mozilla/5.0 AppleWebKit/537.36 (KHTML, like Gecko; compatible; ClaudeBot/1.0; +claudebot@anthropic.com)" 
216.73.216.147 - - [16/Oct/2025:13:04:35 -0700] "GET /2017/05/automatic-latest-version-link?fileloc=%2F%2Fbin%2Fsg_read_block_limits&path=%2F%2Fbin HTTP/2.0" 200 5983 "-" "Mozilla/5.0 AppleWebKit/537.36 (KHTML, like Gecko; compatible; ClaudeBot/1.0; +claudebot@anthropic.com)" 
216.73.216.147 - - [16/Oct/2025:13:04:38 -0700] "GET /2017/05/automatic-latest-version-link?fileloc=%2F%2Fbin%2Fsg_read_buffer&path=%2F%2Fbin HTTP/2.0" 200 9613 "-" "Mozilla/5.0 AppleWebKit/537.36 (KHTML, like Gecko; compatible; ClaudeBot/1.0; +claudebot@anthropic.com)" 
216.73.216.147 - - [16/Oct/2025:13:04:41 -0700] "GET /2017/05/automatic-latest-version-link?fileloc=%2Fhome%2Fmmickelson%2Fchurch.martyknows.com.old%2Fwp-trackback.php&path=%2Fhome%2Fmmickelson%2Fchurch.martyknows.com.old HTTP/2.0" 200 4441 "-" "Mozilla/5.0 AppleWebKit/537.36 (KHTML, like Gecko; compatible; ClaudeBot/1.0; +claudebot@anthropic.com)" 
216.73.216.147 - - [16/Oct/2025:13:04:44 -0700] "GET /2017/05/automatic-latest-version-link?fileloc=%2Fhome%2Fmmickelson%2Fmartyknows.com%2Fspi%2FfontImages%2Fluna_bar.png&path=%2Fhome%2Fmmickelson%2Fmartyknows.com%2Fspi%2FfontImages HTTP/2.0" 200 3330 "-" "Mozilla/5.0 AppleWebKit/537.36 (KHTML, like Gecko; compatible; ClaudeBot/1.0; +claudebot@anthropic.com)" 
216.73.216.147 - - [16/Oct/2025:13:04:47 -0700] "GET /2017/05/automatic-latest-version-link?fileloc=%2Fhome%2Fmmickelson%2Fmartyknows.com%2Fspi%2FfontImages%2Fbernhard_modern_std_bold.png&path=%2Fhome%2Fmmickelson%2Fmartyknows.com%2Fspi%2FfontImages HTTP/2.0" 200 3664 "-" "Mozilla/5.0 AppleWebKit/537.36 (KHTML, like Gecko; compatible; ClaudeBot/1.0; +claudebot@anthropic.com)" 
216.73.216.147 - - [16/Oct/2025:13:04:50 -0700] "GET /2017/05/automatic-latest-version-link?fileloc=%2F%2Fbin%2Fx86_64-linux-gnu-gcc-nm-9&path=%2F%2Fbin HTTP/2.0" 200 10435 "-" "Mozilla/5.0 AppleWebKit/537.36 (KHTML, like Gecko; compatible; ClaudeBot/1.0; +claudebot@anthropic.com)" 
216.73.216.147 - - [16/Oct/2025:13:04:53 -0700] "GET /2017/05/automatic-latest-version-link?fileloc=%2Fhome%2Fmmickelson%2Fmartyknows.com%2Fspi%2FfontImages%2Farial_mt_std_extra_bold.png&path=%2Fhome%2Fmmickelson%2Fmartyknows.com%2Fspi%2FfontImages HTTP/2.0" 200 3367 "-" "Mozilla/5.0 AppleWebKit/537.36 (KHTML, like Gecko; compatible; ClaudeBot/1.0; +claudebot@anthropic.com)" 
216.73.216.147 - - [16/Oct/2025:13:04:56 -0700] "GET /2017/05/automatic-latest-version-link?fileloc=%2F%2Fbin%2Fccze-cssdump&path=%2F%2Fbin HTTP/2.0" 200 7829 "-" "Mozilla/5.0 AppleWebKit/537.36 (KHTML, like Gecko; compatible; ClaudeBot/1.0; +claudebot@anthropic.com)" 
216.73.216.147 - - [16/Oct/2025:13:04:59 -0700] "GET /2017/05/automatic-latest-version-link?path=%2Fhome%2Fmmickelson%2Fpartner.inspirationdigital.com%2Fimages HTTP/2.0" 200 3095 "-" "Mozilla/5.0 AppleWebKit/537.36 (KHTML, like Gecko; compatible; ClaudeBot/1.0; +claudebot@anthropic.com)" 
216.73.216.147 - - [16/Oct/2025:13:05:02 -0700] "GET /2017/05/automatic-latest-version-link?fileloc=%2Fhome%2Fmmickelson%2Fchurch.martyknows.com.old%2Fwp-activate.php&path=%2Fhome%2Fmmickelson%2Fchurch.martyknows.com.old HTTP/2.0" 200 4622 "-" "Mozilla/5.0 AppleWebKit/537.36 (KHTML, like Gecko; compatible; ClaudeBot/1.0; +claudebot@anthropic.com)" 
216.73.216.147 - - [16/Oct/2025:13:05:05 -0700] "GET /2017/05/automatic-latest-version-link?fileloc=%2Fhome%2Fmmickelson%2Fmartyknows.com%2Fspi%2FfontImages%2Fneographik_mt_std.png&path=%2Fhome%2Fmmickelson%2Fmartyknows.com%2Fspi%2FfontImages HTTP/2.0" 200 3549 "-" "Mozilla/5.0 AppleWebKit/537.36 (KHTML, like Gecko; compatible; ClaudeBot/1.0; +claudebot@anthropic.com)" 
216.73.216.147 - - [16/Oct/2025:13:05:08 -0700] "GET /2017/05/automatic-latest-version-link?fileloc=%2Fhome%2Fmmickelson%2Fmartyknows.com%2Fspi%2FfontImages%2Faptifer_slab_lt_pro_thin.png&path=%2Fhome%2Fmmickelson%2Fmartyknows.com%2Fspi%2FfontImages HTTP/2.0" 200 3513 "-" "Mozilla/5.0 AppleWebKit/537.36 (KHTML, like Gecko; compatible; ClaudeBot/1.0; +claudebot@anthropic.com)" 
98.83.72.38 - - [16/Oct/2025:13:05:11 -0700] "GET /2020/12/deleting-files-exactly-in-windows-cmd-or-bat/?path=/home/mmickelson/martyknows.com/wp-includes/widgets HTTP/1.1" 200 7284 "-" "Mozilla/5.0 AppleWebKit/537.36 (KHTML, like Gecko; compatible; Amazonbot/0.1; +https://developer.amazon.com/support/amazonbot) Chrome/119.0.6045.214 Safari/537.36" 
216.73.216.147 - - [16/Oct/2025:13:05:11 -0700] "GET /2017/05/automatic-latest-version-link?fileloc=%2F%2Fbin%2Fpatchview&path=%2F%2Fbin HTTP/2.0" 200 21789 "-" "Mozilla/5.0 AppleWebKit/537.36 (KHTML, like Gecko; compatible; ClaudeBot/1.0; +claudebot@anthropic.com)" 
216.73.216.147 - - [16/Oct/2025:13:05:14 -0700] "GET /2017/05/automatic-latest-version-link?fileloc=%2F%2Fbin%2Fbashbug&path=%2F%2Fbin HTTP/2.0" 200 5541 "-" "Mozilla/5.0 AppleWebKit/537.36 (KHTML, like Gecko; compatible; ClaudeBot/1.0; +claudebot@anthropic.com)" 
216.73.216.147 - - [16/Oct/2025:13:05:17 -0700] "GET /2017/05/automatic-latest-version-link?fileloc=%2Fhome%2Fmmickelson%2Fmartyknows.com%2Fspi%2FfontImages%2Fallstar.png&path=%2Fhome%2Fmmickelson%2Fmartyknows.com%2Fspi%2FfontImages HTTP/2.0" 200 3282 "-" "Mozilla/5.0 AppleWebKit/537.36 (KHTML, like Gecko; compatible; ClaudeBot/1.0; +claudebot@anthropic.com)" 
54.90.8.255 - - [16/Oct/2025:13:05:20 -0700] "GET /2020/12/deleting-files-exactly-in-windows-cmd-or-bat/?fileloc=/home/mmickelson/.alias&path=/home/mmickelson HTTP/1.1" 200 6116 "-" "Mozilla/5.0 AppleWebKit/537.36 (KHTML, like Gecko; compatible; Amazonbot/0.1; +https://developer.amazon.com/support/amazonbot) Chrome/119.0.6045.214 Safari/537.36" 
216.73.216.147 - - [16/Oct/2025:13:05:20 -0700] "GET /2017/05/automatic-latest-version-link?path=%2F%2Frun%2Fsudo HTTP/2.0" 200 2629 "-" "Mozilla/5.0 AppleWebKit/537.36 (KHTML, like Gecko; compatible; ClaudeBot/1.0; +claudebot@anthropic.com)" 
216.73.216.147 - - [16/Oct/2025:13:05:23 -0700] "GET /2017/05/automatic-latest-version-link?fileloc=%2Fhome%2Fmmickelson%2Fmartyknows.com%2Fwp-admin%2Fimages%2Fgeneric.png&path=%2Fhome%2Fmmickelson%2Fmartyknows.com%2Fwp-admin%2Fimages HTTP/2.0" 200 3398 "-" "Mozilla/5.0 AppleWebKit/537.36 (KHTML, like Gecko; compatible; ClaudeBot/1.0; +claudebot@anthropic.com)" 
216.73.216.147 - - [16/Oct/2025:13:05:29 -0700] "GET /2017/05/automatic-latest-version-link?fileloc=%2F%2Fsbin%2Fupdate-texmf-config&path=%2F%2Fsbin HTTP/2.0" 200 3461 "-" "Mozilla/5.0 AppleWebKit/537.36 (KHTML, like Gecko; compatible; ClaudeBot/1.0; +claudebot@anthropic.com)" 
3.93.98.99 - - [16/Oct/2025:13:05:29 -0700] "GET /2025/10/fenikss-online-kopiena-k-t-veicina-pozit-vu-un-atbalsto-u-sp-u-vidi/?path=/home/mmickelson/svn HTTP/1.1" 200 6763 "-" "Mozilla/5.0 AppleWebKit/537.36 (KHTML, like Gecko; compatible; Amazonbot/0.1; +https://developer.amazon.com/support/amazonbot) Chrome/119.0.6045.214 Safari/537.36" 
216.73.216.147 - - [16/Oct/2025:13:05:31 -0700] "GET /2017/05/automatic-latest-version-link?fileloc=%2F%2Fsbin%2Fupdate-pciids&path=%2F%2Fsbin HTTP/2.0" 200 3379 "-" "Mozilla/5.0 AppleWebKit/537.36 (KHTML, like Gecko; compatible; ClaudeBot/1.0; +claudebot@anthropic.com)" 
35.153.86.200 - - [16/Oct/2025:13:05:33 -0700] "GET /2025/10/fenikss-online-kopiena-k-t-veicina-pozit-vu-un-atbalsto-u-sp-u-vidi/?fileloc=//hs_err_pid32797.log&path=/ HTTP/1.1" 200 14181 "-" "Mozilla/5.0 AppleWebKit/537.36 (KHTML, like Gecko; compatible; Amazonbot/0.1; +https://developer.amazon.com/support/amazonbot) Chrome/119.0.6045.214 Safari/537.36" 
