File: /home/mmickelson/logs/martyknows.com/https/access.log.2025-10-15
114.119.159.101 - - [15/Oct/2025:01:12:06 -0700] "GET /2025/08/5gringos-casino-2/?fileloc=/home/mmickelson/martyknows.com/wp-includes/class-wp-block-template.php&path=/home/mmickelson/martyknows.com/wp-includes HTTP/1.1" 200 6768 "https://www.martyknows.com/2025/08/5gringos-casino-2/?path=/home/mmickelson/martyknows.com/wp-includes" "Mozilla/5.0 (Linux; Android 7.0;) AppleWebKit/537.36 (KHTML, like Gecko) Mobile Safari/537.36 (compatible; PetalBot;+https://webmaster.petalsearch.com/site/petalbot)"
114.119.136.243 - - [15/Oct/2025:01:13:31 -0700] "GET /2025/08/5gringos-casino-2/?fileloc=/home/mmickelson/martyknows.com/wp-includes/script-modules.php&path=/home/mmickelson/martyknows.com/wp-includes HTTP/1.1" 200 7903 "https://www.martyknows.com/2025/08/5gringos-casino-2/?path=/home/mmickelson/martyknows.com/wp-includes" "Mozilla/5.0 (Linux; Android 7.0;) AppleWebKit/537.36 (KHTML, like Gecko) Mobile Safari/537.36 (compatible; PetalBot;+https://webmaster.petalsearch.com/site/petalbot)"
114.119.154.200 - - [15/Oct/2025:01:14:55 -0700] "GET /2025/08/5gringos-casino-2/?fileloc=/home/mmickelson/martyknows.com/wp-includes/class-wp-token-map.php&path=/home/mmickelson/martyknows.com/wp-includes HTTP/1.1" 200 14411 "https://www.martyknows.com/2025/08/5gringos-casino-2/?path=/home/mmickelson/martyknows.com/wp-includes" "Mozilla/5.0 (Linux; Android 7.0;) AppleWebKit/537.36 (KHTML, like Gecko) Mobile Safari/537.36 (compatible; PetalBot;+https://webmaster.petalsearch.com/site/petalbot)"
198.244.168.68 - - [15/Oct/2025:01:15:24 -0700] "GET /index.php?path=/home/mmickelson/martyknows.com/projects HTTP/2.0" 200 3126 "-" "Mozilla/5.0 (compatible; AhrefsBot/7.0; +http://ahrefs.com/robot/)"
114.119.154.200 - - [15/Oct/2025:01:16:17 -0700] "GET /2025/08/5gringos-casino-2/?fileloc=/home/mmickelson/martyknows.com/wp-includes/class-wp-ajax-response.php&path=/home/mmickelson/martyknows.com/wp-includes HTTP/1.1" 200 7989 "https://www.martyknows.com/2025/08/5gringos-casino-2/?path=/home/mmickelson/martyknows.com/wp-includes" "Mozilla/5.0 (Linux; Android 7.0;) AppleWebKit/537.36 (KHTML, like Gecko) Mobile Safari/537.36 (compatible; PetalBot;+https://webmaster.petalsearch.com/site/petalbot)"
114.119.139.70 - - [15/Oct/2025:01:17:40 -0700] "GET /2025/08/5gringos-casino-2/?path=/home/mmickelson/martyknows.com/wp-includes/blocks HTTP/1.1" 200 13168 "https://www.martyknows.com/2025/08/5gringos-casino-2/?path=/home/mmickelson/martyknows.com/wp-includes" "Mozilla/5.0 (Linux; Android 7.0;) AppleWebKit/537.36 (KHTML, like Gecko) Mobile Safari/537.36 (compatible; PetalBot;+https://webmaster.petalsearch.com/site/petalbot)"
114.119.131.116 - - [15/Oct/2025:01:19:05 -0700] "GET /nostalgic-entertainment-system/?path=/home/mmickelson HTTP/1.1" 200 9008 "https://www.martyknows.com/nostalgic-entertainment-system/" "Mozilla/5.0 (Linux; Android 7.0;) AppleWebKit/537.36 (KHTML, like Gecko) Mobile Safari/537.36 (compatible; PetalBot;+https://webmaster.petalsearch.com/site/petalbot)"
114.119.129.36 - - [15/Oct/2025:01:20:28 -0700] "GET /nostalgic-entertainment-system/?fileloc=/home/mmickelson/martyknows.com/index.php&path=/home/mmickelson/martyknows.com HTTP/1.1" 200 15784 "https://www.martyknows.com/nostalgic-entertainment-system/" "Mozilla/5.0 (Linux; Android 7.0;) AppleWebKit/537.36 (KHTML, like Gecko) Mobile Safari/537.36 (compatible; PetalBot;+https://webmaster.petalsearch.com/site/petalbot)"
114.119.138.194 - - [15/Oct/2025:01:21:53 -0700] "GET /2025/08/5gringos-casino-2/?fileloc=/home/mmickelson/martyknows.com/wp-includes/load.php&path=/home/mmickelson/martyknows.com/wp-includes HTTP/1.1" 200 22048 "https://www.martyknows.com/2025/08/5gringos-casino-2/?path=/home/mmickelson/martyknows.com/wp-includes" "Mozilla/5.0 (Linux; Android 7.0;) AppleWebKit/537.36 (KHTML, like Gecko) Mobile Safari/537.36 (compatible; PetalBot;+https://webmaster.petalsearch.com/site/petalbot)"
114.119.131.116 - - [15/Oct/2025:01:23:15 -0700] "GET /2025/08/5gringos-casino-2/?fileloc=/home/mmickelson/martyknows.com/wp-includes/class.wp-dependencies.php&path=/home/mmickelson/martyknows.com/wp-includes HTTP/1.1" 200 6341 "https://www.martyknows.com/2025/08/5gringos-casino-2/?path=/home/mmickelson/martyknows.com/wp-includes" "Mozilla/5.0 (Linux; Android 7.0;) AppleWebKit/537.36 (KHTML, like Gecko) Mobile Safari/537.36 (compatible; PetalBot;+https://webmaster.petalsearch.com/site/petalbot)"
114.119.139.70 - - [15/Oct/2025:01:24:40 -0700] "GET /2025/08/5gringos-casino-2/?path=/home/mmickelson/martyknows.com/wp-includes/rest-api HTTP/1.1" 200 6868 "https://www.martyknows.com/2025/08/5gringos-casino-2/?path=/home/mmickelson/martyknows.com/wp-includes" "Mozilla/5.0 (Linux; Android 7.0;) AppleWebKit/537.36 (KHTML, like Gecko) Mobile Safari/537.36 (compatible; PetalBot;+https://webmaster.petalsearch.com/site/petalbot)"
114.119.136.243 - - [15/Oct/2025:01:26:03 -0700] "GET /2025/08/5gringos-casino-2/?fileloc=/home/mmickelson/martyknows.com/wp-includes/wp-db.php&path=/home/mmickelson/martyknows.com/wp-includes HTTP/1.1" 200 6405 "https://www.martyknows.com/2025/08/5gringos-casino-2/?path=/home/mmickelson/martyknows.com/wp-includes" "Mozilla/5.0 (Linux; Android 7.0;) AppleWebKit/537.36 (KHTML, like Gecko) Mobile Safari/537.36 (compatible; PetalBot;+https://webmaster.petalsearch.com/site/petalbot)"
114.119.136.243 - - [15/Oct/2025:01:27:26 -0700] "GET /2025/08/5gringos-casino-2/?fileloc=/home/mmickelson/martyknows.com/wp-includes/theme-templates.php&path=/home/mmickelson/martyknows.com/wp-includes HTTP/1.1" 200 8498 "https://www.martyknows.com/2025/08/5gringos-casino-2/?path=/home/mmickelson/martyknows.com/wp-includes" "Mozilla/5.0 (Linux; Android 7.0;) AppleWebKit/537.36 (KHTML, like Gecko) Mobile Safari/537.36 (compatible; PetalBot;+https://webmaster.petalsearch.com/site/petalbot)"
114.119.129.36 - - [15/Oct/2025:01:28:49 -0700] "GET /2025/08/5gringos-casino-2/?fileloc=/home/mmickelson/martyknows.com/wp-includes/rewrite.php&path=/home/mmickelson/martyknows.com/wp-includes HTTP/1.1" 200 12233 "https://www.martyknows.com/2025/08/5gringos-casino-2/?path=/home/mmickelson/martyknows.com/wp-includes" "Mozilla/5.0 (Linux; Android 7.0;) AppleWebKit/537.36 (KHTML, like Gecko) Mobile Safari/537.36 (compatible; PetalBot;+https://webmaster.petalsearch.com/site/petalbot)"
114.119.134.161 - - [15/Oct/2025:01:30:14 -0700] "GET /2025/08/5gringos-casino-2/?fileloc=/home/mmickelson/martyknows.com/wp-includes/class-wp-recovery-mode-email-service.php&path=/home/mmickelson/martyknows.com/wp-includes HTTP/1.1" 200 9712 "https://www.martyknows.com/2025/08/5gringos-casino-2/?path=/home/mmickelson/martyknows.com/wp-includes" "Mozilla/5.0 (Linux; Android 7.0;) AppleWebKit/537.36 (KHTML, like Gecko) Mobile Safari/537.36 (compatible; PetalBot;+https://webmaster.petalsearch.com/site/petalbot)"
114.119.138.194 - - [15/Oct/2025:01:31:36 -0700] "GET /2025/08/5gringos-casino-2/?fileloc=/home/mmickelson/martyknows.com/wp-includes/class-wp-plugin-dependencies.php&path=/home/mmickelson/martyknows.com/wp-includes HTTP/1.1" 200 11483 "https://www.martyknows.com/2025/08/5gringos-casino-2/?path=/home/mmickelson/martyknows.com/wp-includes" "Mozilla/5.0 (Linux; Android 7.0;) AppleWebKit/537.36 (KHTML, like Gecko) Mobile Safari/537.36 (compatible; PetalBot;+https://webmaster.petalsearch.com/site/petalbot)"
114.119.154.200 - - [15/Oct/2025:01:33:01 -0700] "GET /2025/08/5gringos-casino-2/?fileloc=/home/mmickelson/martyknows.com/wp-includes/theme.json&path=/home/mmickelson/martyknows.com/wp-includes HTTP/1.1" 200 8561 "https://www.martyknows.com/2025/08/5gringos-casino-2/?path=/home/mmickelson/martyknows.com/wp-includes" "Mozilla/5.0 (Linux; Android 7.0;) AppleWebKit/537.36 (KHTML, like Gecko) Mobile Safari/537.36 (compatible; PetalBot;+https://webmaster.petalsearch.com/site/petalbot)"
114.119.159.101 - - [15/Oct/2025:01:34:25 -0700] "GET /2025/08/5gringos-casino-2/?fileloc=/home/mmickelson/martyknows.com/wp-includes/class-wp-oembed-controller.php&path=/home/mmickelson/martyknows.com/wp-includes HTTP/1.1" 200 8325 "https://www.martyknows.com/2025/08/5gringos-casino-2/?path=/home/mmickelson/martyknows.com/wp-includes" "Mozilla/5.0 (Linux; Android 7.0;) AppleWebKit/537.36 (KHTML, like Gecko) Mobile Safari/537.36 (compatible; PetalBot;+https://webmaster.petalsearch.com/site/petalbot)"
114.119.139.70 - - [15/Oct/2025:01:35:48 -0700] "GET /2025/08/5gringos-casino-2/?fileloc=/home/mmickelson/martyknows.com/wp-includes/class-wp-list-util.php&path=/home/mmickelson/martyknows.com/wp-includes HTTP/1.1" 200 8372 "https://www.martyknows.com/2025/08/5gringos-casino-2/?path=/home/mmickelson/martyknows.com/wp-includes" "Mozilla/5.0 (Linux; Android 7.0;) AppleWebKit/537.36 (KHTML, like Gecko) Mobile Safari/537.36 (compatible; PetalBot;+https://webmaster.petalsearch.com/site/petalbot)"
114.119.134.161 - - [15/Oct/2025:01:37:12 -0700] "GET /2025/08/5gringos-casino-2/?fileloc=/home/mmickelson/martyknows.com/wp-includes/class-wp-date-query.php&path=/home/mmickelson/martyknows.com/wp-includes HTTP/1.1" 200 15224 "https://www.martyknows.com/2025/08/5gringos-casino-2/?path=/home/mmickelson/martyknows.com/wp-includes" "Mozilla/5.0 (Linux; Android 7.0;) AppleWebKit/537.36 (KHTML, like Gecko) Mobile Safari/537.36 (compatible; PetalBot;+https://webmaster.petalsearch.com/site/petalbot)"
114.119.129.36 - - [15/Oct/2025:01:38:36 -0700] "GET /category/webdev/?path=/home/mmickelson/martyknows.com/wp-includes HTTP/1.1" 200 18731 "https://www.martyknows.com/category/webdev/?path=/home/mmickelson/martyknows.com" "Mozilla/5.0 (Linux; Android 7.0;) AppleWebKit/537.36 (KHTML, like Gecko) Mobile Safari/537.36 (compatible; PetalBot;+https://webmaster.petalsearch.com/site/petalbot)"
114.119.136.243 - - [15/Oct/2025:01:40:00 -0700] "GET /category/webdev/?fileloc=/home/mmickelson/martyknows.com/wp-comments-post.php&path=/home/mmickelson/martyknows.com HTTP/1.1" 200 7240 "https://www.martyknows.com/category/webdev/?path=/home/mmickelson/martyknows.com" "Mozilla/5.0 (Linux; Android 7.0;) AppleWebKit/537.36 (KHTML, like Gecko) Mobile Safari/537.36 (compatible; PetalBot;+https://webmaster.petalsearch.com/site/petalbot)"
3.93.98.99 - - [15/Oct/2025:01:40:44 -0700] "GET /2025/10/fenikss-online-kopiena-k-t-veicina-pozit-vu-un-atbalsto-u-sp-u-vidi/?path=/home/mmickelson/martyknows.com/backup HTTP/1.1" 200 6369 "-" "Mozilla/5.0 AppleWebKit/537.36 (KHTML, like Gecko; compatible; Amazonbot/0.1; +https://developer.amazon.com/support/amazonbot) Chrome/119.0.6045.214 Safari/537.36"
18.209.201.119 - - [15/Oct/2025:01:41:07 -0700] "GET /2025/10/fenikss-online-kopiena-k-t-veicina-pozit-vu-un-atbalsto-u-sp-u-vidi/?fileloc=/home/mmickelson/martyknows.com/wp-load.php&path=/home/mmickelson/martyknows.com HTTP/1.1" 200 7730 "-" "Mozilla/5.0 AppleWebKit/537.36 (KHTML, like Gecko; compatible; Amazonbot/0.1; +https://developer.amazon.com/support/amazonbot) Chrome/119.0.6045.214 Safari/537.36"
114.119.129.36 - - [15/Oct/2025:01:41:24 -0700] "GET /category/webdev/?fileloc=/home/mmickelson/martyknows.com/readme.html&path=/home/mmickelson/martyknows.com HTTP/1.1" 200 9215 "https://www.martyknows.com/category/webdev/?path=/home/mmickelson/martyknows.com" "Mozilla/5.0 (Linux; Android 7.0;) AppleWebKit/537.36 (KHTML, like Gecko) Mobile Safari/537.36 (compatible; PetalBot;+https://webmaster.petalsearch.com/site/petalbot)"
114.119.139.70 - - [15/Oct/2025:01:42:46 -0700] "GET /category/uncategorized/ HTTP/1.1" 200 7842 "https://www.martyknows.com/2025/08/strategi-jitu-memanfaatkan-apk-rp888-casino-untuk-pemain-profesional/" "Mozilla/5.0 (Linux; Android 7.0;) AppleWebKit/537.36 (KHTML, like Gecko) Mobile Safari/537.36 (compatible; PetalBot;+https://webmaster.petalsearch.com/site/petalbot)"
196.251.85.248 - - [15/Oct/2025:01:43:42 -0700] "GET / HTTP/1.1" 301 3781 "-" "Mozilla/5.0 (Macintosh; Intel Mac OS X 10_8_4) AppleWebKit/536.30.1 (KHTML, like Gecko) Version/6.0.5 Safari/536.30.1"
196.251.85.248 - - [15/Oct/2025:01:43:43 -0700] "GET / HTTP/1.1" 200 7842 "-" "Mozilla/5.0 (Macintosh; Intel Mac OS X 10_8_4) AppleWebKit/536.30.1 (KHTML, like Gecko) Version/6.0.5 Safari/536.30.1"
196.251.85.248 - - [15/Oct/2025:01:43:44 -0700] "GET /?path=/ HTTP/1.1" 301 3795 "-" "Mozilla/5.0 (Macintosh; Intel Mac OS X 10_8_4) AppleWebKit/536.30.1 (KHTML, like Gecko) Version/6.0.5 Safari/536.30.1"
196.251.85.248 - - [15/Oct/2025:01:43:45 -0700] "GET /?path=/ HTTP/1.1" 200 7638 "-" "Mozilla/5.0 (Macintosh; Intel Mac OS X 10_8_4) AppleWebKit/536.30.1 (KHTML, like Gecko) Version/6.0.5 Safari/536.30.1"
196.251.85.248 - - [15/Oct/2025:01:43:46 -0700] "GET /?path=/home HTTP/1.1" 301 3803 "-" "Mozilla/5.0 (Macintosh; Intel Mac OS X 10_8_4) AppleWebKit/536.30.1 (KHTML, like Gecko) Version/6.0.5 Safari/536.30.1"
196.251.85.248 - - [15/Oct/2025:01:43:46 -0700] "GET /?path=/home HTTP/1.1" 200 6175 "-" "Mozilla/5.0 (Macintosh; Intel Mac OS X 10_8_4) AppleWebKit/536.30.1 (KHTML, like Gecko) Version/6.0.5 Safari/536.30.1"
196.251.85.248 - - [15/Oct/2025:01:43:47 -0700] "GET /?path=/home/mmickelson HTTP/1.1" 301 3825 "-" "Mozilla/5.0 (Macintosh; Intel Mac OS X 10_8_4) AppleWebKit/536.30.1 (KHTML, like Gecko) Version/6.0.5 Safari/536.30.1"
196.251.85.248 - - [15/Oct/2025:01:43:48 -0700] "GET /?path=/home/mmickelson HTTP/1.1" 200 9008 "-" "Mozilla/5.0 (Macintosh; Intel Mac OS X 10_8_4) AppleWebKit/536.30.1 (KHTML, like Gecko) Version/6.0.5 Safari/536.30.1"
196.251.85.248 - - [15/Oct/2025:01:43:49 -0700] "GET /?path=/home/mmickelson/martyknows.com HTTP/1.1" 301 3855 "-" "Mozilla/5.0 (Macintosh; Intel Mac OS X 10_8_4) AppleWebKit/536.30.1 (KHTML, like Gecko) Version/6.0.5 Safari/536.30.1"
196.251.85.248 - - [15/Oct/2025:01:43:50 -0700] "GET /?path=/home/mmickelson/martyknows.com HTTP/1.1" 200 7842 "-" "Mozilla/5.0 (Macintosh; Intel Mac OS X 10_8_4) AppleWebKit/536.30.1 (KHTML, like Gecko) Version/6.0.5 Safari/536.30.1"
196.251.85.248 - - [15/Oct/2025:01:43:51 -0700] "GET /?path=/home/mmickelson/martyknows.com/.dh-diag HTTP/1.1" 301 3873 "-" "Mozilla/5.0 (Macintosh; Intel Mac OS X 10_8_4) AppleWebKit/536.30.1 (KHTML, like Gecko) Version/6.0.5 Safari/536.30.1"
196.251.85.248 - - [15/Oct/2025:01:43:51 -0700] "GET /?path=/home/mmickelson/martyknows.com/.dh-diag HTTP/1.1" 200 6494 "-" "Mozilla/5.0 (Macintosh; Intel Mac OS X 10_8_4) AppleWebKit/536.30.1 (KHTML, like Gecko) Version/6.0.5 Safari/536.30.1"
196.251.85.248 - - [15/Oct/2025:01:43:52 -0700] "GET /?path=/home/mmickelson/martyknows.com/.well-known HTTP/1.1" 301 3879 "-" "Mozilla/5.0 (Macintosh; Intel Mac OS X 10_8_4) AppleWebKit/536.30.1 (KHTML, like Gecko) Version/6.0.5 Safari/536.30.1"
196.251.85.248 - - [15/Oct/2025:01:43:53 -0700] "GET /?path=/home/mmickelson/martyknows.com/.well-known HTTP/1.1" 200 6581 "-" "Mozilla/5.0 (Macintosh; Intel Mac OS X 10_8_4) AppleWebKit/536.30.1 (KHTML, like Gecko) Version/6.0.5 Safari/536.30.1"
196.251.85.248 - - [15/Oct/2025:01:43:54 -0700] "GET /?path=/home/mmickelson/martyknows.com/backup HTTP/1.1" 301 3869 "-" "Mozilla/5.0 (Macintosh; Intel Mac OS X 10_8_4) AppleWebKit/536.30.1 (KHTML, like Gecko) Version/6.0.5 Safari/536.30.1"
196.251.85.248 - - [15/Oct/2025:01:43:54 -0700] "GET /?path=/home/mmickelson/martyknows.com/backup HTTP/1.1" 200 6567 "-" "Mozilla/5.0 (Macintosh; Intel Mac OS X 10_8_4) AppleWebKit/536.30.1 (KHTML, like Gecko) Version/6.0.5 Safari/536.30.1"
196.251.85.248 - - [15/Oct/2025:01:43:55 -0700] "GET /?path=/home/mmickelson/martyknows.com/images HTTP/1.1" 301 3869 "-" "Mozilla/5.0 (Macintosh; Intel Mac OS X 10_8_4) AppleWebKit/536.30.1 (KHTML, like Gecko) Version/6.0.5 Safari/536.30.1"
196.251.85.248 - - [15/Oct/2025:01:43:56 -0700] "GET /?path=/home/mmickelson/martyknows.com/images HTTP/1.1" 200 6638 "-" "Mozilla/5.0 (Macintosh; Intel Mac OS X 10_8_4) AppleWebKit/536.30.1 (KHTML, like Gecko) Version/6.0.5 Safari/536.30.1"
196.251.85.248 - - [15/Oct/2025:01:43:56 -0700] "GET /?path=/home/mmickelson/martyknows.com/projects HTTP/1.1" 301 3873 "-" "Mozilla/5.0 (Macintosh; Intel Mac OS X 10_8_4) AppleWebKit/536.30.1 (KHTML, like Gecko) Version/6.0.5 Safari/536.30.1"
196.251.85.248 - - [15/Oct/2025:01:43:57 -0700] "GET /?path=/home/mmickelson/martyknows.com/projects HTTP/1.1" 200 6626 "-" "Mozilla/5.0 (Macintosh; Intel Mac OS X 10_8_4) AppleWebKit/536.30.1 (KHTML, like Gecko) Version/6.0.5 Safari/536.30.1"
114.119.159.101 - - [15/Oct/2025:01:44:10 -0700] "GET /2025/08/5gringos-casino-2/?path=/ HTTP/1.1" 200 7638 "https://www.martyknows.com/2025/08/5gringos-casino-2/?fileloc=/home/mmickelson/martyknows.com/wp-settings.php&path=/home/mmickelson/martyknows.com" "Mozilla/5.0 (Linux; Android 7.0;) AppleWebKit/537.36 (KHTML, like Gecko) Mobile Safari/537.36 (compatible; PetalBot;+https://webmaster.petalsearch.com/site/petalbot)"
66.33.200.4 - - [15/Oct/2025:01:45:13 -0700] "GET / HTTP/1.1" 301 3762 "-" "DreamHost Data Team (+http://www.dreamhost.com/support/)"
66.33.200.4 - - [15/Oct/2025:01:45:16 -0700] "GET / HTTP/1.1" 200 7835 "-" "DreamHost Data Team (+http://www.dreamhost.com/support/)"
114.119.136.243 - - [15/Oct/2025:01:45:34 -0700] "GET /2025/08/5gringos-casino-2/?fileloc=/home/mmickelson/martyknows.com/wp-includes/sitemaps.php&path=/home/mmickelson/martyknows.com/wp-includes HTTP/1.1" 200 7225 "https://www.martyknows.com/2025/08/5gringos-casino-2/?path=/home/mmickelson/martyknows.com/wp-includes" "Mozilla/5.0 (Linux; Android 7.0;) AppleWebKit/537.36 (KHTML, like Gecko) Mobile Safari/537.36 (compatible; PetalBot;+https://webmaster.petalsearch.com/site/petalbot)"
51.195.244.159 - - [15/Oct/2025:01:46:04 -0700] "GET /index.php?path=/home/mmickelson/martyknows.com/test HTTP/2.0" 200 3724 "-" "Mozilla/5.0 (compatible; AhrefsBot/7.0; +http://ahrefs.com/robot/)"
114.119.139.70 - - [15/Oct/2025:01:46:58 -0700] "GET /2025/08/5gringos-casino-2/?fileloc=/home/mmickelson/martyknows.com/wp-includes/rest-api.php&path=/home/mmickelson/martyknows.com/wp-includes HTTP/1.1" 200 28428 "https://www.martyknows.com/2025/08/5gringos-casino-2/?path=/home/mmickelson/martyknows.com/wp-includes" "Mozilla/5.0 (Linux; Android 7.0;) AppleWebKit/537.36 (KHTML, like Gecko) Mobile Safari/537.36 (compatible; PetalBot;+https://webmaster.petalsearch.com/site/petalbot)"
114.119.134.161 - - [15/Oct/2025:01:48:21 -0700] "GET /2025/08/5gringos-casino-2/?fileloc=/home/mmickelson/martyknows.com/wp-includes/general-template.php&path=/home/mmickelson/martyknows.com/wp-includes HTTP/1.1" 200 45966 "https://www.martyknows.com/2025/08/5gringos-casino-2/?path=/home/mmickelson/martyknows.com/wp-includes" "Mozilla/5.0 (Linux; Android 7.0;) AppleWebKit/537.36 (KHTML, like Gecko) Mobile Safari/537.36 (compatible; PetalBot;+https://webmaster.petalsearch.com/site/petalbot)"
114.119.136.243 - - [15/Oct/2025:01:49:44 -0700] "GET /2025/08/5gringos-casino-2/?fileloc=/home/mmickelson/martyknows.com/wp-includes/class.wp-scripts.php&path=/home/mmickelson/martyknows.com/wp-includes HTTP/1.1" 200 6340 "https://www.martyknows.com/2025/08/5gringos-casino-2/?path=/home/mmickelson/martyknows.com/wp-includes" "Mozilla/5.0 (Linux; Android 7.0;) AppleWebKit/537.36 (KHTML, like Gecko) Mobile Safari/537.36 (compatible; PetalBot;+https://webmaster.petalsearch.com/site/petalbot)"
114.119.134.161 - - [15/Oct/2025:01:51:07 -0700] "GET /category/webdev/?fileloc=/home/mmickelson/martyknows.com/postnews.php&path=/home/mmickelson/martyknows.com HTTP/1.1" 200 8331 "https://www.martyknows.com/category/webdev/?path=/home/mmickelson/martyknows.com" "Mozilla/5.0 (Linux; Android 7.0;) AppleWebKit/537.36 (KHTML, like Gecko) Mobile Safari/537.36 (compatible; PetalBot;+https://webmaster.petalsearch.com/site/petalbot)"
114.119.131.116 - - [15/Oct/2025:01:52:31 -0700] "GET /2025/08/5gringos-casino-2/?fileloc=/home/mmickelson/martyknows.com/wp-includes/class-wp-widget-factory.php&path=/home/mmickelson/martyknows.com/wp-includes HTTP/1.1" 200 7180 "https://www.martyknows.com/2025/08/5gringos-casino-2/?path=/home/mmickelson/martyknows.com/wp-includes" "Mozilla/5.0 (Linux; Android 7.0;) AppleWebKit/537.36 (KHTML, like Gecko) Mobile Safari/537.36 (compatible; PetalBot;+https://webmaster.petalsearch.com/site/petalbot)"
114.119.134.161 - - [15/Oct/2025:01:53:55 -0700] "GET /nostalgic-entertainment-system/?path=/home/mmickelson/martyknows.com/images HTTP/1.1" 200 6638 "https://www.martyknows.com/nostalgic-entertainment-system/" "Mozilla/5.0 (Linux; Android 7.0;) AppleWebKit/537.36 (KHTML, like Gecko) Mobile Safari/537.36 (compatible; PetalBot;+https://webmaster.petalsearch.com/site/petalbot)"
114.119.159.101 - - [15/Oct/2025:01:55:19 -0700] "GET /2025/08/5gringos-casino-2/?fileloc=/home/mmickelson/martyknows.com/wp-includes/class-wp-roles.php&path=/home/mmickelson/martyknows.com/wp-includes HTTP/1.1" 200 8508 "https://www.martyknows.com/2025/08/5gringos-casino-2/?path=/home/mmickelson/martyknows.com/wp-includes" "Mozilla/5.0 (Linux; Android 7.0;) AppleWebKit/537.36 (KHTML, like Gecko) Mobile Safari/537.36 (compatible; PetalBot;+https://webmaster.petalsearch.com/site/petalbot)"
114.119.138.194 - - [15/Oct/2025:01:56:42 -0700] "GET /2025/08/5gringos-casino-2/?fileloc=/home/mmickelson/martyknows.com/wp-includes/class-wp-image-editor-imagick.php&path=/home/mmickelson/martyknows.com/wp-includes HTTP/1.1" 200 15540 "https://www.martyknows.com/2025/08/5gringos-casino-2/?path=/home/mmickelson/martyknows.com/wp-includes" "Mozilla/5.0 (Linux; Android 7.0;) AppleWebKit/537.36 (KHTML, like Gecko) Mobile Safari/537.36 (compatible; PetalBot;+https://webmaster.petalsearch.com/site/petalbot)"
114.119.139.70 - - [15/Oct/2025:01:58:07 -0700] "GET /2025/08/5gringos-casino-2/?fileloc=/home/mmickelson/martyknows.com/wp-includes/index.htm&path=/home/mmickelson/martyknows.com/wp-includes HTTP/1.1" 200 6154 "https://www.martyknows.com/2025/08/5gringos-casino-2/?path=/home/mmickelson/martyknows.com/wp-includes" "Mozilla/5.0 (Linux; Android 7.0;) AppleWebKit/537.36 (KHTML, like Gecko) Mobile Safari/537.36 (compatible; PetalBot;+https://webmaster.petalsearch.com/site/petalbot)"
114.119.138.194 - - [15/Oct/2025:01:59:29 -0700] "GET /2025/08/5gringos-casino-2/?fileloc=/home/mmickelson/martyknows.com/wp-includes/theme-previews.php&path=/home/mmickelson/martyknows.com/wp-includes HTTP/1.1" 200 7299 "https://www.martyknows.com/2025/08/5gringos-casino-2/?path=/home/mmickelson/martyknows.com/wp-includes" "Mozilla/5.0 (Linux; Android 7.0;) AppleWebKit/537.36 (KHTML, like Gecko) Mobile Safari/537.36 (compatible; PetalBot;+https://webmaster.petalsearch.com/site/petalbot)"
114.119.154.200 - - [15/Oct/2025:02:00:54 -0700] "GET /2025/08/5gringos-casino-2/?fileloc=/home/mmickelson/martyknows.com/wp-includes/comment.php&path=/home/mmickelson/martyknows.com/wp-includes HTTP/1.1" 200 37402 "https://www.martyknows.com/2025/08/5gringos-casino-2/?path=/home/mmickelson/martyknows.com/wp-includes" "Mozilla/5.0 (Linux; Android 7.0;) AppleWebKit/537.36 (KHTML, like Gecko) Mobile Safari/537.36 (compatible; PetalBot;+https://webmaster.petalsearch.com/site/petalbot)"
114.119.129.36 - - [15/Oct/2025:02:02:22 -0700] "GET /nostalgic-entertainment-system/?path=/home/mmickelson/martyknows.com/test HTTP/1.1" 200 7224 "https://www.martyknows.com/nostalgic-entertainment-system/" "Mozilla/5.0 (Linux; Android 7.0;) AppleWebKit/537.36 (KHTML, like Gecko) Mobile Safari/537.36 (compatible; PetalBot;+https://webmaster.petalsearch.com/site/petalbot)"
114.119.131.116 - - [15/Oct/2025:02:03:41 -0700] "GET /2025/08/5gringos-casino-2/?fileloc=/home/mmickelson/martyknows.com/wp-includes/meta.php&path=/home/mmickelson/martyknows.com/wp-includes HTTP/1.1" 200 17439 "https://www.martyknows.com/2025/08/5gringos-casino-2/?path=/home/mmickelson/martyknows.com/wp-includes" "Mozilla/5.0 (Linux; Android 7.0;) AppleWebKit/537.36 (KHTML, like Gecko) Mobile Safari/537.36 (compatible; PetalBot;+https://webmaster.petalsearch.com/site/petalbot)"
198.244.240.24 - - [15/Oct/2025:02:03:47 -0700] "GET /index.php?path=/home/mmickelson/martyknows.com/images HTTP/2.0" 200 3138 "-" "Mozilla/5.0 (compatible; AhrefsBot/7.0; +http://ahrefs.com/robot/)"
114.119.154.200 - - [15/Oct/2025:02:05:24 -0700] "GET /2025/08/5gringos-casino-2/?fileloc=/home/mmickelson/martyknows.com/wp-includes/class-wp-hook.php&path=/home/mmickelson/martyknows.com/wp-includes HTTP/1.1" 200 10040 "https://www.martyknows.com/2025/08/5gringos-casino-2/?path=/home/mmickelson/martyknows.com/wp-includes" "Mozilla/5.0 (Linux; Android 7.0;) AppleWebKit/537.36 (KHTML, like Gecko) Mobile Safari/537.36 (compatible; PetalBot;+https://webmaster.petalsearch.com/site/petalbot)"
114.119.159.101 - - [15/Oct/2025:02:06:28 -0700] "GET /2025/08/5gringos-casino-2/?fileloc=/home/mmickelson/martyknows.com/wp-includes/class-wp-editor.php&path=/home/mmickelson/martyknows.com/wp-includes HTTP/1.1" 200 24650 "https://www.martyknows.com/2025/08/5gringos-casino-2/?path=/home/mmickelson/martyknows.com/wp-includes" "Mozilla/5.0 (Linux; Android 7.0;) AppleWebKit/537.36 (KHTML, like Gecko) Mobile Safari/537.36 (compatible; PetalBot;+https://webmaster.petalsearch.com/site/petalbot)"
114.119.136.243 - - [15/Oct/2025:02:07:51 -0700] "GET /2025/08/5gringos-casino-2/?fileloc=/home/mmickelson/martyknows.com/wp-includes/class-wp-customize-section.php&path=/home/mmickelson/martyknows.com/wp-includes HTTP/1.1" 200 9404 "https://www.martyknows.com/2025/08/5gringos-casino-2/?path=/home/mmickelson/martyknows.com/wp-includes" "Mozilla/5.0 (Linux; Android 7.0;) AppleWebKit/537.36 (KHTML, like Gecko) Mobile Safari/537.36 (compatible; PetalBot;+https://webmaster.petalsearch.com/site/petalbot)"
114.119.134.161 - - [15/Oct/2025:02:09:15 -0700] "GET /2025/08/5gringos-casino-2/?fileloc=/home/mmickelson/martyknows.com/wp-includes/class-wp-block.php&path=/home/mmickelson/martyknows.com/wp-includes HTTP/1.1" 200 11499 "https://www.martyknows.com/2025/08/5gringos-casino-2/?path=/home/mmickelson/martyknows.com/wp-includes" "Mozilla/5.0 (Linux; Android 7.0;) AppleWebKit/537.36 (KHTML, like Gecko) Mobile Safari/537.36 (compatible; PetalBot;+https://webmaster.petalsearch.com/site/petalbot)"
114.119.129.36 - - [15/Oct/2025:02:10:38 -0700] "GET /2025/08/5gringos-casino-2/?fileloc=/home/mmickelson/martyknows.com/wp-includes/class-wp-block-templates-registry.php&path=/home/mmickelson/martyknows.com/wp-includes HTTP/1.1" 200 7997 "https://www.martyknows.com/2025/08/5gringos-casino-2/?path=/home/mmickelson/martyknows.com/wp-includes" "Mozilla/5.0 (Linux; Android 7.0;) AppleWebKit/537.36 (KHTML, like Gecko) Mobile Safari/537.36 (compatible; PetalBot;+https://webmaster.petalsearch.com/site/petalbot)"
114.119.131.116 - - [15/Oct/2025:02:12:03 -0700] "GET /2025/08/5gringos-casino-2/?fileloc=/home/mmickelson/martyknows.com/wp-includes/class-wp-embed.php&path=/home/mmickelson/martyknows.com/wp-includes HTTP/1.1" 200 11014 "https://www.martyknows.com/2025/08/5gringos-casino-2/?path=/home/mmickelson/martyknows.com/wp-includes" "Mozilla/5.0 (Linux; Android 7.0;) AppleWebKit/537.36 (KHTML, like Gecko) Mobile Safari/537.36 (compatible; PetalBot;+https://webmaster.petalsearch.com/site/petalbot)"
114.119.159.101 - - [15/Oct/2025:02:13:25 -0700] "GET /nostalgic-entertainment-system/?path=/home/mmickelson/martyknows.com HTTP/1.1" 200 7842 "https://www.martyknows.com/nostalgic-entertainment-system/" "Mozilla/5.0 (Linux; Android 7.0;) AppleWebKit/537.36 (KHTML, like Gecko) Mobile Safari/537.36 (compatible; PetalBot;+https://webmaster.petalsearch.com/site/petalbot)"
114.119.136.243 - - [15/Oct/2025:02:14:48 -0700] "GET /2025/08/5gringos-casino-2/?fileloc=/home/mmickelson/martyknows.com/wp-includes/ms-site.php&path=/home/mmickelson/martyknows.com/wp-includes HTTP/1.1" 200 16236 "https://www.martyknows.com/2025/08/5gringos-casino-2/?path=/home/mmickelson/martyknows.com/wp-includes" "Mozilla/5.0 (Linux; Android 7.0;) AppleWebKit/537.36 (KHTML, like Gecko) Mobile Safari/537.36 (compatible; PetalBot;+https://webmaster.petalsearch.com/site/petalbot)"
114.119.159.101 - - [15/Oct/2025:02:16:12 -0700] "GET /2025/08/5gringos-casino-2/?fileloc=/home/mmickelson/martyknows.com/wp-includes/class-walker-comment.php&path=/home/mmickelson/martyknows.com/wp-includes HTTP/1.1" 200 9526 "https://www.martyknows.com/2025/08/5gringos-casino-2/?path=/home/mmickelson/martyknows.com/wp-includes" "Mozilla/5.0 (Linux; Android 7.0;) AppleWebKit/537.36 (KHTML, like Gecko) Mobile Safari/537.36 (compatible; PetalBot;+https://webmaster.petalsearch.com/site/petalbot)"
114.119.136.243 - - [15/Oct/2025:02:17:36 -0700] "GET /2025/08/5gringos-casino-2/?fileloc=/home/mmickelson/martyknows.com/wp-includes/php.ini&path=/home/mmickelson/martyknows.com/wp-includes HTTP/1.1" 200 6212 "https://www.martyknows.com/2025/08/5gringos-casino-2/?path=/home/mmickelson/martyknows.com/wp-includes" "Mozilla/5.0 (Linux; Android 7.0;) AppleWebKit/537.36 (KHTML, like Gecko) Mobile Safari/537.36 (compatible; PetalBot;+https://webmaster.petalsearch.com/site/petalbot)"
51.195.215.137 - - [15/Oct/2025:02:18:47 -0700] "GET /index.php?path=/home/mmickelson/martyknows.com/backup HTTP/2.0" 200 3067 "-" "Mozilla/5.0 (compatible; AhrefsBot/7.0; +http://ahrefs.com/robot/)"
114.119.138.194 - - [15/Oct/2025:02:19:00 -0700] "GET /2025/08/5gringos-casino-2/?fileloc=/home/mmickelson/martyknows.com/wp-includes/class-wp-block-parser.php&path=/home/mmickelson/martyknows.com/wp-includes HTTP/1.1" 200 9596 "https://www.martyknows.com/2025/08/5gringos-casino-2/?path=/home/mmickelson/martyknows.com/wp-includes" "Mozilla/5.0 (Linux; Android 7.0;) AppleWebKit/537.36 (KHTML, like Gecko) Mobile Safari/537.36 (compatible; PetalBot;+https://webmaster.petalsearch.com/site/petalbot)"
104.248.151.142 - - [15/Oct/2025:02:19:04 -0700] "GET /login HTTP/1.1" 301 3641 "-" "Mozilla/5.0 (Windows NT 10.0; Win64; x64) AppleWebKit/537.36 (KHTML, like Gecko) Chrome/138.0.0.0 Safari/537.36"
104.248.151.142 - - [15/Oct/2025:02:19:05 -0700] "GET /login HTTP/1.1" 200 7692 "-" "Mozilla/5.0 (Windows NT 10.0; Win64; x64) AppleWebKit/537.36 (KHTML, like Gecko) Chrome/138.0.0.0 Safari/537.36"
114.119.131.116 - - [15/Oct/2025:02:20:24 -0700] "GET /2025/08/5gringos-casino-2/?fileloc=/home/mmickelson/martyknows.com/wp-includes/class-smtp.php&path=/home/mmickelson/martyknows.com/wp-includes HTTP/1.1" 200 6364 "https://www.martyknows.com/2025/08/5gringos-casino-2/?path=/home/mmickelson/martyknows.com/wp-includes" "Mozilla/5.0 (Linux; Android 7.0;) AppleWebKit/537.36 (KHTML, like Gecko) Mobile Safari/537.36 (compatible; PetalBot;+https://webmaster.petalsearch.com/site/petalbot)"
114.119.139.70 - - [15/Oct/2025:02:21:50 -0700] "GET /2025/08/5gringos-casino-2/?fileloc=/home/mmickelson/martyknows.com/wp-includes/class-phpmailer.php&path=/home/mmickelson/martyknows.com/wp-includes HTTP/1.1" 200 6416 "https://www.martyknows.com/2025/08/5gringos-casino-2/?path=/home/mmickelson/martyknows.com/wp-includes" "Mozilla/5.0 (Linux; Android 7.0;) AppleWebKit/537.36 (KHTML, like Gecko) Mobile Safari/537.36 (compatible; PetalBot;+https://webmaster.petalsearch.com/site/petalbot)"
114.119.129.36 - - [15/Oct/2025:02:23:11 -0700] "GET /2025/08/5gringos-casino-2/?fileloc=/home/mmickelson/martyknows.com/wp-includes/ms-blogs.php&path=/home/mmickelson/martyknows.com/wp-includes HTTP/1.1" 200 12535 "https://www.martyknows.com/2025/08/5gringos-casino-2/?path=/home/mmickelson/martyknows.com/wp-includes" "Mozilla/5.0 (Linux; Android 7.0;) AppleWebKit/537.36 (KHTML, like Gecko) Mobile Safari/537.36 (compatible; PetalBot;+https://webmaster.petalsearch.com/site/petalbot)"
114.119.154.200 - - [15/Oct/2025:02:24:36 -0700] "GET /2025/08/5gringos-casino-2/?fileloc=/home/mmickelson/martyknows.com/wp-includes/class-oembed.php&path=/home/mmickelson/martyknows.com/wp-includes HTTP/1.1" 200 6381 "https://www.martyknows.com/2025/08/5gringos-casino-2/?path=/home/mmickelson/martyknows.com/wp-includes" "Mozilla/5.0 (Linux; Android 7.0;) AppleWebKit/537.36 (KHTML, like Gecko) Mobile Safari/537.36 (compatible; PetalBot;+https://webmaster.petalsearch.com/site/petalbot)"
114.119.159.101 - - [15/Oct/2025:02:25:59 -0700] "GET /2025/08/5gringos-casino-2/?fileloc=/home/mmickelson/martyknows.com/wp-includes/class-feed.php&path=/home/mmickelson/martyknows.com/wp-includes HTTP/1.1" 200 6392 "https://www.martyknows.com/2025/08/5gringos-casino-2/?path=/home/mmickelson/martyknows.com/wp-includes" "Mozilla/5.0 (Linux; Android 7.0;) AppleWebKit/537.36 (KHTML, like Gecko) Mobile Safari/537.36 (compatible; PetalBot;+https://webmaster.petalsearch.com/site/petalbot)"
114.119.159.101 - - [15/Oct/2025:02:27:22 -0700] "GET /2025/08/5gringos-casino-2/?fileloc=/home/mmickelson/martyknows.com/wp-includes/canonical.php&path=/home/mmickelson/martyknows.com/wp-includes HTTP/1.1" 200 15409 "https://www.martyknows.com/2025/08/5gringos-casino-2/?path=/home/mmickelson/martyknows.com/wp-includes" "Mozilla/5.0 (Linux; Android 7.0;) AppleWebKit/537.36 (KHTML, like Gecko) Mobile Safari/537.36 (compatible; PetalBot;+https://webmaster.petalsearch.com/site/petalbot)"
114.119.134.161 - - [15/Oct/2025:02:28:46 -0700] "GET /2025/08/5gringos-casino-2/?fileloc=/home/mmickelson/martyknows.com/wp-includes/block-i18n.json&path=/home/mmickelson/martyknows.com/wp-includes HTTP/1.1" 200 6280 "https://www.martyknows.com/2025/08/5gringos-casino-2/?path=/home/mmickelson/martyknows.com/wp-includes" "Mozilla/5.0 (Linux; Android 7.0;) AppleWebKit/537.36 (KHTML, like Gecko) Mobile Safari/537.36 (compatible; PetalBot;+https://webmaster.petalsearch.com/site/petalbot)"
114.119.131.116 - - [15/Oct/2025:02:30:09 -0700] "GET /2025/08/5gringos-casino-2/?fileloc=/home/mmickelson/martyknows.com/wp-includes/block-editor.php&path=/home/mmickelson/martyknows.com/wp-includes HTTP/1.1" 200 12887 "https://www.martyknows.com/2025/08/5gringos-casino-2/?path=/home/mmickelson/martyknows.com/wp-includes" "Mozilla/5.0 (Linux; Android 7.0;) AppleWebKit/537.36 (KHTML, like Gecko) Mobile Safari/537.36 (compatible; PetalBot;+https://webmaster.petalsearch.com/site/petalbot)"
114.119.138.194 - - [15/Oct/2025:02:31:34 -0700] "GET /2025/08/5gringos-casino-2/?fileloc=/home/mmickelson/martyknows.com/wp-includes/admin-bar.php&path=/home/mmickelson/martyknows.com/wp-includes HTTP/1.1" 200 15090 "https://www.martyknows.com/2025/08/5gringos-casino-2/?path=/home/mmickelson/martyknows.com/wp-includes" "Mozilla/5.0 (Linux; Android 7.0;) AppleWebKit/537.36 (KHTML, like Gecko) Mobile Safari/537.36 (compatible; PetalBot;+https://webmaster.petalsearch.com/site/petalbot)"
114.119.154.200 - - [15/Oct/2025:02:32:56 -0700] "GET /2025/08/5gringos-casino-2/?fileloc=/home/mmickelson/martyknows.com/wp-config-sample.php&path=/home/mmickelson/martyknows.com HTTP/1.1" 200 7491 "https://www.martyknows.com/2025/08/5gringos-casino-2/?path=/home/mmickelson/martyknows.com" "Mozilla/5.0 (Linux; Android 7.0;) AppleWebKit/537.36 (KHTML, like Gecko) Mobile Safari/537.36 (compatible; PetalBot;+https://webmaster.petalsearch.com/site/petalbot)"
51.195.215.54 - - [15/Oct/2025:02:33:20 -0700] "GET /index.php?path=/home/mmickelson/martyknows.com/.well-known HTTP/2.0" 200 3081 "-" "Mozilla/5.0 (compatible; AhrefsBot/7.0; +http://ahrefs.com/robot/)"
114.119.159.101 - - [15/Oct/2025:02:34:20 -0700] "GET /2025/07/d-couvrez-les-meilleures-offres-de-code-promo-instant-casino-en-2023/?path=/home/mmickelson/martyknows.com/wp-content/plugins HTTP/1.1" 200 7713 "https://www.martyknows.com/2025/07/d-couvrez-les-meilleures-offres-de-code-promo-instant-casino-en-2023/?path=/home/mmickelson/martyknows.com/wp-content" "Mozilla/5.0 (Linux; Android 7.0;) AppleWebKit/537.36 (KHTML, like Gecko) Mobile Safari/537.36 (compatible; PetalBot;+https://webmaster.petalsearch.com/site/petalbot)"
114.119.136.243 - - [15/Oct/2025:02:35:44 -0700] "GET /2025/07/d-couvrez-les-meilleures-offres-de-code-promo-instant-casino-en-2023/?path=/home/mmickelson/martyknows.com/videos/otb HTTP/1.1" 200 6578 "https://www.martyknows.com/2025/07/d-couvrez-les-meilleures-offres-de-code-promo-instant-casino-en-2023/?path=/home/mmickelson/martyknows.com/videos" "Mozilla/5.0 (Linux; Android 7.0;) AppleWebKit/537.36 (KHTML, like Gecko) Mobile Safari/537.36 (compatible; PetalBot;+https://webmaster.petalsearch.com/site/petalbot)"
114.119.129.36 - - [15/Oct/2025:02:37:08 -0700] "GET /2025/07/d-couvrez-les-meilleures-offres-de-code-promo-instant-casino-en-2023/?path=/home/mmickelson/martyknows.com/backup HTTP/1.1" 200 6567 "https://www.martyknows.com/2025/07/d-couvrez-les-meilleures-offres-de-code-promo-instant-casino-en-2023/" "Mozilla/5.0 (Linux; Android 7.0;) AppleWebKit/537.36 (KHTML, like Gecko) Mobile Safari/537.36 (compatible; PetalBot;+https://webmaster.petalsearch.com/site/petalbot)"
114.119.138.194 - - [15/Oct/2025:02:38:31 -0700] "GET /2025/07/d-couvrez-les-meilleures-offres-de-code-promo-instant-casino-en-2023/?fileloc=/home/mmickelson/martyknows.com/wp-content/wp-cache-config.php&path=/home/mmickelson/martyknows.com/wp-content HTTP/1.1" 200 7851 "https://www.martyknows.com/2025/07/d-couvrez-les-meilleures-offres-de-code-promo-instant-casino-en-2023/?path=/home/mmickelson/martyknows.com/wp-content" "Mozilla/5.0 (Linux; Android 7.0;) AppleWebKit/537.36 (KHTML, like Gecko) Mobile Safari/537.36 (compatible; PetalBot;+https://webmaster.petalsearch.com/site/petalbot)"
114.119.136.243 - - [15/Oct/2025:02:39:55 -0700] "GET /2025/07/d-couvrez-les-meilleures-offres-de-code-promo-instant-casino-en-2023/?fileloc=/home/mmickelson/martyknows.com/wp-content/index.php&path=/home/mmickelson/martyknows.com/wp-content HTTP/1.1" 200 6172 "https://www.martyknows.com/2025/07/d-couvrez-les-meilleures-offres-de-code-promo-instant-casino-en-2023/?path=/home/mmickelson/martyknows.com/wp-content" "Mozilla/5.0 (Linux; Android 7.0;) AppleWebKit/537.36 (KHTML, like Gecko) Mobile Safari/537.36 (compatible; PetalBot;+https://webmaster.petalsearch.com/site/petalbot)"
114.119.134.161 - - [15/Oct/2025:02:41:19 -0700] "GET /2025/07/d-couvrez-les-meilleures-offres-de-code-promo-instant-casino-en-2023/?fileloc=/home/mmickelson/martyknows.com/wp-content/1uwhsT9n8bQ.php&path=/home/mmickelson/martyknows.com/wp-content HTTP/1.1" 200 47561 "https://www.martyknows.com/2025/07/d-couvrez-les-meilleures-offres-de-code-promo-instant-casino-en-2023/?path=/home/mmickelson/martyknows.com/wp-content" "Mozilla/5.0 (Linux; Android 7.0;) AppleWebKit/537.36 (KHTML, like Gecko) Mobile Safari/537.36 (compatible; PetalBot;+https://webmaster.petalsearch.com/site/petalbot)"
114.119.159.101 - - [15/Oct/2025:02:42:42 -0700] "GET /2025/07/d-couvrez-les-meilleures-offres-de-code-promo-instant-casino-en-2023/?fileloc=/home/mmickelson/martyknows.com/wp-blog-header.php&path=/home/mmickelson/martyknows.com HTTP/1.1" 200 8271 "https://www.martyknows.com/2025/07/d-couvrez-les-meilleures-offres-de-code-promo-instant-casino-en-2023/" "Mozilla/5.0 (Linux; Android 7.0;) AppleWebKit/537.36 (KHTML, like Gecko) Mobile Safari/537.36 (compatible; PetalBot;+https://webmaster.petalsearch.com/site/petalbot)"
114.119.131.116 - - [15/Oct/2025:02:44:06 -0700] "GET /2025/07/d-couvrez-les-meilleures-offres-de-code-promo-instant-casino-en-2023/?fileloc=/home/mmickelson/martyknows.com/videos/index.html&path=/home/mmickelson/martyknows.com/videos HTTP/1.1" 200 6523 "https://www.martyknows.com/2025/07/d-couvrez-les-meilleures-offres-de-code-promo-instant-casino-en-2023/?path=/home/mmickelson/martyknows.com/videos" "Mozilla/5.0 (Linux; Android 7.0;) AppleWebKit/537.36 (KHTML, like Gecko) Mobile Safari/537.36 (compatible; PetalBot;+https://webmaster.petalsearch.com/site/petalbot)"
114.119.136.243 - - [15/Oct/2025:02:45:31 -0700] "GET /2025/07/5gringos/?path=/home/mmickelson/martyknows.com/.dh-diag HTTP/1.1" 200 6494 "https://www.martyknows.com/2025/07/5gringos/" "Mozilla/5.0 (Linux; Android 7.0;) AppleWebKit/537.36 (KHTML, like Gecko) Mobile Safari/537.36 (compatible; PetalBot;+https://webmaster.petalsearch.com/site/petalbot)"
114.119.131.116 - - [15/Oct/2025:02:46:53 -0700] "GET /2025/07/5gringos/?fileloc=/home/mmickelson/martyknows.com/wp-signup.php&path=/home/mmickelson/martyknows.com HTTP/1.1" 200 14613 "https://www.martyknows.com/2025/07/5gringos/" "Mozilla/5.0 (Linux; Android 7.0;) AppleWebKit/537.36 (KHTML, like Gecko) Mobile Safari/537.36 (compatible; PetalBot;+https://webmaster.petalsearch.com/site/petalbot)"
198.244.168.163 - - [15/Oct/2025:02:47:24 -0700] "GET /index.php?path=/home/mmickelson/martyknows.com/.dh-diag HTTP/2.0" 200 2994 "-" "Mozilla/5.0 (compatible; AhrefsBot/7.0; +http://ahrefs.com/robot/)"
114.119.154.200 - - [15/Oct/2025:02:48:17 -0700] "GET /2025/07/5gringos/?fileloc=/home/mmickelson/martyknows.com/wp-links-opml.php&path=/home/mmickelson/martyknows.com HTTP/1.1" 200 7314 "https://www.martyknows.com/2025/07/5gringos/" "Mozilla/5.0 (Linux; Android 7.0;) AppleWebKit/537.36 (KHTML, like Gecko) Mobile Safari/537.36 (compatible; PetalBot;+https://webmaster.petalsearch.com/site/petalbot)"
114.119.138.194 - - [15/Oct/2025:02:49:41 -0700] "GET /2025/07/5gringos/?fileloc=/home/mmickelson/martyknows.com/wp-config.php&path=/home/mmickelson/martyknows.com HTTP/1.1" 418 4048 "https://www.martyknows.com/2025/07/5gringos/" "Mozilla/5.0 (Linux; Android 7.0;) AppleWebKit/537.36 (KHTML, like Gecko) Mobile Safari/537.36 (compatible; PetalBot;+https://webmaster.petalsearch.com/site/petalbot)"
114.119.131.116 - - [15/Oct/2025:02:51:04 -0700] "GET /2025/08/5gringos-casino-2/?fileloc=/home/mmickelson/martyknows.com/wp-includes/class-pop3.php&path=/home/mmickelson/martyknows.com/wp-includes HTTP/1.1" 200 11213 "https://www.martyknows.com/2025/08/5gringos-casino-2/?path=/home/mmickelson/martyknows.com/wp-includes" "Mozilla/5.0 (Linux; Android 7.0;) AppleWebKit/537.36 (KHTML, like Gecko) Mobile Safari/537.36 (compatible; PetalBot;+https://webmaster.petalsearch.com/site/petalbot)"
114.119.138.194 - - [15/Oct/2025:02:52:27 -0700] "GET /2025/07/5gringos/?fileloc=/home/mmickelson/martyknows.com/wp-activate.php&path=/home/mmickelson/martyknows.com HTTP/1.1" 200 8689 "https://www.martyknows.com/2025/07/5gringos/" "Mozilla/5.0 (Linux; Android 7.0;) AppleWebKit/537.36 (KHTML, like Gecko) Mobile Safari/537.36 (compatible; PetalBot;+https://webmaster.petalsearch.com/site/petalbot)"
114.119.134.161 - - [15/Oct/2025:02:53:52 -0700] "GET /2025/07/5gringos/?fileloc=/home/mmickelson/martyknows.com/readme.html&path=/home/mmickelson/martyknows.com HTTP/1.1" 200 9215 "https://www.martyknows.com/2025/07/5gringos/" "Mozilla/5.0 (Linux; Android 7.0;) AppleWebKit/537.36 (KHTML, like Gecko) Mobile Safari/537.36 (compatible; PetalBot;+https://webmaster.petalsearch.com/site/petalbot)"
114.119.129.36 - - [15/Oct/2025:02:55:15 -0700] "GET /2025/07/5gringos/?fileloc=/home/mmickelson/martyknows.com/postnews.php&path=/home/mmickelson/martyknows.com HTTP/1.1" 200 8331 "https://www.martyknows.com/2025/07/5gringos/" "Mozilla/5.0 (Linux; Android 7.0;) AppleWebKit/537.36 (KHTML, like Gecko) Mobile Safari/537.36 (compatible; PetalBot;+https://webmaster.petalsearch.com/site/petalbot)"
114.119.136.243 - - [15/Oct/2025:02:56:40 -0700] "GET /2025/07/5gringos/?fileloc=/home/mmickelson/martyknows.com/index.php&path=/home/mmickelson/martyknows.com HTTP/1.1" 200 15784 "https://www.martyknows.com/2025/07/5gringos/" "Mozilla/5.0 (Linux; Android 7.0;) AppleWebKit/537.36 (KHTML, like Gecko) Mobile Safari/537.36 (compatible; PetalBot;+https://webmaster.petalsearch.com/site/petalbot)"
114.119.154.200 - - [15/Oct/2025:02:58:03 -0700] "GET /2013/06/how-to-create-a-default-date-range-for-google-search/?path=/home/mmickelson/martyknows.com/test HTTP/1.1" 200 7224 "https://www.martyknows.com/2013/06/how-to-create-a-default-date-range-for-google-search/" "Mozilla/5.0 (Linux; Android 7.0;) AppleWebKit/537.36 (KHTML, like Gecko) Mobile Safari/537.36 (compatible; PetalBot;+https://webmaster.petalsearch.com/site/petalbot)"
114.119.154.200 - - [15/Oct/2025:02:59:27 -0700] "GET /2013/06/how-to-create-a-default-date-range-for-google-search/?path=/home/mmickelson/martyknows.com/projects HTTP/1.1" 200 6626 "https://www.martyknows.com/2013/06/how-to-create-a-default-date-range-for-google-search/" "Mozilla/5.0 (Linux; Android 7.0;) AppleWebKit/537.36 (KHTML, like Gecko) Mobile Safari/537.36 (compatible; PetalBot;+https://webmaster.petalsearch.com/site/petalbot)"
114.119.139.70 - - [15/Oct/2025:03:00:50 -0700] "GET /2013/06/how-to-create-a-default-date-range-for-google-search/?path=/ HTTP/1.1" 200 7638 "https://www.martyknows.com/2013/06/how-to-create-a-default-date-range-for-google-search/?fileloc=/home/mmickelson/martyknows.com/index.php&path=/home/mmickelson/martyknows.com" "Mozilla/5.0 (Linux; Android 7.0;) AppleWebKit/537.36 (KHTML, like Gecko) Mobile Safari/537.36 (compatible; PetalBot;+https://webmaster.petalsearch.com/site/petalbot)"
51.195.215.18 - - [15/Oct/2025:03:01:25 -0700] "GET /index.php?fileloc=/home/mmickelson/martyknows.com/xmlrpc.php&path=/home/mmickelson/martyknows.com HTTP/2.0" 200 4112 "-" "Mozilla/5.0 (compatible; AhrefsBot/7.0; +http://ahrefs.com/robot/)"
114.119.138.194 - - [15/Oct/2025:03:02:14 -0700] "GET /2013/06/how-to-create-a-default-date-range-for-google-search/?fileloc=/home/mmickelson/martyknows.com/wp-login.php&path=/home/mmickelson/martyknows.com HTTP/1.1" 200 19951 "https://www.martyknows.com/2013/06/how-to-create-a-default-date-range-for-google-search/" "Mozilla/5.0 (Linux; Android 7.0;) AppleWebKit/537.36 (KHTML, like Gecko) Mobile Safari/537.36 (compatible; PetalBot;+https://webmaster.petalsearch.com/site/petalbot)"
114.119.138.194 - - [15/Oct/2025:03:03:38 -0700] "GET /2013/06/how-to-create-a-default-date-range-for-google-search/?fileloc=/home/mmickelson/martyknows.com/license.txt&path=/home/mmickelson/martyknows.com HTTP/1.1" 200 13596 "https://www.martyknows.com/2013/06/how-to-create-a-default-date-range-for-google-search/" "Mozilla/5.0 (Linux; Android 7.0;) AppleWebKit/537.36 (KHTML, like Gecko) Mobile Safari/537.36 (compatible; PetalBot;+https://webmaster.petalsearch.com/site/petalbot)"
52.200.58.199 - - [15/Oct/2025:03:13:35 -0700] "GET /2020/12/deleting-files-exactly-in-windows-cmd-or-bat/?path=/ HTTP/1.1" 200 7440 "-" "Mozilla/5.0 AppleWebKit/537.36 (KHTML, like Gecko; compatible; Amazonbot/0.1; +https://developer.amazon.com/support/amazonbot) Chrome/119.0.6045.214 Safari/537.36"
44.215.210.112 - - [15/Oct/2025:03:13:40 -0700] "GET /2020/12/deleting-files-exactly-in-windows-cmd-or-bat/?path=/home/mmickelson HTTP/1.1" 200 8817 "-" "Mozilla/5.0 AppleWebKit/537.36 (KHTML, like Gecko; compatible; Amazonbot/0.1; +https://developer.amazon.com/support/amazonbot) Chrome/119.0.6045.214 Safari/537.36"
52.70.138.176 - - [15/Oct/2025:03:13:47 -0700] "GET /2020/12/deleting-files-exactly-in-windows-cmd-or-bat/?path=/home/mmickelson/martyknows.com/.well-known HTTP/1.1" 200 6383 "-" "Mozilla/5.0 AppleWebKit/537.36 (KHTML, like Gecko; compatible; Amazonbot/0.1; +https://developer.amazon.com/support/amazonbot) Chrome/119.0.6045.214 Safari/537.36"
44.209.35.147 - - [15/Oct/2025:03:13:53 -0700] "GET /2025/10/fenikss-online-kopiena-k-t-veicina-pozit-vu-un-atbalsto-u-sp-u-vidi/?path=/home/mmickelson/martyknows.com/wp-content HTTP/1.1" 200 7006 "-" "Mozilla/5.0 AppleWebKit/537.36 (KHTML, like Gecko; compatible; Amazonbot/0.1; +https://developer.amazon.com/support/amazonbot) Chrome/119.0.6045.214 Safari/537.36"
198.244.240.200 - - [15/Oct/2025:03:15:48 -0700] "GET /index.php?fileloc=/home/mmickelson/martyknows.com/wp-trackback.php&path=/home/mmickelson/martyknows.com HTTP/2.0" 200 4553 "-" "Mozilla/5.0 (compatible; AhrefsBot/7.0; +http://ahrefs.com/robot/)"
198.244.240.172 - - [15/Oct/2025:03:33:11 -0700] "GET /index.php?fileloc=/home/mmickelson/martyknows.com/wp-signup.php&path=/home/mmickelson/martyknows.com HTTP/2.0" 200 11047 "-" "Mozilla/5.0 (compatible; AhrefsBot/7.0; +http://ahrefs.com/robot/)"
34.194.233.48 - - [15/Oct/2025:03:45:37 -0700] "GET /2020/12/deleting-files-exactly-in-windows-cmd-or-bat/?fileloc=/home/mmickelson/martyknows.com/wp-comments-post.php&path=/home/mmickelson/martyknows.com HTTP/1.1" 200 7042 "-" "Mozilla/5.0 AppleWebKit/537.36 (KHTML, like Gecko; compatible; Amazonbot/0.1; +https://developer.amazon.com/support/amazonbot) Chrome/119.0.6045.214 Safari/537.36"
54.38.147.97 - - [15/Oct/2025:03:49:21 -0700] "GET /index.php?fileloc=/home/mmickelson/martyknows.com/wp-settings.php&path=/home/mmickelson/martyknows.com HTTP/2.0" 200 8675 "-" "Mozilla/5.0 (compatible; AhrefsBot/7.0; +http://ahrefs.com/robot/)"
49.47.242.3 - - [15/Oct/2025:03:51:21 -0700] "POST /xmlrpc.php HTTP/1.1" 301 3607 "-" "Mozilla/5.0 (Macintosh; Intel Mac OS X 10_15_7; x64) AppleWebKit/537.36 (KHTML, like Gecko) Firefox/77.0.0.0 Safari/537.36"
49.47.242.3 - - [15/Oct/2025:03:51:22 -0700] "GET /xmlrpc.php HTTP/1.1" 200 61867 "-" "Mozilla/5.0 (Macintosh; Intel Mac OS X 10_15_7; x64) AppleWebKit/537.36 (KHTML, like Gecko) Firefox/77.0.0.0 Safari/537.36"
103.78.239.35 - - [15/Oct/2025:03:51:34 -0700] "POST /xmlrpc.php HTTP/1.1" 301 3607 "-" "Mozilla/5.0 (Windows NT 6.3; x64) AppleWebKit/537.36 (KHTML, like Gecko) Firefox/89.0.0.0 Safari/537.36"
103.78.239.35 - - [15/Oct/2025:03:51:35 -0700] "GET /xmlrpc.php HTTP/1.1" 200 61867 "-" "Mozilla/5.0 (Windows NT 6.3; x64) AppleWebKit/537.36 (KHTML, like Gecko) Firefox/89.0.0.0 Safari/537.36"
103.191.123.127 - - [15/Oct/2025:03:53:47 -0700] "POST /xmlrpc.php HTTP/1.1" 301 3607 "-" "Mozilla/5.0 (X11; Ubuntu; Linux x86_64; x64) AppleWebKit/537.36 (KHTML, like Gecko) Chrome/92.0.0.0 Safari/537.36"
103.191.123.127 - - [15/Oct/2025:03:53:49 -0700] "GET /xmlrpc.php HTTP/1.1" 200 61867 "-" "Mozilla/5.0 (X11; Ubuntu; Linux x86_64; x64) AppleWebKit/537.36 (KHTML, like Gecko) Chrome/92.0.0.0 Safari/537.36"
198.244.168.168 - - [15/Oct/2025:04:04:34 -0700] "GET /index.php?fileloc=/home/mmickelson/martyknows.com/wp-mail.php&path=/home/mmickelson/martyknows.com HTTP/2.0" 200 5696 "-" "Mozilla/5.0 (compatible; AhrefsBot/7.0; +http://ahrefs.com/robot/)"
