File: /home/mmickelson/logs/seaflexug.org/http.12416202/access.log
208.80.194.32 - - [08/Sep/2010:00:23:05 -0700] "GET / HTTP/1.0" 200 505 "-" "Mozilla/4.0 (compatible; MSIE 6.0; Windows NT 5.1; ESB{64E47E31-C387-49D3-998E-301BDAFA4C8E}; SV1; .NET CLR 1.1.4322)"
207.46.199.55 - - [08/Sep/2010:00:35:55 -0700] "GET /index.php?option=com_content&view=section&layout=blog&id=8&Itemid=53&limitstart=15&fontstyle=f-larger HTTP/1.1" 200 547 "-" "msnbot/2.0b (+http://search.msn.com/msnbot.htm)"
38.113.234.181 - - [08/Sep/2010:00:41:20 -0700] "GET /index.php?format=feed&type=rss HTTP/1.1" 200 2025 "-" "Voyager/1.0"
77.88.42.25 - - [08/Sep/2010:00:46:48 -0700] "GET /index.php?option=com_content&view=article&id=52:bio-ryan-robinson&catid=67:presenters&Itemid=61 HTTP/1.1" 200 547 "-" "Mozilla/5.0 (compatible; YandexBot/3.0; +http://yandex.com/bots)"
72.14.199.80 - - [08/Sep/2010:00:55:34 -0700] "GET /index.php?option=com_idoblog&view=idoblog&Itemid=80&format=feed&type=rss HTTP/1.1" 404 1274 "-" "Feedfetcher-Google; (+http://www.google.com/feedfetcher.html; 1 subscribers; feed-id=8774138234779298844)"
174.36.241.155 - - [08/Sep/2010:00:56:10 -0700] "GET /index.php?format=feed&type=atom HTTP/1.1" 200 2766 "-" "Mozilla/5.0 (X11; U; Linux x86_64; en-US; rv:1.9.0.19; aggregator:Spinn3r (Spinn3r 3.1); http://spinn3r.com/robot) Gecko/2010040121 Firefox/3.0.19"
77.88.42.25 - - [08/Sep/2010:00:57:28 -0700] "GET /index.php?option=com_content&view=section&layout=blog&id=8&Itemid=53&limitstart=5 HTTP/1.1" 200 547 "-" "Mozilla/5.0 (compatible; YandexBot/3.0; +http://yandex.com/bots)"
207.46.199.200 - - [08/Sep/2010:00:57:44 -0700] "GET /robots.txt HTTP/1.1" 200 605 "-" "msnbot/2.0b (+http://search.msn.com/msnbot.htm)"
72.14.199.80 - - [08/Sep/2010:00:57:56 -0700] "GET /blog/rss.cfm?mode=full HTTP/1.1" 404 496 "-" "Feedfetcher-Google; (+http://www.google.com/feedfetcher.html; 1 subscribers; feed-id=6873439543726112842)"
88.131.106.4 - - [08/Sep/2010:00:58:27 -0700] "GET /robots.txt HTTP/1.0" 200 432 "-" "Mozilla/5.0 (Windows; U; Windows NT 5.1; en-US) Speedy Spider (http://www.entireweb.com/about/search_tech/speedy_spider/)"
88.131.106.5 - - [08/Sep/2010:00:58:29 -0700] "GET / HTTP/1.0" 200 510 "-" "Mozilla/5.0 (Windows; U; Windows NT 5.1; en-US) Speedy Spider (http://www.entireweb.com/about/search_tech/speedy_spider/)"
72.14.199.80 - - [08/Sep/2010:01:03:37 -0700] "GET /index.php?format=feed&type=atom HTTP/1.1" 200 2803 "-" "Feedfetcher-Google; (+http://www.google.com/feedfetcher.html; 2 subscribers; feed-id=16173001225493754212)"
72.14.199.193 - - [08/Sep/2010:01:03:38 -0700] "GET /index.php?format=feed&type=atom HTTP/1.1" 200 2783 "-" "Feedfetcher-Google; (+http://www.google.com/feedfetcher.html; 1 subscribers; feed-id=6223356482245172981)"
77.88.42.25 - - [08/Sep/2010:01:08:07 -0700] "GET /index.php?option=com_content&view=article&id=54:bio-dusty-jewett&catid=67:presenters&Itemid=61&fontstyle=f-default HTTP/1.1" 200 547 "-" "Mozilla/5.0 (compatible; YandexBot/3.0; +http://yandex.com/bots)"
72.14.199.80 - - [08/Sep/2010:01:18:07 -0700] "GET /index.php?format=feed&type=rss HTTP/1.1" 200 2081 "-" "Feedfetcher-Google; (+http://www.google.com/feedfetcher.html; 4 subscribers; feed-id=15539856829387087850)"
77.88.42.25 - - [08/Sep/2010:01:29:26 -0700] "GET /index.php?option=com_booklibrary&task=view&id=11&catid=66&Itemid=56 HTTP/1.1" 200 547 "-" "Mozilla/5.0 (compatible; YandexBot/3.0; +http://yandex.com/bots)"
124.115.0.140 - - [08/Sep/2010:01:46:34 -0700] "GET / HTTP/1.1" 200 547 "-" "Sosospider+(+http://help.soso.com/webspider.htm)"
207.46.199.180 - - [08/Sep/2010:01:49:12 -0700] "GET /robots.txt HTTP/1.1" 200 605 "-" "msnbot/2.0b (+http://search.msn.com/msnbot.htm)"
77.88.42.25 - - [08/Sep/2010:01:50:44 -0700] "GET /index.php?option=com_content&view=article&id=75:intro-to-flex-arrays-code&catid=74:code-sample&Itemid=76&fontstyle=f-default HTTP/1.1" 200 547 "-" "Mozilla/5.0 (compatible; YandexBot/3.0; +http://yandex.com/bots)"
72.14.199.80 - - [08/Sep/2010:01:55:01 -0700] "GET /index.php?format=feed&type=atom HTTP/1.1" 200 2803 "-" "Feedfetcher-Google; (+http://www.google.com/feedfetcher.html; 2 subscribers; feed-id=16173001225493754212)"
174.37.205.85 - - [08/Sep/2010:01:56:22 -0700] "GET /index.php?format=feed&type=atom HTTP/1.1" 200 2766 "-" "Mozilla/5.0 (X11; U; Linux x86_64; en-US; rv:1.9.0.19; aggregator:Spinn3r (Spinn3r 3.1); http://spinn3r.com/robot) Gecko/2010040121 Firefox/3.0.19"
77.88.42.25 - - [08/Sep/2010:02:01:23 -0700] "GET /index.php?option=com_content&view=article&id=182:seaflex-site-changing&fontstyle=f-larger HTTP/1.1" 200 547 "-" "Mozilla/5.0 (compatible; YandexBot/3.0; +http://yandex.com/bots)"
72.14.199.80 - - [08/Sep/2010:02:11:57 -0700] "GET /index.php?format=feed&type=rss HTTP/1.1" 200 2081 "-" "Feedfetcher-Google; (+http://www.google.com/feedfetcher.html; 4 subscribers; feed-id=15539856829387087850)"
207.46.199.193 - - [08/Sep/2010:02:15:54 -0700] "GET /robots.txt HTTP/1.1" 200 605 "-" "msnbot/2.0b (+http://search.msn.com/msnbot.htm)"
67.195.111.232 - - [08/Sep/2010:02:17:17 -0700] "GET /robots.txt HTTP/1.0" 200 432 "-" "Mozilla/5.0 (compatible; Yahoo! Slurp; http://help.yahoo.com/help/us/ysearch/slurp)"
67.195.111.232 - - [08/Sep/2010:02:17:18 -0700] "GET /index.php?option=com_content&view=category&layout=blog&id=70&Itemid=60&limitstart=10 HTTP/1.0" 200 510 "-" "Mozilla/5.0 (compatible; Yahoo! Slurp/3.0; http://help.yahoo.com/help/us/ysearch/slurp)"
220.181.7.32 - - [08/Sep/2010:02:17:22 -0700] "GET / HTTP/1.1" 200 510 "-" "Baiduspider+(+http://www.baidu.com/search/spider.htm)"
207.46.13.135 - - [08/Sep/2010:02:18:40 -0700] "GET /robots.txt HTTP/1.1" 200 605 "-" "msnbot/2.0b (+http://search.msn.com/msnbot.htm)"
72.14.199.80 - - [08/Sep/2010:02:21:50 -0700] "GET /blog?format=feed&type=rss HTTP/1.1" 404 491 "-" "Feedfetcher-Google; (+http://www.google.com/feedfetcher.html; 1 subscribers; feed-id=17205210357194660069)"
77.88.42.25 - - [08/Sep/2010:02:22:42 -0700] "GET /index.php?option=com_booklibrary&task=view&id=35&catid=66&Itemid=56&fontstyle=f-larger HTTP/1.1" 200 547 "-" "Mozilla/5.0 (compatible; YandexBot/3.0; +http://yandex.com/bots)"
207.46.199.201 - - [08/Sep/2010:02:23:16 -0700] "GET /robots.txt HTTP/1.1" 200 605 "-" "msnbot/2.0b (+http://search.msn.com/msnbot.htm)"
77.88.42.25 - - [08/Sep/2010:02:33:22 -0700] "GET /index.php?option=com_content&view=article&id=181:flex-4-launch-party&catid=70:meeting-information&Itemid=60 HTTP/1.1" 200 547 "-" "Mozilla/5.0 (compatible; YandexBot/3.0; +http://yandex.com/bots)"
38.113.234.181 - - [08/Sep/2010:02:34:33 -0700] "GET /index.php?format=feed&type=rss HTTP/1.1" 200 2025 "-" "Voyager/1.0"
72.14.199.193 - - [08/Sep/2010:02:37:49 -0700] "GET /index.php?format=feed&type=rss HTTP/1.1" 200 2069 "-" "Feedfetcher-Google; (+http://www.google.com/feedfetcher.html; 1 subscribers; feed-id=12972516030749612519)"
72.14.199.80 - - [08/Sep/2010:02:50:37 -0700] "GET /index.php?format=feed&type=atom HTTP/1.1" 200 2803 "-" "Feedfetcher-Google; (+http://www.google.com/feedfetcher.html; 2 subscribers; feed-id=16173001225493754212)"
67.195.111.232 - - [08/Sep/2010:02:53:46 -0700] "GET /index.php?format=feed&type=rss HTTP/1.0" 200 2004 "-" "Mozilla/5.0 (compatible; Yahoo! Slurp/3.0; http://help.yahoo.com/help/us/ysearch/slurp)"
77.88.42.25 - - [08/Sep/2010:02:54:42 -0700] "GET /index.php?option=com_booklibrary&task=view&id=24&catid=62&Itemid=56 HTTP/1.1" 200 547 "-" "Mozilla/5.0 (compatible; YandexBot/3.0; +http://yandex.com/bots)"
119.63.198.89 - - [08/Sep/2010:02:55:47 -0700] "GET / HTTP/1.1" 200 510 "-" "Baiduspider+(+http://www.baidu.jp/spider/)"
173.192.238.37 - - [08/Sep/2010:02:56:24 -0700] "GET /index.php?format=feed&type=atom HTTP/1.1" 200 2766 "-" "Mozilla/5.0 (X11; U; Linux x86_64; en-US; rv:1.9.0.19; aggregator:Spinn3r (Spinn3r 3.1); http://spinn3r.com/robot) Gecko/2010040121 Firefox/3.0.19"
174.129.136.171 - - [08/Sep/2010:02:58:56 -0700] "GET /index.php?format=feed&type=rss HTTP/1.1" 200 2025 "-" "PostRank/2.0 (postrank.com; 1 subscribers)"
207.46.13.135 - - [08/Sep/2010:02:59:51 -0700] "GET /index.php?option=com_gcalendar&view=gcalendar&Itemid=62 HTTP/1.1" 200 547 "-" "msnbot/2.0b (+http://search.msn.com/msnbot.htm)"
72.14.199.80 - - [08/Sep/2010:03:09:05 -0700] "GET /index.php?format=feed&type=rss HTTP/1.1" 200 2081 "-" "Feedfetcher-Google; (+http://www.google.com/feedfetcher.html; 4 subscribers; feed-id=15539856829387087850)"
77.88.42.25 - - [08/Sep/2010:03:16:01 -0700] "GET /index.php?option=com_booklibrary&task=view&id=23&catid=66&Itemid=56&fontstyle=f-smaller HTTP/1.1" 200 547 "-" "Mozilla/5.0 (compatible; YandexBot/3.0; +http://yandex.com/bots)"
77.88.42.25 - - [08/Sep/2010:03:37:19 -0700] "GET /index.php?option=com_booklibrary&task=view&id=9&catid=66&Itemid=56&fontstyle=f-default HTTP/1.1" 200 547 "-" "Mozilla/5.0 (compatible; YandexBot/3.0; +http://yandex.com/bots)"
95.108.151.5 - - [08/Sep/2010:03:45:45 -0700] "GET /robots.txt HTTP/1.1" 200 605 "-" "Mozilla/5.0 (compatible; YandexMedia/3.0; +http://yandex.com/bots)"
95.108.151.5 - - [08/Sep/2010:03:45:51 -0700] "GET /index.php?view=weblink&catid=48%3Alearning-flex&id=38%3Aflexcoders-yahoo-group&option=com_weblinks&Itemid=55 HTTP/1.1" 301 432 "-" "Mozilla/5.0 (compatible; YandexMedia/3.0; +http://yandex.com/bots)"
174.37.205.76 - - [08/Sep/2010:03:56:25 -0700] "GET /index.php?format=feed&type=atom HTTP/1.1" 200 2766 "-" "Mozilla/5.0 (X11; U; Linux x86_64; en-US; rv:1.9.0.19; aggregator:Spinn3r (Spinn3r 3.1); http://spinn3r.com/robot) Gecko/2010040121 Firefox/3.0.19"
72.14.199.80 - - [08/Sep/2010:04:00:37 -0700] "GET /index.php?format=feed&type=atom HTTP/1.1" 200 2803 "-" "Feedfetcher-Google; (+http://www.google.com/feedfetcher.html; 2 subscribers; feed-id=16173001225493754212)"
72.14.199.80 - - [08/Sep/2010:04:02:39 -0700] "GET /index.php?format=feed&type=rss HTTP/1.1" 200 2081 "-" "Feedfetcher-Google; (+http://www.google.com/feedfetcher.html; 4 subscribers; feed-id=15539856829387087850)"
72.14.199.80 - - [08/Sep/2010:04:03:30 -0700] "GET /index.php?option=com_idoblog&view=idoblog&Itemid=80&format=feed&type=rss HTTP/1.1" 404 1274 "-" "Feedfetcher-Google; (+http://www.google.com/feedfetcher.html; 1 subscribers; feed-id=8774138234779298844)"
195.132.158.234 - - [08/Sep/2010:04:03:51 -0700] "OPTIONS /index.php?option=com_booklibrary&Itemid=56 HTTP/1.1" 200 542 "-" "Dillo/0.8.6-i18n-misc"
195.132.158.234 - - [08/Sep/2010:04:03:51 -0700] "OPTIONS / HTTP/1.1" 200 405 "-" "Dillo/0.8.6-i18n-misc"
195.132.158.234 - - [08/Sep/2010:04:03:52 -0700] "OPTIONS / HTTP/1.1" 200 405 "-" "Dillo/0.8.6-i18n-misc"
195.132.158.234 - - [08/Sep/2010:04:03:52 -0700] "HEAD /index.php?option=com_booklibrary&Itemid=56 HTTP/1.1" 200 203 "-" "Dillo/0.8.6-i18n-misc"
195.132.158.234 - - [08/Sep/2010:04:03:53 -0700] "GET /index.php?option=com_booklibrary&Itemid=56 HTTP/1.1" 200 405 "-" "Dillo/0.8.6-i18n-misc"
195.132.158.234 - - [08/Sep/2010:04:03:54 -0700] "OPTIONS /index.php?option=com_content&view=category&layout=blog&id=70&Itemid=60 HTTP/1.1" 200 405 "-" "Dillo/0.8.6-i18n-misc"
195.132.158.234 - - [08/Sep/2010:04:03:55 -0700] "OPTIONS / HTTP/1.1" 200 405 "-" "Dillo/0.8.6-i18n-misc"
195.132.158.234 - - [08/Sep/2010:04:03:55 -0700] "OPTIONS / HTTP/1.1" 200 405 "-" "Dillo/0.8.6-i18n-misc"
195.132.158.234 - - [08/Sep/2010:04:03:56 -0700] "HEAD /index.php?option=com_content&view=category&layout=blog&id=70&Itemid=60 HTTP/1.1" 200 203 "-" "Dillo/0.8.6-i18n-misc"
195.132.158.234 - - [08/Sep/2010:04:03:57 -0700] "GET /index.php?option=com_content&view=category&layout=blog&id=70&Itemid=60 HTTP/1.1" 200 405 "-" "Dillo/0.8.6-i18n-misc"
195.132.158.234 - - [08/Sep/2010:04:03:59 -0700] "HEAD /index.php?option=com_content&view=category&layout=blog&id=67&Itemid=61 HTTP/1.1" 200 285 "-" "Dillo/0.8.6-i18n-misc"
195.132.158.234 - - [08/Sep/2010:04:04:00 -0700] "GET /index.php?option=com_content&view=category&layout=blog&id=67&Itemid=61 HTTP/1.1" 200 405 "-" "Dillo/0.8.6-i18n-misc"
195.132.158.234 - - [08/Sep/2010:04:04:01 -0700] "OPTIONS /index.php?option=com_content&view=category&id=74&Itemid=76 HTTP/1.1" 200 405 "-" "Dillo/0.8.6-i18n-misc"
195.132.158.234 - - [08/Sep/2010:04:04:01 -0700] "OPTIONS / HTTP/1.1" 200 405 "-" "Dillo/0.8.6-i18n-misc"
195.132.158.234 - - [08/Sep/2010:04:04:02 -0700] "OPTIONS / HTTP/1.1" 200 405 "-" "Dillo/0.8.6-i18n-misc"
195.132.158.234 - - [08/Sep/2010:04:04:02 -0700] "HEAD /index.php?option=com_content&view=category&id=74&Itemid=76 HTTP/1.1" 200 203 "-" "Dillo/0.8.6-i18n-misc"
195.132.158.234 - - [08/Sep/2010:04:04:03 -0700] "GET /index.php?option=com_content&view=category&id=74&Itemid=76 HTTP/1.1" 200 405 "-" "Dillo/0.8.6-i18n-misc"
195.132.158.234 - - [08/Sep/2010:04:04:04 -0700] "OPTIONS /index.php?option=com_gcalendar&view=gcalendar&Itemid=62 HTTP/1.1" 200 405 "-" "Dillo/0.8.6-i18n-misc"
195.132.158.234 - - [08/Sep/2010:04:04:05 -0700] "OPTIONS / HTTP/1.1" 200 405 "-" "Dillo/0.8.6-i18n-misc"
195.132.158.234 - - [08/Sep/2010:04:04:05 -0700] "OPTIONS / HTTP/1.1" 200 405 "-" "Dillo/0.8.6-i18n-misc"
195.132.158.234 - - [08/Sep/2010:04:04:05 -0700] "HEAD /index.php?option=com_gcalendar&view=gcalendar&Itemid=62 HTTP/1.1" 200 203 "-" "Dillo/0.8.6-i18n-misc"
195.132.158.234 - - [08/Sep/2010:04:04:06 -0700] "GET /index.php?option=com_gcalendar&view=gcalendar&Itemid=62 HTTP/1.1" 200 405 "-" "Dillo/0.8.6-i18n-misc"
195.132.158.234 - - [08/Sep/2010:04:04:08 -0700] "OPTIONS /index.php?option=com_wrapper&view=wrapper&Itemid=63 HTTP/1.1" 200 461 "-" "Dillo/0.8.6-i18n-misc"
195.132.158.234 - - [08/Sep/2010:04:04:09 -0700] "OPTIONS / HTTP/1.1" 200 405 "-" "Dillo/0.8.6-i18n-misc"
195.132.158.234 - - [08/Sep/2010:04:04:10 -0700] "OPTIONS / HTTP/1.1" 200 405 "-" "Dillo/0.8.6-i18n-misc"
195.132.158.234 - - [08/Sep/2010:04:04:10 -0700] "HEAD /index.php?option=com_wrapper&view=wrapper&Itemid=63 HTTP/1.1" 200 203 "-" "Dillo/0.8.6-i18n-misc"
195.132.158.234 - - [08/Sep/2010:04:04:10 -0700] "GET /index.php?option=com_wrapper&view=wrapper&Itemid=63 HTTP/1.1" 200 405 "-" "Dillo/0.8.6-i18n-misc"
195.132.158.234 - - [08/Sep/2010:04:04:12 -0700] "OPTIONS /index.php?option=com_content&view=article&id=46&Itemid=41 HTTP/1.1" 200 405 "-" "Dillo/0.8.6-i18n-misc"
195.132.158.234 - - [08/Sep/2010:04:04:12 -0700] "OPTIONS / HTTP/1.1" 200 405 "-" "Dillo/0.8.6-i18n-misc"
195.132.158.234 - - [08/Sep/2010:04:04:12 -0700] "OPTIONS / HTTP/1.1" 200 405 "-" "Dillo/0.8.6-i18n-misc"
195.132.158.234 - - [08/Sep/2010:04:04:13 -0700] "HEAD /index.php?option=com_content&view=article&id=46&Itemid=41 HTTP/1.1" 200 203 "-" "Dillo/0.8.6-i18n-misc"
195.132.158.234 - - [08/Sep/2010:04:04:13 -0700] "GET /index.php?option=com_content&view=article&id=46&Itemid=41 HTTP/1.1" 200 405 "-" "Dillo/0.8.6-i18n-misc"
195.132.158.234 - - [08/Sep/2010:04:04:14 -0700] "OPTIONS /index.php?option=com_alfcontact&Itemid=64 HTTP/1.1" 200 405 "-" "Dillo/0.8.6-i18n-misc"
195.132.158.234 - - [08/Sep/2010:04:04:14 -0700] "OPTIONS / HTTP/1.1" 200 405 "-" "Dillo/0.8.6-i18n-misc"
195.132.158.234 - - [08/Sep/2010:04:04:15 -0700] "OPTIONS / HTTP/1.1" 200 405 "-" "Dillo/0.8.6-i18n-misc"
195.132.158.234 - - [08/Sep/2010:04:04:15 -0700] "HEAD /index.php?option=com_alfcontact&Itemid=64 HTTP/1.1" 200 203 "-" "Dillo/0.8.6-i18n-misc"
195.132.158.234 - - [08/Sep/2010:04:04:16 -0700] "GET /index.php?option=com_alfcontact&Itemid=64 HTTP/1.1" 200 405 "-" "Dillo/0.8.6-i18n-misc"
72.14.199.193 - - [08/Sep/2010:04:05:57 -0700] "GET /index.php?format=feed&type=atom HTTP/1.1" 200 2783 "-" "Feedfetcher-Google; (+http://www.google.com/feedfetcher.html; 1 subscribers; feed-id=6223356482245172981)"
77.88.42.25 - - [08/Sep/2010:04:09:17 -0700] "GET /index.php?option=com_weblinks&view=category&id=19%3Aother-user-groups&Itemid=55 HTTP/1.1" 200 547 "-" "Mozilla/5.0 (compatible; YandexBot/3.0; +http://yandex.com/bots)"
72.14.199.80 - - [08/Sep/2010:04:22:23 -0700] "GET /blog/rss.cfm?mode=full HTTP/1.1" 404 496 "-" "Feedfetcher-Google; (+http://www.google.com/feedfetcher.html; 1 subscribers; feed-id=6873439543726112842)"
38.113.234.180 - - [08/Sep/2010:04:27:07 -0700] "GET /index.php?format=feed&type=rss HTTP/1.1" 200 2025 "-" "Voyager/1.0"
77.88.42.25 - - [08/Sep/2010:04:30:35 -0700] "GET /index.php?option=com_content&view=article&id=48&Itemid=41 HTTP/1.1" 200 547 "-" "Mozilla/5.0 (compatible; YandexBot/3.0; +http://yandex.com/bots)"
77.88.42.25 - - [08/Sep/2010:04:41:14 -0700] "GET /index.php?option=com_booklibrary&task=view&id=6&catid=64&Itemid=56 HTTP/1.1" 200 547 "-" "Mozilla/5.0 (compatible; YandexBot/3.0; +http://yandex.com/bots)"
77.88.42.25 - - [08/Sep/2010:04:51:53 -0700] "GET /index.php?option=com_content&view=article&id=54:bio-dusty-jewett&catid=67:presenters&Itemid=61&fontstyle=f-smaller HTTP/1.1" 200 547 "-" "Mozilla/5.0 (compatible; YandexBot/3.0; +http://yandex.com/bots)"
72.14.199.80 - - [08/Sep/2010:04:54:07 -0700] "GET /index.php?format=feed&type=atom HTTP/1.1" 200 2803 "-" "Feedfetcher-Google; (+http://www.google.com/feedfetcher.html; 2 subscribers; feed-id=16173001225493754212)"
174.37.205.71 - - [08/Sep/2010:04:56:28 -0700] "GET /index.php?format=feed&type=atom HTTP/1.1" 200 2766 "-" "Mozilla/5.0 (X11; U; Linux x86_64; en-US; rv:1.9.0.19; aggregator:Spinn3r (Spinn3r 3.1); http://spinn3r.com/robot) Gecko/2010040121 Firefox/3.0.19"
72.14.199.80 - - [08/Sep/2010:05:08:17 -0700] "GET /index.php?format=feed&type=rss HTTP/1.1" 200 2081 "-" "Feedfetcher-Google; (+http://www.google.com/feedfetcher.html; 4 subscribers; feed-id=15539856829387087850)"
207.46.199.193 - - [08/Sep/2010:05:20:29 -0700] "GET /robots.txt HTTP/1.1" 200 605 "-" "msnbot/2.0b (+http://search.msn.com/msnbot.htm)"
72.14.199.80 - - [08/Sep/2010:05:22:59 -0700] "GET /blog?format=feed&type=rss HTTP/1.1" 404 491 "-" "Feedfetcher-Google; (+http://www.google.com/feedfetcher.html; 1 subscribers; feed-id=17205210357194660069)"
77.88.42.25 - - [08/Sep/2010:05:23:49 -0700] "GET /index.php?option=com_booklibrary&task=showCategory&catid=66&Itemid=56&limitstart=10&fontstyle=f-larger HTTP/1.1" 200 547 "-" "Mozilla/5.0 (compatible; YandexBot/3.0; +http://yandex.com/bots)"
77.88.42.25 - - [08/Sep/2010:05:34:28 -0700] "GET /index.php?option=com_content&view=section&layout=blog&id=8&Itemid=53&limitstart=5&fontstyle=f-default HTTP/1.1" 200 547 "-" "Mozilla/5.0 (compatible; YandexBot/3.0; +http://yandex.com/bots)"
66.249.71.196 - - [08/Sep/2010:05:35:59 -0700] "GET /index.php?option=com_booklibrary&task=view&id=9&catid=66&Itemid=56 HTTP/1.1" 200 547 "-" "Mozilla/5.0 (compatible; Googlebot/2.1; +http://www.google.com/bot.html)"
72.14.199.193 - - [08/Sep/2010:05:38:19 -0700] "GET /index.php?format=feed&type=rss HTTP/1.1" 200 2069 "-" "Feedfetcher-Google; (+http://www.google.com/feedfetcher.html; 1 subscribers; feed-id=12972516030749612519)"
77.88.42.25 - - [08/Sep/2010:05:45:06 -0700] "GET /index.php?option=com_booklibrary&task=view&id=38&catid=66&Itemid=56&fontstyle=f-larger HTTP/1.1" 200 547 "-" "Mozilla/5.0 (compatible; YandexBot/3.0; +http://yandex.com/bots)"
72.14.199.80 - - [08/Sep/2010:05:47:07 -0700] "GET /index.php?format=feed&type=atom HTTP/1.1" 200 2803 "-" "Feedfetcher-Google; (+http://www.google.com/feedfetcher.html; 2 subscribers; feed-id=16173001225493754212)"
67.195.111.232 - - [08/Sep/2010:05:53:35 -0700] "GET /index.php?option=com_weblinks&view=category&id=50&Itemid=55 HTTP/1.0" 200 510 "-" "Mozilla/5.0 (compatible; Yahoo! Slurp/3.0; http://help.yahoo.com/help/us/ysearch/slurp)"
174.37.205.87 - - [08/Sep/2010:05:56:44 -0700] "GET /index.php?format=feed&type=atom HTTP/1.1" 200 2766 "-" "Mozilla/5.0 (X11; U; Linux x86_64; en-US; rv:1.9.0.19; aggregator:Spinn3r (Spinn3r 3.1); http://spinn3r.com/robot) Gecko/2010040121 Firefox/3.0.19"
72.14.199.80 - - [08/Sep/2010:06:05:20 -0700] "GET /index.php?format=feed&type=rss HTTP/1.1" 200 2081 "-" "Feedfetcher-Google; (+http://www.google.com/feedfetcher.html; 4 subscribers; feed-id=15539856829387087850)"
38.113.234.181 - - [08/Sep/2010:06:20:43 -0700] "GET /index.php?format=feed&type=rss HTTP/1.1" 200 2025 "-" "Voyager/1.0"
207.46.13.143 - - [08/Sep/2010:06:22:27 -0700] "GET /robots.txt HTTP/1.1" 200 605 "-" "msnbot/2.0b (+http://search.msn.com/msnbot.htm)"
207.46.13.95 - - [08/Sep/2010:06:41:24 -0700] "GET /index.php?option=com_content&view=section&layout=blog&id=8&Itemid=53&limitstart=15 HTTP/1.1" 200 547 "-" "msnbot/2.0b (+http://search.msn.com/msnbot.htm)"
72.14.199.80 - - [08/Sep/2010:06:52:27 -0700] "GET /index.php?format=feed&type=atom HTTP/1.1" 200 2803 "-" "Feedfetcher-Google; (+http://www.google.com/feedfetcher.html; 2 subscribers; feed-id=16173001225493754212)"
174.36.241.156 - - [08/Sep/2010:06:56:49 -0700] "GET /index.php?format=feed&type=atom HTTP/1.1" 200 2766 "-" "Mozilla/5.0 (X11; U; Linux x86_64; en-US; rv:1.9.0.19; aggregator:Spinn3r (Spinn3r 3.1); http://spinn3r.com/robot) Gecko/2010040121 Firefox/3.0.19"
72.14.199.193 - - [08/Sep/2010:06:56:58 -0700] "GET /index.php?format=feed&type=atom HTTP/1.1" 200 2783 "-" "Feedfetcher-Google; (+http://www.google.com/feedfetcher.html; 1 subscribers; feed-id=6223356482245172981)"
174.129.136.171 - - [08/Sep/2010:07:00:02 -0700] "GET /index.php?format=feed&type=rss HTTP/1.1" 200 2025 "-" "PostRank/2.0 (postrank.com; 1 subscribers)"
207.46.199.185 - - [08/Sep/2010:07:00:58 -0700] "GET /robots.txt HTTP/1.1" 200 605 "-" "msnbot/2.0b (+http://search.msn.com/msnbot.htm)"
71.112.148.122 - - [08/Sep/2010:07:05:03 -0700] "GET / HTTP/1.1" 200 547 "-" "Mozilla/5.0 (Windows; U; Windows NT 5.1; en-US) AppleWebKit/533.4 (KHTML, like Gecko) Chrome/5.0.375.127 Safari/533.4"
71.112.148.122 - - [08/Sep/2010:07:05:04 -0700] "GET /favicon.ico HTTP/1.1" 200 275 "-" "Mozilla/5.0 (Windows; U; Windows NT 5.1; en-US) AppleWebKit/533.4 (KHTML, like Gecko) Chrome/5.0.375.127 Safari/533.4"
71.112.148.122 - - [08/Sep/2010:07:05:33 -0700] "GET / HTTP/1.1" 200 466 "-" "Mozilla/5.0 (Windows; U; Windows NT 5.1; en-US) AppleWebKit/533.4 (KHTML, like Gecko) Chrome/5.0.375.127 Safari/533.4"
94.75.247.240 - - [08/Sep/2010:07:06:39 -0700] "GET /robots.txt HTTP/1.0" 200 432 "-" "TwengaBot-Discover (http://www.twenga.fr/bot-discover.html)"
94.75.247.240 - - [08/Sep/2010:07:06:43 -0700] "GET / HTTP/1.0" 200 510 "-" "TwengaBot-Discover (http://www.twenga.fr/bot-discover.html)"
72.14.199.80 - - [08/Sep/2010:07:07:41 -0700] "GET /index.php?format=feed&type=rss HTTP/1.1" 200 2081 "-" "Feedfetcher-Google; (+http://www.google.com/feedfetcher.html; 4 subscribers; feed-id=15539856829387087850)"
207.46.13.41 - - [08/Sep/2010:07:07:55 -0700] "GET /robots.txt HTTP/1.1" 200 605 "-" "msnbot/2.0b (+http://search.msn.com/msnbot.htm)"
77.88.42.25 - - [08/Sep/2010:07:10:57 -0700] "GET /robots.txt HTTP/1.1" 200 605 "-" "Mozilla/5.0 (compatible; YandexBot/3.0; +http://yandex.com/bots)"
77.88.42.25 - - [08/Sep/2010:07:11:00 -0700] "GET / HTTP/1.1" 200 547 "-" "Mozilla/5.0 (compatible; YandexBot/3.0; +http://yandex.com/bots)"
72.14.199.80 - - [08/Sep/2010:07:11:51 -0700] "GET /index.php?option=com_idoblog&view=idoblog&Itemid=80&format=feed&type=rss HTTP/1.1" 404 1274 "-" "Feedfetcher-Google; (+http://www.google.com/feedfetcher.html; 1 subscribers; feed-id=8774138234779298844)"
67.195.111.232 - - [08/Sep/2010:07:20:27 -0700] "GET /index.php?option=com_booklibrary&task=view&id=23&catid=66&Itemid=56&fontstyle=f-default HTTP/1.0" 200 510 "-" "Mozilla/5.0 (compatible; Yahoo! Slurp/3.0; http://help.yahoo.com/help/us/ysearch/slurp)"