HEX
Server: Apache
System: Linux pdx1-shared-a1-38 6.6.104-grsec-jammy+ #3 SMP Tue Sep 16 00:28:11 UTC 2025 x86_64
User: mmickelson (3396398)
PHP: 8.1.31
Disabled: NONE
Upload Files
File: /home/mmickelson/logs/seaflexug.org/http/access.log.2010-09-06
67.195.111.232 - - [06/Sep/2010:00:43:17 -0700] "GET /index.php?option=com_content&view=article&id=182:seaflex-site-changing&fontstyle=f-larger HTTP/1.0" 200 510 "-" "Mozilla/5.0 (compatible; Yahoo! Slurp/3.0; http://help.yahoo.com/help/us/ysearch/slurp)" 
72.14.199.80 - - [06/Sep/2010:00:46:47 -0700] "GET /index.php?format=feed&type=rss HTTP/1.1" 200 2081 "-" "Feedfetcher-Google; (+http://www.google.com/feedfetcher.html; 4 subscribers; feed-id=15539856829387087850)" 
77.88.42.25 - - [06/Sep/2010:00:48:14 -0700] "GET /index.php?option=com_booklibrary&task=view&id=55&catid=63&Itemid=56&fontstyle=f-smaller HTTP/1.1" 200 547 "-" "Mozilla/5.0 (compatible; YandexBot/3.0; +http://yandex.com/bots)" 
195.191.54.168 - - [06/Sep/2010:00:55:45 -0700] "GET /index.php HTTP/1.0" 200 505 "http://seaflexug.org/index.php" "Mozilla/4.0 (compatible; MSIE 6.0; Windows NT 5.1; SV1)" 
207.46.13.143 - - [06/Sep/2010:00:57:05 -0700] "GET /robots.txt HTTP/1.1" 200 605 "-" "msnbot/2.0b (+http://search.msn.com/msnbot.htm)" 
174.36.228.154 - - [06/Sep/2010:01:04:12 -0700] "GET /index.php?format=feed&type=atom HTTP/1.1" 200 2766 "-" "Mozilla/5.0 (X11; U; Linux x86_64; en-US; rv:1.9.0.19; aggregator:Spinn3r (Spinn3r 3.1); http://spinn3r.com/robot) Gecko/2010040121 Firefox/3.0.19" 
207.46.199.184 - - [06/Sep/2010:01:11:06 -0700] "GET /robots.txt HTTP/1.1" 200 605 "-" "msnbot/2.0b (+http://search.msn.com/msnbot.htm)" 
207.46.13.143 - - [06/Sep/2010:01:17:42 -0700] "GET /index.php?fontstyle=f-default HTTP/1.1" 200 547 "-" "msnbot/2.0b (+http://search.msn.com/msnbot.htm)" 
38.113.234.180 - - [06/Sep/2010:01:22:36 -0700] "GET /index.php?format=feed&type=rss HTTP/1.1" 200 2025 "-" "Voyager/1.0" 
77.88.42.25 - - [06/Sep/2010:01:22:38 -0700] "GET /index.php?option=com_booklibrary&task=view&id=16&catid=64&Itemid=56&fontstyle=f-default HTTP/1.1" 200 547 "-" "Mozilla/5.0 (compatible; YandexBot/3.0; +http://yandex.com/bots)" 
72.14.199.80 - - [06/Sep/2010:01:23:37 -0700] "GET /index.php?format=feed&type=atom HTTP/1.1" 200 2803 "-" "Feedfetcher-Google; (+http://www.google.com/feedfetcher.html; 2 subscribers; feed-id=16173001225493754212)" 
212.95.58.198 - - [06/Sep/2010:01:24:11 -0700] "GET /index.php HTTP/1.0" 200 505 "http://www.seaflexug.org/index.php" "Opera/7.60 (Windows NT 5.2; U)  [en] (IBM EVV/3.0/EAK01AG9/LE)" 
72.14.199.193 - - [06/Sep/2010:01:26:47 -0700] "GET /index.php?format=feed&type=atom HTTP/1.1" 200 2783 "-" "Feedfetcher-Google; (+http://www.google.com/feedfetcher.html; 1 subscribers; feed-id=6223356482245172981)" 
72.14.199.80 - - [06/Sep/2010:01:41:33 -0700] "GET /blog/rss.cfm?mode=full HTTP/1.1" 404 496 "-" "Feedfetcher-Google; (+http://www.google.com/feedfetcher.html; 1 subscribers; feed-id=6873439543726112842)" 
72.14.199.80 - - [06/Sep/2010:01:47:08 -0700] "GET /index.php?format=feed&type=rss HTTP/1.1" 200 2081 "-" "Feedfetcher-Google; (+http://www.google.com/feedfetcher.html; 4 subscribers; feed-id=15539856829387087850)" 
72.14.199.80 - - [06/Sep/2010:01:55:53 -0700] "GET /blog?format=feed&type=rss HTTP/1.1" 404 491 "-" "Feedfetcher-Google; (+http://www.google.com/feedfetcher.html; 1 subscribers; feed-id=17205210357194660069)" 
207.46.13.88 - - [06/Sep/2010:01:59:15 -0700] "GET /index.php?fontstyle=f-smaller HTTP/1.1" 200 547 "-" "msnbot/2.0b (+http://search.msn.com/msnbot.htm)" 
207.46.199.178 - - [06/Sep/2010:02:04:11 -0700] "GET /robots.txt HTTP/1.1" 200 605 "-" "msnbot/2.0b (+http://search.msn.com/msnbot.htm)" 
174.36.241.149 - - [06/Sep/2010:02:04:15 -0700] "GET /index.php?format=feed&type=atom HTTP/1.1" 200 2766 "-" "Mozilla/5.0 (X11; U; Linux x86_64; en-US; rv:1.9.0.19; aggregator:Spinn3r (Spinn3r 3.1); http://spinn3r.com/robot) Gecko/2010040121 Firefox/3.0.19" 
207.46.12.123 - - [06/Sep/2010:02:09:34 -0700] "GET /index.php?option=com_booklibrary&Itemid=56 HTTP/1.1" 200 547 "-" "Mozilla/4.0 (compatible; MSIE 6.0; Windows NT 5.2;  SV1;  .NET CLR 1.1.4325;  .NET CLR 2.0.50727;  .NET CLR 3.0.30729;  .NET CLR 3.5.30729;  InfoPath.2)" 
77.88.42.25 - - [06/Sep/2010:02:14:15 -0700] "GET /index.php?option=com_booklibrary&task=view&id=7&catid=66&Itemid=56&fontstyle=f-larger HTTP/1.1" 200 547 "-" "Mozilla/5.0 (compatible; YandexBot/3.0; +http://yandex.com/bots)" 
66.235.124.17 - - [06/Sep/2010:02:16:31 -0700] "GET /robots.txt HTTP/1.1" 200 568 "-" "Mozilla/5.0 (compatible; Ask Jeeves/Teoma; +http://about.ask.com/en/docs/about/webmasters.shtml)" 
66.235.124.17 - - [06/Sep/2010:02:16:32 -0700] "GET / HTTP/1.1" 200 510 "-" "Mozilla/5.0 (compatible; Ask Jeeves/Teoma; +http://about.ask.com/en/docs/about/webmasters.shtml)" 
72.14.199.80 - - [06/Sep/2010:02:17:18 -0700] "GET /index.php?format=feed&type=atom HTTP/1.1" 200 2803 "-" "Feedfetcher-Google; (+http://www.google.com/feedfetcher.html; 2 subscribers; feed-id=16173001225493754212)" 
67.195.111.232 - - [06/Sep/2010:02:17:53 -0700] "GET /index.php?option=com_content&view=article&id=135&Itemid=53&fontstyle=f-larger HTTP/1.0" 200 510 "-" "Mozilla/5.0 (compatible; Yahoo! Slurp/3.0; http://help.yahoo.com/help/us/ysearch/slurp)" 
174.129.136.171 - - [06/Sep/2010:02:25:41 -0700] "GET /index.php?format=feed&type=rss HTTP/1.1" 200 2025 "-" "PostRank/2.0 (postrank.com; 1 subscribers)" 
67.18.5.136 - - [06/Sep/2010:02:29:10 -0700] "GET /index.php?format=feed&type=rss HTTP/1.1" 200 2025 "-" "Mozilla/5.0 (en-US)" 
66.249.71.246 - - [06/Sep/2010:02:29:24 -0700] "GET /robots.txt HTTP/1.1" 200 469 "-" "Mozilla/5.0 (compatible; Googlebot/2.1; +http://www.google.com/bot.html)" 
67.195.111.232 - - [06/Sep/2010:02:43:49 -0700] "GET /index.php?option=com_content&view=article&id=98:october-9th-meeting-career-preparation&catid=70:meeting-information&Itemid=60&fontstyle=f-default HTTP/1.0" 200 510 "-" "Mozilla/5.0 (compatible; Yahoo! Slurp/3.0; http://help.yahoo.com/help/us/ysearch/slurp)" 
77.88.42.25 - - [06/Sep/2010:02:48:39 -0700] "GET /index.php?option=com_booklibrary&task=view&id=38&catid=66&Itemid=56 HTTP/1.1" 200 547 "-" "Mozilla/5.0 (compatible; YandexBot/3.0; +http://yandex.com/bots)" 
207.46.199.51 - - [06/Sep/2010:02:52:30 -0700] "GET /robots.txt HTTP/1.1" 200 605 "-" "msnbot/2.0b (+http://search.msn.com/msnbot.htm)" 
72.14.199.80 - - [06/Sep/2010:02:53:27 -0700] "GET /index.php?format=feed&type=rss HTTP/1.1" 200 2081 "-" "Feedfetcher-Google; (+http://www.google.com/feedfetcher.html; 4 subscribers; feed-id=15539856829387087850)" 
66.249.71.246 - - [06/Sep/2010:03:00:02 -0700] "GET /index.php?option=com_content&view=section&layout=blog&id=8&Itemid=53&limitstart=20 HTTP/1.1" 200 547 "-" "Mozilla/5.0 (compatible; Googlebot/2.1; +http://www.google.com/bot.html)" 
67.195.111.232 - - [06/Sep/2010:03:00:23 -0700] "GET /index.php?option=com_content&view=category&id=74&Itemid=76&fontstyle=f-default HTTP/1.0" 200 510 "-" "Mozilla/5.0 (compatible; Yahoo! Slurp/3.0; http://help.yahoo.com/help/us/ysearch/slurp)" 
67.195.111.232 - - [06/Sep/2010:03:03:38 -0700] "GET /index.php?option=com_user&view=remind HTTP/1.0" 200 510 "-" "Mozilla/5.0 (compatible; Yahoo! Slurp/3.0; http://help.yahoo.com/help/us/ysearch/slurp)" 
174.36.241.148 - - [06/Sep/2010:03:04:47 -0700] "GET /index.php?format=feed&type=atom HTTP/1.1" 200 2766 "-" "Mozilla/5.0 (X11; U; Linux x86_64; en-US; rv:1.9.0.19; aggregator:Spinn3r (Spinn3r 3.1); http://spinn3r.com/robot) Gecko/2010040121 Firefox/3.0.19" 
72.14.199.193 - - [06/Sep/2010:03:06:09 -0700] "GET /index.php?format=feed&type=rss HTTP/1.1" 200 2069 "-" "Feedfetcher-Google; (+http://www.google.com/feedfetcher.html; 1 subscribers; feed-id=12972516030749612519)" 
77.88.42.25 - - [06/Sep/2010:03:07:11 -0700] "GET /index.php?option=com_booklibrary&task=view&id=22&catid=66&Itemid=56 HTTP/1.1" 200 547 "-" "Mozilla/5.0 (compatible; YandexBot/3.0; +http://yandex.com/bots)" 
207.46.195.107 - - [06/Sep/2010:03:07:35 -0700] "GET /robots.txt HTTP/1.1" 200 605 "-" "msnbot/2.0b (+http://search.msn.com/msnbot.htm)" 
207.46.199.179 - - [06/Sep/2010:03:10:07 -0700] "GET /robots.txt HTTP/1.1" 200 605 "-" "msnbot/2.0b (+http://search.msn.com/msnbot.htm)" 
72.14.199.80 - - [06/Sep/2010:03:13:04 -0700] "GET /index.php?option=com_idoblog&view=idoblog&Itemid=80&format=feed&type=rss HTTP/1.1" 404 1274 "-" "Feedfetcher-Google; (+http://www.google.com/feedfetcher.html; 1 subscribers; feed-id=8774138234779298844)" 
38.113.234.181 - - [06/Sep/2010:03:13:53 -0700] "GET /index.php?format=feed&type=rss HTTP/1.1" 200 2025 "-" "Voyager/1.0" 
207.46.195.107 - - [06/Sep/2010:03:14:15 -0700] "GET /index.php?option=com_content&view=article&id=46&Itemid=41 HTTP/1.1" 200 547 "-" "msnbot/2.0b (+http://search.msn.com/msnbot.htm)" 
72.14.199.80 - - [06/Sep/2010:03:14:37 -0700] "GET /index.php?format=feed&type=atom HTTP/1.1" 200 2803 "-" "Feedfetcher-Google; (+http://www.google.com/feedfetcher.html; 2 subscribers; feed-id=16173001225493754212)" 
67.195.111.232 - - [06/Sep/2010:03:20:07 -0700] "GET /index.php?option=com_user&task=register&fontstyle=f-smaller HTTP/1.0" 200 510 "-" "Mozilla/5.0 (compatible; Yahoo! Slurp/3.0; http://help.yahoo.com/help/us/ysearch/slurp)" 
67.195.111.232 - - [06/Sep/2010:03:20:26 -0700] "GET /index.php?option=com_booklibrary&task=view&id=13&catid=63&Itemid=56 HTTP/1.0" 200 510 "-" "Mozilla/5.0 (compatible; Yahoo! Slurp/3.0; http://help.yahoo.com/help/us/ysearch/slurp)" 
207.46.199.51 - - [06/Sep/2010:03:21:20 -0700] "GET /index.php?option=com_content&view=category&id=74&Itemid=76 HTTP/1.1" 200 547 "-" "msnbot/2.0b (+http://search.msn.com/msnbot.htm)" 
77.88.42.25 - - [06/Sep/2010:03:25:39 -0700] "GET /index.php?option=com_booklibrary&task=view&id=36&catid=64&Itemid=56&fontstyle=f-default HTTP/1.1" 200 547 "-" "Mozilla/5.0 (compatible; YandexBot/3.0; +http://yandex.com/bots)" 
220.181.7.30 - - [06/Sep/2010:03:27:58 -0700] "GET / HTTP/1.1" 200 510 "-" "Baiduspider+(+http://www.baidu.com/search/spider.htm)" 
95.27.193.93 - - [06/Sep/2010:03:43:14 -0700] "GET /index.php HTTP/1.0" 200 505 "http://www.seaflexug.org/index.php" "Mozilla/4.0 (compatible; MSIE 6.0; Windows NT 5.0; T312461)" 
207.46.195.230 - - [06/Sep/2010:03:49:49 -0700] "GET /index.php?option=com_content&view=article&id=48&Itemid=41 HTTP/1.1" 200 547 "-" "msnbot/2.0b (+http://search.msn.com/msnbot.htm)" 
72.14.199.80 - - [06/Sep/2010:03:50:27 -0700] "GET /index.php?format=feed&type=rss HTTP/1.1" 200 2081 "-" "Feedfetcher-Google; (+http://www.google.com/feedfetcher.html; 4 subscribers; feed-id=15539856829387087850)" 
91.210.106.254 - - [06/Sep/2010:03:58:55 -0700] "GET /index.php?option=com_content&view=section&layout=blog&id=8&Itemid=53&limitstart=15 HTTP/1.0" 200 505 "http://www.businesscoachcourse.com" "Mozilla/4.0 (compatible; MSIE 6.0; Windows ME) Opera 7.11  [en]" 
91.210.106.254 - - [06/Sep/2010:03:58:57 -0700] "GET / HTTP/1.0" 200 424 "http://www.seaflexug.org/" "Mozilla/4.0 (compatible; MSIE 6.0; Windows ME) Opera 7.11  [en]" 
77.88.42.25 - - [06/Sep/2010:04:02:36 -0700] "GET /index.php?option=com_content&view=section&layout=blog&id=8&Itemid=53&limitstart=25 HTTP/1.1" 200 547 "-" "Mozilla/5.0 (compatible; YandexBot/3.0; +http://yandex.com/bots)" 
174.36.228.154 - - [06/Sep/2010:04:04:55 -0700] "GET /index.php?format=feed&type=atom HTTP/1.1" 200 2766 "-" "Mozilla/5.0 (X11; U; Linux x86_64; en-US; rv:1.9.0.19; aggregator:Spinn3r (Spinn3r 3.1); http://spinn3r.com/robot) Gecko/2010040121 Firefox/3.0.19" 
67.195.111.232 - - [06/Sep/2010:04:08:26 -0700] "GET /index.php?option=com_user&view=reset HTTP/1.0" 200 510 "-" "Mozilla/5.0 (compatible; Yahoo! Slurp/3.0; http://help.yahoo.com/help/us/ysearch/slurp)" 
72.14.199.80 - - [06/Sep/2010:04:18:17 -0700] "GET /index.php?format=feed&type=atom HTTP/1.1" 200 2803 "-" "Feedfetcher-Google; (+http://www.google.com/feedfetcher.html; 2 subscribers; feed-id=16173001225493754212)" 
72.14.199.193 - - [06/Sep/2010:04:26:17 -0700] "GET /index.php?format=feed&type=atom HTTP/1.1" 200 2783 "-" "Feedfetcher-Google; (+http://www.google.com/feedfetcher.html; 1 subscribers; feed-id=6223356482245172981)" 
67.195.111.232 - - [06/Sep/2010:04:27:26 -0700] "GET /index.php?option=com_content&view=section&layout=blog&id=8&Itemid=53&fontstyle=f-smaller HTTP/1.0" 200 510 "-" "Mozilla/5.0 (compatible; Yahoo! Slurp/3.0; http://help.yahoo.com/help/us/ysearch/slurp)" 
124.115.0.139 - - [06/Sep/2010:04:28:19 -0700] "GET / HTTP/1.1" 200 547 "-" "Sosospider+(+http://help.soso.com/webspider.htm)" 
72.14.199.80 - - [06/Sep/2010:04:41:35 -0700] "GET /blog/rss.cfm?mode=full HTTP/1.1" 404 496 "-" "Feedfetcher-Google; (+http://www.google.com/feedfetcher.html; 1 subscribers; feed-id=6873439543726112842)" 
72.14.199.80 - - [06/Sep/2010:04:56:01 -0700] "GET /blog?format=feed&type=rss HTTP/1.1" 404 491 "-" "Feedfetcher-Google; (+http://www.google.com/feedfetcher.html; 1 subscribers; feed-id=17205210357194660069)" 
72.14.199.80 - - [06/Sep/2010:04:56:07 -0700] "GET /index.php?format=feed&type=rss HTTP/1.1" 200 2081 "-" "Feedfetcher-Google; (+http://www.google.com/feedfetcher.html; 4 subscribers; feed-id=15539856829387087850)" 
77.88.42.25 - - [06/Sep/2010:04:58:02 -0700] "GET /index.php?option=com_booklibrary&task=view&id=11&catid=66&Itemid=56&fontstyle=f-default HTTP/1.1" 200 547 "-" "Mozilla/5.0 (compatible; YandexBot/3.0; +http://yandex.com/bots)" 
173.192.238.37 - - [06/Sep/2010:05:05:16 -0700] "GET /index.php?format=feed&type=atom HTTP/1.1" 200 2766 "-" "Mozilla/5.0 (X11; U; Linux x86_64; en-US; rv:1.9.0.19; aggregator:Spinn3r (Spinn3r 3.1); http://spinn3r.com/robot) Gecko/2010040121 Firefox/3.0.19" 
38.113.234.180 - - [06/Sep/2010:05:05:51 -0700] "GET /index.php?format=feed&type=rss HTTP/1.1" 200 2025 "-" "Voyager/1.0" 
122.168.134.194 - - [06/Sep/2010:05:15:37 -0700] "GET / HTTP/1.0" 200 547 "http://groups.drupal.org/node/7989" "Mozilla/5.0 (Windows; U; Windows NT 5.1; en-US; rv:1.9.1.11) Gecko/20100701 Firefox/3.5.11" 
122.168.134.194 - - [06/Sep/2010:05:15:39 -0700] "GET /favicon.ico HTTP/1.0" 200 275 "-" "Mozilla/5.0 (Windows; U; Windows NT 5.1; en-US; rv:1.9.1.11) Gecko/20100701 Firefox/3.5.11" 
122.168.134.194 - - [06/Sep/2010:05:15:44 -0700] "GET / HTTP/1.0" 200 466 "http://groups.drupal.org/node/7989" "Mozilla/5.0 (Windows; U; Windows NT 5.1; en-US; rv:1.9.1.11) Gecko/20100701 Firefox/3.5.11" 
72.14.199.80 - - [06/Sep/2010:05:25:47 -0700] "GET /index.php?format=feed&type=atom HTTP/1.1" 200 2803 "-" "Feedfetcher-Google; (+http://www.google.com/feedfetcher.html; 2 subscribers; feed-id=16173001225493754212)" 
67.16.94.2 - - [06/Sep/2010:05:40:12 -0700] "GET /robots.txt HTTP/1.0" 200 568 "-" "Gigabot/3.0 (http://www.gigablast.com/spider.html)" 
67.16.94.2 - - [06/Sep/2010:05:40:14 -0700] "GET / HTTP/1.0" 200 505 "-" "Gigabot/3.0 (http://www.gigablast.com/spider.html)" 
67.195.111.232 - - [06/Sep/2010:05:52:25 -0700] "GET /index.php?option=com_booklibrary&task=view&id=30&catid=66&Itemid=56 HTTP/1.0" 200 510 "-" "Mozilla/5.0 (compatible; Yahoo! Slurp/3.0; http://help.yahoo.com/help/us/ysearch/slurp)" 
77.88.42.25 - - [06/Sep/2010:05:53:28 -0700] "GET /index.php?option=com_booklibrary&task=view&id=33&catid=64&Itemid=56&fontstyle=f-larger HTTP/1.1" 200 547 "-" "Mozilla/5.0 (compatible; YandexBot/3.0; +http://yandex.com/bots)" 
72.14.199.193 - - [06/Sep/2010:05:58:01 -0700] "GET /index.php?format=feed&type=rss HTTP/1.1" 200 2069 "-" "Feedfetcher-Google; (+http://www.google.com/feedfetcher.html; 1 subscribers; feed-id=12972516030749612519)" 
72.14.199.80 - - [06/Sep/2010:05:59:57 -0700] "GET /index.php?format=feed&type=rss HTTP/1.1" 200 2081 "-" "Feedfetcher-Google; (+http://www.google.com/feedfetcher.html; 4 subscribers; feed-id=15539856829387087850)" 
67.195.111.232 - - [06/Sep/2010:06:02:45 -0700] "GET /index.php?option=com_content&view=category&layout=blog&id=67&Itemid=61&fontstyle=f-default HTTP/1.0" 200 510 "-" "Mozilla/5.0 (compatible; Yahoo! Slurp/3.0; http://help.yahoo.com/help/us/ysearch/slurp)" 
173.192.238.37 - - [06/Sep/2010:06:05:23 -0700] "GET /index.php?format=feed&type=atom HTTP/1.1" 200 2766 "-" "Mozilla/5.0 (X11; U; Linux x86_64; en-US; rv:1.9.0.19; aggregator:Spinn3r (Spinn3r 3.1); http://spinn3r.com/robot) Gecko/2010040121 Firefox/3.0.19" 
207.46.199.185 - - [06/Sep/2010:06:07:54 -0700] "GET /robots.txt HTTP/1.1" 200 605 "-" "msnbot/2.0b (+http://search.msn.com/msnbot.htm)" 
72.14.199.80 - - [06/Sep/2010:06:13:05 -0700] "GET /index.php?option=com_idoblog&view=idoblog&Itemid=80&format=feed&type=rss HTTP/1.1" 404 1274 "-" "Feedfetcher-Google; (+http://www.google.com/feedfetcher.html; 1 subscribers; feed-id=8774138234779298844)" 
67.195.111.232 - - [06/Sep/2010:06:13:41 -0700] "GET /index.php?option=com_booklibrary&task=view&id=23&catid=66&Itemid=56 HTTP/1.0" 200 510 "-" "Mozilla/5.0 (compatible; Yahoo! Slurp/3.0; http://help.yahoo.com/help/us/ysearch/slurp)" 
65.52.108.60 - - [06/Sep/2010:06:15:45 -0700] "GET /index.php?option=com_booklibrary&task=view&id=15&catid=64&Itemid=56 HTTP/1.1" 200 547 "-" "msnbot/2.0b (+http://search.msn.com/msnbot.htm)" 
89.178.175.208 - - [06/Sep/2010:06:25:43 -0700] "GET /index.php HTTP/1.0" 200 505 "http://www.seaflexug.org/index.php" "Opera/9.0 (Windows NT 5.1; U; en)" 
174.129.136.171 - - [06/Sep/2010:06:26:28 -0700] "GET /index.php?format=feed&type=rss HTTP/1.1" 200 2025 "-" "PostRank/2.0 (postrank.com; 1 subscribers)" 
72.14.199.80 - - [06/Sep/2010:06:28:48 -0700] "GET /index.php?format=feed&type=atom HTTP/1.1" 200 2803 "-" "Feedfetcher-Google; (+http://www.google.com/feedfetcher.html; 2 subscribers; feed-id=16173001225493754212)" 
66.249.71.246 - - [06/Sep/2010:06:35:52 -0700] "GET /index.php?option=com_content&view=category&id=74&Itemid=76 HTTP/1.1" 200 547 "-" "Mozilla/5.0 (compatible; Googlebot/2.1; +http://www.google.com/bot.html)" 
67.195.111.232 - - [06/Sep/2010:06:43:08 -0700] "GET /index.php?option=com_content&view=section&layout=blog&id=8&Itemid=53&limitstart=25 HTTP/1.0" 200 510 "-" "Mozilla/5.0 (compatible; Yahoo! Slurp/3.0; http://help.yahoo.com/help/us/ysearch/slurp)" 
95.108.150.235 - - [06/Sep/2010:06:54:50 -0700] "GET /robots.txt HTTP/1.1" 200 605 "-" "Mozilla/5.0 (compatible; YandexBot/3.0; MirrorDetector; +http://yandex.com/bots)" 
95.108.150.235 - - [06/Sep/2010:06:54:50 -0700] "GET /robots.txt HTTP/1.1" 200 605 "-" "Mozilla/5.0 (compatible; YandexBot/3.0; MirrorDetector; +http://yandex.com/bots)" 
95.108.150.235 - - [06/Sep/2010:06:54:51 -0700] "GET / HTTP/1.1" 200 546 "-" "Mozilla/5.0 (compatible; YandexBot/3.0; MirrorDetector; +http://yandex.com/bots)" 
95.108.150.235 - - [06/Sep/2010:06:54:51 -0700] "GET / HTTP/1.1" 200 546 "-" "Mozilla/5.0 (compatible; YandexBot/3.0; MirrorDetector; +http://yandex.com/bots)" 
95.108.150.235 - - [06/Sep/2010:06:54:52 -0700] "GET / HTTP/1.1" 200 546 "-" "Mozilla/5.0 (compatible; YandexBot/3.0; MirrorDetector; +http://yandex.com/bots)" 
95.108.150.235 - - [06/Sep/2010:06:54:59 -0700] "GET / HTTP/1.1" 200 547 "-" "Mozilla/5.0 (compatible; YandexBot/3.0; MirrorDetector; +http://yandex.com/bots)" 
38.113.234.180 - - [06/Sep/2010:06:57:43 -0700] "GET /index.php?format=feed&type=rss HTTP/1.1" 200 2025 "-" "Voyager/1.0" 
72.14.199.80 - - [06/Sep/2010:07:01:07 -0700] "GET /index.php?format=feed&type=rss HTTP/1.1" 200 2081 "-" "Feedfetcher-Google; (+http://www.google.com/feedfetcher.html; 4 subscribers; feed-id=15539856829387087850)" 
67.195.111.232 - - [06/Sep/2010:07:02:44 -0700] "GET /index.php?option=com_booklibrary&task=view&id=25&catid=61&Itemid=56&fontstyle=f-smaller HTTP/1.0" 200 510 "-" "Mozilla/5.0 (compatible; Yahoo! Slurp/3.0; http://help.yahoo.com/help/us/ysearch/slurp)" 
174.37.205.87 - - [06/Sep/2010:07:05:31 -0700] "GET /index.php?format=feed&type=atom HTTP/1.1" 200 2766 "-" "Mozilla/5.0 (X11; U; Linux x86_64; en-US; rv:1.9.0.19; aggregator:Spinn3r (Spinn3r 3.1); http://spinn3r.com/robot) Gecko/2010040121 Firefox/3.0.19" 
72.14.199.193 - - [06/Sep/2010:07:16:49 -0700] "GET /index.php?format=feed&type=atom HTTP/1.1" 200 2783 "-" "Feedfetcher-Google; (+http://www.google.com/feedfetcher.html; 1 subscribers; feed-id=6223356482245172981)" 
72.14.199.80 - - [06/Sep/2010:07:24:57 -0700] "GET /index.php?format=feed&type=atom HTTP/1.1" 200 2803 "-" "Feedfetcher-Google; (+http://www.google.com/feedfetcher.html; 2 subscribers; feed-id=16173001225493754212)" 
207.46.199.191 - - [06/Sep/2010:07:40:46 -0700] "GET /robots.txt HTTP/1.1" 200 605 "-" "msnbot/2.0b (+http://search.msn.com/msnbot.htm)" 
72.14.199.80 - - [06/Sep/2010:07:41:44 -0700] "GET /blog/rss.cfm?mode=full HTTP/1.1" 404 496 "-" "Feedfetcher-Google; (+http://www.google.com/feedfetcher.html; 1 subscribers; feed-id=6873439543726112842)" 
207.46.13.40 - - [06/Sep/2010:07:43:49 -0700] "GET /index.php?option=com_content&view=section&layout=blog&id=8&Itemid=53 HTTP/1.1" 200 547 "-" "msnbot/2.0b (+http://search.msn.com/msnbot.htm)" 
207.46.199.46 - - [06/Sep/2010:07:43:53 -0700] "GET /robots.txt HTTP/1.1" 200 605 "-" "msnbot/2.0b (+http://search.msn.com/msnbot.htm)" 
207.46.12.237 - - [06/Sep/2010:07:44:15 -0700] "GET /index.php?option=com_content&view=category&layout=blog&id=70&Itemid=60&fontstyle=f-smaller HTTP/1.1" 200 547 "-" "msnbot/2.0b (+http://search.msn.com/msnbot.htm)" 
72.14.199.80 - - [06/Sep/2010:07:56:10 -0700] "GET /blog?format=feed&type=rss HTTP/1.1" 404 491 "-" "Feedfetcher-Google; (+http://www.google.com/feedfetcher.html; 1 subscribers; feed-id=17205210357194660069)" 
207.46.199.46 - - [06/Sep/2010:07:58:17 -0700] "GET / HTTP/1.1" 200 547 "-" "msnbot/2.0b (+http://search.msn.com/msnbot.htm)" 
95.108.151.5 - - [06/Sep/2010:08:00:39 -0700] "GET /robots.txt HTTP/1.1" 200 605 "-" "Mozilla/5.0 (compatible; YandexMedia/3.0; +http://yandex.com/bots)" 
95.108.151.5 - - [06/Sep/2010:08:00:41 -0700] "GET /index.php?option=com_weblinks&view=categories&Itemid=55&fontstyle=f-smaller HTTP/1.1" 200 542 "-" "Mozilla/5.0 (compatible; YandexMedia/3.0; +http://yandex.com/bots)" 
67.195.111.232 - - [06/Sep/2010:08:01:51 -0700] "GET /index.php?option=com_booklibrary&task=view&id=23&catid=66&Itemid=56&fontstyle=f-smaller HTTP/1.0" 200 510 "-" "Mozilla/5.0 (compatible; Yahoo! Slurp/3.0; http://help.yahoo.com/help/us/ysearch/slurp)" 
72.14.199.80 - - [06/Sep/2010:08:03:37 -0700] "GET /index.php?format=feed&type=rss HTTP/1.1" 200 2081 "-" "Feedfetcher-Google; (+http://www.google.com/feedfetcher.html; 4 subscribers; feed-id=15539856829387087850)" 
173.192.238.37 - - [06/Sep/2010:08:16:17 -0700] "GET /index.php?format=feed&type=atom HTTP/1.1" 200 2766 "-" "Mozilla/5.0 (X11; U; Linux x86_64; en-US; rv:1.9.0.19; aggregator:Spinn3r (Spinn3r 3.1); http://spinn3r.com/robot) Gecko/2010040121 Firefox/3.0.19" 
188.92.75.148 - - [06/Sep/2010:08:22:15 -0700] "GET /index.php HTTP/1.0" 200 505 "http://www.seaflexug.org/index.php" "Mozilla/4.0 (compatible; MSIE 6.0; Windows NT 5.1)" 
188.92.75.148 - - [06/Sep/2010:08:23:13 -0700] "GET /forum/index.php HTTP/1.0" 404 519 "http://seaflexug.org/forum/index.php" "Mozilla/4.0 (compatible; MSIE 6.0; Windows NT 5.1; Deepnet Explorer 1.5.0; .NET CLR 1.0.3705)" 
188.92.75.148 - - [06/Sep/2010:08:23:14 -0700] "GET / HTTP/1.0" 200 505 "http://seaflexug.org/" "Mozilla/4.0 (compatible; MSIE 6.0; Windows NT 5.1; Deepnet Explorer 1.5.0; .NET CLR 1.0.3705)" 
72.14.199.80 - - [06/Sep/2010:08:32:17 -0700] "GET /index.php?format=feed&type=atom HTTP/1.1" 200 2803 "-" "Feedfetcher-Google; (+http://www.google.com/feedfetcher.html; 2 subscribers; feed-id=16173001225493754212)" 
207.46.199.178 - - [06/Sep/2010:08:38:43 -0700] "GET /robots.txt HTTP/1.1" 200 605 "-" "msnbot/2.0b (+http://search.msn.com/msnbot.htm)" 
38.113.234.180 - - [06/Sep/2010:08:51:03 -0700] "GET /index.php?format=feed&type=rss HTTP/1.1" 200 2025 "-" "Voyager/1.0" 
72.14.199.193 - - [06/Sep/2010:08:52:47 -0700] "GET /index.php?format=feed&type=rss HTTP/1.1" 200 2069 "-" "Feedfetcher-Google; (+http://www.google.com/feedfetcher.html; 1 subscribers; feed-id=12972516030749612519)" 
67.195.111.232 - - [06/Sep/2010:09:12:04 -0700] "GET /index.php?option=com_content&view=article&id=55:bio-richard-rodseth&catid=67:presenters&Itemid=61&fontstyle=f-larger HTTP/1.0" 200 510 "-" "Mozilla/5.0 (compatible; Yahoo! Slurp/3.0; http://help.yahoo.com/help/us/ysearch/slurp)" 
66.249.71.246 - - [06/Sep/2010:09:13:14 -0700] "GET /index.php?option=com_weblinks&view=category&id=48%3Alearning-flex&Itemid=55&fontstyle=f-smaller HTTP/1.1" 200 547 "-" "Mozilla/5.0 (compatible; Googlebot/2.1; +http://www.google.com/bot.html)" 
72.14.199.80 - - [06/Sep/2010:09:13:27 -0700] "GET /index.php?format=feed&type=rss HTTP/1.1" 200 2081 "-" "Feedfetcher-Google; (+http://www.google.com/feedfetcher.html; 4 subscribers; feed-id=15539856829387087850)" 
67.195.111.232 - - [06/Sep/2010:09:16:14 -0700] "GET /index.php?option=com_gcalendar&view=gcalendar&Itemid=62&fontstyle=f-smaller HTTP/1.0" 200 510 "-" "Mozilla/5.0 (compatible; Yahoo! Slurp/3.0; http://help.yahoo.com/help/us/ysearch/slurp)" 
68.149.134.161 - - [06/Sep/2010:09:17:07 -0700] "GET /images/headerBanner.jpg\" width=\"920\" border=\"0\" heigth=\"191 HTTP/1.0 " 404 570 "-" "wget1.1" 
72.14.199.80 - - [06/Sep/2010:09:24:07 -0700] "GET /index.php?format=feed&type=atom HTTP/1.1" 200 2803 "-" "Feedfetcher-Google; (+http://www.google.com/feedfetcher.html; 2 subscribers; feed-id=16173001225493754212)" 
72.14.199.80 - - [06/Sep/2010:09:37:02 -0700] "GET /index.php?option=com_idoblog&view=idoblog&Itemid=80&format=feed&type=rss HTTP/1.1" 404 1274 "-" "Feedfetcher-Google; (+http://www.google.com/feedfetcher.html; 1 subscribers; feed-id=8774138234779298844)" 
78.110.50.111 - - [06/Sep/2010:09:38:48 -0700] "GET //joomla/administrator/components/com_jcs/view/add.php?mosConfig_absolute_path=http://193.111.244.157/zzzz/www.seaflexug.org/73 HTTP/1.1" 404 537 "-" "-" 
207.46.195.242 - - [06/Sep/2010:09:40:37 -0700] "GET /robots.txt HTTP/1.1" 200 605 "-" "msnbot/2.0b (+http://search.msn.com/msnbot.htm)" 
78.110.50.111 - - [06/Sep/2010:09:55:13 -0700] "GET //index2.php?option=com_content&task=&sectionid=http://193.111.244.157/zzzz/www.seaflexug.org/143 HTTP/1.1" 200 3065 "-" "-" 
78.110.50.111 - - [06/Sep/2010:09:55:15 -0700] "GET //index2.php?option=com_content&task=&sectionid=http%3A%2F%2F193.111.244.157%2Fzzzz%2Fwww.seaflexug.org%2F143 HTTP/1.1" 200 3065 "-" "-" 
207.46.195.242 - - [06/Sep/2010:10:00:47 -0700] "GET /index.php?option=com_content&view=category&layout=blog&id=70&Itemid=60&limitstart=15&fontstyle=f-larger HTTP/1.1" 200 547 "-" "msnbot/2.0b (+http://search.msn.com/msnbot.htm)" 
72.14.199.193 - - [06/Sep/2010:10:08:17 -0700] "GET /index.php?format=feed&type=atom HTTP/1.1" 200 2783 "-" "Feedfetcher-Google; (+http://www.google.com/feedfetcher.html; 1 subscribers; feed-id=6223356482245172981)" 
174.36.228.154 - - [06/Sep/2010:10:12:58 -0700] "GET /index.php?format=feed&type=atom HTTP/1.1" 200 2766 "-" "Mozilla/5.0 (X11; U; Linux x86_64; en-US; rv:1.9.0.19; aggregator:Spinn3r (Spinn3r 3.1); http://spinn3r.com/robot) Gecko/2010040121 Firefox/3.0.19" 
72.14.199.80 - - [06/Sep/2010:10:20:37 -0700] "GET /index.php?format=feed&type=rss HTTP/1.1" 200 2081 "-" "Feedfetcher-Google; (+http://www.google.com/feedfetcher.html; 4 subscribers; feed-id=15539856829387087850)" 
72.14.199.80 - - [06/Sep/2010:10:25:37 -0700] "GET /index.php?format=feed&type=atom HTTP/1.1" 200 2803 "-" "Feedfetcher-Google; (+http://www.google.com/feedfetcher.html; 2 subscribers; feed-id=16173001225493754212)" 
174.129.136.171 - - [06/Sep/2010:10:27:16 -0700] "GET /index.php?format=feed&type=rss HTTP/1.1" 200 2025 "-" "PostRank/2.0 (postrank.com; 1 subscribers)" 
72.14.199.80 - - [06/Sep/2010:10:41:45 -0700] "GET /blog/rss.cfm?mode=full HTTP/1.1" 404 496 "-" "Feedfetcher-Google; (+http://www.google.com/feedfetcher.html; 1 subscribers; feed-id=6873439543726112842)" 
207.46.199.43 - - [06/Sep/2010:10:43:16 -0700] "GET /index.php?option=com_content&view=category&layout=blog&id=70&Itemid=60&limitstart=20 HTTP/1.1" 200 547 "-" "msnbot/2.0b (+http://search.msn.com/msnbot.htm)" 
38.113.234.180 - - [06/Sep/2010:10:43:21 -0700] "GET /index.php?format=feed&type=rss HTTP/1.1" 200 2025 "-" "Voyager/1.0" 
72.14.199.80 - - [06/Sep/2010:10:56:12 -0700] "GET /blog?format=feed&type=rss HTTP/1.1" 404 491 "-" "Feedfetcher-Google; (+http://www.google.com/feedfetcher.html; 1 subscribers; feed-id=17205210357194660069)" 
67.195.111.232 - - [06/Sep/2010:10:58:28 -0700] "GET /index.php?option=com_content&view=section&layout=blog&id=8&Itemid=53&limitstart=15&fontstyle=f-smaller HTTP/1.0" 200 510 "-" "Mozilla/5.0 (compatible; Yahoo! Slurp/3.0; http://help.yahoo.com/help/us/ysearch/slurp)" 
72.14.199.80 - - [06/Sep/2010:11:14:38 -0700] "GET /index.php?format=feed&type=rss HTTP/1.1" 200 2081 "-" "Feedfetcher-Google; (+http://www.google.com/feedfetcher.html; 4 subscribers; feed-id=15539856829387087850)" 
124.115.4.204 - - [06/Sep/2010:11:20:24 -0700] "GET / HTTP/1.1" 200 547 "-" "Sosospider+(+http://help.soso.com/webspider.htm)" 
72.14.199.80 - - [06/Sep/2010:11:24:47 -0700] "GET /index.php?format=feed&type=atom HTTP/1.1" 200 2803 "-" "Feedfetcher-Google; (+http://www.google.com/feedfetcher.html; 2 subscribers; feed-id=16173001225493754212)" 
174.36.241.149 - - [06/Sep/2010:11:26:49 -0700] "GET /index.php?format=feed&type=atom HTTP/1.1" 200 2766 "-" "Mozilla/5.0 (X11; U; Linux x86_64; en-US; rv:1.9.0.19; aggregator:Spinn3r (Spinn3r 3.1); http://spinn3r.com/robot) Gecko/2010040121 Firefox/3.0.19" 
66.249.71.196 - - [06/Sep/2010:11:27:06 -0700] "GET /robots.txt HTTP/1.1" 200 469 "-" "Mozilla/5.0 (compatible; Googlebot/2.1; +http://www.google.com/bot.html)" 
66.249.71.196 - - [06/Sep/2010:11:27:06 -0700] "GET /index.php?option=com_content&view=category&layout=blog&id=70&Itemid=60&fontstyle=f-default&limitstart=10 HTTP/1.1" 200 546 "-" "Mozilla/5.0 (compatible; Googlebot/2.1; +http://www.google.com/bot.html)" 
207.46.13.40 - - [06/Sep/2010:11:32:12 -0700] "GET /index.php?option=com_wrapper&view=wrapper&Itemid=63 HTTP/1.1" 200 547 "-" "msnbot/2.0b (+http://search.msn.com/msnbot.htm)" 
95.24.201.39 - - [06/Sep/2010:12:01:37 -0700] "GET /index.php HTTP/1.0" 200 505 "http://www.seaflexug.org/index.php" "Mozilla/4.0 (compatible; MSIE 6.0; Windows NT 5.1; Q312461)" 
72.14.199.80 - - [06/Sep/2010:12:12:47 -0700] "GET /index.php?format=feed&type=rss HTTP/1.1" 200 2081 "-" "Feedfetcher-Google; (+http://www.google.com/feedfetcher.html; 4 subscribers; feed-id=15539856829387087850)" 
66.249.71.196 - - [06/Sep/2010:12:14:09 -0700] "GET /index.php?option=com_content&view=category&id=74&Itemid=76&fontstyle=f-smaller HTTP/1.1" 200 547 "-" "Mozilla/5.0 (compatible; Googlebot/2.1; +http://www.google.com/bot.html)" 
207.46.195.239 - - [06/Sep/2010:12:14:32 -0700] "GET /robots.txt HTTP/1.1" 200 605 "-" "msnbot/2.0b (+http://search.msn.com/msnbot.htm)" 
72.14.199.193 - - [06/Sep/2010:12:15:48 -0700] "GET /index.php?format=feed&type=rss HTTP/1.1" 200 2069 "-" "Feedfetcher-Google; (+http://www.google.com/feedfetcher.html; 1 subscribers; feed-id=12972516030749612519)" 
174.36.241.156 - - [06/Sep/2010:12:26:53 -0700] "GET /index.php?format=feed&type=atom HTTP/1.1" 200 2766 "-" "Mozilla/5.0 (X11; U; Linux x86_64; en-US; rv:1.9.0.19; aggregator:Spinn3r (Spinn3r 3.1); http://spinn3r.com/robot) Gecko/2010040121 Firefox/3.0.19" 
80.72.93.190 - - [06/Sep/2010:12:29:32 -0700] "GET /index2.php?option=com_gcalendar&controller=../../../../../../../../../../../../../../../proc/self/environ%00 HTTP/1.1" 501 424 "-" "libwww-perl/5.813" 
207.46.195.239 - - [06/Sep/2010:12:32:44 -0700] "GET /index.php?option=com_content&view=category&layout=blog&id=67&Itemid=61&fontstyle=f-smaller&limitstart=10 HTTP/1.1" 200 547 "-" "msnbot/2.0b (+http://search.msn.com/msnbot.htm)" 
72.14.199.80 - - [06/Sep/2010:12:33:37 -0700] "GET /index.php?format=feed&type=atom HTTP/1.1" 200 2803 "-" "Feedfetcher-Google; (+http://www.google.com/feedfetcher.html; 2 subscribers; feed-id=16173001225493754212)" 
38.113.234.181 - - [06/Sep/2010:12:36:19 -0700] "GET /index.php?format=feed&type=rss HTTP/1.1" 200 2025 "-" "Voyager/1.0" 
72.14.199.80 - - [06/Sep/2010:12:38:54 -0700] "GET /index.php?option=com_idoblog&view=idoblog&Itemid=80&format=feed&type=rss HTTP/1.1" 404 1274 "-" "Feedfetcher-Google; (+http://www.google.com/feedfetcher.html; 1 subscribers; feed-id=8774138234779298844)" 
77.88.42.25 - - [06/Sep/2010:12:41:19 -0700] "GET /robots.txt HTTP/1.1" 200 605 "-" "Mozilla/5.0 (compatible; YandexBot/3.0; +http://yandex.com/bots)" 
220.181.94.215 - - [06/Sep/2010:12:43:47 -0700] "GET / HTTP/1.1" 200 510 "-" "Sogou web spider/4.0(+http://www.sogou.com/docs/help/webmasters.htm#07)" 
89.178.83.204 - - [06/Sep/2010:12:46:32 -0700] "GET /index.php HTTP/1.0" 200 505 "http://www.seaflexug.org/index.php" "Mozilla/4.0 (compatible; MSIE 6.0; Windows NT 5.1; en) Opera 8.00" 
95.143.208.118 - - [06/Sep/2010:12:52:06 -0700] "GET /index.php HTTP/1.0" 200 505 "http://www.seaflexug.org/index.php" "Mozilla/4.0 (compatible; MSIE 6.0; Windows NT 5.1; SV1; InfoPath.1" 
65.52.108.58 - - [06/Sep/2010:12:57:12 -0700] "GET /robots.txt HTTP/1.1" 200 605 "-" "msnbot/2.0b (+http://search.msn.com/msnbot.htm)" 
65.52.108.58 - - [06/Sep/2010:12:57:13 -0700] "GET /index.php?option=com_gcalendar&view=gcalendar&Itemid=62 HTTP/1.1" 200 547 "-" "msnbot/2.0b (+http://search.msn.com/msnbot.htm)" 
72.14.199.193 - - [06/Sep/2010:13:02:17 -0700] "GET /index.php?format=feed&type=atom HTTP/1.1" 200 2783 "-" "Feedfetcher-Google; (+http://www.google.com/feedfetcher.html; 1 subscribers; feed-id=6223356482245172981)" 
67.195.111.232 - - [06/Sep/2010:13:09:00 -0700] "GET /robots.txt HTTP/1.0" 200 432 "-" "Mozilla/5.0 (compatible; Yahoo! Slurp; http://help.yahoo.com/help/us/ysearch/slurp)" 
67.195.111.232 - - [06/Sep/2010:13:09:00 -0700] "GET /index.php?option=com_content&view=section&layout=blog&id=8&Itemid=53&limitstart=10&fontstyle=f-larger HTTP/1.0" 200 510 "-" "Mozilla/5.0 (compatible; Yahoo! Slurp/3.0; http://help.yahoo.com/help/us/ysearch/slurp)" 
72.14.199.80 - - [06/Sep/2010:13:09:00 -0700] "GET /index.php?format=feed&type=rss HTTP/1.1" 200 2081 "-" "Feedfetcher-Google; (+http://www.google.com/feedfetcher.html; 4 subscribers; feed-id=15539856829387087850)" 
193.189.143.157 - - [06/Sep/2010:13:13:02 -0700] "GET / HTTP/1.1" 200 491 "-" "Mozilla/5.0 (compatible)" 
207.46.199.200 - - [06/Sep/2010:13:13:43 -0700] "GET /robots.txt HTTP/1.1" 200 605 "-" "msnbot/2.0b (+http://search.msn.com/msnbot.htm)" 
174.36.241.149 - - [06/Sep/2010:13:27:01 -0700] "GET /index.php?format=feed&type=atom HTTP/1.1" 200 2766 "-" "Mozilla/5.0 (X11; U; Linux x86_64; en-US; rv:1.9.0.19; aggregator:Spinn3r (Spinn3r 3.1); http://spinn3r.com/robot) Gecko/2010040121 Firefox/3.0.19" 
67.195.111.232 - - [06/Sep/2010:13:33:54 -0700] "GET /index.php?format=feed&type=atom HTTP/1.0" 200 2726 "-" "Mozilla/5.0 (compatible; Yahoo! Slurp/3.0; http://help.yahoo.com/help/us/ysearch/slurp)" 
72.14.199.80 - - [06/Sep/2010:13:36:27 -0700] "GET /index.php?format=feed&type=atom HTTP/1.1" 200 2803 "-" "Feedfetcher-Google; (+http://www.google.com/feedfetcher.html; 2 subscribers; feed-id=16173001225493754212)" 
72.14.199.80 - - [06/Sep/2010:13:41:54 -0700] "GET /blog/rss.cfm?mode=full HTTP/1.1" 404 496 "-" "Feedfetcher-Google; (+http://www.google.com/feedfetcher.html; 1 subscribers; feed-id=6873439543726112842)" 
207.46.199.193 - - [06/Sep/2010:13:42:21 -0700] "GET /robots.txt HTTP/1.1" 200 605 "-" "msnbot/2.0b (+http://search.msn.com/msnbot.htm)" 
207.46.199.38 - - [06/Sep/2010:13:53:49 -0700] "GET /robots.txt HTTP/1.1" 200 605 "-" "msnbot/2.0b (+http://search.msn.com/msnbot.htm)" 
72.14.199.80 - - [06/Sep/2010:13:56:20 -0700] "GET /blog?format=feed&type=rss HTTP/1.1" 404 491 "-" "Feedfetcher-Google; (+http://www.google.com/feedfetcher.html; 1 subscribers; feed-id=17205210357194660069)" 
72.14.199.80 - - [06/Sep/2010:14:00:47 -0700] "GET /index.php?format=feed&type=rss HTTP/1.1" 200 2081 "-" "Feedfetcher-Google; (+http://www.google.com/feedfetcher.html; 4 subscribers; feed-id=15539856829387087850)" 
66.249.71.196 - - [06/Sep/2010:14:03:19 -0700] "GET /index.php?option=com_content&view=article&id=91:bio-bernd-paradies&catid=67:presenters&Itemid=61&fontstyle=f-smaller HTTP/1.1" 200 547 "-" "Mozilla/5.0 (compatible; Googlebot/2.1; +http://www.google.com/bot.html)" 
174.31.154.83 - - [06/Sep/2010:14:12:37 -0700] "GET /index.php?option=com_content&view=frontpage&Itemid=1&limitstart=5&fontstyle=f-smaller HTTP/1.1" 200 547 "http://www.google.com/url?sa=t&source=web&cd=4&ved=0CB4QFjAD&url=http%3A%2F%2Fseaflexug.org%2Findex.php%3Foption%3Dcom_content%26view%3Dfrontpage%26Itemid%3D1%26limitstart%3D5%26fontstyle%3Df-smaller&rct=j&q=seaflex%20flex%20usergroup&ei=NVmFTKmFF4easAO60qH3Bw&usg=AFQjCNEFkxjpDpT-M3RvdXbPbqsWh8nrrQ&sig2=VO_i-GyfhZlru29ZCnkcww&cad=rja" "Mozilla/5.0 (Windows; U; Windows NT 6.1; en-US; rv:1.9.1.7) Gecko/20091221 Firefox/3.5.7 GTB7.1" 
174.31.154.83 - - [06/Sep/2010:14:12:38 -0700] "GET /favicon.ico HTTP/1.1" 200 275 "-" "Mozilla/5.0 (Windows; U; Windows NT 6.1; en-US; rv:1.9.1.7) Gecko/20091221 Firefox/3.5.7 GTB7.1" 
174.31.154.83 - - [06/Sep/2010:14:14:11 -0700] "GET / HTTP/1.1" 200 547 "http://www.facebook.com/l.php?u=http%3A%2F%2Fwww.seaflexug.org%2F&h=a82f3" "Mozilla/5.0 (Windows; U; Windows NT 6.1; en-US; rv:1.9.1.7) Gecko/20091221 Firefox/3.5.7 GTB7.1" 
174.31.154.83 - - [06/Sep/2010:14:14:12 -0700] "GET /favicon.ico HTTP/1.1" 200 275 "-" "Mozilla/5.0 (Windows; U; Windows NT 6.1; en-US; rv:1.9.1.7) Gecko/20091221 Firefox/3.5.7 GTB7.1" 
68.108.99.120 - - [06/Sep/2010:14:20:41 -0700] "GET /images/headerBanner.jpg HTTP/1.1" 200 153258 "http://seaflex.groups.adobe.com/" "Mozilla/5.0 (Macintosh; U; Intel Mac OS X 10.6; en-US; rv:1.9.2.8) Gecko/20100722 Firefox/3.6.8" 
208.80.194.33 - - [06/Sep/2010:14:23:52 -0700] "GET / HTTP/1.0" 200 505 "-" "Mozilla/4.0 (compatible; MSIE 6.0; Windows NT 5.1; SV1; YPC 3.2.0; FunWebProducts; yplus 5.6.04b)" 
166.216.226.44 - - [06/Sep/2010:14:24:46 -0700] "GET /images/headerBanner.jpg HTTP/1.1" 200 153202 "http://seaflex.groups.adobe.com/" "Mozilla/5.0 (Linux; U; Android 2.2; en-us; Nexus One Build/FRF91) AppleWebKit/533.1 (KHTML, like Gecko) Version/4.0 Mobile Safari/533.1" 
98.203.250.105 - - [06/Sep/2010:14:26:58 -0700] "GET /images/headerBanner.jpg HTTP/1.1" 200 153258 "http://seaflex.groups.adobe.com/" "Mozilla/5.0 (Macintosh; U; Intel Mac OS X 10_6_4; en-US) AppleWebKit/534.3 (KHTML, like Gecko) Chrome/6.0.472.53 Safari/534.3" 
174.36.241.148 - - [06/Sep/2010:14:28:13 -0700] "GET /index.php?format=feed&type=atom HTTP/1.1" 200 2766 "-" "Mozilla/5.0 (X11; U; Linux x86_64; en-US; rv:1.9.0.19; aggregator:Spinn3r (Spinn3r 3.1); http://spinn3r.com/robot) Gecko/2010040121 Firefox/3.0.19" 
184.73.62.73 - - [06/Sep/2010:14:28:14 -0700] "GET /index.php?format=feed&type=rss HTTP/1.1" 200 2025 "-" "PostRank/2.0 (postrank.com; 1 subscribers)" 
72.14.199.80 - - [06/Sep/2010:14:29:37 -0700] "GET /index.php?format=feed&type=atom HTTP/1.1" 200 2803 "-" "Feedfetcher-Google; (+http://www.google.com/feedfetcher.html; 2 subscribers; feed-id=16173001225493754212)" 
65.40.144.9 - - [06/Sep/2010:14:29:37 -0700] "GET /images/headerBanner.jpg HTTP/1.1" 200 153258 "http://seaflex.groups.adobe.com/" "Mozilla/5.0 (Macintosh; U; Intel Mac OS X 10.5; en-US; rv:1.9.2.9) Gecko/20100824 Firefox/3.6.9" 
38.113.234.180 - - [06/Sep/2010:14:30:29 -0700] "GET /index.php?format=feed&type=rss HTTP/1.1" 200 2025 "-" "Voyager/1.0" 
99.187.121.18 - - [06/Sep/2010:14:33:41 -0700] "GET /images/headerBanner.jpg HTTP/1.1" 200 153258 "http://seaflex.groups.adobe.com/" "Mozilla/5.0 (Macintosh; U; Intel Mac OS X 10_6_4; en-US) AppleWebKit/534.3 (KHTML, like Gecko) Chrome/6.0.472.53 Safari/534.3" 
91.180.136.94 - - [06/Sep/2010:14:34:00 -0700] "GET /images/headerBanner.jpg HTTP/1.1" 200 153258 "http://seaflex.groups.adobe.com/" "Mozilla/5.0 (Macintosh; U; Intel Mac OS X 10.6; fr; rv:1.9.1.11) Gecko/20100701 Firefox/3.5.11 GTB7.1" 
207.46.12.239 - - [06/Sep/2010:14:42:14 -0700] "GET /index.php?fontstyle=f-larger HTTP/1.1" 200 547 "-" "msnbot/2.0b (+http://search.msn.com/msnbot.htm)" 
77.88.42.25 - - [06/Sep/2010:14:42:29 -0700] "GET /index.php?option=com_booklibrary&task=view&id=23&catid=66&Itemid=56&fontstyle=f-larger HTTP/1.1" 200 547 "-" "Mozilla/5.0 (compatible; YandexBot/3.0; +http://yandex.com/bots)" 
66.249.71.196 - - [06/Sep/2010:14:48:01 -0700] "GET /index.php?option=com_content&view=article&id=74:intro-to-flex-filters-code&catid=74:code-sample&Itemid=76&fontstyle=f-default HTTP/1.1" 200 547 "-" "Mozilla/5.0 (compatible; Googlebot/2.1; +http://www.google.com/bot.html)" 
207.46.199.38 - - [06/Sep/2010:14:52:43 -0700] "GET /index.php?option=com_content&view=section&layout=blog&id=8&Itemid=53&limitstart=25 HTTP/1.1" 200 547 "-" "msnbot/2.0b (+http://search.msn.com/msnbot.htm)" 
207.46.199.185 - - [06/Sep/2010:14:53:50 -0700] "GET /robots.txt HTTP/1.1" 200 605 "-" "msnbot/2.0b (+http://search.msn.com/msnbot.htm)" 
67.195.111.232 - - [06/Sep/2010:14:57:56 -0700] "GET /index.php?option=com_content&view=category&layout=blog&id=67&Itemid=61&fontstyle=f-smaller HTTP/1.0" 200 510 "-" "Mozilla/5.0 (compatible; Yahoo! Slurp/3.0; http://help.yahoo.com/help/us/ysearch/slurp)" 
72.14.199.80 - - [06/Sep/2010:14:59:57 -0700] "GET /index.php?format=feed&type=rss HTTP/1.1" 200 2081 "-" "Feedfetcher-Google; (+http://www.google.com/feedfetcher.html; 4 subscribers; feed-id=15539856829387087850)" 
67.195.111.232 - - [06/Sep/2010:15:03:09 -0700] "GET /index.php?option=com_content&view=category&layout=blog&id=70&Itemid=60&limitstart=20 HTTP/1.0" 200 510 "-" "Mozilla/5.0 (compatible; Yahoo! Slurp/3.0; http://help.yahoo.com/help/us/ysearch/slurp)" 
77.88.42.25 - - [06/Sep/2010:15:08:11 -0700] "GET /index.php?option=com_booklibrary&task=view&id=28&catid=65&Itemid=56&fontstyle=f-default HTTP/1.1" 200 547 "-" "Mozilla/5.0 (compatible; YandexBot/3.0; +http://yandex.com/bots)" 
207.46.13.49 - - [06/Sep/2010:15:16:48 -0700] "GET /index.php?option=com_content&view=category&layout=blog&id=70&Itemid=60 HTTP/1.1" 200 547 "-" "msnbot/2.0b (+http://search.msn.com/msnbot.htm)" 
207.46.13.49 - - [06/Sep/2010:15:16:48 -0700] "GET /index.php?option=com_content&view=section&layout=blog&id=8&Itemid=53&limitstart=25&fontstyle=f-smaller HTTP/1.1" 200 547 "-" "msnbot/2.0b (+http://search.msn.com/msnbot.htm)" 
66.249.71.196 - - [06/Sep/2010:15:21:25 -0700] "GET /index.php?option=com_content&view=article&id=97:intro-to-flex-effects-code&catid=74:code-sample&Itemid=76&fontstyle=f-larger HTTP/1.1" 200 547 "-" "Mozilla/5.0 (compatible; Googlebot/2.1; +http://www.google.com/bot.html)" 
174.37.205.71 - - [06/Sep/2010:15:28:17 -0700] "GET /index.php?format=feed&type=atom HTTP/1.1" 200 2766 "-" "Mozilla/5.0 (X11; U; Linux x86_64; en-US; rv:1.9.0.19; aggregator:Spinn3r (Spinn3r 3.1); http://spinn3r.com/robot) Gecko/2010040121 Firefox/3.0.19" 
67.195.111.232 - - [06/Sep/2010:15:31:50 -0700] "GET /index.php?option=com_content&view=article&id=54:bio-dusty-jewett&catid=67:presenters&Itemid=61&fontstyle=f-larger HTTP/1.0" 200 510 "-" "Mozilla/5.0 (compatible; Yahoo! Slurp/3.0; http://help.yahoo.com/help/us/ysearch/slurp)" 
66.249.71.196 - - [06/Sep/2010:15:32:37 -0700] "GET /index.php?view=weblink&catid=19%3Aother-user-groups&id=34%3Aseattle-mac-user-group&option=com_weblinks&Itemid=55 HTTP/1.1" 301 451 "-" "Mozilla/5.0 (compatible; Googlebot/2.1; +http://www.google.com/bot.html)" 
72.14.199.80 - - [06/Sep/2010:15:37:52 -0700] "GET /index.php?format=feed&type=atom HTTP/1.1" 200 2803 "-" "Feedfetcher-Google; (+http://www.google.com/feedfetcher.html; 2 subscribers; feed-id=16173001225493754212)" 
72.14.199.80 - - [06/Sep/2010:15:39:04 -0700] "GET /index.php?option=com_idoblog&view=idoblog&Itemid=80&format=feed&type=rss HTTP/1.1" 404 1274 "-" "Feedfetcher-Google; (+http://www.google.com/feedfetcher.html; 1 subscribers; feed-id=8774138234779298844)" 
77.88.42.25 - - [06/Sep/2010:15:43:27 -0700] "GET /index.php?option=com_content&view=article&id=59:may-8th-meeting-cogiton&catid=70:meeting-information&Itemid=60 HTTP/1.1" 200 547 "-" "Mozilla/5.0 (compatible; YandexBot/3.0; +http://yandex.com/bots)" 
207.46.195.233 - - [06/Sep/2010:15:43:42 -0700] "GET /index.php?option=com_booklibrary&Itemid=56&fontstyle=f-smaller HTTP/1.1" 200 547 "-" "msnbot/2.0b (+http://search.msn.com/msnbot.htm)" 
66.249.71.246 - - [06/Sep/2010:15:43:45 -0700] "GET /index.php?option=com_content&view=section&layout=blog&id=8&Itemid=53&limitstart=20&fontstyle=f-larger HTTP/1.1" 200 547 "-" "Mozilla/5.0 (compatible; Googlebot/2.1; +http://www.google.com/bot.html)" 
66.249.71.246 - - [06/Sep/2010:15:54:52 -0700] "GET /index.php?option=com_content&view=category&layout=blog&id=70&Itemid=60&limitstart=20 HTTP/1.1" 200 547 "-" "Mozilla/5.0 (compatible; Googlebot/2.1; +http://www.google.com/bot.html)" 
72.14.199.193 - - [06/Sep/2010:16:04:27 -0700] "GET /index.php?format=feed&type=atom HTTP/1.1" 200 2783 "-" "Feedfetcher-Google; (+http://www.google.com/feedfetcher.html; 1 subscribers; feed-id=6223356482245172981)" 
72.14.199.80 - - [06/Sep/2010:16:06:04 -0700] "GET /index.php?format=feed&type=rss HTTP/1.1" 200 2081 "-" "Feedfetcher-Google; (+http://www.google.com/feedfetcher.html; 4 subscribers; feed-id=15539856829387087850)" 
72.14.199.193 - - [06/Sep/2010:16:06:47 -0700] "GET /index.php?format=feed&type=rss HTTP/1.1" 200 2069 "-" "Feedfetcher-Google; (+http://www.google.com/feedfetcher.html; 1 subscribers; feed-id=12972516030749612519)" 
77.88.42.25 - - [06/Sep/2010:16:09:56 -0700] "GET /index.php?option=com_booklibrary&task=view&id=40&catid=66&Itemid=56&fontstyle=f-default HTTP/1.1" 200 547 "-" "Mozilla/5.0 (compatible; YandexBot/3.0; +http://yandex.com/bots)" 
66.249.71.196 - - [06/Sep/2010:16:17:11 -0700] "GET /index.php?option=com_booklibrary&task=view&id=11&catid=66&Itemid=56&fontstyle=f-default HTTP/1.1" 200 547 "-" "Mozilla/5.0 (compatible; Googlebot/2.1; +http://www.google.com/bot.html)" 
38.113.234.181 - - [06/Sep/2010:16:22:34 -0700] "GET /index.php?format=feed&type=rss HTTP/1.1" 200 2025 "-" "Voyager/1.0" 
195.191.54.133 - - [06/Sep/2010:16:23:07 -0700] "GET /modules/mod_VisitorData/tmpl/default.php HTTP/1.0" 404 544 "http://www.seaflexug.org/modules/mod_VisitorData/tmpl/default.php" "Mozilla/4.0 (compatible; MSIE 6.0; Windows 98; Win 9x 4.90)" 
174.36.241.149 - - [06/Sep/2010:16:28:25 -0700] "GET /index.php?format=feed&type=atom HTTP/1.1" 200 2766 "-" "Mozilla/5.0 (X11; U; Linux x86_64; en-US; rv:1.9.0.19; aggregator:Spinn3r (Spinn3r 3.1); http://spinn3r.com/robot) Gecko/2010040121 Firefox/3.0.19" 
77.88.42.25 - - [06/Sep/2010:16:37:45 -0700] "GET /index.php?option=com_content&view=article&id=49:bio-alex-harui&catid=67:presenters&Itemid=61&fontstyle=f-default HTTP/1.1" 200 547 "-" "Mozilla/5.0 (compatible; YandexBot/3.0; +http://yandex.com/bots)" 
66.249.71.246 - - [06/Sep/2010:16:39:37 -0700] "GET /index.php?option=com_content&view=category&id=74&Itemid=76&fontstyle=f-larger HTTP/1.1" 200 547 "-" "Mozilla/5.0 (compatible; Googlebot/2.1; +http://www.google.com/bot.html)" 
72.14.199.80 - - [06/Sep/2010:16:41:54 -0700] "GET /blog/rss.cfm?mode=full HTTP/1.1" 404 496 "-" "Feedfetcher-Google; (+http://www.google.com/feedfetcher.html; 1 subscribers; feed-id=6873439543726112842)" 
72.14.199.80 - - [06/Sep/2010:16:42:18 -0700] "GET /index.php?format=feed&type=atom HTTP/1.1" 200 2803 "-" "Feedfetcher-Google; (+http://www.google.com/feedfetcher.html; 2 subscribers; feed-id=16173001225493754212)" 
77.88.42.25 - - [06/Sep/2010:16:47:04 -0700] "GET /index.php?option=com_booklibrary&task=view&id=42&catid=66&Itemid=56&fontstyle=f-smaller HTTP/1.1" 200 546 "-" "Mozilla/5.0 (compatible; YandexBot/3.0; +http://yandex.com/bots)" 
66.249.71.246 - - [06/Sep/2010:16:50:41 -0700] "GET /index.php?option=com_content&view=category&layout=blog&id=67&Itemid=61&fontstyle=f-larger HTTP/1.1" 200 547 "-" "Mozilla/5.0 (compatible; Googlebot/2.1; +http://www.google.com/bot.html)" 
72.14.199.80 - - [06/Sep/2010:16:56:21 -0700] "GET /blog?format=feed&type=rss HTTP/1.1" 404 491 "-" "Feedfetcher-Google; (+http://www.google.com/feedfetcher.html; 1 subscribers; feed-id=17205210357194660069)" 
77.88.42.25 - - [06/Sep/2010:16:56:34 -0700] "GET /index.php?option=com_booklibrary&task=view&id=34&catid=64&Itemid=56&fontstyle=f-default HTTP/1.1" 200 547 "-" "Mozilla/5.0 (compatible; YandexBot/3.0; +http://yandex.com/bots)" 
72.14.199.80 - - [06/Sep/2010:17:01:37 -0700] "GET /index.php?format=feed&type=rss HTTP/1.1" 200 2081 "-" "Feedfetcher-Google; (+http://www.google.com/feedfetcher.html; 4 subscribers; feed-id=15539856829387087850)" 
66.249.71.246 - - [06/Sep/2010:17:01:54 -0700] "GET /index.php?option=com_content&view=category&layout=blog&id=67&Itemid=61&fontstyle=f-default HTTP/1.1" 200 547 "-" "Mozilla/5.0 (compatible; Googlebot/2.1; +http://www.google.com/bot.html)" 
77.88.42.25 - - [06/Sep/2010:17:06:03 -0700] "GET /index.php?option=com_booklibrary&task=view&id=7&catid=66&Itemid=56&fontstyle=f-smaller HTTP/1.1" 200 547 "-" "Mozilla/5.0 (compatible; YandexBot/3.0; +http://yandex.com/bots)" 
66.249.71.246 - - [06/Sep/2010:17:13:02 -0700] "GET /index.php?option=com_content&view=category&id=74&Itemid=76&fontstyle=f-default HTTP/1.1" 200 547 "-" "Mozilla/5.0 (compatible; Googlebot/2.1; +http://www.google.com/bot.html)" 
207.46.199.177 - - [06/Sep/2010:17:14:19 -0700] "GET /robots.txt HTTP/1.1" 200 605 "-" "msnbot/2.0b (+http://search.msn.com/msnbot.htm)" 
77.88.42.25 - - [06/Sep/2010:17:15:32 -0700] "GET /index.php?option=com_booklibrary&task=show_search&catid=63&Itemid=56 HTTP/1.1" 200 547 "-" "Mozilla/5.0 (compatible; YandexBot/3.0; +http://yandex.com/bots)" 
123.125.66.59 - - [06/Sep/2010:17:20:16 -0700] "GET / HTTP/1.1" 200 505 "-" "Baiduspider+(+http://www.baidu.com/search/spider.htm)" 
74.222.2.66 - - [06/Sep/2010:17:20:54 -0700] "GET /robots.txt HTTP/1.0" 200 568 "http://www.seaflexug.org/robots.txt" "Huaweisymantecspider (compatible; MSIE 8.0; DSE-support@huaweisymantec.com)" 
