66.249.72.202 - - [27/Oct/2025:01:55:34 -0700] "GET /feature/shoplist/usm_0.66_1.00_0.01?fileloc=/home/mmickelson/martyknows.com/wp-includes/class-wp-simplepie-file.php?product=69624344 HTTP/1.1" 200 21211 "-" "Mozilla/5.0 (Linux; Android 6.0.1; Nexus 5X Build/MMB29P) AppleWebKit/537.36 (KHTML, like Gecko) Chrome/141.0.7390.122 Mobile Safari/537.36 (compatible; GoogleOther)"
66.249.72.203 - - [27/Oct/2025:01:55:36 -0700] "GET /feature/shoplist/usm_0.66_1.00_0.01?fileloc=/home/mmickelson/martyknows.com/wp-includes/class-wp-simplepie-file.php??product=67462412 HTTP/1.1" 200 23241 "-" "Mozilla/5.0 (Linux; Android 6.0.1; Nexus 5X Build/MMB29P) AppleWebKit/537.36 (KHTML, like Gecko) Chrome/141.0.7390.122 Mobile Safari/537.36 (compatible; GoogleOther)"
66.249.72.203 - - [27/Oct/2025:01:55:39 -0700] "GET /feature/shoplist/usm_0.66_1.00_0.01?fileloc=/home/mmickelson/martyknows.com/wp-includes/class-wp-simplepie-file.php??product=2076789672 HTTP/1.1" 200 23229 "-" "Mozilla/5.0 (Linux; Android 6.0.1; Nexus 5X Build/MMB29P) AppleWebKit/537.36 (KHTML, like Gecko) Chrome/141.0.7390.122 Mobile Safari/537.36 (compatible; GoogleOther)"
66.249.72.203 - - [27/Oct/2025:01:55:41 -0700] "GET /feature/shoplist/usm_0.66_1.00_0.01?fileloc=/home/mmickelson/martyknows.com/wp-includes/class-wp-simplepie-file.php??product=45078801 HTTP/1.1" 200 24922 "-" "Mozilla/5.0 (Linux; Android 6.0.1; Nexus 5X Build/MMB29P) AppleWebKit/537.36 (KHTML, like Gecko) Chrome/141.0.7390.122 Mobile Safari/537.36 (compatible; GoogleOther)"
66.249.72.202 - - [27/Oct/2025:01:55:42 -0700] "GET /category/1529/1 HTTP/1.1" 200 24265 "-" "Mozilla/5.0 (Linux; Android 6.0.1; Nexus 5X Build/MMB29P) AppleWebKit/537.36 (KHTML, like Gecko) Chrome/141.0.7390.122 Mobile Safari/537.36 (compatible; GoogleOther)"
66.249.72.202 - - [27/Oct/2025:01:55:44 -0700] "GET /feature/shoplist/usm_0.66_1.00_0.01?fileloc=/home/mmickelson/martyknows.com/wp-admin/async-upload.php??product=59629516 HTTP/1.1" 200 21569 "-" "Mozilla/5.0 (Linux; Android 6.0.1; Nexus 5X Build/MMB29P) AppleWebKit/537.36 (KHTML, like Gecko) Chrome/141.0.7390.122 Mobile Safari/537.36 (compatible; GoogleOther)"
66.249.72.203 - - [27/Oct/2025:01:55:44 -0700] "GET /?product=1042734612 HTTP/1.1" 200 21369 "-" "Mozilla/5.0 (compatible; Googlebot/2.1; +http://www.google.com/bot.html)"
66.249.72.203 - - [27/Oct/2025:01:55:47 -0700] "GET /feature/shoplist/usm_0.66_1.00_0.01?fileloc=/home/mmickelson/martyknows.com/wp-includes/class-wp-simplepie-file.php??product=74277958 HTTP/1.1" 200 20838 "-" "Mozilla/5.0 (Linux; Android 6.0.1; Nexus 5X Build/MMB29P) AppleWebKit/537.36 (KHTML, like Gecko) Chrome/141.0.7390.122 Mobile Safari/537.36 (compatible; GoogleOther)"
66.249.72.202 - - [27/Oct/2025:01:55:48 -0700] "GET /feature/shoplist/usm_0.66_1.00_0.01?fileloc=/home/mmickelson/martyknows.com/wp-includes/class-wp-simplepie-file.php??product=74270434 HTTP/1.1" 200 21267 "-" "Mozilla/5.0 (Linux; Android 6.0.1; Nexus 5X Build/MMB29P) AppleWebKit/537.36 (KHTML, like Gecko) Chrome/141.0.7390.122 Mobile Safari/537.36 (compatible; GoogleOther)"
66.249.72.203 - - [27/Oct/2025:01:55:50 -0700] "GET /feature/shoplist/usm_0.66_1.00_0.01?fileloc=/home/mmickelson/martyknows.com/wp-includes/class-wp-simplepie-file.php??product=70674538 HTTP/1.1" 200 20721 "-" "Mozilla/5.0 (Linux; Android 6.0.1; Nexus 5X Build/MMB29P) AppleWebKit/537.36 (KHTML, like Gecko) Chrome/141.0.7390.122 Mobile Safari/537.36 (compatible; GoogleOther)"
66.249.72.203 - - [27/Oct/2025:01:55:51 -0700] "GET /feature/shoplist/usm_0.66_1.00_0.01?fileloc=/home/mmickelson/martyknows.com/wp-admin/async-upload.php??product=59611780 HTTP/1.1" 200 24125 "-" "Mozilla/5.0 (Linux; Android 6.0.1; Nexus 5X Build/MMB29P) AppleWebKit/537.36 (KHTML, like Gecko) Chrome/141.0.7390.122 Mobile Safari/537.36 (compatible; GoogleOther)"
66.249.72.203 - - [27/Oct/2025:01:55:55 -0700] "GET /feature/shoplist/usm_0.66_1.00_0.01?fileloc=/home/mmickelson/martyknows.com/wp-includes/class-wp-simplepie-file.php??product=56954995 HTTP/1.1" 200 21732 "-" "Mozilla/5.0 (Linux; Android 6.0.1; Nexus 5X Build/MMB29P) AppleWebKit/537.36 (KHTML, like Gecko) Chrome/141.0.7390.122 Mobile Safari/537.36 (compatible; GoogleOther)"
66.249.72.202 - - [27/Oct/2025:01:55:57 -0700] "GET /items/yczix239/31792?key=not HTTP/1.1" 200 24320 "-" "Mozilla/5.0 (Linux; Android 6.0.1; Nexus 5X Build/MMB29P) AppleWebKit/537.36 (KHTML, like Gecko) Chrome/141.0.7390.122 Mobile Safari/537.36 (compatible; GoogleOther)"
66.249.72.203 - - [27/Oct/2025:01:55:58 -0700] "GET /items/xtsrc180/12763?key=unique HTTP/1.1" 200 24380 "-" "Mozilla/5.0 (Linux; Android 6.0.1; Nexus 5X Build/MMB29P) AppleWebKit/537.36 (KHTML, like Gecko) Chrome/141.0.7390.122 Mobile Safari/537.36 (compatible; GoogleOther)"
66.249.72.204 - - [27/Oct/2025:01:56:00 -0700] "GET /feature/shoplist/usm_0.66_1.00_0.01?fileloc=/home/mmickelson/martyknows.com/wp-includes/class-wp-simplepie-file.php??product=66745690 HTTP/1.1" 200 23865 "-" "Mozilla/5.0 (Linux; Android 6.0.1; Nexus 5X Build/MMB29P) AppleWebKit/537.36 (KHTML, like Gecko) Chrome/141.0.7390.122 Mobile Safari/537.36 (compatible; GoogleOther)"
66.249.72.203 - - [27/Oct/2025:01:56:01 -0700] "GET /resource/r51?pid=97 HTTP/1.1" 200 24539 "-" "Mozilla/5.0 (Linux; Android 6.0.1; Nexus 5X Build/MMB29P) AppleWebKit/537.36 (KHTML, like Gecko) Chrome/141.0.7390.122 Mobile Safari/537.36 (compatible; GoogleOther)"
66.249.72.204 - - [27/Oct/2025:01:56:04 -0700] "GET /feature/shoplist/usm_0.66_1.00_0.01?fileloc=/home/mmickelson/martyknows.com/wp-includes/class-wp-simplepie-file.php??product=77037569 HTTP/1.1" 200 21813 "-" "Mozilla/5.0 (Linux; Android 6.0.1; Nexus 5X Build/MMB29P) AppleWebKit/537.36 (KHTML, like Gecko) Chrome/141.0.7390.122 Mobile Safari/537.36 (compatible; GoogleOther)"
66.249.72.203 - - [27/Oct/2025:01:56:05 -0700] "GET /feature/shoplist/usm_0.66_1.00_0.01?fileloc=/home/mmickelson/martyknows.com/wp-includes/class-wp-simplepie-file.php??product=77040046 HTTP/1.1" 200 20858 "-" "Mozilla/5.0 (Linux; Android 6.0.1; Nexus 5X Build/MMB29P) AppleWebKit/537.36 (KHTML, like Gecko) Chrome/141.0.7390.122 Mobile Safari/537.36 (compatible; GoogleOther)"
66.249.72.202 - - [27/Oct/2025:01:56:11 -0700] "GET /feature/shoplist/usm_0.66_1.00_0.01?fileloc=/home/mmickelson/martyknows.com/wp-admin/async-upload.php??product=59678847 HTTP/1.1" 200 23943 "-" "Mozilla/5.0 (Linux; Android 6.0.1; Nexus 5X Build/MMB29P) AppleWebKit/537.36 (KHTML, like Gecko) Chrome/141.0.7390.122 Mobile Safari/537.36 (compatible; GoogleOther)"
66.249.72.202 - - [27/Oct/2025:01:56:12 -0700] "GET /feature/shoplist/usm_0.66_1.00_0.01?fileloc=/home/mmickelson/martyknows.com/wp-includes/class-wp-simplepie-file.php??product=66755904 HTTP/1.1" 200 24662 "-" "Mozilla/5.0 (Linux; Android 6.0.1; Nexus 5X Build/MMB29P) AppleWebKit/537.36 (KHTML, like Gecko) Chrome/141.0.7390.122 Mobile Safari/537.36 (compatible; GoogleOther)"
66.249.72.202 - - [27/Oct/2025:01:56:14 -0700] "GET /feature/shoplist/usm_0.66_1.00_0.01?fileloc=/home/mmickelson/martyknows.com/wp-includes/class-wp-simplepie-file.php??product=66851082 HTTP/1.1" 200 24030 "-" "Mozilla/5.0 (Linux; Android 6.0.1; Nexus 5X Build/MMB29P) AppleWebKit/537.36 (KHTML, like Gecko) Chrome/141.0.7390.122 Mobile Safari/537.36 (compatible; GoogleOther)"
66.249.72.202 - - [27/Oct/2025:01:56:16 -0700] "GET /items/foigc81/8590?key=unique HTTP/1.1" 200 24216 "-" "Mozilla/5.0 (Linux; Android 6.0.1; Nexus 5X Build/MMB29P) AppleWebKit/537.36 (KHTML, like Gecko) Chrome/141.0.7390.122 Mobile Safari/537.36 (compatible; GoogleOther)"
3.210.29.96 - - [27/Oct/2025:01:56:19 -0700] "GET /2016/04/laravel-installation-on-mediatemple/?path=//sys/devices/platform/PCCT/subsystem/drivers HTTP/1.1" 200 4215 "-" "Mozilla/5.0 AppleWebKit/537.36 (KHTML, like Gecko; compatible; Amazonbot/0.1; +https://developer.amazon.com/support/amazonbot) Chrome/119.0.6045.214 Safari/537.36"
66.249.72.202 - - [27/Oct/2025:01:56:20 -0700] "GET /feature/shoplist/usm_0.66_1.00_0.01?fileloc=/home/mmickelson/martyknows.com/wp-includes/class-wp-simplepie-file.php??product=76991652 HTTP/1.1" 200 23935 "-" "Mozilla/5.0 (Linux; Android 6.0.1; Nexus 5X Build/MMB29P) AppleWebKit/537.36 (KHTML, like Gecko) Chrome/141.0.7390.122 Mobile Safari/537.36 (compatible; GoogleOther)"
66.249.72.202 - - [27/Oct/2025:01:56:22 -0700] "GET /feature/shoplist/usm_0.66_1.00_0.01?fileloc=/home/mmickelson/martyknows.com/wp-includes/class-wp-simplepie-file.php??product=2077827037 HTTP/1.1" 200 24787 "-" "Mozilla/5.0 (Linux; Android 6.0.1; Nexus 5X Build/MMB29P) AppleWebKit/537.36 (KHTML, like Gecko) Chrome/141.0.7390.122 Mobile Safari/537.36 (compatible; GoogleOther)"
66.249.72.202 - - [27/Oct/2025:01:56:24 -0700] "GET /feature/shoplist/usm_0.66_1.00_0.01?fileloc=/home/mmickelson/martyknows.com/wp-includes/class-wp-simplepie-file.php??product=66733053 HTTP/1.1" 200 24522 "-" "Mozilla/5.0 (Linux; Android 6.0.1; Nexus 5X Build/MMB29P) AppleWebKit/537.36 (KHTML, like Gecko) Chrome/141.0.7390.122 Mobile Safari/537.36 (compatible; GoogleOther)"
66.249.72.202 - - [27/Oct/2025:01:56:29 -0700] "GET /feature/shoplist/usm_0.66_1.00_0.01?fileloc=/home/mmickelson/martyknows.com/wp-includes/class-wp-simplepie-file.php??product=402059166 HTTP/1.1" 200 24155 "-" "Mozilla/5.0 (Linux; Android 6.0.1; Nexus 5X Build/MMB29P) AppleWebKit/537.36 (KHTML, like Gecko) Chrome/141.0.7390.122 Mobile Safari/537.36 (compatible; GoogleOther)"
66.249.72.202 - - [27/Oct/2025:01:56:30 -0700] "GET /feature/shoplist/usm_0.66_1.00_0.01?fileloc=/home/mmickelson/martyknows.com/wp-includes/class-wp-simplepie-file.php??product=2080287035 HTTP/1.1" 200 24740 "-" "Mozilla/5.0 (Linux; Android 6.0.1; Nexus 5X Build/MMB29P) AppleWebKit/537.36 (KHTML, like Gecko) Chrome/141.0.7390.122 Mobile Safari/537.36 (compatible; GoogleOther)"
66.249.72.202 - - [27/Oct/2025:01:56:32 -0700] "GET /feature/shoplist/usm_0.66_1.00_0.01?fileloc=/home/mmickelson/martyknows.com/wp-admin/async-upload.php??product=60787664 HTTP/1.1" 200 24280 "-" "Mozilla/5.0 (Linux; Android 6.0.1; Nexus 5X Build/MMB29P) AppleWebKit/537.36 (KHTML, like Gecko) Chrome/141.0.7390.122 Mobile Safari/537.36 (compatible; GoogleOther)"
66.249.72.202 - - [27/Oct/2025:01:56:36 -0700] "GET /feature/shoplist/usm_0.66_1.00_0.01?fileloc=/home/mmickelson/martyknows.com/wp-includes/class-wp-simplepie-file.php??product=66760499 HTTP/1.1" 200 20895 "-" "Mozilla/5.0 (Linux; Android 6.0.1; Nexus 5X Build/MMB29P) AppleWebKit/537.36 (KHTML, like Gecko) Chrome/141.0.7390.122 Mobile Safari/537.36 (compatible; GoogleOther)"
66.249.72.202 - - [27/Oct/2025:01:56:38 -0700] "GET /feature/shoplist/usm_0.66_1.00_0.01?fileloc=/home/mmickelson/martyknows.com/wp-includes/class-wp-simplepie-file.php??product=77018960 HTTP/1.1" 200 22359 "-" "Mozilla/5.0 (Linux; Android 6.0.1; Nexus 5X Build/MMB29P) AppleWebKit/537.36 (KHTML, like Gecko) Chrome/141.0.7390.122 Mobile Safari/537.36 (compatible; GoogleOther)"
173.208.176.202 - - [27/Oct/2025:01:55:08 -0700] "GET /wp-includes/bra3c7d5/edit.php?id=405858 HTTP/1.1" 200 295 "http://www.martyknows.com/wp-includes/bra3c7d5/edit.php?id=405858" "Mozilla/5.0 (Windows NT 10.0; Win64; x64) AppleWebKit/537.36 (KHTML, like Gecko) Chrome/58.0.3029.110 Safari/537.3"
66.249.72.202 - - [27/Oct/2025:01:56:39 -0700] "GET /items/foqge43/25162?key=hang HTTP/1.1" 200 19980 "-" "Mozilla/5.0 (Linux; Android 6.0.1; Nexus 5X Build/MMB29P) AppleWebKit/537.36 (KHTML, like Gecko) Chrome/141.0.7390.122 Mobile Safari/537.36 (compatible; GoogleOther)"
66.249.72.203 - - [27/Oct/2025:01:56:41 -0700] "GET /feature/shoplist/usm_0.66_1.00_0.01?fileloc=/home/mmickelson/martyknows.com/wp-includes/class-wp-simplepie-file.php??product=50091063 HTTP/1.1" 200 21792 "-" "Mozilla/5.0 (Linux; Android 6.0.1; Nexus 5X Build/MMB29P) AppleWebKit/537.36 (KHTML, like Gecko) Chrome/141.0.7390.122 Mobile Safari/537.36 (compatible; GoogleOther)"
66.249.72.202 - - [27/Oct/2025:01:56:45 -0700] "GET /feature/shoplist/usm_0.66_1.00_0.01?fileloc=/home/mmickelson/martyknows.com/wp-includes/class-wp-simplepie-file.php??product=76996697 HTTP/1.1" 200 22040 "-" "Mozilla/5.0 (Linux; Android 6.0.1; Nexus 5X Build/MMB29P) AppleWebKit/537.36 (KHTML, like Gecko) Chrome/141.0.7390.122 Mobile Safari/537.36 (compatible; GoogleOther)"
66.249.72.203 - - [27/Oct/2025:01:56:46 -0700] "GET /feature/shoplist/usm_0.66_1.00_0.01?fileloc=/home/mmickelson/martyknows.com/wp-includes/class-wp-simplepie-file.php??product=76978895 HTTP/1.1" 200 23970 "-" "Mozilla/5.0 (Linux; Android 6.0.1; Nexus 5X Build/MMB29P) AppleWebKit/537.36 (KHTML, like Gecko) Chrome/141.0.7390.122 Mobile Safari/537.36 (compatible; GoogleOther)"
66.249.72.202 - - [27/Oct/2025:01:56:49 -0700] "GET /feature/shoplist/usm_0.66_1.00_0.01?fileloc=/home/mmickelson/martyknows.com/wp-includes/class-wp-simplepie-file.php??product=52636544 HTTP/1.1" 200 21992 "-" "Mozilla/5.0 (Linux; Android 6.0.1; Nexus 5X Build/MMB29P) AppleWebKit/537.36 (KHTML, like Gecko) Chrome/141.0.7390.122 Mobile Safari/537.36 (compatible; GoogleOther)"
66.249.72.202 - - [27/Oct/2025:01:56:50 -0700] "GET /feature/shoplist/usm_0.66_1.00_0.01?fileloc=/home/mmickelson/martyknows.com/wp-includes/class-wp-simplepie-file.php??product=2072021104 HTTP/1.1" 200 20961 "-" "Mozilla/5.0 (Linux; Android 6.0.1; Nexus 5X Build/MMB29P) AppleWebKit/537.36 (KHTML, like Gecko) Chrome/141.0.7390.122 Mobile Safari/537.36 (compatible; GoogleOther)"
66.249.72.203 - - [27/Oct/2025:01:56:53 -0700] "GET /feature/shoplist/usm_0.66_1.00_0.01?fileloc=/home/mmickelson/martyknows.com/wp-includes/class-wp-simplepie-file.php??product=77016334 HTTP/1.1" 200 21055 "-" "Mozilla/5.0 (Linux; Android 6.0.1; Nexus 5X Build/MMB29P) AppleWebKit/537.36 (KHTML, like Gecko) Chrome/141.0.7390.122 Mobile Safari/537.36 (compatible; GoogleOther)"
66.249.72.203 - - [27/Oct/2025:01:56:55 -0700] "GET /feature/shoplist/usm_0.66_1.00_0.01?fileloc=/home/mmickelson/martyknows.com/wp-includes/class-wp-simplepie-file.php??product=2080280828 HTTP/1.1" 200 21053 "-" "Mozilla/5.0 (Linux; Android 6.0.1; Nexus 5X Build/MMB29P) AppleWebKit/537.36 (KHTML, like Gecko) Chrome/141.0.7390.122 Mobile Safari/537.36 (compatible; GoogleOther)"
66.249.72.202 - - [27/Oct/2025:01:57:01 -0700] "GET /feature/shoplist/usm_0.66_1.00_0.01?fileloc=/home/mmickelson/martyknows.com/wp-includes/class-wp-simplepie-file.php?product=65563958 HTTP/1.1" 200 22201 "-" "Mozilla/5.0 (Linux; Android 6.0.1; Nexus 5X Build/MMB29P) AppleWebKit/537.36 (KHTML, like Gecko) Chrome/141.0.7390.122 Mobile Safari/537.36 (compatible; GoogleOther)"
66.249.72.202 - - [27/Oct/2025:01:57:02 -0700] "GET /feature/shoplist/usm_0.66_1.00_0.01?fileloc=/home/mmickelson/martyknows.com/wp-includes/class-wp-simplepie-file.php?product=400919627 HTTP/1.1" 200 24127 "-" "Mozilla/5.0 (Linux; Android 6.0.1; Nexus 5X Build/MMB29P) AppleWebKit/537.36 (KHTML, like Gecko) Chrome/141.0.7390.122 Mobile Safari/537.36 (compatible; GoogleOther)"
54.87.95.7 - - [27/Oct/2025:01:57:03 -0700] "GET /2016/04/laravel-installation-on-mediatemple/?path=//sys/class/aoe/discover/subsystem/discover HTTP/1.1" 200 3289 "-" "Mozilla/5.0 AppleWebKit/537.36 (KHTML, like Gecko; compatible; Amazonbot/0.1; +https://developer.amazon.com/support/amazonbot) Chrome/119.0.6045.214 Safari/537.36"
66.249.72.202 - - [27/Oct/2025:01:57:04 -0700] "GET /feature/shoplist/usm_0.66_1.00_0.01?fileloc=/home/mmickelson/martyknows.com/wp-includes/class-wp-simplepie-file.php??product=402072666 HTTP/1.1" 200 25333 "-" "Mozilla/5.0 (Linux; Android 6.0.1; Nexus 5X Build/MMB29P) AppleWebKit/537.36 (KHTML, like Gecko) Chrome/141.0.7390.122 Mobile Safari/537.36 (compatible; GoogleOther)"
66.249.72.202 - - [27/Oct/2025:01:57:09 -0700] "GET /feature/shoplist/usm_0.66_1.00_0.01?fileloc=/home/mmickelson/martyknows.com/wp-admin/async-upload.php??product=59656962 HTTP/1.1" 200 24174 "-" "Mozilla/5.0 (Linux; Android 6.0.1; Nexus 5X Build/MMB29P) AppleWebKit/537.36 (KHTML, like Gecko) Chrome/141.0.7390.122 Mobile Safari/537.36 (compatible; GoogleOther)"
66.249.72.202 - - [27/Oct/2025:01:57:11 -0700] "GET /feature/shoplist/usm_0.66_1.00_0.01?fileloc=/home/mmickelson/martyknows.com/wp-includes/class-wp-simplepie-file.php??product=402027779 HTTP/1.1" 200 24143 "-" "Mozilla/5.0 (Linux; Android 6.0.1; Nexus 5X Build/MMB29P) AppleWebKit/537.36 (KHTML, like Gecko) Chrome/141.0.7390.122 Mobile Safari/537.36 (compatible; GoogleOther)"
66.249.72.202 - - [27/Oct/2025:01:57:13 -0700] "GET /feature/shoplist/usm_0.66_1.00_0.01?fileloc=/home/mmickelson/martyknows.com/wp-includes/class-wp-simplepie-file.php??product=66825597 HTTP/1.1" 200 23872 "-" "Mozilla/5.0 (Linux; Android 6.0.1; Nexus 5X Build/MMB29P) AppleWebKit/537.36 (KHTML, like Gecko) Chrome/141.0.7390.122 Mobile Safari/537.36 (compatible; GoogleOther)"
66.249.72.202 - - [27/Oct/2025:01:57:14 -0700] "GET /feature/shoplist/usm_0.66_1.00_0.01?fileloc=/home/mmickelson/martyknows.com/wp-includes/class-wp-simplepie-file.php??product=66749123 HTTP/1.1" 200 24864 "-" "Mozilla/5.0 (Linux; Android 6.0.1; Nexus 5X Build/MMB29P) AppleWebKit/537.36 (KHTML, like Gecko) Chrome/141.0.7390.122 Mobile Safari/537.36 (compatible; GoogleOther)"
66.249.72.202 - - [27/Oct/2025:01:57:18 -0700] "GET /feature/shoplist/usm_0.66_1.00_0.01?fileloc=/home/mmickelson/martyknows.com/wp-includes/class-wp-simplepie-file.php??product=77044505 HTTP/1.1" 200 21507 "-" "Mozilla/5.0 (Linux; Android 6.0.1; Nexus 5X Build/MMB29P) AppleWebKit/537.36 (KHTML, like Gecko) Chrome/141.0.7390.122 Mobile Safari/537.36 (compatible; GoogleOther)"
66.249.72.202 - - [27/Oct/2025:01:57:20 -0700] "GET /feature/shoplist/usm_0.66_1.00_0.01?fileloc=/home/mmickelson/martyknows.com/wp-includes/class-wp-simplepie-file.php??product=402067617 HTTP/1.1" 200 21969 "-" "Mozilla/5.0 (Linux; Android 6.0.1; Nexus 5X Build/MMB29P) AppleWebKit/537.36 (KHTML, like Gecko) Chrome/141.0.7390.122 Mobile Safari/537.36 (compatible; GoogleOther)"
18.213.27.222 - - [27/Oct/2025:01:57:27 -0700] "GET /2016/04/laravel-installation-on-mediatemple/?path=//sys/class/tty/ttyse/subsystem/ttype HTTP/1.1" 200 3291 "-" "Mozilla/5.0 AppleWebKit/537.36 (KHTML, like Gecko; compatible; Amazonbot/0.1; +https://developer.amazon.com/support/amazonbot) Chrome/119.0.6045.214 Safari/537.36"
66.249.72.202 - - [27/Oct/2025:01:57:26 -0700] "GET /feature/shoplist/usm_0.66_1.00_0.01?fileloc=/home/mmickelson/martyknows.com/wp-includes/class-wp-simplepie-file.php??product=66761238 HTTP/1.1" 200 24354 "-" "Mozilla/5.0 (Linux; Android 6.0.1; Nexus 5X Build/MMB29P) AppleWebKit/537.36 (KHTML, like Gecko) Chrome/141.0.7390.122 Mobile Safari/537.36 (compatible; GoogleOther)"
66.249.72.202 - - [27/Oct/2025:01:57:28 -0700] "GET /feature/shoplist/usm_0.66_1.00_0.01?fileloc=/home/mmickelson/martyknows.com/wp-includes/class-wp-simplepie-file.php??product=76986547 HTTP/1.1" 200 24430 "-" "Mozilla/5.0 (Linux; Android 6.0.1; Nexus 5X Build/MMB29P) AppleWebKit/537.36 (KHTML, like Gecko) Chrome/141.0.7390.122 Mobile Safari/537.36 (compatible; GoogleOther)"
198.204.224.34 - - [27/Oct/2025:01:57:28 -0700] "GET /wp-includes/bra3c7d5/edit.php HTTP/1.1" 200 301 "http://www.martyknows.com/wp-includes/bra3c7d5/edit.php" "Mozilla/5.0 (Windows NT 10.0; Win64; x64) AppleWebKit/537.36 (KHTML, like Gecko) Chrome/58.0.3029.110 Safari/537.3"
66.249.72.202 - - [27/Oct/2025:01:57:30 -0700] "GET /feature/shoplist/usm_0.66_1.00_0.01?fileloc=/home/mmickelson/martyknows.com/wp-includes/class-wp-simplepie-file.php??product=402028508 HTTP/1.1" 200 20679 "-" "Mozilla/5.0 (Linux; Android 6.0.1; Nexus 5X Build/MMB29P) AppleWebKit/537.36 (KHTML, like Gecko) Chrome/141.0.7390.122 Mobile Safari/537.36 (compatible; GoogleOther)"
66.249.72.202 - - [27/Oct/2025:01:57:32 -0700] "GET /feature/shoplist/usm_0.66_1.00_0.01?fileloc=/home/mmickelson/martyknows.com/wp-admin/async-upload.php??product=46306867 HTTP/1.1" 200 21283 "-" "Mozilla/5.0 (Linux; Android 6.0.1; Nexus 5X Build/MMB29P) AppleWebKit/537.36 (KHTML, like Gecko) Chrome/141.0.7390.122 Mobile Safari/537.36 (compatible; GoogleOther)"
66.249.72.202 - - [27/Oct/2025:01:57:34 -0700] "GET /feature/shoplist/usm_0.66_1.00_0.01?fileloc=/home/mmickelson/martyknows.com/wp-includes/class-wp-simplepie-file.php??product=66833858 HTTP/1.1" 200 24573 "-" "Mozilla/5.0 (Linux; Android 6.0.1; Nexus 5X Build/MMB29P) AppleWebKit/537.36 (KHTML, like Gecko) Chrome/141.0.7390.122 Mobile Safari/537.36 (compatible; GoogleOther)"
66.249.72.202 - - [27/Oct/2025:01:57:36 -0700] "GET /feature/shoplist/usm_0.66_1.00_0.01?fileloc=/home/mmickelson/martyknows.com/wp-includes/class-wp-simplepie-file.php?product=66018224 HTTP/1.1" 200 24437 "-" "Mozilla/5.0 (Linux; Android 6.0.1; Nexus 5X Build/MMB29P) AppleWebKit/537.36 (KHTML, like Gecko) Chrome/141.0.7390.122 Mobile Safari/537.36 (compatible; GoogleOther)"
66.249.72.202 - - [27/Oct/2025:01:57:38 -0700] "GET /feature/shoplist/usm_0.66_1.00_0.01?fileloc=/home/mmickelson/martyknows.com/wp-includes/class-wp-simplepie-file.php??product=66750799 HTTP/1.1" 200 24385 "-" "Mozilla/5.0 (Linux; Android 6.0.1; Nexus 5X Build/MMB29P) AppleWebKit/537.36 (KHTML, like Gecko) Chrome/141.0.7390.122 Mobile Safari/537.36 (compatible; GoogleOther)"
44.212.131.50 - - [27/Oct/2025:01:57:42 -0700] "GET /2016/04/laravel-installation-on-mediatemple/?path=//sys/class/tty/ttype/subsystem/ptyp2 HTTP/1.1" 200 3294 "-" "Mozilla/5.0 AppleWebKit/537.36 (KHTML, like Gecko; compatible; Amazonbot/0.1; +https://developer.amazon.com/support/amazonbot) Chrome/119.0.6045.214 Safari/537.36"
66.249.72.202 - - [27/Oct/2025:01:57:43 -0700] "GET /feature/shoplist/usm_0.66_1.00_0.01?fileloc=/home/mmickelson/martyknows.com/wp-includes/class-wp-simplepie-file.php?product=2079070215 HTTP/1.1" 200 21578 "-" "Mozilla/5.0 (Linux; Android 6.0.1; Nexus 5X Build/MMB29P) AppleWebKit/537.36 (KHTML, like Gecko) Chrome/141.0.7390.122 Mobile Safari/537.36 (compatible; GoogleOther)"
66.249.72.203 - - [27/Oct/2025:01:57:45 -0700] "GET /feature/shoplist/usm_0.66_1.00_0.01?fileloc=/home/mmickelson/martyknows.com/wp-includes/class-wp-simplepie-file.php??product=77014497 HTTP/1.1" 200 23950 "-" "Mozilla/5.0 (Linux; Android 6.0.1; Nexus 5X Build/MMB29P) AppleWebKit/537.36 (KHTML, like Gecko) Chrome/141.0.7390.122 Mobile Safari/537.36 (compatible; GoogleOther)"
66.249.72.202 - - [27/Oct/2025:01:57:51 -0700] "GET /feature/shoplist/usm_0.66_1.00_0.01?fileloc=/home/mmickelson/martyknows.com/wp-includes/class-wp-simplepie-file.php?product=65561415 HTTP/1.1" 200 24626 "-" "Mozilla/5.0 (Linux; Android 6.0.1; Nexus 5X Build/MMB29P) AppleWebKit/537.36 (KHTML, like Gecko) Chrome/141.0.7390.122 Mobile Safari/537.36 (compatible; GoogleOther)"
66.249.72.203 - - [27/Oct/2025:01:57:52 -0700] "GET /feature/shoplist/usm_0.66_1.00_0.01?fileloc=/home/mmickelson/martyknows.com/wp-includes/class-wp-simplepie-file.php??product=76983197 HTTP/1.1" 200 25868 "-" "Mozilla/5.0 (Linux; Android 6.0.1; Nexus 5X Build/MMB29P) AppleWebKit/537.36 (KHTML, like Gecko) Chrome/141.0.7390.122 Mobile Safari/537.36 (compatible; GoogleOther)"
66.249.72.202 - - [27/Oct/2025:01:57:54 -0700] "GET /feature/shoplist/usm_0.66_1.00_0.01?fileloc=/home/mmickelson/martyknows.com/wp-includes/class-wp-simplepie-file.php??product=69956941 HTTP/1.1" 200 20807 "-" "Mozilla/5.0 (Linux; Android 6.0.1; Nexus 5X Build/MMB29P) AppleWebKit/537.36 (KHTML, like Gecko) Chrome/141.0.7390.122 Mobile Safari/537.36 (compatible; GoogleOther)"
66.249.72.202 - - [27/Oct/2025:01:57:58 -0700] "GET /feature/shoplist/usm_0.66_1.00_0.01?fileloc=/home/mmickelson/martyknows.com/wp-includes/class-wp-simplepie-file.php??product=2071955717 HTTP/1.1" 200 23844 "-" "Mozilla/5.0 (Linux; Android 6.0.1; Nexus 5X Build/MMB29P) AppleWebKit/537.36 (KHTML, like Gecko) Chrome/141.0.7390.122 Mobile Safari/537.36 (compatible; GoogleOther)"
66.249.72.202 - - [27/Oct/2025:01:58:00 -0700] "GET /feature/shoplist/usm_0.66_1.00_0.01?fileloc=/home/mmickelson/martyknows.com/wp-includes/class-wp-simplepie-file.php??product=402113528 HTTP/1.1" 200 24177 "-" "Mozilla/5.0 (Linux; Android 6.0.1; Nexus 5X Build/MMB29P) AppleWebKit/537.36 (KHTML, like Gecko) Chrome/141.0.7390.122 Mobile Safari/537.36 (compatible; GoogleOther)"
66.249.72.203 - - [27/Oct/2025:01:58:02 -0700] "GET /feature/shoplist/usm_0.66_1.00_0.01?fileloc=/home/mmickelson/martyknows.com/wp-includes/class-wp-simplepie-file.php??product=402114271 HTTP/1.1" 200 24490 "-" "Mozilla/5.0 (Linux; Android 6.0.1; Nexus 5X Build/MMB29P) AppleWebKit/537.36 (KHTML, like Gecko) Chrome/141.0.7390.122 Mobile Safari/537.36 (compatible; GoogleOther)"
66.249.72.202 - - [27/Oct/2025:01:58:03 -0700] "GET /feature/shoplist/usm_0.66_1.00_0.01?fileloc=/home/mmickelson/martyknows.com/wp-includes/class-wp-simplepie-file.php??product=66745104 HTTP/1.1" 200 23705 "-" "Mozilla/5.0 (Linux; Android 6.0.1; Nexus 5X Build/MMB29P) AppleWebKit/537.36 (KHTML, like Gecko) Chrome/141.0.7390.122 Mobile Safari/537.36 (compatible; GoogleOther)"
66.249.72.202 - - [27/Oct/2025:01:58:07 -0700] "GET /feature/shoplist/usm_0.66_1.00_0.01?fileloc=/home/mmickelson/martyknows.com/wp-includes/class-wp-simplepie-file.php?product=75804687 HTTP/1.1" 200 21254 "-" "Mozilla/5.0 (Linux; Android 6.0.1; Nexus 5X Build/MMB29P) AppleWebKit/537.36 (KHTML, like Gecko) Chrome/141.0.7390.122 Mobile Safari/537.36 (compatible; GoogleOther)"
66.249.72.202 - - [27/Oct/2025:01:58:09 -0700] "GET /feature/shoplist/usm_0.66_1.00_0.01?fileloc=/home/mmickelson/martyknows.com/wp-includes/class-wp-simplepie-file.php??product=76985098 HTTP/1.1" 200 20635 "-" "Mozilla/5.0 (Linux; Android 6.0.1; Nexus 5X Build/MMB29P) AppleWebKit/537.36 (KHTML, like Gecko) Chrome/141.0.7390.122 Mobile Safari/537.36 (compatible; GoogleOther)"
66.249.72.202 - - [27/Oct/2025:01:58:17 -0700] "GET /feature/shoplist/usm_0.66_1.00_0.01?fileloc=/home/mmickelson/martyknows.com/wp-includes/class-wp-simplepie-file.php??product=402103316 HTTP/1.1" 200 20542 "-" "Mozilla/5.0 (Linux; Android 6.0.1; Nexus 5X Build/MMB29P) AppleWebKit/537.36 (KHTML, like Gecko) Chrome/141.0.7390.122 Mobile Safari/537.36 (compatible; GoogleOther)"
66.249.72.202 - - [27/Oct/2025:01:58:19 -0700] "GET /feature/shoplist/usm_0.66_1.00_0.01?fileloc=/home/mmickelson/martyknows.com/wp-includes/class-wp-simplepie-file.php??product=76980852 HTTP/1.1" 200 21050 "-" "Mozilla/5.0 (Linux; Android 6.0.1; Nexus 5X Build/MMB29P) AppleWebKit/537.36 (KHTML, like Gecko) Chrome/141.0.7390.122 Mobile Safari/537.36 (compatible; GoogleOther)"
66.249.72.202 - - [27/Oct/2025:01:58:20 -0700] "GET /feature/shoplist/usm_0.66_1.00_0.01?fileloc=/home/mmickelson/martyknows.com/wp-includes/class-wp-simplepie-file.php??product=63854552 HTTP/1.1" 200 21156 "-" "Mozilla/5.0 (Linux; Android 6.0.1; Nexus 5X Build/MMB29P) AppleWebKit/537.36 (KHTML, like Gecko) Chrome/141.0.7390.122 Mobile Safari/537.36 (compatible; GoogleOther)"
100.29.160.53 - - [27/Oct/2025:01:58:24 -0700] "GET /2016/04/laravel-installation-on-mediatemple/?fileloc=//sys/devices/virtual/workqueue/writeback/cpumask&path=//sys/devices/virtual/workqueue/writeback HTTP/1.1" 200 2828 "-" "Mozilla/5.0 AppleWebKit/537.36 (KHTML, like Gecko; compatible; Amazonbot/0.1; +https://developer.amazon.com/support/amazonbot) Chrome/119.0.6045.214 Safari/537.36"
66.249.72.202 - - [27/Oct/2025:01:58:24 -0700] "GET /feature/shoplist/usm_0.66_1.00_0.01?fileloc=/home/mmickelson/martyknows.com/wp-includes/class-wp-simplepie-file.php??product=77065591 HTTP/1.1" 200 21218 "-" "Mozilla/5.0 (Linux; Android 6.0.1; Nexus 5X Build/MMB29P) AppleWebKit/537.36 (KHTML, like Gecko) Chrome/141.0.7390.122 Mobile Safari/537.36 (compatible; GoogleOther)"
66.249.72.202 - - [27/Oct/2025:01:58:25 -0700] "GET /feature/shoplist/usm_0.66_1.00_0.01?fileloc=/home/mmickelson/martyknows.com/wp-includes/class-wp-simplepie-file.php??product=66857058 HTTP/1.1" 200 22138 "-" "Mozilla/5.0 (Linux; Android 6.0.1; Nexus 5X Build/MMB29P) AppleWebKit/537.36 (KHTML, like Gecko) Chrome/141.0.7390.122 Mobile Safari/537.36 (compatible; GoogleOther)"
54.84.102.81 - - [27/Oct/2025:01:58:27 -0700] "GET /2016/04/laravel-installation-on-mediatemple/?path=//sys/class/tty/ptmx/subsystem/ttyvd HTTP/1.1" 200 3295 "-" "Mozilla/5.0 AppleWebKit/537.36 (KHTML, like Gecko; compatible; Amazonbot/0.1; +https://developer.amazon.com/support/amazonbot) Chrome/119.0.6045.214 Safari/537.36"
66.249.72.202 - - [27/Oct/2025:01:58:27 -0700] "GET /feature/shoplist/usm_0.66_1.00_0.01?fileloc=/home/mmickelson/martyknows.com/wp-includes/class-wp-simplepie-file.php?product=2073132468 HTTP/1.1" 200 21881 "-" "Mozilla/5.0 (Linux; Android 6.0.1; Nexus 5X Build/MMB29P) AppleWebKit/537.36 (KHTML, like Gecko) Chrome/141.0.7390.122 Mobile Safari/537.36 (compatible; GoogleOther)"
66.249.72.202 - - [27/Oct/2025:01:58:29 -0700] "GET /feature/shoplist/usm_0.66_1.00_0.01?fileloc=/home/mmickelson/martyknows.com/wp-includes/class-wp-simplepie-file.php??product=292431125 HTTP/1.1" 200 20983 "-" "Mozilla/5.0 (Linux; Android 6.0.1; Nexus 5X Build/MMB29P) AppleWebKit/537.36 (KHTML, like Gecko) Chrome/141.0.7390.122 Mobile Safari/537.36 (compatible; GoogleOther)"
173.208.176.202 - - [27/Oct/2025:01:56:44 -0700] "GET /wp-includes/bra3c7d5/edit.php?id=405858 HTTP/1.1" 200 295 "http://www.martyknows.com/wp-includes/bra3c7d5/edit.php?id=405858" "Mozilla/5.0 (Windows NT 10.0; Win64; x64) AppleWebKit/537.36 (KHTML, like Gecko) Chrome/58.0.3029.110 Safari/537.3"
66.249.72.202 - - [27/Oct/2025:01:58:32 -0700] "GET /feature/shoplist/usm_0.66_1.00_0.01?fileloc=/home/mmickelson/martyknows.com/wp-includes/class-wp-simplepie-file.php??product=77025522 HTTP/1.1" 200 272 "-" "Mozilla/5.0 (Linux; Android 6.0.1; Nexus 5X Build/MMB29P) AppleWebKit/537.36 (KHTML, like Gecko) Chrome/141.0.7390.122 Mobile Safari/537.36 (compatible; GoogleOther)"
66.249.72.202 - - [27/Oct/2025:01:58:34 -0700] "GET /feature/shoplist/usm_0.66_1.00_0.01?fileloc=/home/mmickelson/martyknows.com/wp-includes/class-wp-simplepie-file.php??product=66826400 HTTP/1.1" 200 21719 "-" "Mozilla/5.0 (Linux; Android 6.0.1; Nexus 5X Build/MMB29P) AppleWebKit/537.36 (KHTML, like Gecko) Chrome/141.0.7390.122 Mobile Safari/537.36 (compatible; GoogleOther)"
66.249.72.202 - - [27/Oct/2025:01:58:40 -0700] "GET /feature/shoplist/usm_0.66_1.00_0.01?fileloc=/home/mmickelson/martyknows.com/wp-includes/class-wp-simplepie-file.php??product=66751666 HTTP/1.1" 200 22412 "-" "Mozilla/5.0 (Linux; Android 6.0.1; Nexus 5X Build/MMB29P) AppleWebKit/537.36 (KHTML, like Gecko) Chrome/141.0.7390.122 Mobile Safari/537.36 (compatible; GoogleOther)"
66.249.72.202 - - [27/Oct/2025:01:58:41 -0700] "GET /feature/shoplist/usm_0.66_1.00_0.01?fileloc=/home/mmickelson/martyknows.com/wp-includes/class-wp-simplepie-file.php??product=77042746 HTTP/1.1" 200 20945 "-" "Mozilla/5.0 (Linux; Android 6.0.1; Nexus 5X Build/MMB29P) AppleWebKit/537.36 (KHTML, like Gecko) Chrome/141.0.7390.122 Mobile Safari/537.36 (compatible; GoogleOther)"
66.249.72.203 - - [27/Oct/2025:01:58:42 -0700] "GET /feature/shoplist/usm_0.66_1.00_0.01?fileloc=/home/mmickelson/martyknows.com/wp-includes/class-wp-simplepie-file.php??product=66836558 HTTP/1.1" 200 20921 "-" "Mozilla/5.0 (Linux; Android 6.0.1; Nexus 5X Build/MMB29P) AppleWebKit/537.36 (KHTML, like Gecko) Chrome/141.0.7390.122 Mobile Safari/537.36 (compatible; GoogleOther)"
66.249.72.203 - - [27/Oct/2025:01:58:47 -0700] "GET /cop/r13?pid=105 HTTP/1.1" 200 24112 "-" "Mozilla/5.0 (Linux; Android 6.0.1; Nexus 5X Build/MMB29P) AppleWebKit/537.36 (KHTML, like Gecko) Chrome/141.0.7390.122 Mobile Safari/537.36 (compatible; GoogleOther)"
66.249.72.203 - - [27/Oct/2025:01:58:49 -0700] "GET /feature/shoplist/usm_0.66_1.00_0.01?fileloc=/home/mmickelson/martyknows.com/wp-includes/class-wp-simplepie-file.php??product=77050481 HTTP/1.1" 200 24458 "-" "Mozilla/5.0 (Linux; Android 6.0.1; Nexus 5X Build/MMB29P) AppleWebKit/537.36 (KHTML, like Gecko) Chrome/141.0.7390.122 Mobile Safari/537.36 (compatible; GoogleOther)"
66.249.72.202 - - [27/Oct/2025:01:58:50 -0700] "GET /feature/shoplist/usm_0.66_1.00_0.01?fileloc=/home/mmickelson/martyknows.com/wp-includes/class-wp-simplepie-file.php??product=76990271 HTTP/1.1" 200 24477 "-" "Mozilla/5.0 (Linux; Android 6.0.1; Nexus 5X Build/MMB29P) AppleWebKit/537.36 (KHTML, like Gecko) Chrome/141.0.7390.122 Mobile Safari/537.36 (compatible; GoogleOther)"
66.249.72.202 - - [27/Oct/2025:01:58:57 -0700] "GET /feature/shoplist/usm_0.66_1.00_0.01?fileloc=/home/mmickelson/martyknows.com/wp-includes/class-wp-simplepie-file.php??product=69972489 HTTP/1.1" 200 24508 "-" "Mozilla/5.0 (Linux; Android 6.0.1; Nexus 5X Build/MMB29P) AppleWebKit/537.36 (KHTML, like Gecko) Chrome/141.0.7390.122 Mobile Safari/537.36 (compatible; GoogleOther)"
66.249.72.203 - - [27/Oct/2025:01:58:58 -0700] "GET /feature/shoplist/usm_0.66_1.00_0.01?fileloc=/home/mmickelson/martyknows.com/wp-admin/async-upload.php??product=59632063 HTTP/1.1" 200 24262 "-" "Mozilla/5.0 (Linux; Android 6.0.1; Nexus 5X Build/MMB29P) AppleWebKit/537.36 (KHTML, like Gecko) Chrome/141.0.7390.122 Mobile Safari/537.36 (compatible; GoogleOther)"
66.249.72.203 - - [27/Oct/2025:01:59:00 -0700] "GET /feature/shoplist/usm_0.66_1.00_0.01?fileloc=/home/mmickelson/martyknows.com/wp-includes/class-wp-simplepie-file.php?product=2079062691 HTTP/1.1" 200 23556 "-" "Mozilla/5.0 (Linux; Android 6.0.1; Nexus 5X Build/MMB29P) AppleWebKit/537.36 (KHTML, like Gecko) Chrome/141.0.7390.122 Mobile Safari/537.36 (compatible; GoogleOther)"
44.196.118.6 - - [27/Oct/2025:01:59:02 -0700] "GET /2016/04/laravel-installation-on-mediatemple/?path=//sys/class/net/phy1/queues/tx-24 HTTP/1.1" 200 3451 "-" "Mozilla/5.0 AppleWebKit/537.36 (KHTML, like Gecko; compatible; Amazonbot/0.1; +https://developer.amazon.com/support/amazonbot) Chrome/119.0.6045.214 Safari/537.36"
66.249.72.202 - - [27/Oct/2025:01:59:04 -0700] "GET /feature/shoplist/usm_0.66_1.00_0.01?fileloc=/home/mmickelson/martyknows.com/wp-includes/class-wp-simplepie-file.php??product=66758538 HTTP/1.1" 200 24861 "-" "Mozilla/5.0 (Linux; Android 6.0.1; Nexus 5X Build/MMB29P) AppleWebKit/537.36 (KHTML, like Gecko) Chrome/141.0.7390.122 Mobile Safari/537.36 (compatible; GoogleOther)"
66.249.72.202 - - [27/Oct/2025:01:59:06 -0700] "GET /feature/shoplist/usm_0.66_1.00_0.01?fileloc=/home/mmickelson/martyknows.com/wp-includes/class-wp-simplepie-file.php??product=77012088 HTTP/1.1" 200 24464 "-" "Mozilla/5.0 (Linux; Android 6.0.1; Nexus 5X Build/MMB29P) AppleWebKit/537.36 (KHTML, like Gecko) Chrome/141.0.7390.122 Mobile Safari/537.36 (compatible; GoogleOther)"
66.249.72.202 - - [27/Oct/2025:01:59:07 -0700] "GET /feature/shoplist/usm_0.66_1.00_0.01?fileloc=/home/mmickelson/martyknows.com/wp-includes/class-wp-simplepie-file.php??product=77057939 HTTP/1.1" 200 20920 "-" "Mozilla/5.0 (Linux; Android 6.0.1; Nexus 5X Build/MMB29P) AppleWebKit/537.36 (KHTML, like Gecko) Chrome/141.0.7390.122 Mobile Safari/537.36 (compatible; GoogleOther)"
66.249.72.202 - - [27/Oct/2025:01:59:09 -0700] "GET /feature/shoplist/h_1688 HTTP/1.1" 200 19954 "-" "Mozilla/5.0 (Linux; Android 6.0.1; Nexus 5X Build/MMB29P) AppleWebKit/537.36 (KHTML, like Gecko) Chrome/141.0.7390.122 Mobile Safari/537.36 (compatible; GoogleOther)"
66.249.72.202 - - [27/Oct/2025:01:59:12 -0700] "GET /feature/shoplist/usm_0.66_1.00_0.01?fileloc=/home/mmickelson/martyknows.com/wp-includes/class-wp-simplepie-file.php??product=69846504 HTTP/1.1" 200 21177 "-" "Mozilla/5.0 (Linux; Android 6.0.1; Nexus 5X Build/MMB29P) AppleWebKit/537.36 (KHTML, like Gecko) Chrome/141.0.7390.122 Mobile Safari/537.36 (compatible; GoogleOther)"
66.249.72.202 - - [27/Oct/2025:01:59:14 -0700] "GET /feature/shoplist/usm_0.66_1.00_0.01?fileloc=/home/mmickelson/martyknows.com/wp-includes/class-wp-simplepie-file.php??product=69966641 HTTP/1.1" 200 24690 "-" "Mozilla/5.0 (Linux; Android 6.0.1; Nexus 5X Build/MMB29P) AppleWebKit/537.36 (KHTML, like Gecko) Chrome/141.0.7390.122 Mobile Safari/537.36 (compatible; GoogleOther)"
66.249.72.202 - - [27/Oct/2025:01:59:15 -0700] "GET /feature/shoplist/usm_0.66_1.00_0.01?fileloc=/home/mmickelson/martyknows.com/wp-includes/class-wp-simplepie-file.php??product=66839184 HTTP/1.1" 200 24343 "-" "Mozilla/5.0 (Linux; Android 6.0.1; Nexus 5X Build/MMB29P) AppleWebKit/537.36 (KHTML, like Gecko) Chrome/141.0.7390.122 Mobile Safari/537.36 (compatible; GoogleOther)"
66.249.72.202 - - [27/Oct/2025:01:59:17 -0700] "GET /behavioral/k13?pid=381 HTTP/1.1" 200 25386 "-" "Mozilla/5.0 (Linux; Android 6.0.1; Nexus 5X Build/MMB29P) AppleWebKit/537.36 (KHTML, like Gecko) Chrome/141.0.7390.122 Mobile Safari/537.36 (compatible; GoogleOther)"
66.249.72.202 - - [27/Oct/2025:01:59:19 -0700] "GET /feature/shoplist/usm_0.66_1.00_0.01?fileloc=/home/mmickelson/martyknows.com/wp-includes/class-wp-simplepie-file.php??product=66727954 HTTP/1.1" 200 23648 "-" "Mozilla/5.0 (Linux; Android 6.0.1; Nexus 5X Build/MMB29P) AppleWebKit/537.36 (KHTML, like Gecko) Chrome/141.0.7390.122 Mobile Safari/537.36 (compatible; GoogleOther)"
54.225.148.123 - - [27/Oct/2025:01:59:20 -0700] "GET /2016/04/laravel-installation-on-mediatemple/?path=//sys/class/rtc/rtc0/device/driver HTTP/1.1" 200 3332 "-" "Mozilla/5.0 AppleWebKit/537.36 (KHTML, like Gecko; compatible; Amazonbot/0.1; +https://developer.amazon.com/support/amazonbot) Chrome/119.0.6045.214 Safari/537.36"
66.249.72.202 - - [27/Oct/2025:01:59:22 -0700] "GET /feature/shoplist/usm_0.66_1.00_0.01?fileloc=/home/mmickelson/martyknows.com/wp-includes/class-wp-simplepie-file.php??product=402049082 HTTP/1.1" 200 24995 "-" "Mozilla/5.0 (Linux; Android 6.0.1; Nexus 5X Build/MMB29P) AppleWebKit/537.36 (KHTML, like Gecko) Chrome/141.0.7390.122 Mobile Safari/537.36 (compatible; GoogleOther)"
66.249.72.202 - - [27/Oct/2025:01:59:23 -0700] "GET /feature/shoplist/usm_0.66_1.00_0.01?fileloc=/home/mmickelson/martyknows.com/wp-includes/class-wp-simplepie-file.php??product=66813643 HTTP/1.1" 200 24386 "-" "Mozilla/5.0 (Linux; Android 6.0.1; Nexus 5X Build/MMB29P) AppleWebKit/537.36 (KHTML, like Gecko) Chrome/141.0.7390.122 Mobile Safari/537.36 (compatible; GoogleOther)"
66.249.72.202 - - [27/Oct/2025:01:59:29 -0700] "GET /feature/shoplist/usm_0.66_1.00_0.01?fileloc=/home/mmickelson/martyknows.com/wp-includes/class-wp-simplepie-file.php??product=66748316 HTTP/1.1" 200 21452 "-" "Mozilla/5.0 (Linux; Android 6.0.1; Nexus 5X Build/MMB29P) AppleWebKit/537.36 (KHTML, like Gecko) Chrome/141.0.7390.122 Mobile Safari/537.36 (compatible; GoogleOther)"
66.249.72.202 - - [27/Oct/2025:01:59:31 -0700] "GET /feature/shoplist/usm_0.66_1.00_0.01?fileloc=/home/mmickelson/martyknows.com/wp-includes/class-wp-simplepie-file.php??product=402115425 HTTP/1.1" 200 24756 "-" "Mozilla/5.0 (Linux; Android 6.0.1; Nexus 5X Build/MMB29P) AppleWebKit/537.36 (KHTML, like Gecko) Chrome/141.0.7390.122 Mobile Safari/537.36 (compatible; GoogleOther)"
66.249.72.203 - - [27/Oct/2025:01:59:36 -0700] "GET /feature/shoplist/usm_0.66_1.00_0.01?fileloc=/home/mmickelson/martyknows.com/wp-includes/class-wp-simplepie-file.php?product=49982971 HTTP/1.1" 200 21315 "-" "Mozilla/5.0 (Linux; Android 6.0.1; Nexus 5X Build/MMB29P) AppleWebKit/537.36 (KHTML, like Gecko) Chrome/141.0.7390.122 Mobile Safari/537.36 (compatible; GoogleOther)"
66.249.72.202 - - [27/Oct/2025:01:59:38 -0700] "GET /feature/shoplist/usm_0.66_1.00_0.01?fileloc=/home/mmickelson/martyknows.com/wp-includes/class-wp-simplepie-file.php??product=402086092 HTTP/1.1" 200 22613 "-" "Mozilla/5.0 (Linux; Android 6.0.1; Nexus 5X Build/MMB29P) AppleWebKit/537.36 (KHTML, like Gecko) Chrome/141.0.7390.122 Mobile Safari/537.36 (compatible; GoogleOther)"
66.249.72.202 - - [27/Oct/2025:01:59:40 -0700] "GET /feature/shoplist/usm_0.66_1.00_0.01?fileloc=/home/mmickelson/martyknows.com/wp-includes/class-wp-simplepie-file.php?product=68326781 HTTP/1.1" 200 22273 "-" "Mozilla/5.0 (Linux; Android 6.0.1; Nexus 5X Build/MMB29P) AppleWebKit/537.36 (KHTML, like Gecko) Chrome/141.0.7390.122 Mobile Safari/537.36 (compatible; GoogleOther)"
107.22.208.39 - - [27/Oct/2025:01:59:40 -0700] "GET /2016/04/laravel-installation-on-mediatemple/?path=//sys/class/net/phy1/queues/tx-9 HTTP/1.1" 200 3448 "-" "Mozilla/5.0 AppleWebKit/537.36 (KHTML, like Gecko; compatible; Amazonbot/0.1; +https://developer.amazon.com/support/amazonbot) Chrome/119.0.6045.214 Safari/537.36"
66.249.72.203 - - [27/Oct/2025:01:59:42 -0700] "GET /feature/shoplist/usm_0.66_1.00_0.01?fileloc=/home/mmickelson/martyknows.com/wp-includes/class-wp-simplepie-file.php??product=66768816 HTTP/1.1" 200 20685 "-" "Mozilla/5.0 (Linux; Android 6.0.1; Nexus 5X Build/MMB29P) AppleWebKit/537.36 (KHTML, like Gecko) Chrome/141.0.7390.122 Mobile Safari/537.36 (compatible; GoogleOther)"
66.249.72.202 - - [27/Oct/2025:01:59:46 -0700] "GET /narrow/v13?pid=103 HTTP/1.1" 200 23468 "-" "Mozilla/5.0 (Linux; Android 6.0.1; Nexus 5X Build/MMB29P) AppleWebKit/537.36 (KHTML, like Gecko) Chrome/141.0.7390.122 Mobile Safari/537.36 (compatible; GoogleOther)"
18.213.102.186 - - [27/Oct/2025:01:59:48 -0700] "GET /2016/04/laravel-installation-on-mediatemple/?path=//usr/lib/python3/dist-packages/virtualenv/config HTTP/1.1" 200 3490 "-" "Mozilla/5.0 AppleWebKit/537.36 (KHTML, like Gecko; compatible; Amazonbot/0.1; +https://developer.amazon.com/support/amazonbot) Chrome/119.0.6045.214 Safari/537.36"
66.249.72.202 - - [27/Oct/2025:01:59:48 -0700] "GET /feature/shoplist/usm_0.66_1.00_0.01?fileloc=/home/mmickelson/martyknows.com/wp-includes/class-wp-simplepie-file.php??product=402082880 HTTP/1.1" 200 25066 "-" "Mozilla/5.0 (Linux; Android 6.0.1; Nexus 5X Build/MMB29P) AppleWebKit/537.36 (KHTML, like Gecko) Chrome/141.0.7390.122 Mobile Safari/537.36 (compatible; GoogleOther)"
66.249.72.203 - - [27/Oct/2025:01:59:50 -0700] "GET /feature/shoplist/usm_0.66_1.00_0.01?fileloc=/home/mmickelson/martyknows.com/wp-includes/class-wp-simplepie-file.php?product=2079036921 HTTP/1.1" 200 23772 "-" "Mozilla/5.0 (Linux; Android 6.0.1; Nexus 5X Build/MMB29P) AppleWebKit/537.36 (KHTML, like Gecko) Chrome/141.0.7390.122 Mobile Safari/537.36 (compatible; GoogleOther)"
66.249.72.202 - - [27/Oct/2025:01:59:54 -0700] "GET /feature/shoplist/usm_0.66_1.00_0.01?fileloc=/home/mmickelson/martyknows.com/wp-includes/class-wp-simplepie-file.php??product=66755390 HTTP/1.1" 200 24690 "-" "Mozilla/5.0 (Linux; Android 6.0.1; Nexus 5X Build/MMB29P) AppleWebKit/537.36 (KHTML, like Gecko) Chrome/141.0.7390.122 Mobile Safari/537.36 (compatible; GoogleOther)"
66.249.72.202 - - [27/Oct/2025:01:59:55 -0700] "GET /feature/shoplist/usm_0.66_1.00_0.01?fileloc=/home/mmickelson/martyknows.com/wp-includes/class-wp-simplepie-file.php??product=402084775 HTTP/1.1" 200 25088 "-" "Mozilla/5.0 (Linux; Android 6.0.1; Nexus 5X Build/MMB29P) AppleWebKit/537.36 (KHTML, like Gecko) Chrome/141.0.7390.122 Mobile Safari/537.36 (compatible; GoogleOther)"
66.249.72.202 - - [27/Oct/2025:01:59:57 -0700] "GET /feature/shoplist/usm_0.66_1.00_0.01?fileloc=/home/mmickelson/martyknows.com/wp-includes/class-wp-simplepie-file.php??product=77060639 HTTP/1.1" 200 25158 "-" "Mozilla/5.0 (Linux; Android 6.0.1; Nexus 5X Build/MMB29P) AppleWebKit/537.36 (KHTML, like Gecko) Chrome/141.0.7390.122 Mobile Safari/537.36 (compatible; GoogleOther)"
66.249.72.204 - - [27/Oct/2025:01:59:59 -0700] "GET /unless/x12?pid=964 HTTP/1.1" 200 24324 "-" "Mozilla/5.0 (Linux; Android 6.0.1; Nexus 5X Build/MMB29P) AppleWebKit/537.36 (KHTML, like Gecko) Chrome/141.0.7390.122 Mobile Safari/537.36 (compatible; GoogleOther)"
66.249.72.203 - - [27/Oct/2025:02:00:03 -0700] "GET /feature/shoplist/usm_0.66_1.00_0.01?fileloc=/home/mmickelson/martyknows.com/wp-includes/class-wp-simplepie-file.php??product=69969853 HTTP/1.1" 200 22364 "-" "Mozilla/5.0 (Linux; Android 6.0.1; Nexus 5X Build/MMB29P) AppleWebKit/537.36 (KHTML, like Gecko) Chrome/141.0.7390.122 Mobile Safari/537.36 (compatible; GoogleOther)"
66.249.72.203 - - [27/Oct/2025:02:00:05 -0700] "GET /feature/shoplist/usm_0.66_1.00_0.01?fileloc=/home/mmickelson/martyknows.com/wp-includes/class-wp-simplepie-file.php??product=76984000 HTTP/1.1" 200 21360 "-" "Mozilla/5.0 (Linux; Android 6.0.1; Nexus 5X Build/MMB29P) AppleWebKit/537.36 (KHTML, like Gecko) Chrome/141.0.7390.122 Mobile Safari/537.36 (compatible; GoogleOther)"
173.208.176.202 - - [27/Oct/2025:01:58:38 -0700] "GET /wp-includes/bra3c7d5/edit.php?id=405858 HTTP/1.1" 200 295 "http://www.martyknows.com/wp-includes/bra3c7d5/edit.php?id=405858" "Mozilla/5.0 (Windows NT 10.0; Win64; x64) AppleWebKit/537.36 (KHTML, like Gecko) Chrome/58.0.3029.110 Safari/537.3"
66.249.72.203 - - [27/Oct/2025:02:00:06 -0700] "GET /feature/shoplist/usm_0.66_1.00_0.01?fileloc=/home/mmickelson/martyknows.com/wp-includes/class-wp-simplepie-file.php??product=66754011 HTTP/1.1" 200 20780 "-" "Mozilla/5.0 (Linux; Android 6.0.1; Nexus 5X Build/MMB29P) AppleWebKit/537.36 (KHTML, like Gecko) Chrome/141.0.7390.122 Mobile Safari/537.36 (compatible; GoogleOther)"
66.249.72.202 - - [27/Oct/2025:02:00:11 -0700] "GET /feature/shoplist/usm_0.66_1.00_0.01?fileloc=/home/mmickelson/martyknows.com/wp-includes/class-wp-simplepie-file.php?product=74391735 HTTP/1.1" 200 23559 "-" "Mozilla/5.0 (Linux; Android 6.0.1; Nexus 5X Build/MMB29P) AppleWebKit/537.36 (KHTML, like Gecko) Chrome/141.0.7390.122 Mobile Safari/537.36 (compatible; GoogleOther)"
66.249.72.202 - - [27/Oct/2025:02:00:13 -0700] "GET /feature/shoplist/usm_0.66_1.00_0.01?fileloc=/home/mmickelson/martyknows.com/wp-includes/class-wp-simplepie-file.php??product=77039460 HTTP/1.1" 200 25490 "-" "Mozilla/5.0 (Linux; Android 6.0.1; Nexus 5X Build/MMB29P) AppleWebKit/537.36 (KHTML, like Gecko) Chrome/141.0.7390.122 Mobile Safari/537.36 (compatible; GoogleOther)"
66.249.72.202 - - [27/Oct/2025:02:00:18 -0700] "GET /feature/shoplist/usm_0.66_1.00_0.01?fileloc=/home/mmickelson/martyknows.com/wp-includes/class-wp-simplepie-file.php??product=52631439 HTTP/1.1" 200 21341 "-" "Mozilla/5.0 (Linux; Android 6.0.1; Nexus 5X Build/MMB29P) AppleWebKit/537.36 (KHTML, like Gecko) Chrome/141.0.7390.122 Mobile Safari/537.36 (compatible; GoogleOther)"
66.249.72.202 - - [27/Oct/2025:02:00:21 -0700] "GET /feature/shoplist/usm_0.66_1.00_0.01?fileloc=/home/mmickelson/martyknows.com/wp-includes/class-wp-simplepie-file.php?product=65629213 HTTP/1.1" 200 24099 "-" "Mozilla/5.0 (Linux; Android 6.0.1; Nexus 5X Build/MMB29P) AppleWebKit/537.36 (KHTML, like Gecko) Chrome/141.0.7390.122 Mobile Safari/537.36 (compatible; GoogleOther)"
66.249.72.202 - - [27/Oct/2025:02:00:23 -0700] "GET /feature/shoplist/usm_0.66_1.00_0.01?fileloc=/home/mmickelson/martyknows.com/wp-includes/class-wp-simplepie-file.php?product=2079049257 HTTP/1.1" 200 23595 "-" "Mozilla/5.0 (Linux; Android 6.0.1; Nexus 5X Build/MMB29P) AppleWebKit/537.36 (KHTML, like Gecko) Chrome/141.0.7390.122 Mobile Safari/537.36 (compatible; GoogleOther)"
66.249.72.202 - - [27/Oct/2025:02:00:28 -0700] "GET /feature/shoplist/usm_0.66_1.00_0.01?fileloc=/home/mmickelson/martyknows.com/wp-includes/class-wp-simplepie-file.php??product=402074553 HTTP/1.1" 200 21010 "-" "Mozilla/5.0 (Linux; Android 6.0.1; Nexus 5X Build/MMB29P) AppleWebKit/537.36 (KHTML, like Gecko) Chrome/141.0.7390.122 Mobile Safari/537.36 (compatible; GoogleOther)"
66.249.72.202 - - [27/Oct/2025:02:00:29 -0700] "GET /feature/shoplist/usm_0.66_1.00_0.01?fileloc=/home/mmickelson/martyknows.com/wp-includes/class-wp-simplepie-file.php??product=402100038 HTTP/1.1" 200 20147 "-" "Mozilla/5.0 (Linux; Android 6.0.1; Nexus 5X Build/MMB29P) AppleWebKit/537.36 (KHTML, like Gecko) Chrome/141.0.7390.122 Mobile Safari/537.36 (compatible; GoogleOther)"
66.249.72.202 - - [27/Oct/2025:02:00:31 -0700] "GET /feature/shoplist/usm_0.66_1.00_0.01?fileloc=/home/mmickelson/martyknows.com/wp-includes/class-wp-simplepie-file.php??product=66756125 HTTP/1.1" 200 23990 "-" "Mozilla/5.0 (Linux; Android 6.0.1; Nexus 5X Build/MMB29P) AppleWebKit/537.36 (KHTML, like Gecko) Chrome/141.0.7390.122 Mobile Safari/537.36 (compatible; GoogleOther)"
66.249.72.202 - - [27/Oct/2025:02:00:35 -0700] "GET /feature/shoplist/usm_0.66_1.00_0.01?fileloc=/home/mmickelson/martyknows.com/wp-includes/class-wp-simplepie-file.php?product=65102903 HTTP/1.1" 200 22205 "-" "Mozilla/5.0 (Linux; Android 6.0.1; Nexus 5X Build/MMB29P) AppleWebKit/537.36 (KHTML, like Gecko) Chrome/141.0.7390.122 Mobile Safari/537.36 (compatible; GoogleOther)"
66.249.72.202 - - [27/Oct/2025:02:00:36 -0700] "GET /feature/shoplist/usm_0.66_1.00_0.01?fileloc=/home/mmickelson/martyknows.com/wp-includes/class-wp-simplepie-file.php??product=77040781 HTTP/1.1" 200 20896 "-" "Mozilla/5.0 (Linux; Android 6.0.1; Nexus 5X Build/MMB29P) AppleWebKit/537.36 (KHTML, like Gecko) Chrome/141.0.7390.122 Mobile Safari/537.36 (compatible; GoogleOther)"
66.249.72.202 - - [27/Oct/2025:02:00:38 -0700] "GET /feature/shoplist/usm_0.66_1.00_0.01?fileloc=/home/mmickelson/martyknows.com/wp-includes/class-wp-simplepie-file.php??product=76967874 HTTP/1.1" 200 21202 "-" "Mozilla/5.0 (Linux; Android 6.0.1; Nexus 5X Build/MMB29P) AppleWebKit/537.36 (KHTML, like Gecko) Chrome/141.0.7390.122 Mobile Safari/537.36 (compatible; GoogleOther)"
66.249.72.202 - - [27/Oct/2025:02:00:43 -0700] "GET /feature/shoplist/usm_0.66_1.00_0.01?fileloc=/home/mmickelson/martyknows.com/wp-includes/class-wp-simplepie-file.php??product=66753425 HTTP/1.1" 200 24864 "-" "Mozilla/5.0 (Linux; Android 6.0.1; Nexus 5X Build/MMB29P) AppleWebKit/537.36 (KHTML, like Gecko) Chrome/141.0.7390.122 Mobile Safari/537.36 (compatible; GoogleOther)"
66.249.72.203 - - [27/Oct/2025:02:00:45 -0700] "GET /feature/shoplist/usm_0.66_1.00_0.01?fileloc=/home/mmickelson/martyknows.com/wp-includes/class-wp-simplepie-file.php?product=63100748 HTTP/1.1" 200 24561 "-" "Mozilla/5.0 (Linux; Android 6.0.1; Nexus 5X Build/MMB29P) AppleWebKit/537.36 (KHTML, like Gecko) Chrome/141.0.7390.122 Mobile Safari/537.36 (compatible; GoogleOther)"
