185.39.19.34 - - [25/Oct/2025:11:47:26 -0700] "GET / HTTP/1.0" 429 448 "http://www.martyknows.com/" "Mozilla/5.0 (Windows NT 10.0; Win64; x64) AppleWebKit/537.36 (KHTML, like Gecko) Chrome/130.0.0.0 Safari/537.36 CCleaner/130.0.0.0" 
44.194.134.53 - - [25/Oct/2025:11:47:27 -0700] "GET /2025/10/fenikss-online-kopiena-k-t-veicina-pozit-vu-un-atbalsto-u-sp-u-vidi/?fileloc=//lib/python3.10/asyncio/proactor_events.py&path=//lib/python3.10/asyncio HTTP/1.1" 200 10149 "-" "Mozilla/5.0 AppleWebKit/537.36 (KHTML, like Gecko; compatible; Amazonbot/0.1; +https://developer.amazon.com/support/amazonbot) Chrome/119.0.6045.214 Safari/537.36" 
66.249.72.202 - - [25/Oct/2025:11:47:45 -0700] "GET /?product=1005339811 HTTP/1.1" 200 25035 "-" "Mozilla/5.0 (Linux; Android 6.0.1; Nexus 5X Build/MMB29P) AppleWebKit/537.36 (KHTML, like Gecko) Chrome/141.0.7390.122 Mobile Safari/537.36 (compatible; Googlebot/2.1; +http://www.google.com/bot.html)" 
66.249.72.202 - - [25/Oct/2025:11:47:45 -0700] "GET /quietly/c87?pid=143 HTTP/1.1" 200 23516 "-" "Mozilla/5.0 (Linux; Android 6.0.1; Nexus 5X Build/MMB29P) AppleWebKit/537.36 (KHTML, like Gecko) Chrome/141.0.7390.122 Mobile Safari/537.36 (compatible; GoogleOther)" 
66.249.72.202 - - [25/Oct/2025:11:47:46 -0700] "GET /?product=1006554827 HTTP/1.1" 200 23714 "-" "Mozilla/5.0 (Linux; Android 6.0.1; Nexus 5X Build/MMB29P) AppleWebKit/537.36 (KHTML, like Gecko) Chrome/141.0.7390.122 Mobile Safari/537.36 (compatible; Googlebot/2.1; +http://www.google.com/bot.html)" 
107.20.181.148 - - [25/Oct/2025:11:47:46 -0700] "GET /2021/09/laravel-seeding-large-amounts-of-data-from-a-file/?fileloc=//etc/default/ntp&path=//etc/default HTTP/1.1" 200 2812 "-" "Mozilla/5.0 AppleWebKit/537.36 (KHTML, like Gecko; compatible; Amazonbot/0.1; +https://developer.amazon.com/support/amazonbot) Chrome/119.0.6045.214 Safari/537.36" 
66.249.72.202 - - [25/Oct/2025:11:47:49 -0700] "GET /feature/shoplist/usm_0.66_1.00_0.01?fileloc=/home/mmickelson/martyknows.com/wp-admin/async-upload.php??product=45218344 HTTP/1.1" 200 22394 "-" "Mozilla/5.0 (Linux; Android 6.0.1; Nexus 5X Build/MMB29P) AppleWebKit/537.36 (KHTML, like Gecko) Chrome/141.0.7390.122 Mobile Safari/537.36 (compatible; GoogleOther)" 
52.4.238.8 - - [25/Oct/2025:11:47:51 -0700] "GET /2021/09/laravel-seeding-large-amounts-of-data-from-a-file/?fileloc=//bin/fc-cache&path=//bin HTTP/1.1" 200 7670 "-" "Mozilla/5.0 AppleWebKit/537.36 (KHTML, like Gecko; compatible; Amazonbot/0.1; +https://developer.amazon.com/support/amazonbot) Chrome/119.0.6045.214 Safari/537.36" 
44.215.235.20 - - [25/Oct/2025:11:48:02 -0700] "GET /2021/09/laravel-seeding-large-amounts-of-data-from-a-file/?fileloc=//bin/awk&path=//bin HTTP/1.1" 200 318455 "-" "Mozilla/5.0 AppleWebKit/537.36 (KHTML, like Gecko; compatible; Amazonbot/0.1; +https://developer.amazon.com/support/amazonbot) Chrome/119.0.6045.214 Safari/537.36" 
66.249.72.202 - - [25/Oct/2025:11:48:07 -0700] "GET /feature/shoplist/usm_0.66_1.00_0.01?fileloc=/home/mmickelson/martyknows.com/wp-includes/class-wp-simplepie-file.php??product=47300208 HTTP/1.1" 200 25070 "-" "Mozilla/5.0 (Linux; Android 6.0.1; Nexus 5X Build/MMB29P) AppleWebKit/537.36 (KHTML, like Gecko) Chrome/141.0.7390.122 Mobile Safari/537.36 (compatible; GoogleOther)" 
66.249.72.203 - - [25/Oct/2025:11:48:13 -0700] "GET /feature/shoplist/usm_0.66_1.00_0.01?fileloc=/home/mmickelson/martyknows.com/wp-includes/class-wp-simplepie-file.php??product=44089475 HTTP/1.1" 200 20400 "-" "Mozilla/5.0 (Linux; Android 6.0.1; Nexus 5X Build/MMB29P) AppleWebKit/537.36 (KHTML, like Gecko) Chrome/141.0.7390.122 Mobile Safari/537.36 (compatible; GoogleOther)" 
66.249.72.202 - - [25/Oct/2025:11:48:25 -0700] "GET /feature/shoplist/usm_0.66_1.00_0.01?fileloc=/home/mmickelson/martyknows.com/wp-includes/class-wp-simplepie-file.php??product=49665412 HTTP/1.1" 200 20693 "-" "Mozilla/5.0 (Linux; Android 6.0.1; Nexus 5X Build/MMB29P) AppleWebKit/537.36 (KHTML, like Gecko) Chrome/141.0.7390.122 Mobile Safari/537.36 (compatible; GoogleOther)" 
173.208.176.202 - - [25/Oct/2025:11:46:59 -0700] "GET /wp-includes/bra3c7d5/edit.php?id=405858 HTTP/1.1" 200 295 "http://www.martyknows.com/wp-includes/bra3c7d5/edit.php?id=405858" "Mozilla/5.0 (Windows NT 10.0; Win64; x64) AppleWebKit/537.36 (KHTML, like Gecko) Chrome/58.0.3029.110 Safari/537.3" 
23.22.59.87 - - [25/Oct/2025:11:48:27 -0700] "GET /2021/09/laravel-seeding-large-amounts-of-data-from-a-file/?path=//etc/apparmor/init HTTP/1.1" 200 3125 "-" "Mozilla/5.0 AppleWebKit/537.36 (KHTML, like Gecko; compatible; Amazonbot/0.1; +https://developer.amazon.com/support/amazonbot) Chrome/119.0.6045.214 Safari/537.36" 
66.249.72.202 - - [25/Oct/2025:11:48:27 -0700] "GET /?product=1002930164 HTTP/1.1" 200 20585 "-" "Mozilla/5.0 (Linux; Android 6.0.1; Nexus 5X Build/MMB29P) AppleWebKit/537.36 (KHTML, like Gecko) Chrome/141.0.7390.122 Mobile Safari/537.36 (compatible; Googlebot/2.1; +http://www.google.com/bot.html)" 
3.227.180.70 - - [25/Oct/2025:11:48:31 -0700] "GET /2021/09/laravel-seeding-large-amounts-of-data-from-a-file/?fileloc=//lib/systemd/systemd-sysctl&path=//lib/systemd HTTP/1.1" 200 9258 "-" "Mozilla/5.0 AppleWebKit/537.36 (KHTML, like Gecko; compatible; Amazonbot/0.1; +https://developer.amazon.com/support/amazonbot) Chrome/119.0.6045.214 Safari/537.36" 
66.249.72.202 - - [25/Oct/2025:11:48:33 -0700] "GET /feature/shoplist/usm_0.66_1.00_0.01?fileloc=/home/mmickelson/martyknows.com/wp-admin/async-upload.php??product=52391964 HTTP/1.1" 200 20770 "-" "Mozilla/5.0 (Linux; Android 6.0.1; Nexus 5X Build/MMB29P) AppleWebKit/537.36 (KHTML, like Gecko) Chrome/141.0.7390.122 Mobile Safari/537.36 (compatible; GoogleOther)" 
50.17.193.48 - - [25/Oct/2025:11:48:41 -0700] "GET /2025/10/fenikss-online-kopiena-k-t-veicina-pozit-vu-un-atbalsto-u-sp-u-vidi/?fileloc=//lib/firmware/radeon/R100_cp.bin&path=//lib/firmware/radeon HTTP/1.1" 200 3576 "-" "Mozilla/5.0 AppleWebKit/537.36 (KHTML, like Gecko; compatible; Amazonbot/0.1; +https://developer.amazon.com/support/amazonbot) Chrome/119.0.6045.214 Safari/537.36" 
34.236.41.241 - - [25/Oct/2025:11:48:50 -0700] "GET /2021/09/laravel-seeding-large-amounts-of-data-from-a-file/?fileloc=//etc/init.d/apport&path=//etc/init.d HTTP/1.1" 200 4041 "-" "Mozilla/5.0 AppleWebKit/537.36 (KHTML, like Gecko; compatible; Amazonbot/0.1; +https://developer.amazon.com/support/amazonbot) Chrome/119.0.6045.214 Safari/537.36" 
66.249.72.204 - - [25/Oct/2025:11:49:00 -0700] "GET /?product=994428430 HTTP/1.1" 200 20270 "-" "Mozilla/5.0 (Linux; Android 6.0.1; Nexus 5X Build/MMB29P) AppleWebKit/537.36 (KHTML, like Gecko) Chrome/141.0.7390.122 Mobile Safari/537.36 (compatible; Googlebot/2.1; +http://www.google.com/bot.html)" 
3.222.190.107 - - [25/Oct/2025:11:49:03 -0700] "GET /2016/11/coloring-shell-scripts/?path=//usr/lib/python3/dist-packages/boto/beanstalk HTTP/1.1" 200 3495 "-" "Mozilla/5.0 AppleWebKit/537.36 (KHTML, like Gecko; compatible; Amazonbot/0.1; +https://developer.amazon.com/support/amazonbot) Chrome/119.0.6045.214 Safari/537.36" 
66.249.72.202 - - [25/Oct/2025:11:49:05 -0700] "GET /feature/shoplist/usm_0.66_1.00_0.01?fileloc=/home/mmickelson/martyknows.com/wp-admin/async-upload.php??product=50493446 HTTP/1.1" 200 20767 "-" "Mozilla/5.0 (Linux; Android 6.0.1; Nexus 5X Build/MMB29P) AppleWebKit/537.36 (KHTML, like Gecko) Chrome/141.0.7390.122 Mobile Safari/537.36 (compatible; GoogleOther)" 
34.205.170.13 - - [25/Oct/2025:11:49:10 -0700] "GET /2016/04/laravel-installation-on-mediatemple/?path=//sys/bus/rbd/devices HTTP/1.1" 200 2862 "-" "Mozilla/5.0 AppleWebKit/537.36 (KHTML, like Gecko; compatible; Amazonbot/0.1; +https://developer.amazon.com/support/amazonbot) Chrome/119.0.6045.214 Safari/537.36" 
66.249.72.202 - - [25/Oct/2025:11:49:18 -0700] "GET /feature/shoplist/usm_0.66_1.00_0.01?fileloc=/home/mmickelson/martyknows.com/wp-admin/async-upload.php??product=52384962 HTTP/1.1" 200 20717 "-" "Mozilla/5.0 (Linux; Android 6.0.1; Nexus 5X Build/MMB29P) AppleWebKit/537.36 (KHTML, like Gecko) Chrome/141.0.7390.122 Mobile Safari/537.36 (compatible; GoogleOther)" 
52.70.123.241 - - [25/Oct/2025:11:49:18 -0700] "GET /2016/04/laravel-installation-on-mediatemple/?path=//usr/lib/w3m/cgi-bin HTTP/1.1" 200 3489 "-" "Mozilla/5.0 AppleWebKit/537.36 (KHTML, like Gecko; compatible; Amazonbot/0.1; +https://developer.amazon.com/support/amazonbot) Chrome/119.0.6045.214 Safari/537.36" 
66.249.72.202 - - [25/Oct/2025:11:49:21 -0700] "GET /?product=2082453791 HTTP/1.1" 200 22277 "-" "Mozilla/5.0 (Linux; Android 6.0.1; Nexus 5X Build/MMB29P) AppleWebKit/537.36 (KHTML, like Gecko) Chrome/141.0.7390.122 Mobile Safari/537.36 (compatible; Googlebot/2.1; +http://www.google.com/bot.html)" 
66.249.72.202 - - [25/Oct/2025:11:49:22 -0700] "GET /feature/shoplist/usm_0.66_1.00_0.01?fileloc=/home/mmickelson/martyknows.com/wp-includes/class-wp-simplepie-file.php??product=61687870 HTTP/1.1" 200 20552 "-" "Mozilla/5.0 (Linux; Android 6.0.1; Nexus 5X Build/MMB29P) AppleWebKit/537.36 (KHTML, like Gecko) Chrome/141.0.7390.122 Mobile Safari/537.36 (compatible; GoogleOther)" 
3.210.29.96 - - [25/Oct/2025:11:49:23 -0700] "GET /2016/04/laravel-installation-on-mediatemple/?path=//var/run/log/journal HTTP/1.1" 200 2865 "-" "Mozilla/5.0 AppleWebKit/537.36 (KHTML, like Gecko; compatible; Amazonbot/0.1; +https://developer.amazon.com/support/amazonbot) Chrome/119.0.6045.214 Safari/537.36" 
66.249.72.202 - - [25/Oct/2025:11:49:29 -0700] "GET /feature/shoplist/usm_0.66_1.00_0.01?fileloc=/home/mmickelson/martyknows.com/wp-admin/async-upload.php??product=49650888 HTTP/1.1" 200 22036 "-" "Mozilla/5.0 (Linux; Android 6.0.1; Nexus 5X Build/MMB29P) AppleWebKit/537.36 (KHTML, like Gecko) Chrome/141.0.7390.122 Mobile Safari/537.36 (compatible; Googlebot/2.1; +http://www.google.com/bot.html)" 
44.223.193.255 - - [25/Oct/2025:11:49:35 -0700] "GET /2016/04/laravel-installation-on-mediatemple/?path=//sys/class/ata_port/ata1 HTTP/1.1" 200 3406 "-" "Mozilla/5.0 AppleWebKit/537.36 (KHTML, like Gecko; compatible; Amazonbot/0.1; +https://developer.amazon.com/support/amazonbot) Chrome/119.0.6045.214 Safari/537.36" 
66.249.72.202 - - [25/Oct/2025:11:49:38 -0700] "GET /?product=1716545230 HTTP/1.1" 200 21407 "-" "Mozilla/5.0 (Linux; Android 6.0.1; Nexus 5X Build/MMB29P) AppleWebKit/537.36 (KHTML, like Gecko) Chrome/141.0.7390.122 Mobile Safari/537.36 (compatible; Googlebot/2.1; +http://www.google.com/bot.html)" 
66.249.72.202 - - [25/Oct/2025:11:49:42 -0700] "GET /items/zazde68/24945?key=basically HTTP/1.1" 200 24549 "-" "Mozilla/5.0 (Linux; Android 6.0.1; Nexus 5X Build/MMB29P) AppleWebKit/537.36 (KHTML, like Gecko) Chrome/141.0.7390.122 Mobile Safari/537.36 (compatible; Googlebot/2.1; +http://www.google.com/bot.html)" 
66.249.72.202 - - [25/Oct/2025:11:49:45 -0700] "GET /?product=1246243209 HTTP/1.1" 200 20479 "-" "Mozilla/5.0 (Linux; Android 6.0.1; Nexus 5X Build/MMB29P) AppleWebKit/537.36 (KHTML, like Gecko) Chrome/141.0.7390.122 Mobile Safari/537.36 (compatible; GoogleOther)" 
66.249.72.203 - - [25/Oct/2025:11:49:47 -0700] "GET /feature/shoplist/usm_0.66_1.00_0.01?fileloc=/home/mmickelson/martyknows.com/wp-includes/class-wp-simplepie-file.php??product=53175101 HTTP/1.1" 200 23495 "-" "Mozilla/5.0 (Linux; Android 6.0.1; Nexus 5X Build/MMB29P) AppleWebKit/537.36 (KHTML, like Gecko) Chrome/141.0.7390.122 Mobile Safari/537.36 (compatible; GoogleOther)" 
52.200.58.199 - - [25/Oct/2025:11:49:54 -0700] "GET /2013/06/how-to-create-a-default-date-range-for-google-search/?fileloc=//sys/bus/cpu/drivers/processor/cpu3/acpi_cppc/nominal_perf&path=//sys/bus/cpu/drivers/processor/cpu3/acpi_cppc HTTP/1.1" 200 2848 "-" "Mozilla/5.0 AppleWebKit/537.36 (KHTML, like Gecko; compatible; Amazonbot/0.1; +https://developer.amazon.com/support/amazonbot) Chrome/119.0.6045.214 Safari/537.36" 
173.208.176.202 - - [25/Oct/2025:11:48:28 -0700] "GET /wp-includes/bra3c7d5/edit.php?id=405858 HTTP/1.1" 200 295 "http://www.martyknows.com/wp-includes/bra3c7d5/edit.php?id=405858" "Mozilla/5.0 (Windows NT 10.0; Win64; x64) AppleWebKit/537.36 (KHTML, like Gecko) Chrome/58.0.3029.110 Safari/537.3" 
66.249.72.203 - - [25/Oct/2025:11:49:58 -0700] "GET /?product=2080106837 HTTP/1.1" 200 21672 "-" "Mozilla/5.0 (Linux; Android 6.0.1; Nexus 5X Build/MMB29P) AppleWebKit/537.36 (KHTML, like Gecko) Chrome/141.0.7390.122 Mobile Safari/537.36 (compatible; Googlebot/2.1; +http://www.google.com/bot.html)" 
66.249.72.202 - - [25/Oct/2025:11:50:25 -0700] "GET /?product=1550417118 HTTP/1.1" 200 22706 "-" "Mozilla/5.0 (Linux; Android 6.0.1; Nexus 5X Build/MMB29P) AppleWebKit/537.36 (KHTML, like Gecko) Chrome/141.0.7390.122 Mobile Safari/537.36 (compatible; GoogleOther)" 
100.29.128.75 - - [25/Oct/2025:11:50:30 -0700] "GET /2016/04/laravel-installation-on-mediatemple/?path=//sys/class/misc/mpt2ctl HTTP/1.1" 200 3269 "-" "Mozilla/5.0 AppleWebKit/537.36 (KHTML, like Gecko; compatible; Amazonbot/0.1; +https://developer.amazon.com/support/amazonbot) Chrome/119.0.6045.214 Safari/537.36" 
66.249.72.202 - - [25/Oct/2025:11:50:37 -0700] "GET /feature/shoplist/usm_0.66_1.00_0.01?fileloc=/home/mmickelson/martyknows.com/wp-includes/class-wp-simplepie-file.php??product=61672405 HTTP/1.1" 200 25161 "-" "Mozilla/5.0 (Linux; Android 6.0.1; Nexus 5X Build/MMB29P) AppleWebKit/537.36 (KHTML, like Gecko) Chrome/141.0.7390.122 Mobile Safari/537.36 (compatible; GoogleOther)" 
66.249.72.202 - - [25/Oct/2025:11:50:48 -0700] "GET /feature/shoplist/usm_0.66_1.00_0.01?fileloc=/home/mmickelson/martyknows.com/wp-admin/async-upload.php??product=54694824 HTTP/1.1" 200 20995 "-" "Mozilla/5.0 (Linux; Android 6.0.1; Nexus 5X Build/MMB29P) AppleWebKit/537.36 (KHTML, like Gecko) Chrome/141.0.7390.122 Mobile Safari/537.36 (compatible; GoogleOther)" 
63.141.249.210 - - [25/Oct/2025:11:50:58 -0700] "GET /wp-includes/bra3c7d5/edit.php HTTP/1.1" 200 301 "http://www.martyknows.com/wp-includes/bra3c7d5/edit.php" "Mozilla/5.0 (Windows NT 10.0; Win64; x64) AppleWebKit/537.36 (KHTML, like Gecko) Chrome/58.0.3029.110 Safari/537.3" 
66.249.72.202 - - [25/Oct/2025:11:51:05 -0700] "GET /next/r90?pid=638 HTTP/1.1" 200 21160 "-" "Mozilla/5.0 (Linux; Android 6.0.1; Nexus 5X Build/MMB29P) AppleWebKit/537.36 (KHTML, like Gecko) Chrome/141.0.7390.122 Mobile Safari/537.36 (compatible; GoogleOther)" 
54.198.33.233 - - [25/Oct/2025:11:51:08 -0700] "GET /2016/11/coloring-shell-scripts/?path=//lib/python3/dist-packages/trac/locale/fr HTTP/1.1" 200 3155 "-" "Mozilla/5.0 AppleWebKit/537.36 (KHTML, like Gecko; compatible; Amazonbot/0.1; +https://developer.amazon.com/support/amazonbot) Chrome/119.0.6045.214 Safari/537.36" 
66.249.72.202 - - [25/Oct/2025:11:51:21 -0700] "GET /feature/shoplist/usm_0.66_1.00_0.01?fileloc=/home/mmickelson/martyknows.com/wp-includes/class-wp-simplepie-file.php??product=56908950 HTTP/1.1" 200 23770 "-" "Mozilla/5.0 (Linux; Android 6.0.1; Nexus 5X Build/MMB29P) AppleWebKit/537.36 (KHTML, like Gecko) Chrome/141.0.7390.122 Mobile Safari/537.36 (compatible; GoogleOther)" 
173.208.176.202 - - [25/Oct/2025:11:49:59 -0700] "GET /wp-includes/bra3c7d5/edit.php?id=405858 HTTP/1.1" 200 295 "http://www.martyknows.com/wp-includes/bra3c7d5/edit.php?id=405858" "Mozilla/5.0 (Windows NT 10.0; Win64; x64) AppleWebKit/537.36 (KHTML, like Gecko) Chrome/58.0.3029.110 Safari/537.3" 
66.249.72.202 - - [25/Oct/2025:11:51:45 -0700] "GET /feature/shoplist/usm_0.66_1.00_0.01?fileloc=/home/mmickelson/martyknows.com/wp-includes/class-wp-simplepie-file.php??product=42969499 HTTP/1.1" 200 20630 "-" "Mozilla/5.0 (Linux; Android 6.0.1; Nexus 5X Build/MMB29P) AppleWebKit/537.36 (KHTML, like Gecko) Chrome/141.0.7390.122 Mobile Safari/537.36 (compatible; GoogleOther)" 
66.249.72.202 - - [25/Oct/2025:11:51:52 -0700] "GET /feature/shoplist/usm_0.66_1.00_0.01?fileloc=/home/mmickelson/martyknows.com/wp-includes/class-wp-simplepie-file.php??product=60468414 HTTP/1.1" 200 21274 "-" "Mozilla/5.0 (Linux; Android 6.0.1; Nexus 5X Build/MMB29P) AppleWebKit/537.36 (KHTML, like Gecko) Chrome/141.0.7390.122 Mobile Safari/537.36 (compatible; GoogleOther)" 
3.213.46.222 - - [25/Oct/2025:11:52:14 -0700] "GET /2016/11/coloring-shell-scripts/?path=//usr/lib/python3/dist-packages/virtualenv/run HTTP/1.1" 200 3386 "-" "Mozilla/5.0 AppleWebKit/537.36 (KHTML, like Gecko; compatible; Amazonbot/0.1; +https://developer.amazon.com/support/amazonbot) Chrome/119.0.6045.214 Safari/537.36" 
66.249.72.202 - - [25/Oct/2025:11:52:17 -0700] "GET /gate/n79?pid=361 HTTP/1.1" 200 23600 "-" "Mozilla/5.0 (Linux; Android 6.0.1; Nexus 5X Build/MMB29P) AppleWebKit/537.36 (KHTML, like Gecko) Chrome/141.0.7390.122 Mobile Safari/537.36 (compatible; GoogleOther)" 
66.249.72.202 - - [25/Oct/2025:11:52:27 -0700] "GET /feature/shoplist/usm_0.66_1.00_0.01?fileloc=/home/mmickelson/martyknows.com/wp-admin/async-upload.php??product=54720369 HTTP/1.1" 200 24054 "-" "Mozilla/5.0 (Linux; Android 6.0.1; Nexus 5X Build/MMB29P) AppleWebKit/537.36 (KHTML, like Gecko) Chrome/141.0.7390.122 Mobile Safari/537.36 (compatible; GoogleOther)" 
66.249.72.202 - - [25/Oct/2025:11:52:42 -0700] "GET /?product=1006489638 HTTP/1.1" 200 24337 "-" "Mozilla/5.0 (Linux; Android 6.0.1; Nexus 5X Build/MMB29P) AppleWebKit/537.36 (KHTML, like Gecko) Chrome/141.0.7390.122 Mobile Safari/537.36 (compatible; Googlebot/2.1; +http://www.google.com/bot.html)" 
52.202.233.37 - - [25/Oct/2025:11:52:54 -0700] "GET /2016/11/coloring-shell-scripts/?path=//sys/class/mem/grsec HTTP/1.1" 200 3265 "-" "Mozilla/5.0 AppleWebKit/537.36 (KHTML, like Gecko; compatible; Amazonbot/0.1; +https://developer.amazon.com/support/amazonbot) Chrome/119.0.6045.214 Safari/537.36" 
66.249.72.202 - - [25/Oct/2025:11:52:55 -0700] "GET /feature/shoplist/usm_0.66_1.00_0.01?fileloc=/home/mmickelson/martyknows.com/wp-includes/class-wp-simplepie-file.php??product=47209862 HTTP/1.1" 200 21430 "-" "Mozilla/5.0 (Linux; Android 6.0.1; Nexus 5X Build/MMB29P) AppleWebKit/537.36 (KHTML, like Gecko) Chrome/141.0.7390.122 Mobile Safari/537.36 (compatible; GoogleOther)" 
66.249.72.202 - - [25/Oct/2025:11:52:57 -0700] "GET /Word/u78?pid=3586 HTTP/1.1" 200 21164 "-" "Mozilla/5.0 (Linux; Android 6.0.1; Nexus 5X Build/MMB29P) AppleWebKit/537.36 (KHTML, like Gecko) Chrome/141.0.7390.122 Mobile Safari/537.36 (compatible; Googlebot/2.1; +http://www.google.com/bot.html)" 
173.208.176.202 - - [25/Oct/2025:11:51:28 -0700] "GET /wp-includes/bra3c7d5/edit.php?id=405858 HTTP/1.1" 200 295 "http://www.martyknows.com/wp-includes/bra3c7d5/edit.php?id=405858" "Mozilla/5.0 (Windows NT 10.0; Win64; x64) AppleWebKit/537.36 (KHTML, like Gecko) Chrome/58.0.3029.110 Safari/537.3" 
66.249.72.202 - - [25/Oct/2025:11:53:02 -0700] "GET /feature/shoplist/usm_0.66_1.00_0.01?fileloc=/home/mmickelson/martyknows.com/wp-admin/async-upload.php??product=49962688 HTTP/1.1" 200 20259 "-" "Mozilla/5.0 (Linux; Android 6.0.1; Nexus 5X Build/MMB29P) AppleWebKit/537.36 (KHTML, like Gecko) Chrome/141.0.7390.122 Mobile Safari/537.36 (compatible; GoogleOther)" 
66.249.72.202 - - [25/Oct/2025:11:53:05 -0700] "GET /al_c HTTP/1.1" 200 24528 "-" "Mozilla/5.0 (Linux; Android 6.0.1; Nexus 5X Build/MMB29P) AppleWebKit/537.36 (KHTML, like Gecko) Chrome/141.0.7390.122 Mobile Safari/537.36 (compatible; GoogleOther)" 
66.249.72.203 - - [25/Oct/2025:11:53:07 -0700] "GET /feature/shoplist/usm_0.66_1.00_0.01?fileloc=/home/mmickelson/martyknows.com/wp-includes/class-wp-simplepie-file.php?product=64945554 HTTP/1.1" 200 20986 "-" "Mozilla/5.0 (Linux; Android 6.0.1; Nexus 5X Build/MMB29P) AppleWebKit/537.36 (KHTML, like Gecko) Chrome/141.0.7390.122 Mobile Safari/537.36 (compatible; GoogleOther)" 
66.249.72.202 - - [25/Oct/2025:11:53:18 -0700] "GET /?product=2126220883 HTTP/1.1" 200 24488 "-" "Mozilla/5.0 (Linux; Android 6.0.1; Nexus 5X Build/MMB29P) AppleWebKit/537.36 (KHTML, like Gecko) Chrome/141.0.7390.122 Mobile Safari/537.36 (compatible; Googlebot/2.1; +http://www.google.com/bot.html)" 
54.167.32.123 - - [25/Oct/2025:11:53:22 -0700] "GET /2016/04/laravel-installation-on-mediatemple/?path=//lib/systemd/logind.conf.d HTTP/1.1" 200 3154 "-" "Mozilla/5.0 AppleWebKit/537.36 (KHTML, like Gecko; compatible; Amazonbot/0.1; +https://developer.amazon.com/support/amazonbot) Chrome/119.0.6045.214 Safari/537.36" 
66.249.72.202 - - [25/Oct/2025:11:53:25 -0700] "GET /?product=1002945431 HTTP/1.1" 200 24289 "-" "Mozilla/5.0 (Linux; Android 6.0.1; Nexus 5X Build/MMB29P) AppleWebKit/537.36 (KHTML, like Gecko) Chrome/141.0.7390.122 Mobile Safari/537.36 (compatible; Googlebot/2.1; +http://www.google.com/bot.html)" 
66.249.72.202 - - [25/Oct/2025:11:53:45 -0700] "GET /feature/shoplist/usm_0.66_1.00_0.01?fileloc=/home/mmickelson/martyknows.com/wp-admin/async-upload.php??product=1310385987 HTTP/1.1" 200 23931 "-" "Mozilla/5.0 (Linux; Android 6.0.1; Nexus 5X Build/MMB29P) AppleWebKit/537.36 (KHTML, like Gecko) Chrome/141.0.7390.122 Mobile Safari/537.36 (compatible; GoogleOther)" 
54.235.172.108 - - [25/Oct/2025:11:53:46 -0700] "GET /2016/11/coloring-shell-scripts/?path=//lib/python3/dist-packages/trac/locale/el HTTP/1.1" 200 3153 "-" "Mozilla/5.0 AppleWebKit/537.36 (KHTML, like Gecko; compatible; Amazonbot/0.1; +https://developer.amazon.com/support/amazonbot) Chrome/119.0.6045.214 Safari/537.36" 
66.249.72.202 - - [25/Oct/2025:11:53:50 -0700] "GET /?product=1595650785 HTTP/1.1" 200 21866 "-" "Mozilla/5.0 (Linux; Android 6.0.1; Nexus 5X Build/MMB29P) AppleWebKit/537.36 (KHTML, like Gecko) Chrome/141.0.7390.122 Mobile Safari/537.36 (compatible; Googlebot/2.1; +http://www.google.com/bot.html)" 
3.220.70.171 - - [25/Oct/2025:11:53:58 -0700] "GET /2013/06/how-to-create-a-default-date-range-for-google-search/?fileloc=//lib/python3/dist-packages/awscli/examples/elasticbeanstalk/describe-events.rst&path=//lib/python3/dist-packages/awscli/examples/elasticbeanstalk HTTP/1.1" 200 3365 "-" "Mozilla/5.0 AppleWebKit/537.36 (KHTML, like Gecko; compatible; Amazonbot/0.1; +https://developer.amazon.com/support/amazonbot) Chrome/119.0.6045.214 Safari/537.36" 
3.213.46.222 - - [25/Oct/2025:11:54:06 -0700] "GET /2016/11/coloring-shell-scripts/?path=//sys/module/bnxt_re/drivers HTTP/1.1" 200 3129 "-" "Mozilla/5.0 AppleWebKit/537.36 (KHTML, like Gecko; compatible; Amazonbot/0.1; +https://developer.amazon.com/support/amazonbot) Chrome/119.0.6045.214 Safari/537.36" 
66.249.72.202 - - [25/Oct/2025:11:54:22 -0700] "GET /feature/shoplist/usm_0.66_1.00_0.01?fileloc=/home/mmickelson/martyknows.com/wp-includes/class-wp-simplepie-file.php??product=63723749 HTTP/1.1" 200 23698 "-" "Mozilla/5.0 (Linux; Android 6.0.1; Nexus 5X Build/MMB29P) AppleWebKit/537.36 (KHTML, like Gecko) Chrome/141.0.7390.122 Mobile Safari/537.36 (compatible; GoogleOther)" 
66.249.72.202 - - [25/Oct/2025:11:54:25 -0700] "GET /feature/shoplist/usm_0.66_1.00_0.01?fileloc=/home/mmickelson/martyknows.com/wp-includes/class-wp-simplepie-file.php??product=46064692 HTTP/1.1" 200 21057 "-" "Mozilla/5.0 (Linux; Android 6.0.1; Nexus 5X Build/MMB29P) AppleWebKit/537.36 (KHTML, like Gecko) Chrome/141.0.7390.122 Mobile Safari/537.36 (compatible; GoogleOther)" 
66.249.72.202 - - [25/Oct/2025:11:54:28 -0700] "GET /feature/shoplist/usm_0.66_1.00_0.01?fileloc=/home/mmickelson/martyknows.com/wp-includes/class-wp-simplepie-file.php??product=56609998 HTTP/1.1" 200 24127 "-" "Mozilla/5.0 (Linux; Android 6.0.1; Nexus 5X Build/MMB29P) AppleWebKit/537.36 (KHTML, like Gecko) Chrome/141.0.7390.122 Mobile Safari/537.36 (compatible; GoogleOther)" 
66.249.72.202 - - [25/Oct/2025:11:54:31 -0700] "GET /feature/shoplist/usm_0.66_1.00_0.01?fileloc=/home/mmickelson/martyknows.com/wp-admin/async-upload.php??product=47220297 HTTP/1.1" 200 25196 "-" "Mozilla/5.0 (Linux; Android 6.0.1; Nexus 5X Build/MMB29P) AppleWebKit/537.36 (KHTML, like Gecko) Chrome/141.0.7390.122 Mobile Safari/537.36 (compatible; GoogleOther)" 
173.208.176.202 - - [25/Oct/2025:11:53:06 -0700] "GET /wp-includes/bra3c7d5/edit.php?id=405858 HTTP/1.1" 200 295 "http://www.martyknows.com/wp-includes/bra3c7d5/edit.php?id=405858" "Mozilla/5.0 (Windows NT 10.0; Win64; x64) AppleWebKit/537.36 (KHTML, like Gecko) Chrome/58.0.3029.110 Safari/537.3" 
184.73.35.182 - - [25/Oct/2025:11:54:54 -0700] "GET /2016/04/laravel-installation-on-mediatemple/?path=//sys/module/bnxt_re/holders HTTP/1.1" 200 2867 "-" "Mozilla/5.0 AppleWebKit/537.36 (KHTML, like Gecko; compatible; Amazonbot/0.1; +https://developer.amazon.com/support/amazonbot) Chrome/119.0.6045.214 Safari/537.36" 
100.29.128.75 - - [25/Oct/2025:11:55:02 -0700] "GET /2013/06/how-to-create-a-default-date-range-for-google-search/?fileloc=//lib/python3/dist-packages/awscli/examples/imagebuilder/import-component.rst&path=//lib/python3/dist-packages/awscli/examples/imagebuilder HTTP/1.1" 200 3436 "-" "Mozilla/5.0 AppleWebKit/537.36 (KHTML, like Gecko; compatible; Amazonbot/0.1; +https://developer.amazon.com/support/amazonbot) Chrome/119.0.6045.214 Safari/537.36" 
66.249.72.202 - - [25/Oct/2025:11:55:05 -0700] "GET /feature/shoplist/usm_0.66_1.00_0.01?fileloc=/home/mmickelson/martyknows.com/wp-admin/async-upload.php??product=1310402699 HTTP/1.1" 200 25849 "-" "Mozilla/5.0 (Linux; Android 6.0.1; Nexus 5X Build/MMB29P) AppleWebKit/537.36 (KHTML, like Gecko) Chrome/141.0.7390.122 Mobile Safari/537.36 (compatible; GoogleOther)" 
66.249.72.202 - - [25/Oct/2025:11:55:16 -0700] "GET /magnitude/z6?pid=16 HTTP/1.1" 200 23866 "-" "Mozilla/5.0 (Linux; Android 6.0.1; Nexus 5X Build/MMB29P) AppleWebKit/537.36 (KHTML, like Gecko) Chrome/141.0.7390.122 Mobile Safari/537.36 (compatible; GoogleOther)" 
50.16.216.166 - - [25/Oct/2025:11:55:22 -0700] "GET /2016/11/coloring-shell-scripts/?path=//lib/python3/dist-packages/botocore/data/marketplace-entitlement HTTP/1.1" 200 3164 "-" "Mozilla/5.0 AppleWebKit/537.36 (KHTML, like Gecko; compatible; Amazonbot/0.1; +https://developer.amazon.com/support/amazonbot) Chrome/119.0.6045.214 Safari/537.36" 
66.249.72.202 - - [25/Oct/2025:11:55:23 -0700] "GET /?product=220740463 HTTP/1.1" 200 25077 "-" "Mozilla/5.0 (Linux; Android 6.0.1; Nexus 5X Build/MMB29P) AppleWebKit/537.36 (KHTML, like Gecko) Chrome/141.0.7390.122 Mobile Safari/537.36 (compatible; Googlebot/2.1; +http://www.google.com/bot.html)" 
66.249.72.202 - - [25/Oct/2025:11:55:37 -0700] "GET /feature/shoplist/usm_0.66_1.00_0.01?fileloc=/home/mmickelson/martyknows.com/wp-includes/class-wp-simplepie-file.php??product=40586338 HTTP/1.1" 200 24263 "-" "Mozilla/5.0 (Linux; Android 6.0.1; Nexus 5X Build/MMB29P) AppleWebKit/537.36 (KHTML, like Gecko) Chrome/141.0.7390.122 Mobile Safari/537.36 (compatible; GoogleOther)" 
66.249.72.202 - - [25/Oct/2025:11:55:39 -0700] "GET /?product=2123924280 HTTP/1.1" 200 25086 "-" "Mozilla/5.0 (Linux; Android 6.0.1; Nexus 5X Build/MMB29P) AppleWebKit/537.36 (KHTML, like Gecko) Chrome/141.0.7390.122 Mobile Safari/537.36 (compatible; Googlebot/2.1; +http://www.google.com/bot.html)" 
66.249.72.202 - - [25/Oct/2025:11:55:45 -0700] "GET /feature/shoplist/usm_0.66_1.00_0.01?fileloc=/home/mmickelson/martyknows.com/wp-includes/class-wp-simplepie-file.php??product=47312775 HTTP/1.1" 200 20858 "-" "Mozilla/5.0 (Linux; Android 6.0.1; Nexus 5X Build/MMB29P) AppleWebKit/537.36 (KHTML, like Gecko) Chrome/141.0.7390.122 Mobile Safari/537.36 (compatible; GoogleOther)" 
44.221.227.90 - - [25/Oct/2025:11:55:54 -0700] "GET /2016/04/laravel-installation-on-mediatemple/?path=//usr/lib/locale/dsb_DE HTTP/1.1" 200 3693 "-" "Mozilla/5.0 AppleWebKit/537.36 (KHTML, like Gecko; compatible; Amazonbot/0.1; +https://developer.amazon.com/support/amazonbot) Chrome/119.0.6045.214 Safari/537.36" 
66.249.72.202 - - [25/Oct/2025:11:56:01 -0700] "GET /feature/shoplist/usm_0.66_1.00_0.01?fileloc=/home/mmickelson/martyknows.com/wp-admin/async-upload.php??product=54689719 HTTP/1.1" 200 21279 "-" "Mozilla/5.0 (Linux; Android 6.0.1; Nexus 5X Build/MMB29P) AppleWebKit/537.36 (KHTML, like Gecko) Chrome/141.0.7390.122 Mobile Safari/537.36 (compatible; GoogleOther)" 
66.249.72.202 - - [25/Oct/2025:11:56:02 -0700] "GET /feature/shoplist/usm_0.66_1.00_0.01?fileloc=/home/mmickelson/martyknows.com/wp-includes/class-wp-simplepie-file.php?product=49665412 HTTP/1.1" 200 24554 "-" "Mozilla/5.0 (Linux; Android 6.0.1; Nexus 5X Build/MMB29P) AppleWebKit/537.36 (KHTML, like Gecko) Chrome/141.0.7390.122 Mobile Safari/537.36 (compatible; GoogleOther)" 
173.208.176.202 - - [25/Oct/2025:11:54:39 -0700] "GET /wp-includes/bra3c7d5/edit.php?id=405858 HTTP/1.1" 200 295 "http://www.martyknows.com/wp-includes/bra3c7d5/edit.php?id=405858" "Mozilla/5.0 (Windows NT 10.0; Win64; x64) AppleWebKit/537.36 (KHTML, like Gecko) Chrome/58.0.3029.110 Safari/537.3" 
66.249.72.202 - - [25/Oct/2025:11:56:25 -0700] "GET /feature/shoplist/usm_0.66_1.00_0.01?fileloc=/home/mmickelson/martyknows.com/wp-admin/async-upload.php??product=47578443 HTTP/1.1" 200 21420 "-" "Mozilla/5.0 (Linux; Android 6.0.1; Nexus 5X Build/MMB29P) AppleWebKit/537.36 (KHTML, like Gecko) Chrome/141.0.7390.122 Mobile Safari/537.36 (compatible; GoogleOther)" 
52.23.112.144 - - [25/Oct/2025:11:56:42 -0700] "GET /2016/04/laravel-installation-on-mediatemple/?fileloc=//lib/aspell/en_AU-variant_0.multi&path=//lib/aspell HTTP/1.1" 200 2859 "-" "Mozilla/5.0 AppleWebKit/537.36 (KHTML, like Gecko; compatible; Amazonbot/0.1; +https://developer.amazon.com/support/amazonbot) Chrome/119.0.6045.214 Safari/537.36" 
66.249.72.202 - - [25/Oct/2025:11:56:45 -0700] "GET /feature/shoplist/usm_0.66_1.00_0.01?fileloc=/home/mmickelson/martyknows.com/wp-admin/async-upload.php??product=52358614 HTTP/1.1" 200 24004 "-" "Mozilla/5.0 (Linux; Android 6.0.1; Nexus 5X Build/MMB29P) AppleWebKit/537.36 (KHTML, like Gecko) Chrome/141.0.7390.122 Mobile Safari/537.36 (compatible; GoogleOther)" 
66.249.72.202 - - [25/Oct/2025:11:56:52 -0700] "GET /feature/shoplist/usm_0.66_1.00_0.01?fileloc=/home/mmickelson/martyknows.com/wp-includes/class-wp-simplepie-file.php??product=40585535 HTTP/1.1" 200 24521 "-" "Mozilla/5.0 (Linux; Android 6.0.1; Nexus 5X Build/MMB29P) AppleWebKit/537.36 (KHTML, like Gecko) Chrome/141.0.7390.122 Mobile Safari/537.36 (compatible; GoogleOther)" 
52.45.77.169 - - [25/Oct/2025:11:56:54 -0700] "GET /2016/04/laravel-installation-on-mediatemple/?path=//var/run/shm/acme_apt.repo.bdnet.us HTTP/1.1" 200 3296 "-" "Mozilla/5.0 AppleWebKit/537.36 (KHTML, like Gecko; compatible; Amazonbot/0.1; +https://developer.amazon.com/support/amazonbot) Chrome/119.0.6045.214 Safari/537.36" 
34.236.185.101 - - [25/Oct/2025:11:56:57 -0700] "GET /2016/04/laravel-installation-on-mediatemple/?path=//sys/class/ata_device/dev13.0 HTTP/1.1" 200 3617 "-" "Mozilla/5.0 AppleWebKit/537.36 (KHTML, like Gecko; compatible; Amazonbot/0.1; +https://developer.amazon.com/support/amazonbot) Chrome/119.0.6045.214 Safari/537.36" 
66.249.72.202 - - [25/Oct/2025:11:57:06 -0700] "GET /?product=224244467 HTTP/1.1" 200 25351 "-" "Mozilla/5.0 (Linux; Android 6.0.1; Nexus 5X Build/MMB29P) AppleWebKit/537.36 (KHTML, like Gecko) Chrome/141.0.7390.122 Mobile Safari/537.36 (compatible; Googlebot/2.1; +http://www.google.com/bot.html)" 
66.249.72.202 - - [25/Oct/2025:11:57:23 -0700] "GET /?product=287875965 HTTP/1.1" 200 25097 "-" "Mozilla/5.0 (Linux; Android 6.0.1; Nexus 5X Build/MMB29P) AppleWebKit/537.36 (KHTML, like Gecko) Chrome/141.0.7390.122 Mobile Safari/537.36 (compatible; Googlebot/2.1; +http://www.google.com/bot.html)" 
66.249.72.202 - - [25/Oct/2025:11:57:30 -0700] "GET /feature/shoplist/usm_0.66_1.00_0.01?fileloc=/home/mmickelson/martyknows.com/wp-admin/async-upload.php??product=47593834 HTTP/1.1" 200 23402 "-" "Mozilla/5.0 (Linux; Android 6.0.1; Nexus 5X Build/MMB29P) AppleWebKit/537.36 (KHTML, like Gecko) Chrome/141.0.7390.122 Mobile Safari/537.36 (compatible; GoogleOther)" 
66.249.72.202 - - [25/Oct/2025:11:57:34 -0700] "GET /?product=287881813 HTTP/1.1" 200 24674 "-" "Mozilla/5.0 (Linux; Android 6.0.1; Nexus 5X Build/MMB29P) AppleWebKit/537.36 (KHTML, like Gecko) Chrome/141.0.7390.122 Mobile Safari/537.36 (compatible; Googlebot/2.1; +http://www.google.com/bot.html)" 
66.249.72.202 - - [25/Oct/2025:11:57:36 -0700] "GET /feature/shoplist/usm_0.66_1.00_0.01?fileloc=/home/mmickelson/martyknows.com/wp-includes/class-wp-simplepie-file.php?product=39288798 HTTP/1.1" 200 23920 "-" "Mozilla/5.0 (Linux; Android 6.0.1; Nexus 5X Build/MMB29P) AppleWebKit/537.36 (KHTML, like Gecko) Chrome/141.0.7390.122 Mobile Safari/537.36 (compatible; GoogleOther)" 
63.141.249.210 - - [25/Oct/2025:11:57:39 -0700] "GET /wp-includes/bra3c7d5/edit.php HTTP/1.1" 200 301 "http://www.martyknows.com/wp-includes/bra3c7d5/edit.php" "Mozilla/5.0 (Windows NT 10.0; Win64; x64) AppleWebKit/537.36 (KHTML, like Gecko) Chrome/58.0.3029.110 Safari/537.3" 
66.249.72.202 - - [25/Oct/2025:11:57:40 -0700] "GET /?product=287871378 HTTP/1.1" 200 20108 "-" "Mozilla/5.0 (Linux; Android 6.0.1; Nexus 5X Build/MMB29P) AppleWebKit/537.36 (KHTML, like Gecko) Chrome/141.0.7390.122 Mobile Safari/537.36 (compatible; Googlebot/2.1; +http://www.google.com/bot.html)" 
173.208.176.202 - - [25/Oct/2025:11:56:09 -0700] "GET /wp-includes/bra3c7d5/edit.php?id=405858 HTTP/1.1" 200 295 "http://www.martyknows.com/wp-includes/bra3c7d5/edit.php?id=405858" "Mozilla/5.0 (Windows NT 10.0; Win64; x64) AppleWebKit/537.36 (KHTML, like Gecko) Chrome/58.0.3029.110 Safari/537.3" 
173.208.176.202 - - [25/Oct/2025:11:57:44 -0700] "GET /wp-includes/bra3c7d5/edit.php?id=405858 HTTP/1.1" 200 301 "http://www.martyknows.com/wp-includes/bra3c7d5/edit.php?id=405858" "Mozilla/5.0 (Windows NT 10.0; Win64; x64) AppleWebKit/537.36 (KHTML, like Gecko) Chrome/58.0.3029.110 Safari/537.3" 
66.249.72.202 - - [25/Oct/2025:11:57:45 -0700] "GET /feature/shoplist/usm_0.66_1.00_0.01?fileloc=/home/mmickelson/martyknows.com/wp-admin/async-upload.php??product=1310417223 HTTP/1.1" 200 24596 "-" "Mozilla/5.0 (Linux; Android 6.0.1; Nexus 5X Build/MMB29P) AppleWebKit/537.36 (KHTML, like Gecko) Chrome/141.0.7390.122 Mobile Safari/537.36 (compatible; GoogleOther)" 
66.249.72.202 - - [25/Oct/2025:11:57:48 -0700] "GET /?product=287881656 HTTP/1.1" 200 20783 "-" "Mozilla/5.0 (Linux; Android 6.0.1; Nexus 5X Build/MMB29P) AppleWebKit/537.36 (KHTML, like Gecko) Chrome/141.0.7390.122 Mobile Safari/537.36 (compatible; Googlebot/2.1; +http://www.google.com/bot.html)" 
66.249.72.202 - - [25/Oct/2025:11:57:54 -0700] "GET /?product=287874078 HTTP/1.1" 200 24609 "-" "Mozilla/5.0 (Linux; Android 6.0.1; Nexus 5X Build/MMB29P) AppleWebKit/537.36 (KHTML, like Gecko) Chrome/141.0.7390.122 Mobile Safari/537.36 (compatible; Googlebot/2.1; +http://www.google.com/bot.html)" 
66.249.72.203 - - [25/Oct/2025:11:57:55 -0700] "GET /feature/shoplist/usm_0.66_1.00_0.01?fileloc=/home/mmickelson/martyknows.com/wp-admin/async-upload.php??product=1310417223 HTTP/1.1" 200 20749 "-" "Mozilla/5.0 (Linux; Android 6.0.1; Nexus 5X Build/MMB29P) AppleWebKit/537.36 (KHTML, like Gecko) Chrome/141.0.7390.122 Mobile Safari/537.36 (compatible; Googlebot/2.1; +http://www.google.com/bot.html)" 
66.249.72.202 - - [25/Oct/2025:11:58:00 -0700] "GET /?product=220686093 HTTP/1.1" 200 24178 "-" "Mozilla/5.0 (Linux; Android 6.0.1; Nexus 5X Build/MMB29P) AppleWebKit/537.36 (KHTML, like Gecko) Chrome/141.0.7390.122 Mobile Safari/537.36 (compatible; Googlebot/2.1; +http://www.google.com/bot.html)" 
66.249.72.202 - - [25/Oct/2025:11:58:06 -0700] "GET /?product=220721344 HTTP/1.1" 200 21402 "-" "Mozilla/5.0 (Linux; Android 6.0.1; Nexus 5X Build/MMB29P) AppleWebKit/537.36 (KHTML, like Gecko) Chrome/141.0.7390.122 Mobile Safari/537.36 (compatible; Googlebot/2.1; +http://www.google.com/bot.html)" 
66.249.72.202 - - [25/Oct/2025:11:58:07 -0700] "GET /feature/shoplist/usm_0.66_1.00_0.01?fileloc=/home/mmickelson/martyknows.com/wp-includes/class-wp-simplepie-file.php?product=39366232 HTTP/1.1" 200 21323 "-" "Mozilla/5.0 (Linux; Android 6.0.1; Nexus 5X Build/MMB29P) AppleWebKit/537.36 (KHTML, like Gecko) Chrome/141.0.7390.122 Mobile Safari/537.36 (compatible; GoogleOther)" 
66.249.72.202 - - [25/Oct/2025:11:58:15 -0700] "GET /feature/shoplist/usm_0.66_1.00_0.01?fileloc=/home/mmickelson/martyknows.com/wp-admin/async-upload.php??product=51194775 HTTP/1.1" 200 21025 "-" "Mozilla/5.0 (Linux; Android 6.0.1; Nexus 5X Build/MMB29P) AppleWebKit/537.36 (KHTML, like Gecko) Chrome/141.0.7390.122 Mobile Safari/537.36 (compatible; GoogleOther)" 
66.249.72.202 - - [25/Oct/2025:11:58:17 -0700] "GET /?product=220707332 HTTP/1.1" 200 20787 "-" "Mozilla/5.0 (Linux; Android 6.0.1; Nexus 5X Build/MMB29P) AppleWebKit/537.36 (KHTML, like Gecko) Chrome/141.0.7390.122 Mobile Safari/537.36 (compatible; Googlebot/2.1; +http://www.google.com/bot.html)" 
44.206.93.215 - - [25/Oct/2025:11:58:22 -0700] "GET /2016/11/coloring-shell-scripts/?path=//usr/lib/python3/dist-packages/trac/versioncontrol HTTP/1.1" 200 3628 "-" "Mozilla/5.0 AppleWebKit/537.36 (KHTML, like Gecko; compatible; Amazonbot/0.1; +https://developer.amazon.com/support/amazonbot) Chrome/119.0.6045.214 Safari/537.36" 
66.249.72.202 - - [25/Oct/2025:11:58:23 -0700] "GET /?product=220689443 HTTP/1.1" 200 24870 "-" "Mozilla/5.0 (Linux; Android 6.0.1; Nexus 5X Build/MMB29P) AppleWebKit/537.36 (KHTML, like Gecko) Chrome/141.0.7390.122 Mobile Safari/537.36 (compatible; Googlebot/2.1; +http://www.google.com/bot.html)" 
66.249.72.202 - - [25/Oct/2025:11:58:25 -0700] "GET /feature/shoplist/usm_0.66_1.00_0.01?fileloc=/home/mmickelson/martyknows.com/wp-includes/class-wp-simplepie-file.php??product=38130650 HTTP/1.1" 200 24508 "-" "Mozilla/5.0 (Linux; Android 6.0.1; Nexus 5X Build/MMB29P) AppleWebKit/537.36 (KHTML, like Gecko) Chrome/141.0.7390.122 Mobile Safari/537.36 (compatible; GoogleOther)" 
66.249.72.202 - - [25/Oct/2025:11:58:29 -0700] "GET /?product=220705439 HTTP/1.1" 200 23404 "-" "Mozilla/5.0 (Linux; Android 6.0.1; Nexus 5X Build/MMB29P) AppleWebKit/537.36 (KHTML, like Gecko) Chrome/141.0.7390.122 Mobile Safari/537.36 (compatible; Googlebot/2.1; +http://www.google.com/bot.html)" 
18.213.27.222 - - [25/Oct/2025:11:58:30 -0700] "GET /2016/11/coloring-shell-scripts/?path=//lib/python3/dist-packages/future/backports/email HTTP/1.1" 200 4186 "-" "Mozilla/5.0 AppleWebKit/537.36 (KHTML, like Gecko; compatible; Amazonbot/0.1; +https://developer.amazon.com/support/amazonbot) Chrome/119.0.6045.214 Safari/537.36" 
66.249.72.202 - - [25/Oct/2025:11:58:34 -0700] "GET /?product=220689305 HTTP/1.1" 200 24829 "-" "Mozilla/5.0 (Linux; Android 6.0.1; Nexus 5X Build/MMB29P) AppleWebKit/537.36 (KHTML, like Gecko) Chrome/141.0.7390.122 Mobile Safari/537.36 (compatible; Googlebot/2.1; +http://www.google.com/bot.html)" 
66.249.72.202 - - [25/Oct/2025:11:58:45 -0700] "GET /?product=220699527 HTTP/1.1" 200 23502 "-" "Mozilla/5.0 (Linux; Android 6.0.1; Nexus 5X Build/MMB29P) AppleWebKit/537.36 (KHTML, like Gecko) Chrome/141.0.7390.122 Mobile Safari/537.36 (compatible; Googlebot/2.1; +http://www.google.com/bot.html)" 
66.249.72.202 - - [25/Oct/2025:11:58:51 -0700] "GET /items/bfmxl7/562?key=example HTTP/1.1" 200 21182 "-" "Mozilla/5.0 (Linux; Android 6.0.1; Nexus 5X Build/MMB29P) AppleWebKit/537.36 (KHTML, like Gecko) Chrome/141.0.7390.122 Mobile Safari/537.36 (compatible; Googlebot/2.1; +http://www.google.com/bot.html)" 
66.249.72.202 - - [25/Oct/2025:11:58:51 -0700] "GET /?product=220710544 HTTP/1.1" 200 24620 "-" "Mozilla/5.0 (Linux; Android 6.0.1; Nexus 5X Build/MMB29P) AppleWebKit/537.36 (KHTML, like Gecko) Chrome/141.0.7390.122 Mobile Safari/537.36 (compatible; Googlebot/2.1; +http://www.google.com/bot.html)" 
52.45.77.169 - - [25/Oct/2025:11:58:54 -0700] "GET /2016/11/coloring-shell-scripts/?path=//sys/firmware/dmi/tables HTTP/1.1" 200 3205 "-" "Mozilla/5.0 AppleWebKit/537.36 (KHTML, like Gecko; compatible; Amazonbot/0.1; +https://developer.amazon.com/support/amazonbot) Chrome/119.0.6045.214 Safari/537.36" 
43.152.72.244 - - [25/Oct/2025:11:58:56 -0700] "GET / HTTP/1.1" 301 444 "-" "Mozilla/5.0 (iPhone; CPU iPhone OS 13_2_3 like Mac OS X) AppleWebKit/605.1.15 (KHTML, like Gecko) Version/13.0.3 Mobile/15E148 Safari/604.1" 
43.152.72.244 - - [25/Oct/2025:11:58:57 -0700] "GET / HTTP/1.1" 200 4906 "http://martyknows.com" "Mozilla/5.0 (iPhone; CPU iPhone OS 13_2_3 like Mac OS X) AppleWebKit/605.1.15 (KHTML, like Gecko) Version/13.0.3 Mobile/15E148 Safari/604.1" 
66.249.72.202 - - [25/Oct/2025:11:58:57 -0700] "GET /?product=220670834 HTTP/1.1" 200 25316 "-" "Mozilla/5.0 (Linux; Android 6.0.1; Nexus 5X Build/MMB29P) AppleWebKit/537.36 (KHTML, like Gecko) Chrome/141.0.7390.122 Mobile Safari/537.36 (compatible; Googlebot/2.1; +http://www.google.com/bot.html)" 
34.196.237.236 - - [25/Oct/2025:11:58:58 -0700] "GET /2016/11/coloring-shell-scripts/?path=//etc/runit/runsvdir/svmanaged HTTP/1.1" 200 2870 "-" "Mozilla/5.0 AppleWebKit/537.36 (KHTML, like Gecko; compatible; Amazonbot/0.1; +https://developer.amazon.com/support/amazonbot) Chrome/119.0.6045.214 Safari/537.36" 
63.141.249.210 - - [25/Oct/2025:11:57:37 -0700] "GET /wp-includes/bra3c7d5/edit.php HTTP/1.1" 200 295 "http://www.martyknows.com/wp-includes/bra3c7d5/edit.php" "Mozilla/5.0 (Windows NT 10.0; Win64; x64) AppleWebKit/537.36 (KHTML, like Gecko) Chrome/58.0.3029.110 Safari/537.3" 
66.249.72.202 - - [25/Oct/2025:11:59:05 -0700] "GET /?product=1005272527 HTTP/1.1" 200 22179 "-" "Mozilla/5.0 (Linux; Android 6.0.1; Nexus 5X Build/MMB29P) AppleWebKit/537.36 (KHTML, like Gecko) Chrome/141.0.7390.122 Mobile Safari/537.36 (compatible; Googlebot/2.1; +http://www.google.com/bot.html)" 
66.249.72.202 - - [25/Oct/2025:11:59:05 -0700] "GET /feature/shoplist/usm_0.66_1.00_0.01?fileloc=/home/mmickelson/martyknows.com/wp-admin/async-upload.php??product=49962023 HTTP/1.1" 200 21672 "-" "Mozilla/5.0 (Linux; Android 6.0.1; Nexus 5X Build/MMB29P) AppleWebKit/537.36 (KHTML, like Gecko) Chrome/141.0.7390.122 Mobile Safari/537.36 (compatible; GoogleOther)" 
66.249.72.202 - - [25/Oct/2025:11:59:09 -0700] "GET /feature/shoplist/usm_0.66_1.00_0.01?fileloc=/home/mmickelson/martyknows.com/wp-includes/class-wp-simplepie-file.php??product=55463226 HTTP/1.1" 200 20990 "-" "Mozilla/5.0 (Linux; Android 6.0.1; Nexus 5X Build/MMB29P) AppleWebKit/537.36 (KHTML, like Gecko) Chrome/141.0.7390.122 Mobile Safari/537.36 (compatible; GoogleOther)" 
66.249.72.202 - - [25/Oct/2025:11:59:10 -0700] "GET /?product=1005284927 HTTP/1.1" 200 21484 "-" "Mozilla/5.0 (Linux; Android 6.0.1; Nexus 5X Build/MMB29P) AppleWebKit/537.36 (KHTML, like Gecko) Chrome/141.0.7390.122 Mobile Safari/537.36 (compatible; Googlebot/2.1; +http://www.google.com/bot.html)" 
66.249.72.202 - - [25/Oct/2025:11:59:22 -0700] "GET /?product=1005277632 HTTP/1.1" 200 23867 "-" "Mozilla/5.0 (Linux; Android 6.0.1; Nexus 5X Build/MMB29P) AppleWebKit/537.36 (KHTML, like Gecko) Chrome/141.0.7390.122 Mobile Safari/537.36 (compatible; Googlebot/2.1; +http://www.google.com/bot.html)" 
66.249.72.202 - - [25/Oct/2025:11:59:22 -0700] "GET /feature/shoplist/usm_0.66_1.00_0.01?fileloc=/home/mmickelson/martyknows.com/wp-includes/class-wp-simplepie-file.php??product=40588964 HTTP/1.1" 200 22255 "-" "Mozilla/5.0 (Linux; Android 6.0.1; Nexus 5X Build/MMB29P) AppleWebKit/537.36 (KHTML, like Gecko) Chrome/141.0.7390.122 Mobile Safari/537.36 (compatible; GoogleOther)" 
66.249.72.202 - - [25/Oct/2025:11:59:28 -0700] "GET /?product=287869029 HTTP/1.1" 200 20149 "-" "Mozilla/5.0 (Linux; Android 6.0.1; Nexus 5X Build/MMB29P) AppleWebKit/537.36 (KHTML, like Gecko) Chrome/141.0.7390.122 Mobile Safari/537.36 (compatible; Googlebot/2.1; +http://www.google.com/bot.html)" 
66.249.72.202 - - [25/Oct/2025:11:59:34 -0700] "GET /?product=221930000 HTTP/1.1" 200 24327 "-" "Mozilla/5.0 (Linux; Android 6.0.1; Nexus 5X Build/MMB29P) AppleWebKit/537.36 (KHTML, like Gecko) Chrome/141.0.7390.122 Mobile Safari/537.36 (compatible; Googlebot/2.1; +http://www.google.com/bot.html)" 
52.0.218.219 - - [25/Oct/2025:11:59:38 -0700] "GET /2016/11/coloring-shell-scripts/?path=//sys/class/nvme-subsystem/nvme-subsys0 HTTP/1.1" 200 3491 "-" "Mozilla/5.0 AppleWebKit/537.36 (KHTML, like Gecko; compatible; Amazonbot/0.1; +https://developer.amazon.com/support/amazonbot) Chrome/119.0.6045.214 Safari/537.36" 
66.249.72.202 - - [25/Oct/2025:11:59:39 -0700] "GET /?product=221899350 HTTP/1.1" 200 25074 "-" "Mozilla/5.0 (Linux; Android 6.0.1; Nexus 5X Build/MMB29P) AppleWebKit/537.36 (KHTML, like Gecko) Chrome/141.0.7390.122 Mobile Safari/537.36 (compatible; Googlebot/2.1; +http://www.google.com/bot.html)" 
66.249.72.202 - - [25/Oct/2025:11:59:44 -0700] "GET /feature/shoplist/usm_0.66_1.00_0.01?fileloc=/home/mmickelson/martyknows.com/wp-admin/async-upload.php??product=47434357 HTTP/1.1" 200 24017 "-" "Mozilla/5.0 (Linux; Android 6.0.1; Nexus 5X Build/MMB29P) AppleWebKit/537.36 (KHTML, like Gecko) Chrome/141.0.7390.122 Mobile Safari/537.36 (compatible; GoogleOther)" 
50.16.248.61 - - [25/Oct/2025:11:59:46 -0700] "GET /2016/11/coloring-shell-scripts/?path=//sys/module/hid_apple/drivers HTTP/1.1" 200 3120 "-" "Mozilla/5.0 AppleWebKit/537.36 (KHTML, like Gecko; compatible; Amazonbot/0.1; +https://developer.amazon.com/support/amazonbot) Chrome/119.0.6045.214 Safari/537.36" 
66.249.72.202 - - [25/Oct/2025:11:59:46 -0700] "GET /feature/shoplist/usm_0.66_1.00_0.01?fileloc=/home/mmickelson/martyknows.com/wp-includes/class-wp-simplepie-file.php??product=56604307 HTTP/1.1" 200 23669 "-" "Mozilla/5.0 (Linux; Android 6.0.1; Nexus 5X Build/MMB29P) AppleWebKit/537.36 (KHTML, like Gecko) Chrome/141.0.7390.122 Mobile Safari/537.36 (compatible; GoogleOther)" 
66.249.72.202 - - [25/Oct/2025:11:59:47 -0700] "GET /?product=220674048 HTTP/1.1" 200 23995 "-" "Mozilla/5.0 (Linux; Android 6.0.1; Nexus 5X Build/MMB29P) AppleWebKit/537.36 (KHTML, like Gecko) Chrome/141.0.7390.122 Mobile Safari/537.36 (compatible; Googlebot/2.1; +http://www.google.com/bot.html)" 
66.249.72.203 - - [25/Oct/2025:11:59:58 -0700] "GET /?product=220731044 HTTP/1.1" 200 20867 "-" "Mozilla/5.0 (Linux; Android 6.0.1; Nexus 5X Build/MMB29P) AppleWebKit/537.36 (KHTML, like Gecko) Chrome/141.0.7390.122 Mobile Safari/537.36 (compatible; Googlebot/2.1; +http://www.google.com/bot.html)" 
3.229.95.193 - - [25/Oct/2025:12:00:02 -0700] "GET /2016/04/laravel-installation-on-mediatemple/?path=//lib/firmware/meson HTTP/1.1" 200 3106 "-" "Mozilla/5.0 AppleWebKit/537.36 (KHTML, like Gecko; compatible; Amazonbot/0.1; +https://developer.amazon.com/support/amazonbot) Chrome/119.0.6045.214 Safari/537.36" 
66.249.72.204 - - [25/Oct/2025:12:00:04 -0700] "GET /?product=220707918 HTTP/1.1" 200 25179 "-" "Mozilla/5.0 (Linux; Android 6.0.1; Nexus 5X Build/MMB29P) AppleWebKit/537.36 (KHTML, like Gecko) Chrome/141.0.7390.122 Mobile Safari/537.36 (compatible; Googlebot/2.1; +http://www.google.com/bot.html)" 
3.216.13.10 - - [25/Oct/2025:12:00:06 -0700] "GET /2016/11/coloring-shell-scripts/?path=//lib/python3/dist-packages/botocore/data/support HTTP/1.1" 200 3151 "-" "Mozilla/5.0 AppleWebKit/537.36 (KHTML, like Gecko; compatible; Amazonbot/0.1; +https://developer.amazon.com/support/amazonbot) Chrome/119.0.6045.214 Safari/537.36" 
66.249.72.202 - - [25/Oct/2025:12:00:09 -0700] "GET /?product=1005269532 HTTP/1.1" 200 20634 "-" "Mozilla/5.0 (Linux; Android 6.0.1; Nexus 5X Build/MMB29P) AppleWebKit/537.36 (KHTML, like Gecko) Chrome/141.0.7390.122 Mobile Safari/537.36 (compatible; Googlebot/2.1; +http://www.google.com/bot.html)" 
66.249.72.202 - - [25/Oct/2025:12:00:16 -0700] "GET /?product=1005243834 HTTP/1.1" 200 21177 "-" "Mozilla/5.0 (Linux; Android 6.0.1; Nexus 5X Build/MMB29P) AppleWebKit/537.36 (KHTML, like Gecko) Chrome/141.0.7390.122 Mobile Safari/537.36 (compatible; Googlebot/2.1; +http://www.google.com/bot.html)" 
66.249.72.202 - - [25/Oct/2025:12:00:25 -0700] "GET /feature/shoplist/usm_0.66_1.00_0.01?fileloc=/home/mmickelson/martyknows.com/wp-includes/class-wp-simplepie-file.php??product=38096780 HTTP/1.1" 200 21065 "-" "Mozilla/5.0 (Linux; Android 6.0.1; Nexus 5X Build/MMB29P) AppleWebKit/537.36 (KHTML, like Gecko) Chrome/141.0.7390.122 Mobile Safari/537.36 (compatible; GoogleOther)" 
54.156.55.147 - - [25/Oct/2025:12:00:26 -0700] "GET /2016/11/coloring-shell-scripts/?path=//lib/python3/dist-packages/botocore/data/sms HTTP/1.1" 200 3148 "-" "Mozilla/5.0 AppleWebKit/537.36 (KHTML, like Gecko; compatible; Amazonbot/0.1; +https://developer.amazon.com/support/amazonbot) Chrome/119.0.6045.214 Safari/537.36" 
66.249.66.195 - - [25/Oct/2025:12:00:27 -0700] "GET /?product=221864741 HTTP/1.1" 200 19775 "-" "Mozilla/5.0 (Linux; Android 6.0.1; Nexus 5X Build/MMB29P) AppleWebKit/537.36 (KHTML, like Gecko) Chrome/141.0.7390.122 Mobile Safari/537.36 (compatible; Googlebot/2.1; +http://www.google.com/bot.html)" 
66.249.72.202 - - [25/Oct/2025:12:00:29 -0700] "GET /feature/shoplist/usm_0.66_1.00_0.01?fileloc=/home/mmickelson/martyknows.com/wp-admin/async-upload.php??product=45164560 HTTP/1.1" 200 23967 "-" "Mozilla/5.0 (Linux; Android 6.0.1; Nexus 5X Build/MMB29P) AppleWebKit/537.36 (KHTML, like Gecko) Chrome/141.0.7390.122 Mobile Safari/537.36 (compatible; GoogleOther)" 
173.208.176.202 - - [25/Oct/2025:11:59:09 -0700] "GET /wp-includes/bra3c7d5/edit.php?id=405858 HTTP/1.1" 200 295 "http://www.martyknows.com/wp-includes/bra3c7d5/edit.php?id=405858" "Mozilla/5.0 (Windows NT 10.0; Win64; x64) AppleWebKit/537.36 (KHTML, like Gecko) Chrome/58.0.3029.110 Safari/537.3" 
66.249.72.202 - - [25/Oct/2025:12:00:37 -0700] "GET /feature/shoplist/usm_0.66_1.00_0.01?fileloc=/home/mmickelson/martyknows.com/wp-includes/class-wp-simplepie-file.php??product=40586200 HTTP/1.1" 200 21294 "-" "Mozilla/5.0 (Linux; Android 6.0.1; Nexus 5X Build/MMB29P) AppleWebKit/537.36 (KHTML, like Gecko) Chrome/141.0.7390.122 Mobile Safari/537.36 (compatible; GoogleOther)" 
66.249.72.202 - - [25/Oct/2025:12:00:38 -0700] "GET /?product=1005270182 HTTP/1.1" 200 20813 "-" "Mozilla/5.0 (Linux; Android 6.0.1; Nexus 5X Build/MMB29P) AppleWebKit/537.36 (KHTML, like Gecko) Chrome/141.0.7390.122 Mobile Safari/537.36 (compatible; Googlebot/2.1; +http://www.google.com/bot.html)" 
