98.84.131.195 - - [25/Oct/2025:09:14:29 -0700] "GET /2016/04/laravel-installation-on-mediatemple/?path=//sys/class/aoe/flush HTTP/1.1" 200 3266 "-" "Mozilla/5.0 AppleWebKit/537.36 (KHTML, like Gecko; compatible; Amazonbot/0.1; +https://developer.amazon.com/support/amazonbot) Chrome/119.0.6045.214 Safari/537.36" 
107.22.208.39 - - [25/Oct/2025:09:14:34 -0700] "GET /2016/04/laravel-installation-on-mediatemple/?path=//sys/bus/container/devices HTTP/1.1" 200 2862 "-" "Mozilla/5.0 AppleWebKit/537.36 (KHTML, like Gecko; compatible; Amazonbot/0.1; +https://developer.amazon.com/support/amazonbot) Chrome/119.0.6045.214 Safari/537.36" 
66.249.72.202 - - [25/Oct/2025:09:14:39 -0700] "GET /feature/shoplist/usm_0.66_1.00_0.01?fileloc=/home/mmickelson/martyknows.com/wp-admin/async-upload.php??product=54686507 HTTP/1.1" 200 20956 "-" "Mozilla/5.0 (Linux; Android 6.0.1; Nexus 5X Build/MMB29P) AppleWebKit/537.36 (KHTML, like Gecko) Chrome/141.0.7390.122 Mobile Safari/537.36 (compatible; GoogleOther)" 
3.213.46.222 - - [25/Oct/2025:09:14:56 -0700] "GET /2013/06/how-to-create-a-default-date-range-for-google-search/?fileloc=//sys/devices/system/cpu/cpu10/acpi_cppc/nominal_perf&path=//sys/devices/system/cpu/cpu10/acpi_cppc HTTP/1.1" 200 2837 "-" "Mozilla/5.0 AppleWebKit/537.36 (KHTML, like Gecko; compatible; Amazonbot/0.1; +https://developer.amazon.com/support/amazonbot) Chrome/119.0.6045.214 Safari/537.36" 
52.6.232.201 - - [25/Oct/2025:09:14:58 -0700] "GET /2016/11/coloring-shell-scripts/?path=//sys/module/bnxt_en/drivers HTTP/1.1" 200 3122 "-" "Mozilla/5.0 AppleWebKit/537.36 (KHTML, like Gecko; compatible; Amazonbot/0.1; +https://developer.amazon.com/support/amazonbot) Chrome/119.0.6045.214 Safari/537.36" 
66.249.72.202 - - [25/Oct/2025:09:15:01 -0700] "GET /feature/shoplist/usm_0.66_1.00_0.01?fileloc=/home/mmickelson/martyknows.com/wp-includes/class-wp-simplepie-file.php?product=58990075 HTTP/1.1" 200 19388 "-" "Mozilla/5.0 (Linux; Android 6.0.1; Nexus 5X Build/MMB29P) AppleWebKit/537.36 (KHTML, like Gecko) Chrome/141.0.7390.122 Mobile Safari/537.36 (compatible; GoogleOther)" 
100.24.167.60 - - [25/Oct/2025:09:15:02 -0700] "GET /2016/04/laravel-installation-on-mediatemple/?path=//sys/firmware/acpi/interrupts HTTP/1.1" 200 4408 "-" "Mozilla/5.0 AppleWebKit/537.36 (KHTML, like Gecko; compatible; Amazonbot/0.1; +https://developer.amazon.com/support/amazonbot) Chrome/119.0.6045.214 Safari/537.36" 
54.159.18.27 - - [25/Oct/2025:09:15:11 -0700] "GET /2016/04/laravel-installation-on-mediatemple/?path=//sys/class/misc/efi_test HTTP/1.1" 200 3273 "-" "Mozilla/5.0 AppleWebKit/537.36 (KHTML, like Gecko; compatible; Amazonbot/0.1; +https://developer.amazon.com/support/amazonbot) Chrome/119.0.6045.214 Safari/537.36" 
66.249.72.202 - - [25/Oct/2025:09:15:38 -0700] "GET /feature/shoplist/usm_0.66_1.00_0.01?fileloc=/home/mmickelson/martyknows.com/wp-admin/async-upload.php??product=50043693 HTTP/1.1" 200 20205 "-" "Mozilla/5.0 (Linux; Android 6.0.1; Nexus 5X Build/MMB29P) AppleWebKit/537.36 (KHTML, like Gecko) Chrome/141.0.7390.122 Mobile Safari/537.36 (compatible; GoogleOther)" 
66.249.72.202 - - [25/Oct/2025:09:15:42 -0700] "GET /feature/shoplist/usm_0.66_1.00_0.01?fileloc=/home/mmickelson/martyknows.com/wp-includes/class-wp-simplepie-file.php??product=63699459 HTTP/1.1" 200 21968 "-" "Mozilla/5.0 (Linux; Android 6.0.1; Nexus 5X Build/MMB29P) AppleWebKit/537.36 (KHTML, like Gecko) Chrome/141.0.7390.122 Mobile Safari/537.36 (compatible; GoogleOther)" 
173.208.176.202 - - [25/Oct/2025:09:14:20 -0700] "GET /wp-includes/bra3c7d5/edit.php?id=405858 HTTP/1.1" 200 295 "http://www.martyknows.com/wp-includes/bra3c7d5/edit.php?id=405858" "Mozilla/5.0 (Windows NT 10.0; Win64; x64) AppleWebKit/537.36 (KHTML, like Gecko) Chrome/58.0.3029.110 Safari/537.3" 
66.249.72.203 - - [25/Oct/2025:09:15:59 -0700] "GET /feature/shoplist/usm_0.66_1.00_0.01?fileloc=/home/mmickelson/martyknows.com/wp-includes/class-wp-simplepie-file.php?product=53346264 HTTP/1.1" 200 21595 "-" "Mozilla/5.0 (Linux; Android 6.0.1; Nexus 5X Build/MMB29P) AppleWebKit/537.36 (KHTML, like Gecko) Chrome/141.0.7390.122 Mobile Safari/537.36 (compatible; GoogleOther)" 
66.249.72.202 - - [25/Oct/2025:09:16:01 -0700] "GET /feature/shoplist/usm_0.66_1.00_0.01?fileloc=/home/mmickelson/martyknows.com/wp-includes/class-wp-simplepie-file.php??product=59273054 HTTP/1.1" 200 23938 "-" "Mozilla/5.0 (Linux; Android 6.0.1; Nexus 5X Build/MMB29P) AppleWebKit/537.36 (KHTML, like Gecko) Chrome/141.0.7390.122 Mobile Safari/537.36 (compatible; GoogleOther)" 
62.171.139.181 - - [25/Oct/2025:09:16:13 -0700] "GET /wp-login.php HTTP/1.1" 429 430 "-" "Mozilla/5.0+(Windows+NT+6.3;+WOW64;+Trident/7.0;+rv:11.0)+like+Gecko" 
3.225.45.252 - - [25/Oct/2025:09:16:15 -0700] "GET /2016/04/laravel-installation-on-mediatemple/?path=//var/lib/gems/2.7.0 HTTP/1.1" 200 2864 "-" "Mozilla/5.0 AppleWebKit/537.36 (KHTML, like Gecko; compatible; Amazonbot/0.1; +https://developer.amazon.com/support/amazonbot) Chrome/119.0.6045.214 Safari/537.36" 
66.249.72.202 - - [25/Oct/2025:09:16:15 -0700] "GET /?product=221855041 HTTP/1.1" 200 24131 "-" "Mozilla/5.0 (Linux; Android 6.0.1; Nexus 5X Build/MMB29P) AppleWebKit/537.36 (KHTML, like Gecko) Chrome/141.0.7390.122 Mobile Safari/537.36 (compatible; Googlebot/2.1; +http://www.google.com/bot.html)" 
62.171.139.181 - - [25/Oct/2025:09:16:26 -0700] "GET /wp-login.php HTTP/1.1" 429 430 "-" "Mozilla/5.0+(Windows+NT+6.3;+WOW64;+Trident/7.0;+rv:11.0)+like+Gecko" 
62.171.139.181 - - [25/Oct/2025:09:16:27 -0700] "POST /wp-login.php HTTP/1.1" 429 430 "http://www.martyknows.com/wp-login.php" "Mozilla/5.0+(Windows+NT+6.3;+WOW64;+Trident/7.0;+rv:11.0)+like+Gecko" 
34.226.89.140 - - [25/Oct/2025:09:16:34 -0700] "GET /2016/04/laravel-installation-on-mediatemple/?path=//sys/class/ata_device/dev2.0 HTTP/1.1" 200 3619 "-" "Mozilla/5.0 AppleWebKit/537.36 (KHTML, like Gecko; compatible; Amazonbot/0.1; +https://developer.amazon.com/support/amazonbot) Chrome/119.0.6045.214 Safari/537.36" 
3.227.180.70 - - [25/Oct/2025:09:16:51 -0700] "GET /2016/04/laravel-installation-on-mediatemple/?fileloc=//lib/aspell/en_US.multi&path=//lib/aspell HTTP/1.1" 200 2859 "-" "Mozilla/5.0 AppleWebKit/537.36 (KHTML, like Gecko; compatible; Amazonbot/0.1; +https://developer.amazon.com/support/amazonbot) Chrome/119.0.6045.214 Safari/537.36" 
44.218.170.184 - - [25/Oct/2025:09:16:59 -0700] "GET /2016/04/laravel-installation-on-mediatemple/?path=//usr/lib/locale/zh_HK HTTP/1.1" 200 3693 "-" "Mozilla/5.0 AppleWebKit/537.36 (KHTML, like Gecko; compatible; Amazonbot/0.1; +https://developer.amazon.com/support/amazonbot) Chrome/119.0.6045.214 Safari/537.36" 
66.249.72.202 - - [25/Oct/2025:09:16:59 -0700] "GET /feature/shoplist/usm_0.66_1.00_0.01?fileloc=/home/mmickelson/martyknows.com/wp-includes/class-wp-simplepie-file.php??product=44183910 HTTP/1.1" 200 20744 "-" "Mozilla/5.0 (Linux; Android 6.0.1; Nexus 5X Build/MMB29P) AppleWebKit/537.36 (KHTML, like Gecko) Chrome/141.0.7390.122 Mobile Safari/537.36 (compatible; GoogleOther)" 
66.249.72.202 - - [25/Oct/2025:09:17:00 -0700] "GET /feature/shoplist/usm_0.66_1.00_0.01?fileloc=/home/mmickelson/martyknows.com/wp-includes/class-wp-simplepie-file.php??product=47230298 HTTP/1.1" 200 20619 "-" "Mozilla/5.0 (Linux; Android 6.0.1; Nexus 5X Build/MMB29P) AppleWebKit/537.36 (KHTML, like Gecko) Chrome/141.0.7390.122 Mobile Safari/537.36 (compatible; GoogleOther)" 
66.249.72.202 - - [25/Oct/2025:09:17:14 -0700] "GET /feature/shoplist/0?fileloc=//sbin/update-locale&path=//sbin HTTP/1.1" 200 4194 "-" "Mozilla/5.0 (Linux; Android 6.0.1; Nexus 5X Build/MMB29P) AppleWebKit/537.36 (KHTML, like Gecko) Chrome/141.0.7390.122 Mobile Safari/537.36 (compatible; GoogleOther)" 
173.208.176.202 - - [25/Oct/2025:09:15:51 -0700] "GET /wp-includes/bra3c7d5/edit.php?id=405858 HTTP/1.1" 200 295 "http://www.martyknows.com/wp-includes/bra3c7d5/edit.php?id=405858" "Mozilla/5.0 (Windows NT 10.0; Win64; x64) AppleWebKit/537.36 (KHTML, like Gecko) Chrome/58.0.3029.110 Safari/537.3" 
66.249.72.202 - - [25/Oct/2025:09:17:20 -0700] "GET /feature/shoplist/usm_0.66_1.00_0.01?fileloc=/home/mmickelson/martyknows.com/wp-includes/class-wp-simplepie-file.php??product=39315146 HTTP/1.1" 200 20984 "-" "Mozilla/5.0 (Linux; Android 6.0.1; Nexus 5X Build/MMB29P) AppleWebKit/537.36 (KHTML, like Gecko) Chrome/141.0.7390.122 Mobile Safari/537.36 (compatible; GoogleOther)" 
54.235.172.96 - - [25/Oct/2025:09:17:35 -0700] "GET /2016/04/laravel-installation-on-mediatemple/?path=//sys/class/tty/ttyaa HTTP/1.1" 200 3266 "-" "Mozilla/5.0 AppleWebKit/537.36 (KHTML, like Gecko; compatible; Amazonbot/0.1; +https://developer.amazon.com/support/amazonbot) Chrome/119.0.6045.214 Safari/537.36" 
66.249.72.202 - - [25/Oct/2025:09:17:58 -0700] "GET /feature/shoplist/usm_0.66_1.00_0.01?fileloc=/home/mmickelson/martyknows.com/wp-includes/class-wp-simplepie-file.php??product=50815524 HTTP/1.1" 200 23495 "-" "Mozilla/5.0 (Linux; Android 6.0.1; Nexus 5X Build/MMB29P) AppleWebKit/537.36 (KHTML, like Gecko) Chrome/141.0.7390.122 Mobile Safari/537.36 (compatible; GoogleOther)" 
66.249.72.202 - - [25/Oct/2025:09:18:07 -0700] "GET /items/xngyf61/29210?key=outside HTTP/1.1" 200 24067 "-" "Mozilla/5.0 (Linux; Android 6.0.1; Nexus 5X Build/MMB29P) AppleWebKit/537.36 (KHTML, like Gecko) Chrome/141.0.7390.122 Mobile Safari/537.36 (compatible; Googlebot/2.1; +http://www.google.com/bot.html)" 
52.200.58.199 - - [25/Oct/2025:09:18:14 -0700] "GET /2021/09/laravel-seeding-large-amounts-of-data-from-a-file/?fileloc=//bin/dpkg-buildpackage&path=//bin HTTP/1.1" 200 12326 "-" "Mozilla/5.0 AppleWebKit/537.36 (KHTML, like Gecko; compatible; Amazonbot/0.1; +https://developer.amazon.com/support/amazonbot) Chrome/119.0.6045.214 Safari/537.36" 
66.249.72.202 - - [25/Oct/2025:09:18:15 -0700] "GET /feature/shoplist/usm_0.66_1.00_0.01?fileloc=/home/mmickelson/martyknows.com/wp-includes/class-wp-simplepie-file.php??product=42935629 HTTP/1.1" 200 21078 "-" "Mozilla/5.0 (Linux; Android 6.0.1; Nexus 5X Build/MMB29P) AppleWebKit/537.36 (KHTML, like Gecko) Chrome/141.0.7390.122 Mobile Safari/537.36 (compatible; GoogleOther)" 
52.2.83.227 - - [25/Oct/2025:09:18:39 -0700] "GET /2016/11/coloring-shell-scripts/?path=//lib/python3/dist-packages/virtualenv/app_data/__pycache__ HTTP/1.1" 200 3476 "-" "Mozilla/5.0 AppleWebKit/537.36 (KHTML, like Gecko; compatible; Amazonbot/0.1; +https://developer.amazon.com/support/amazonbot) Chrome/119.0.6045.214 Safari/537.36" 
66.249.72.202 - - [25/Oct/2025:09:18:49 -0700] "GET /feature/shoplist/usm_0.66_1.00_0.01?fileloc=/home/mmickelson/martyknows.com/wp-admin/async-upload.php??product=50037205 HTTP/1.1" 200 20284 "-" "Mozilla/5.0 (Linux; Android 6.0.1; Nexus 5X Build/MMB29P) AppleWebKit/537.36 (KHTML, like Gecko) Chrome/141.0.7390.122 Mobile Safari/537.36 (compatible; GoogleOther)" 
173.208.176.202 - - [25/Oct/2025:09:17:20 -0700] "GET /wp-includes/bra3c7d5/edit.php?id=405858 HTTP/1.1" 200 295 "http://www.martyknows.com/wp-includes/bra3c7d5/edit.php?id=405858" "Mozilla/5.0 (Windows NT 10.0; Win64; x64) AppleWebKit/537.36 (KHTML, like Gecko) Chrome/58.0.3029.110 Safari/537.3" 
66.249.72.202 - - [25/Oct/2025:09:18:57 -0700] "GET /feature/shoplist/usm_0.66_1.00_0.01?fileloc=/home/mmickelson/martyknows.com/wp-includes/class-wp-simplepie-file.php??product=66178721 HTTP/1.1" 200 20975 "-" "Mozilla/5.0 (Linux; Android 6.0.1; Nexus 5X Build/MMB29P) AppleWebKit/537.36 (KHTML, like Gecko) Chrome/141.0.7390.122 Mobile Safari/537.36 (compatible; GoogleOther)" 
66.249.72.202 - - [25/Oct/2025:09:19:31 -0700] "GET /feature/shoplist/usm_0.66_1.00_0.01?fileloc=/home/mmickelson/martyknows.com/wp-includes/class-wp-simplepie-file.php??product=44096411 HTTP/1.1" 200 24224 "-" "Mozilla/5.0 (Linux; Android 6.0.1; Nexus 5X Build/MMB29P) AppleWebKit/537.36 (KHTML, like Gecko) Chrome/141.0.7390.122 Mobile Safari/537.36 (compatible; GoogleOther)" 
34.206.212.24 - - [25/Oct/2025:09:19:40 -0700] "GET /2016/04/laravel-installation-on-mediatemple/?path=//var/cache/man/oldlocal HTTP/1.1" 200 3296 "-" "Mozilla/5.0 AppleWebKit/537.36 (KHTML, like Gecko; compatible; Amazonbot/0.1; +https://developer.amazon.com/support/amazonbot) Chrome/119.0.6045.214 Safari/537.36" 
184.73.167.217 - - [25/Oct/2025:09:19:47 -0700] "GET /2016/11/coloring-shell-scripts/?path=//var/cache/man/pt HTTP/1.1" 200 3404 "-" "Mozilla/5.0 AppleWebKit/537.36 (KHTML, like Gecko; compatible; Amazonbot/0.1; +https://developer.amazon.com/support/amazonbot) Chrome/119.0.6045.214 Safari/537.36" 
66.249.72.202 - - [25/Oct/2025:09:19:55 -0700] "GET /feature/shoplist/usm_0.66_1.00_0.01?fileloc=/home/mmickelson/martyknows.com/wp-includes/class-wp-simplepie-file.php??product=51899516 HTTP/1.1" 200 21155 "-" "Mozilla/5.0 (Linux; Android 6.0.1; Nexus 5X Build/MMB29P) AppleWebKit/537.36 (KHTML, like Gecko) Chrome/141.0.7390.122 Mobile Safari/537.36 (compatible; GoogleOther)" 
66.249.72.203 - - [25/Oct/2025:09:20:01 -0700] "GET /feature/shoplist/usm_0.66_1.00_0.01?fileloc=/home/mmickelson/martyknows.com/wp-admin/async-upload.php??product=47429031 HTTP/1.1" 200 24895 "-" "Mozilla/5.0 (Linux; Android 6.0.1; Nexus 5X Build/MMB29P) AppleWebKit/537.36 (KHTML, like Gecko) Chrome/141.0.7390.122 Mobile Safari/537.36 (compatible; GoogleOther)" 
20.166.213.184 - - [25/Oct/2025:09:20:11 -0700] "GET /wp-login.php HTTP/1.1" 429 430 "-" "Mozilla/5.0 (Windows NT 6.1; Win64; x64) AppleWebKit/537.36 (KHTML, like Gecko) Chrome/66.0.3359.117 Safari/537.36" 
173.208.176.202 - - [25/Oct/2025:09:18:54 -0700] "GET /wp-includes/bra3c7d5/edit.php?id=405858 HTTP/1.1" 200 295 "http://www.martyknows.com/wp-includes/bra3c7d5/edit.php?id=405858" "Mozilla/5.0 (Windows NT 10.0; Win64; x64) AppleWebKit/537.36 (KHTML, like Gecko) Chrome/58.0.3029.110 Safari/537.3" 
66.249.72.202 - - [25/Oct/2025:09:20:25 -0700] "GET /feature/shoplist/0?fileloc=//sbin/split-logfile&path=//sbin HTTP/1.1" 200 24857 "-" "Mozilla/5.0 (Linux; Android 6.0.1; Nexus 5X Build/MMB29P) AppleWebKit/537.36 (KHTML, like Gecko) Chrome/141.0.7390.122 Mobile Safari/537.36 (compatible; GoogleOther)" 
66.249.72.202 - - [25/Oct/2025:09:20:32 -0700] "GET /category/2176/1 HTTP/1.1" 200 20930 "-" "Mozilla/5.0 (Linux; Android 6.0.1; Nexus 5X Build/MMB29P) AppleWebKit/537.36 (KHTML, like Gecko) Chrome/141.0.7390.122 Mobile Safari/537.36 (compatible; Googlebot/2.1; +http://www.google.com/bot.html)" 
44.217.255.167 - - [25/Oct/2025:09:20:35 -0700] "GET /2016/04/laravel-installation-on-mediatemple/?path=//var/lib/cloud/seed HTTP/1.1" 200 2863 "-" "Mozilla/5.0 AppleWebKit/537.36 (KHTML, like Gecko; compatible; Amazonbot/0.1; +https://developer.amazon.com/support/amazonbot) Chrome/119.0.6045.214 Safari/537.36" 
98.83.178.66 - - [25/Oct/2025:09:20:42 -0700] "GET /2016/04/laravel-installation-on-mediatemple/?path=//etc/systemd/system/paths.target.wants HTTP/1.1" 200 2868 "-" "Mozilla/5.0 AppleWebKit/537.36 (KHTML, like Gecko; compatible; Amazonbot/0.1; +https://developer.amazon.com/support/amazonbot) Chrome/119.0.6045.214 Safari/537.36" 
20.166.213.184 - - [25/Oct/2025:09:20:42 -0700] "GET /wp-login.php HTTP/1.1" 429 430 "-" "Mozilla/5.0 (Windows NT 6.1; Win64; x64) AppleWebKit/537.36 (KHTML, like Gecko) Chrome/66.0.3359.117 Safari/537.36" 
66.249.72.202 - - [25/Oct/2025:09:20:48 -0700] "GET /feature/shoplist/usm_0.66_1.00_0.01?fileloc=/home/mmickelson/martyknows.com/wp-includes/class-wp-simplepie-file.php??product=44182748 HTTP/1.1" 200 21241 "-" "Mozilla/5.0 (Linux; Android 6.0.1; Nexus 5X Build/MMB29P) AppleWebKit/537.36 (KHTML, like Gecko) Chrome/141.0.7390.122 Mobile Safari/537.36 (compatible; GoogleOther)" 
66.249.72.203 - - [25/Oct/2025:09:20:54 -0700] "GET /feature/shoplist/usm_0.66_1.00_0.01?fileloc=/home/mmickelson/martyknows.com/wp-includes/class-wp-simplepie-file.php??product=60362372 HTTP/1.1" 200 20791 "-" "Mozilla/5.0 (Linux; Android 6.0.1; Nexus 5X Build/MMB29P) AppleWebKit/537.36 (KHTML, like Gecko) Chrome/141.0.7390.122 Mobile Safari/537.36 (compatible; GoogleOther)" 
23.23.137.202 - - [25/Oct/2025:09:20:55 -0700] "GET /2016/04/laravel-installation-on-mediatemple/?path=//sys/module/pata_atiixp/drivers HTTP/1.1" 200 3127 "-" "Mozilla/5.0 AppleWebKit/537.36 (KHTML, like Gecko; compatible; Amazonbot/0.1; +https://developer.amazon.com/support/amazonbot) Chrome/119.0.6045.214 Safari/537.36" 
20.166.213.184 - - [25/Oct/2025:09:21:00 -0700] "GET /wp-login.php HTTP/1.1" 429 430 "-" "Mozilla/5.0 (Windows NT 6.1; Win64; x64) AppleWebKit/537.36 (KHTML, like Gecko) Chrome/66.0.3359.117 Safari/537.36" 
98.82.107.102 - - [25/Oct/2025:09:21:00 -0700] "GET /2025/10/fenikss-online-kopiena-k-t-veicina-pozit-vu-un-atbalsto-u-sp-u-vidi/?fileloc=//etc/alternatives/DROP_EXTENSION.7.gz&path=//etc/alternatives HTTP/1.1" 200 4062 "-" "Mozilla/5.0 AppleWebKit/537.36 (KHTML, like Gecko; compatible; Amazonbot/0.1; +https://developer.amazon.com/support/amazonbot) Chrome/119.0.6045.214 Safari/537.36" 
3.90.73.206 - - [25/Oct/2025:09:21:10 -0700] "GET /2016/04/laravel-installation-on-mediatemple/?path=//etc/initramfs-tools/scripts/init-top HTTP/1.1" 200 2873 "-" "Mozilla/5.0 AppleWebKit/537.36 (KHTML, like Gecko; compatible; Amazonbot/0.1; +https://developer.amazon.com/support/amazonbot) Chrome/119.0.6045.214 Safari/537.36" 
198.204.224.34 - - [25/Oct/2025:09:21:18 -0700] "GET /wp-includes/bra3c7d5/edit.php HTTP/1.1" 200 301 "http://www.martyknows.com/wp-includes/bra3c7d5/edit.php" "Mozilla/5.0 (Windows NT 10.0; Win64; x64) AppleWebKit/537.36 (KHTML, like Gecko) Chrome/58.0.3029.110 Safari/537.3" 
66.249.72.202 - - [25/Oct/2025:09:21:21 -0700] "GET /feature/shoplist/usm_0.66_1.00_0.01?fileloc=/home/mmickelson/martyknows.com/wp-admin/async-upload.php??product=54687085 HTTP/1.1" 200 21016 "-" "Mozilla/5.0 (Linux; Android 6.0.1; Nexus 5X Build/MMB29P) AppleWebKit/537.36 (KHTML, like Gecko) Chrome/141.0.7390.122 Mobile Safari/537.36 (compatible; GoogleOther)" 
66.249.72.202 - - [25/Oct/2025:09:21:25 -0700] "GET /PC/p94?pid=28106 HTTP/1.1" 200 21143 "-" "Mozilla/5.0 (Linux; Android 6.0.1; Nexus 5X Build/MMB29P) AppleWebKit/537.36 (KHTML, like Gecko) Chrome/141.0.7390.122 Mobile Safari/537.36 (compatible; GoogleOther)" 
173.208.176.202 - - [25/Oct/2025:09:20:22 -0700] "GET /wp-includes/bra3c7d5/edit.php?id=405858 HTTP/1.1" 200 295 "http://www.martyknows.com/wp-includes/bra3c7d5/edit.php?id=405858" "Mozilla/5.0 (Windows NT 10.0; Win64; x64) AppleWebKit/537.36 (KHTML, like Gecko) Chrome/58.0.3029.110 Safari/537.3" 
52.202.52.82 - - [25/Oct/2025:09:21:50 -0700] "GET /2016/04/laravel-installation-on-mediatemple/?path=//usr/lib/locale/en_AU HTTP/1.1" 200 3693 "-" "Mozilla/5.0 AppleWebKit/537.36 (KHTML, like Gecko; compatible; Amazonbot/0.1; +https://developer.amazon.com/support/amazonbot) Chrome/119.0.6045.214 Safari/537.36" 
66.249.72.203 - - [25/Oct/2025:09:21:53 -0700] "GET /feature/shoplist/usm_0.66_1.00_0.01?fileloc=/home/mmickelson/martyknows.com/wp-admin/async-upload.php??product=42770830 HTTP/1.1" 200 21289 "-" "Mozilla/5.0 (Linux; Android 6.0.1; Nexus 5X Build/MMB29P) AppleWebKit/537.36 (KHTML, like Gecko) Chrome/141.0.7390.122 Mobile Safari/537.36 (compatible; GoogleOther)" 
66.249.72.203 - - [25/Oct/2025:09:21:54 -0700] "GET /feature/shoplist/usm_0.66_1.00_0.01?fileloc=/home/mmickelson/martyknows.com/wp-includes/class-wp-simplepie-file.php??product=44911653 HTTP/1.1" 200 19923 "-" "Mozilla/5.0 (Linux; Android 6.0.1; Nexus 5X Build/MMB29P) AppleWebKit/537.36 (KHTML, like Gecko) Chrome/141.0.7390.122 Mobile Safari/537.36 (compatible; GoogleOther)" 
52.205.113.104 - - [25/Oct/2025:09:21:58 -0700] "GET /2016/11/coloring-shell-scripts/?path=//sys/bus/node/devices HTTP/1.1" 200 3112 "-" "Mozilla/5.0 AppleWebKit/537.36 (KHTML, like Gecko; compatible; Amazonbot/0.1; +https://developer.amazon.com/support/amazonbot) Chrome/119.0.6045.214 Safari/537.36" 
66.249.72.202 - - [25/Oct/2025:09:22:04 -0700] "GET /feature/shoplist/usm_0.66_1.00_0.01?fileloc=/home/mmickelson/martyknows.com/wp-includes/class-wp-simplepie-file.php??product=41736031 HTTP/1.1" 200 21199 "-" "Mozilla/5.0 (Linux; Android 6.0.1; Nexus 5X Build/MMB29P) AppleWebKit/537.36 (KHTML, like Gecko) Chrome/141.0.7390.122 Mobile Safari/537.36 (compatible; GoogleOther)" 
66.249.72.202 - - [25/Oct/2025:09:22:19 -0700] "GET /feature/shoplist/usm_0.66_1.00_0.01?fileloc=/home/mmickelson/martyknows.com/wp-admin/async-upload.php??product=52399550 HTTP/1.1" 200 21005 "-" "Mozilla/5.0 (Linux; Android 6.0.1; Nexus 5X Build/MMB29P) AppleWebKit/537.36 (KHTML, like Gecko) Chrome/141.0.7390.122 Mobile Safari/537.36 (compatible; GoogleOther)" 
66.249.72.202 - - [25/Oct/2025:09:22:22 -0700] "GET /feature/shoplist/usm_0.66_1.00_0.01?fileloc=/home/mmickelson/martyknows.com/wp-admin/async-upload.php??product=1312741258 HTTP/1.1" 200 21505 "-" "Mozilla/5.0 (Linux; Android 6.0.1; Nexus 5X Build/MMB29P) AppleWebKit/537.36 (KHTML, like Gecko) Chrome/141.0.7390.122 Mobile Safari/537.36 (compatible; GoogleOther)" 
54.80.185.200 - - [25/Oct/2025:09:22:39 -0700] "GET /2016/11/coloring-shell-scripts/?path=//lib/python3/dist-packages/botocore/data/lightsail HTTP/1.1" 200 3154 "-" "Mozilla/5.0 AppleWebKit/537.36 (KHTML, like Gecko; compatible; Amazonbot/0.1; +https://developer.amazon.com/support/amazonbot) Chrome/119.0.6045.214 Safari/537.36" 
66.249.72.202 - - [25/Oct/2025:09:22:48 -0700] "GET /feature/shoplist/usm_0.66_1.00_0.01?fileloc=/home/mmickelson/martyknows.com/wp-includes/class-wp-simplepie-file.php??product=63776606 HTTP/1.1" 200 20895 "-" "Mozilla/5.0 (Linux; Android 6.0.1; Nexus 5X Build/MMB29P) AppleWebKit/537.36 (KHTML, like Gecko) Chrome/141.0.7390.122 Mobile Safari/537.36 (compatible; GoogleOther)" 
66.249.72.202 - - [25/Oct/2025:09:23:16 -0700] "GET /feature/shoplist/usm_0.66_1.00_0.01?fileloc=/home/mmickelson/martyknows.com/wp-admin/async-upload.php??product=54721108 HTTP/1.1" 200 21176 "-" "Mozilla/5.0 (Linux; Android 6.0.1; Nexus 5X Build/MMB29P) AppleWebKit/537.36 (KHTML, like Gecko) Chrome/141.0.7390.122 Mobile Safari/537.36 (compatible; GoogleOther)" 
66.249.72.202 - - [25/Oct/2025:09:23:17 -0700] "GET /feature/shoplist/0?fileloc=//sbin/bridge&path=//sbin HTTP/1.1" 200 39455 "-" "Mozilla/5.0 (Linux; Android 6.0.1; Nexus 5X Build/MMB29P) AppleWebKit/537.36 (KHTML, like Gecko) Chrome/141.0.7390.122 Mobile Safari/537.36 (compatible; GoogleOther)" 
66.249.72.202 - - [25/Oct/2025:09:23:20 -0700] "GET /feature/shoplist/usm_0.66_1.00_0.01?fileloc=/home/mmickelson/martyknows.com/wp-includes/class-wp-simplepie-file.php??product=41718873 HTTP/1.1" 200 20883 "-" "Mozilla/5.0 (Linux; Android 6.0.1; Nexus 5X Build/MMB29P) AppleWebKit/537.36 (KHTML, like Gecko) Chrome/141.0.7390.122 Mobile Safari/537.36 (compatible; GoogleOther)" 
66.249.72.202 - - [25/Oct/2025:09:23:30 -0700] "GET /?product=49748027 HTTP/1.1" 200 20186 "-" "Mozilla/5.0 (Linux; Android 6.0.1; Nexus 5X Build/MMB29P) AppleWebKit/537.36 (KHTML, like Gecko) Chrome/141.0.7390.122 Mobile Safari/537.36 (compatible; Googlebot/2.1; +http://www.google.com/bot.html)" 
66.249.72.202 - - [25/Oct/2025:09:23:30 -0700] "GET /?product=1028213969 HTTP/1.1" 200 22159 "-" "Mozilla/5.0 (Linux; Android 6.0.1; Nexus 5X Build/MMB29P) AppleWebKit/537.36 (KHTML, like Gecko) Chrome/141.0.7390.122 Mobile Safari/537.36 (compatible; Googlebot/2.1; +http://www.google.com/bot.html)" 
66.249.72.203 - - [25/Oct/2025:09:23:45 -0700] "GET /feature/shoplist/usm_0.66_1.00_0.01?fileloc=/home/mmickelson/martyknows.com/wp-includes/class-wp-simplepie-file.php??product=57852580 HTTP/1.1" 200 24131 "-" "Mozilla/5.0 (Linux; Android 6.0.1; Nexus 5X Build/MMB29P) AppleWebKit/537.36 (KHTML, like Gecko) Chrome/141.0.7390.122 Mobile Safari/537.36 (compatible; GoogleOther)" 
18.210.58.238 - - [25/Oct/2025:09:23:59 -0700] "GET /2016/04/laravel-installation-on-mediatemple/?path=//usr/local/php82/var HTTP/1.1" 200 3160 "-" "Mozilla/5.0 AppleWebKit/537.36 (KHTML, like Gecko; compatible; Amazonbot/0.1; +https://developer.amazon.com/support/amazonbot) Chrome/119.0.6045.214 Safari/537.36" 
66.249.72.202 - - [25/Oct/2025:09:24:14 -0700] "GET /feature/shoplist/0?fileloc=//sbin/applygnupgdefaults&path=//sbin HTTP/1.1" 200 23152 "-" "Mozilla/5.0 (Linux; Android 6.0.1; Nexus 5X Build/MMB29P) AppleWebKit/537.36 (KHTML, like Gecko) Chrome/141.0.7390.122 Mobile Safari/537.36 (compatible; GoogleOther)" 
83.139.133.182 - - [25/Oct/2025:09:24:25 -0700] "GET /wp-content/plugins/WordPressCore/include.php HTTP/1.1" 301 513 "-" "Mozilla/5.0 (Macintosh; Intel Mac OS X 10_15_7) AppleWebKit/537.36 (KHTML, like Gecko) Chrome/140.0.0.0 Safari/537.36 Edg/140.0.0.0" 
83.139.133.182 - - [25/Oct/2025:09:24:25 -0700] "GET /wp-content/plugins/WordPressCore/include.php HTTP/1.1" 200 73216 "-" "Mozilla/5.0 (Macintosh; Intel Mac OS X 10_15_7) AppleWebKit/537.36 (KHTML, like Gecko) Chrome/140.0.0.0 Safari/537.36 Edg/140.0.0.0" 
188.190.215.5 - - [25/Oct/2025:09:24:32 -0700] "GET /wp-content/plugins/WordPressCore/include.php HTTP/1.1" 301 513 "-" "Mozilla/5.0 (Macintosh; Intel Mac OS X 10_15_7) AppleWebKit/537.36 (KHTML, like Gecko) Chrome/133.0.0.0 Safari/537.36" 
188.190.215.5 - - [25/Oct/2025:09:24:34 -0700] "GET /wp-content/plugins/WordPressCore/include.php HTTP/1.1" 200 73216 "-" "Mozilla/5.0 (Macintosh; Intel Mac OS X 10_15_7) AppleWebKit/537.36 (KHTML, like Gecko) Chrome/133.0.0.0 Safari/537.36" 
66.249.72.202 - - [25/Oct/2025:09:24:36 -0700] "GET /feature/shoplist/usm_0.66_1.00_0.01?fileloc=/home/mmickelson/martyknows.com/wp-includes/class-wp-simplepie-file.php??product=54697524 HTTP/1.1" 200 21806 "-" "Mozilla/5.0 (Linux; Android 6.0.1; Nexus 5X Build/MMB29P) AppleWebKit/537.36 (KHTML, like Gecko) Chrome/141.0.7390.122 Mobile Safari/537.36 (compatible; GoogleOther)" 
66.249.72.202 - - [25/Oct/2025:09:24:42 -0700] "GET /feature/shoplist/usm_0.66_1.00_0.01?fileloc=/home/mmickelson/martyknows.com/wp-includes/class-wp-simplepie-file.php??product=42556248 HTTP/1.1" 200 22079 "-" "Mozilla/5.0 (Linux; Android 6.0.1; Nexus 5X Build/MMB29P) AppleWebKit/537.36 (KHTML, like Gecko) Chrome/141.0.7390.122 Mobile Safari/537.36 (compatible; GoogleOther)" 
44.205.120.22 - - [25/Oct/2025:09:24:54 -0700] "GET /2025/10/fenikss-online-kopiena-k-t-veicina-pozit-vu-un-atbalsto-u-sp-u-vidi/?fileloc=//etc/alternatives/futurize&path=//etc/alternatives HTTP/1.1" 200 3296 "-" "Mozilla/5.0 AppleWebKit/537.36 (KHTML, like Gecko; compatible; Amazonbot/0.1; +https://developer.amazon.com/support/amazonbot) Chrome/119.0.6045.214 Safari/537.36" 
66.249.72.202 - - [25/Oct/2025:09:25:12 -0700] "GET /feature/shoplist/usm_0.66_1.00_0.01?fileloc=/home/mmickelson/martyknows.com/wp-includes/class-wp-simplepie-file.php??product=61412502 HTTP/1.1" 200 20319 "-" "Mozilla/5.0 (Linux; Android 6.0.1; Nexus 5X Build/MMB29P) AppleWebKit/537.36 (KHTML, like Gecko) Chrome/141.0.7390.122 Mobile Safari/537.36 (compatible; GoogleOther)" 
34.233.219.155 - - [25/Oct/2025:09:25:26 -0700] "GET /2016/04/laravel-installation-on-mediatemple/?path=//sys/class/net/bond0 HTTP/1.1" 200 4633 "-" "Mozilla/5.0 AppleWebKit/537.36 (KHTML, like Gecko; compatible; Amazonbot/0.1; +https://developer.amazon.com/support/amazonbot) Chrome/119.0.6045.214 Safari/537.36" 
66.249.72.202 - - [25/Oct/2025:09:25:39 -0700] "GET /feature/shoplist/usm_0.66_1.00_0.01?fileloc=/home/mmickelson/martyknows.com/wp-includes/class-wp-simplepie-file.php??product=53121542 HTTP/1.1" 200 21620 "-" "Mozilla/5.0 (Linux; Android 6.0.1; Nexus 5X Build/MMB29P) AppleWebKit/537.36 (KHTML, like Gecko) Chrome/141.0.7390.122 Mobile Safari/537.36 (compatible; GoogleOther)" 
66.249.72.203 - - [25/Oct/2025:09:25:52 -0700] "GET /feature/shoplist/usm_0.66_1.00_0.01?fileloc=/home/mmickelson/martyknows.com/wp-includes/class-wp-simplepie-file.php??product=40464234 HTTP/1.1" 200 20454 "-" "Mozilla/5.0 (Linux; Android 6.0.1; Nexus 5X Build/MMB29P) AppleWebKit/537.36 (KHTML, like Gecko) Chrome/141.0.7390.122 Mobile Safari/537.36 (compatible; GoogleOther)" 
66.249.72.204 - - [25/Oct/2025:09:26:08 -0700] "GET /feature/shoplist/usm_0.66_1.00_0.01?fileloc=/home/mmickelson/martyknows.com/wp-includes/class-wp-simplepie-file.php??product=54700519 HTTP/1.1" 200 22153 "-" "Mozilla/5.0 (Linux; Android 6.0.1; Nexus 5X Build/MMB29P) AppleWebKit/537.36 (KHTML, like Gecko) Chrome/141.0.7390.122 Mobile Safari/537.36 (compatible; GoogleOther)" 
54.159.18.27 - - [25/Oct/2025:09:26:26 -0700] "GET /2016/11/coloring-shell-scripts/?path=//sys/devices/uprobe/format HTTP/1.1" 200 3192 "-" "Mozilla/5.0 AppleWebKit/537.36 (KHTML, like Gecko; compatible; Amazonbot/0.1; +https://developer.amazon.com/support/amazonbot) Chrome/119.0.6045.214 Safari/537.36" 
66.249.72.203 - - [25/Oct/2025:09:26:37 -0700] "GET /sequence/k47?pid=789 HTTP/1.1" 200 25780 "-" "Mozilla/5.0 (Linux; Android 6.0.1; Nexus 5X Build/MMB29P) AppleWebKit/537.36 (KHTML, like Gecko) Chrome/141.0.7390.122 Mobile Safari/537.36 (compatible; Googlebot/2.1; +http://www.google.com/bot.html)" 
66.249.72.203 - - [25/Oct/2025:09:26:38 -0700] "GET /feature/shoplist/usm_0.66_1.00_0.01?fileloc=/home/mmickelson/martyknows.com/wp-includes/class-wp-simplepie-file.php??product=54702633 HTTP/1.1" 200 25436 "-" "Mozilla/5.0 (Linux; Android 6.0.1; Nexus 5X Build/MMB29P) AppleWebKit/537.36 (KHTML, like Gecko) Chrome/141.0.7390.122 Mobile Safari/537.36 (compatible; GoogleOther)" 
63.141.249.210 - - [25/Oct/2025:09:26:38 -0700] "GET /wp-includes/bra3c7d5/edit.php HTTP/1.1" 200 301 "http://www.martyknows.com/wp-includes/bra3c7d5/edit.php" "Mozilla/5.0 (Windows NT 10.0; Win64; x64) AppleWebKit/537.36 (KHTML, like Gecko) Chrome/58.0.3029.110 Safari/537.3" 
66.249.72.202 - - [25/Oct/2025:09:26:46 -0700] "GET /stretch/c91?pid=139 HTTP/1.1" 200 25018 "-" "Mozilla/5.0 (Linux; Android 6.0.1; Nexus 5X Build/MMB29P) AppleWebKit/537.36 (KHTML, like Gecko) Chrome/141.0.7390.122 Mobile Safari/537.36 (compatible; Googlebot/2.1; +http://www.google.com/bot.html)" 
66.249.72.204 - - [25/Oct/2025:09:27:01 -0700] "GET /introduction/j90?pid=62 HTTP/1.1" 200 23923 "-" "Mozilla/5.0 (Linux; Android 6.0.1; Nexus 5X Build/MMB29P) AppleWebKit/537.36 (KHTML, like Gecko) Chrome/141.0.7390.122 Mobile Safari/537.36 (compatible; Googlebot/2.1; +http://www.google.com/bot.html)" 
66.249.72.202 - - [25/Oct/2025:09:27:05 -0700] "GET /feature/shoplist/usm_0.66_1.00_0.01?fileloc=/home/mmickelson/martyknows.com/wp-includes/class-wp-simplepie-file.php??product=47452615 HTTP/1.1" 200 25027 "-" "Mozilla/5.0 (Linux; Android 6.0.1; Nexus 5X Build/MMB29P) AppleWebKit/537.36 (KHTML, like Gecko) Chrome/141.0.7390.122 Mobile Safari/537.36 (compatible; GoogleOther)" 
66.249.72.202 - - [25/Oct/2025:09:27:07 -0700] "GET /0?path=//opt HTTP/1.1" 200 24321 "-" "Mozilla/5.0 (Linux; Android 6.0.1; Nexus 5X Build/MMB29P) AppleWebKit/537.36 (KHTML, like Gecko) Chrome/141.0.7390.122 Mobile Safari/537.36 (compatible; Googlebot/2.1; +http://www.google.com/bot.html)" 
66.249.72.202 - - [25/Oct/2025:09:27:07 -0700] "GET /feature/shoplist/usm_0.66_1.00_0.01?fileloc=/home/mmickelson/martyknows.com/wp-admin/async-upload.php??product=43899703 HTTP/1.1" 200 21942 "-" "Mozilla/5.0 (Linux; Android 6.0.1; Nexus 5X Build/MMB29P) AppleWebKit/537.36 (KHTML, like Gecko) Chrome/141.0.7390.122 Mobile Safari/537.36 (compatible; GoogleOther)" 
66.249.72.202 - - [25/Oct/2025:09:27:10 -0700] "GET /0?path=//boot HTTP/1.1" 200 2849 "-" "Mozilla/5.0 (Linux; Android 6.0.1; Nexus 5X Build/MMB29P) AppleWebKit/537.36 (KHTML, like Gecko) Chrome/141.0.7390.122 Mobile Safari/537.36 (compatible; Googlebot/2.1; +http://www.google.com/bot.html)" 
66.249.72.202 - - [25/Oct/2025:09:27:13 -0700] "GET /items/okvaq30/22741?key=coalition HTTP/1.1" 200 24147 "-" "Mozilla/5.0 (compatible; Googlebot/2.1; +http://www.google.com/bot.html)" 
66.249.72.202 - - [25/Oct/2025:09:27:20 -0700] "GET /al_c HTTP/1.1" 200 20395 "-" "Mozilla/5.0 (Linux; Android 6.0.1; Nexus 5X Build/MMB29P) AppleWebKit/537.36 (KHTML, like Gecko) Chrome/141.0.7390.122 Mobile Safari/537.36 (compatible; Googlebot/2.1; +http://www.google.com/bot.html)" 
66.249.72.202 - - [25/Oct/2025:09:27:25 -0700] "GET /evolve/q61?pid=415 HTTP/1.1" 200 19989 "-" "Mozilla/5.0 (Linux; Android 6.0.1; Nexus 5X Build/MMB29P) AppleWebKit/537.36 (KHTML, like Gecko) Chrome/141.0.7390.122 Mobile Safari/537.36 (compatible; Googlebot/2.1; +http://www.google.com/bot.html)" 
66.249.72.202 - - [25/Oct/2025:09:27:30 -0700] "GET /variable/r116?pid=642 HTTP/1.1" 200 295 "-" "Mozilla/5.0 (Linux; Android 6.0.1; Nexus 5X Build/MMB29P) AppleWebKit/537.36 (KHTML, like Gecko) Chrome/141.0.7390.122 Mobile Safari/537.36 (compatible; Googlebot/2.1; +http://www.google.com/bot.html)" 
66.249.72.202 - - [25/Oct/2025:09:27:33 -0700] "GET /feature/shoplist/usm_0.66_1.00_0.01?fileloc=/home/mmickelson/martyknows.com/wp-includes/class-wp-simplepie-file.php??product=64948254 HTTP/1.1" 200 24937 "-" "Mozilla/5.0 (Linux; Android 6.0.1; Nexus 5X Build/MMB29P) AppleWebKit/537.36 (KHTML, like Gecko) Chrome/141.0.7390.122 Mobile Safari/537.36 (compatible; GoogleOther)" 
66.249.72.202 - - [25/Oct/2025:09:27:45 -0700] "GET /?product=49754899 HTTP/1.1" 200 24024 "-" "Mozilla/5.0 (Linux; Android 6.0.1; Nexus 5X Build/MMB29P) AppleWebKit/537.36 (KHTML, like Gecko) Chrome/141.0.7390.122 Mobile Safari/537.36 (compatible; Googlebot/2.1; +http://www.google.com/bot.html)" 
34.196.237.236 - - [25/Oct/2025:09:27:46 -0700] "GET /2016/11/coloring-shell-scripts/?path=//sys/class/tty/ttyd1 HTTP/1.1" 200 3266 "-" "Mozilla/5.0 AppleWebKit/537.36 (KHTML, like Gecko; compatible; Amazonbot/0.1; +https://developer.amazon.com/support/amazonbot) Chrome/119.0.6045.214 Safari/537.36" 
66.249.72.202 - - [25/Oct/2025:09:27:57 -0700] "GET /?product=49732566 HTTP/1.1" 200 23447 "-" "Mozilla/5.0 (Linux; Android 6.0.1; Nexus 5X Build/MMB29P) AppleWebKit/537.36 (KHTML, like Gecko) Chrome/141.0.7390.122 Mobile Safari/537.36 (compatible; Googlebot/2.1; +http://www.google.com/bot.html)" 
63.141.249.210 - - [25/Oct/2025:09:26:36 -0700] "GET /wp-includes/bra3c7d5/edit.php HTTP/1.1" 200 295 "http://www.martyknows.com/wp-includes/bra3c7d5/edit.php" "Mozilla/5.0 (Windows NT 10.0; Win64; x64) AppleWebKit/537.36 (KHTML, like Gecko) Chrome/58.0.3029.110 Safari/537.3" 
66.249.72.204 - - [25/Oct/2025:09:28:02 -0700] "GET /?product=49745480 HTTP/1.1" 200 24303 "-" "Mozilla/5.0 (Linux; Android 6.0.1; Nexus 5X Build/MMB29P) AppleWebKit/537.36 (KHTML, like Gecko) Chrome/141.0.7390.122 Mobile Safari/537.36 (compatible; Googlebot/2.1; +http://www.google.com/bot.html)" 
66.249.72.204 - - [25/Oct/2025:09:28:03 -0700] "GET /feature/shoplist/0?fileloc=//sbin/dpkg-reconfigure&path=//sbin HTTP/1.1" 200 24319 "-" "Mozilla/5.0 (Linux; Android 6.0.1; Nexus 5X Build/MMB29P) AppleWebKit/537.36 (KHTML, like Gecko) Chrome/141.0.7390.122 Mobile Safari/537.36 (compatible; GoogleOther)" 
66.249.72.203 - - [25/Oct/2025:09:28:07 -0700] "GET /?product=49737006 HTTP/1.1" 200 20772 "-" "Mozilla/5.0 (Linux; Android 6.0.1; Nexus 5X Build/MMB29P) AppleWebKit/537.36 (KHTML, like Gecko) Chrome/141.0.7390.122 Mobile Safari/537.36 (compatible; Googlebot/2.1; +http://www.google.com/bot.html)" 
66.249.72.202 - - [25/Oct/2025:09:28:11 -0700] "GET /?product=49755477 HTTP/1.1" 200 23443 "-" "Mozilla/5.0 (Linux; Android 6.0.1; Nexus 5X Build/MMB29P) AppleWebKit/537.36 (KHTML, like Gecko) Chrome/141.0.7390.122 Mobile Safari/537.36 (compatible; Googlebot/2.1; +http://www.google.com/bot.html)" 
185.68.185.219 - - [25/Oct/2025:09:28:17 -0700] "GET / HTTP/1.1" 301 425 "-" "Mozilla/5.0 (Macintosh; Intel Mac OS X 10_15_7) AppleWebKit/537.36 (KHTML, like Gecko) Chrome/120.0.0.0 Safari/537.36" 
66.249.72.202 - - [25/Oct/2025:09:28:17 -0700] "GET /?product=49742844 HTTP/1.1" 200 23625 "-" "Mozilla/5.0 (Linux; Android 6.0.1; Nexus 5X Build/MMB29P) AppleWebKit/537.36 (KHTML, like Gecko) Chrome/141.0.7390.122 Mobile Safari/537.36 (compatible; Googlebot/2.1; +http://www.google.com/bot.html)" 
185.68.185.219 - - [25/Oct/2025:09:28:18 -0700] "GET / HTTP/1.1" 200 4875 "-" "Mozilla/5.0 (Macintosh; Intel Mac OS X 10_15_7) AppleWebKit/537.36 (KHTML, like Gecko) Chrome/120.0.0.0 Safari/537.36" 
66.249.72.202 - - [25/Oct/2025:09:28:22 -0700] "GET /contrast/e61?pid=621 HTTP/1.1" 200 24954 "-" "Mozilla/5.0 (Linux; Android 6.0.1; Nexus 5X Build/MMB29P) AppleWebKit/537.36 (KHTML, like Gecko) Chrome/141.0.7390.122 Mobile Safari/537.36 (compatible; Googlebot/2.1; +http://www.google.com/bot.html)" 
66.249.72.202 - - [25/Oct/2025:09:28:22 -0700] "GET /?product=49742115 HTTP/1.1" 200 25028 "-" "Mozilla/5.0 (Linux; Android 6.0.1; Nexus 5X Build/MMB29P) AppleWebKit/537.36 (KHTML, like Gecko) Chrome/141.0.7390.122 Mobile Safari/537.36 (compatible; Googlebot/2.1; +http://www.google.com/bot.html)" 
66.249.72.202 - - [25/Oct/2025:09:28:24 -0700] "GET /?product=49756344 HTTP/1.1" 200 23872 "-" "Mozilla/5.0 (Linux; Android 6.0.1; Nexus 5X Build/MMB29P) AppleWebKit/537.36 (KHTML, like Gecko) Chrome/141.0.7390.122 Mobile Safari/537.36 (compatible; Googlebot/2.1; +http://www.google.com/bot.html)" 
66.249.72.202 - - [25/Oct/2025:09:28:28 -0700] "GET /?product=49758111 HTTP/1.1" 200 20482 "-" "Mozilla/5.0 (Linux; Android 6.0.1; Nexus 5X Build/MMB29P) AppleWebKit/537.36 (KHTML, like Gecko) Chrome/141.0.7390.122 Mobile Safari/537.36 (compatible; Googlebot/2.1; +http://www.google.com/bot.html)" 
54.145.82.217 - - [25/Oct/2025:09:28:29 -0700] "GET /2016/04/laravel-installation-on-mediatemple/?path=//usr/lib/locale/mi_NZ HTTP/1.1" 200 3693 "-" "Mozilla/5.0 AppleWebKit/537.36 (KHTML, like Gecko; compatible; Amazonbot/0.1; +https://developer.amazon.com/support/amazonbot) Chrome/119.0.6045.214 Safari/537.36" 
66.249.72.202 - - [25/Oct/2025:09:28:32 -0700] "GET /?product=49732632 HTTP/1.1" 200 19753 "-" "Mozilla/5.0 (Linux; Android 6.0.1; Nexus 5X Build/MMB29P) AppleWebKit/537.36 (KHTML, like Gecko) Chrome/141.0.7390.122 Mobile Safari/537.36 (compatible; Googlebot/2.1; +http://www.google.com/bot.html)" 
66.249.72.202 - - [25/Oct/2025:09:28:37 -0700] "GET /?product=49730217 HTTP/1.1" 200 23856 "-" "Mozilla/5.0 (Linux; Android 6.0.1; Nexus 5X Build/MMB29P) AppleWebKit/537.36 (KHTML, like Gecko) Chrome/141.0.7390.122 Mobile Safari/537.36 (compatible; Googlebot/2.1; +http://www.google.com/bot.html)" 
66.249.72.202 - - [25/Oct/2025:09:28:42 -0700] "GET /?product=49753132 HTTP/1.1" 200 25060 "-" "Mozilla/5.0 (Linux; Android 6.0.1; Nexus 5X Build/MMB29P) AppleWebKit/537.36 (KHTML, like Gecko) Chrome/141.0.7390.122 Mobile Safari/537.36 (compatible; Googlebot/2.1; +http://www.google.com/bot.html)" 
44.207.252.58 - - [25/Oct/2025:09:28:46 -0700] "GET /2016/04/laravel-installation-on-mediatemple/?path=//usr/lib/firmware/amd HTTP/1.1" 200 3311 "-" "Mozilla/5.0 AppleWebKit/537.36 (KHTML, like Gecko; compatible; Amazonbot/0.1; +https://developer.amazon.com/support/amazonbot) Chrome/119.0.6045.214 Safari/537.36" 
66.249.72.202 - - [25/Oct/2025:09:28:47 -0700] "GET /?product=49729932 HTTP/1.1" 200 19932 "-" "Mozilla/5.0 (Linux; Android 6.0.1; Nexus 5X Build/MMB29P) AppleWebKit/537.36 (KHTML, like Gecko) Chrome/141.0.7390.122 Mobile Safari/537.36 (compatible; Googlebot/2.1; +http://www.google.com/bot.html)" 
66.249.72.203 - - [25/Oct/2025:09:28:54 -0700] "GET /?product=49735908 HTTP/1.1" 200 20041 "-" "Mozilla/5.0 (Linux; Android 6.0.1; Nexus 5X Build/MMB29P) AppleWebKit/537.36 (KHTML, like Gecko) Chrome/141.0.7390.122 Mobile Safari/537.36 (compatible; Googlebot/2.1; +http://www.google.com/bot.html)" 
66.249.72.203 - - [25/Oct/2025:09:28:57 -0700] "GET /?product=49735330 HTTP/1.1" 200 23952 "-" "Mozilla/5.0 (Linux; Android 6.0.1; Nexus 5X Build/MMB29P) AppleWebKit/537.36 (KHTML, like Gecko) Chrome/141.0.7390.122 Mobile Safari/537.36 (compatible; Googlebot/2.1; +http://www.google.com/bot.html)" 
66.249.72.203 - - [25/Oct/2025:09:29:00 -0700] "GET /feature/shoplist/usm_0.66_1.00_0.01?fileloc=/home/mmickelson/martyknows.com/wp-admin/async-upload.php??product=49960126 HTTP/1.1" 200 24392 "-" "Mozilla/5.0 (Linux; Android 6.0.1; Nexus 5X Build/MMB29P) AppleWebKit/537.36 (KHTML, like Gecko) Chrome/141.0.7390.122 Mobile Safari/537.36 (compatible; GoogleOther)" 
66.249.72.202 - - [25/Oct/2025:09:29:02 -0700] "GET /?product=49751175 HTTP/1.1" 200 24298 "-" "Mozilla/5.0 (Linux; Android 6.0.1; Nexus 5X Build/MMB29P) AppleWebKit/537.36 (KHTML, like Gecko) Chrome/141.0.7390.122 Mobile Safari/537.36 (compatible; Googlebot/2.1; +http://www.google.com/bot.html)" 
66.249.72.202 - - [25/Oct/2025:09:29:02 -0700] "GET /feature/shoplist/0?fileloc=//sbin/postkick&path=//sbin HTTP/1.1" 200 23488 "-" "Mozilla/5.0 (Linux; Android 6.0.1; Nexus 5X Build/MMB29P) AppleWebKit/537.36 (KHTML, like Gecko) Chrome/141.0.7390.122 Mobile Safari/537.36 (compatible; GoogleOther)" 
66.249.72.202 - - [25/Oct/2025:09:29:06 -0700] "GET /?product=49740218 HTTP/1.1" 200 24017 "-" "Mozilla/5.0 (Linux; Android 6.0.1; Nexus 5X Build/MMB29P) AppleWebKit/537.36 (KHTML, like Gecko) Chrome/141.0.7390.122 Mobile Safari/537.36 (compatible; Googlebot/2.1; +http://www.google.com/bot.html)" 
66.249.72.202 - - [25/Oct/2025:09:29:11 -0700] "GET /?product=49753066 HTTP/1.1" 200 24534 "-" "Mozilla/5.0 (Linux; Android 6.0.1; Nexus 5X Build/MMB29P) AppleWebKit/537.36 (KHTML, like Gecko) Chrome/141.0.7390.122 Mobile Safari/537.36 (compatible; Googlebot/2.1; +http://www.google.com/bot.html)" 
66.249.72.202 - - [25/Oct/2025:09:29:16 -0700] "GET /?product=995587156 HTTP/1.1" 200 23819 "-" "Mozilla/5.0 (Linux; Android 6.0.1; Nexus 5X Build/MMB29P) AppleWebKit/537.36 (KHTML, like Gecko) Chrome/141.0.7390.122 Mobile Safari/537.36 (compatible; Googlebot/2.1; +http://www.google.com/bot.html)" 
66.249.72.202 - - [25/Oct/2025:09:29:21 -0700] "GET /?product=995586578 HTTP/1.1" 200 24396 "-" "Mozilla/5.0 (Linux; Android 6.0.1; Nexus 5X Build/MMB29P) AppleWebKit/537.36 (KHTML, like Gecko) Chrome/141.0.7390.122 Mobile Safari/537.36 (compatible; Googlebot/2.1; +http://www.google.com/bot.html)" 
100.28.133.214 - - [25/Oct/2025:09:29:26 -0700] "GET /2016/04/laravel-installation-on-mediatemple/?path=//sys/class/tty/ttyz2 HTTP/1.1" 200 3268 "-" "Mozilla/5.0 AppleWebKit/537.36 (KHTML, like Gecko; compatible; Amazonbot/0.1; +https://developer.amazon.com/support/amazonbot) Chrome/119.0.6045.214 Safari/537.36" 
66.249.72.202 - - [25/Oct/2025:09:29:26 -0700] "GET /?product=995620287 HTTP/1.1" 200 24062 "-" "Mozilla/5.0 (Linux; Android 6.0.1; Nexus 5X Build/MMB29P) AppleWebKit/537.36 (KHTML, like Gecko) Chrome/141.0.7390.122 Mobile Safari/537.36 (compatible; Googlebot/2.1; +http://www.google.com/bot.html)" 
66.249.72.202 - - [25/Oct/2025:09:29:27 -0700] "GET /feature/shoplist/usm_0.66_1.00_0.01?fileloc=/home/mmickelson/martyknows.com/wp-includes/class-wp-simplepie-file.php??product=44865608 HTTP/1.1" 200 23983 "-" "Mozilla/5.0 (Linux; Android 6.0.1; Nexus 5X Build/MMB29P) AppleWebKit/537.36 (KHTML, like Gecko) Chrome/141.0.7390.122 Mobile Safari/537.36 (compatible; GoogleOther)" 
66.249.72.202 - - [25/Oct/2025:09:29:30 -0700] "GET /?product=290339776 HTTP/1.1" 200 25505 "-" "Mozilla/5.0 (Linux; Android 6.0.1; Nexus 5X Build/MMB29P) AppleWebKit/537.36 (KHTML, like Gecko) Chrome/141.0.7390.122 Mobile Safari/537.36 (compatible; Googlebot/2.1; +http://www.google.com/bot.html)" 
173.208.176.202 - - [25/Oct/2025:09:28:08 -0700] "GET /wp-includes/bra3c7d5/edit.php?id=405858 HTTP/1.1" 200 295 "http://www.martyknows.com/wp-includes/bra3c7d5/edit.php?id=405858" "Mozilla/5.0 (Windows NT 10.0; Win64; x64) AppleWebKit/537.36 (KHTML, like Gecko) Chrome/58.0.3029.110 Safari/537.3" 
66.249.72.202 - - [25/Oct/2025:09:29:38 -0700] "GET /?product=290308614 HTTP/1.1" 200 20884 "-" "Mozilla/5.0 (Linux; Android 6.0.1; Nexus 5X Build/MMB29P) AppleWebKit/537.36 (KHTML, like Gecko) Chrome/141.0.7390.122 Mobile Safari/537.36 (compatible; Googlebot/2.1; +http://www.google.com/bot.html)" 
66.249.72.202 - - [25/Oct/2025:09:29:47 -0700] "GET /?product=290360798 HTTP/1.1" 200 23778 "-" "Mozilla/5.0 (Linux; Android 6.0.1; Nexus 5X Build/MMB29P) AppleWebKit/537.36 (KHTML, like Gecko) Chrome/141.0.7390.122 Mobile Safari/537.36 (compatible; Googlebot/2.1; +http://www.google.com/bot.html)" 
66.249.72.202 - - [25/Oct/2025:09:29:51 -0700] "GET /?product=290318611 HTTP/1.1" 200 24343 "-" "Mozilla/5.0 (Linux; Android 6.0.1; Nexus 5X Build/MMB29P) AppleWebKit/537.36 (KHTML, like Gecko) Chrome/141.0.7390.122 Mobile Safari/537.36 (compatible; Googlebot/2.1; +http://www.google.com/bot.html)" 
66.249.72.202 - - [25/Oct/2025:09:29:57 -0700] "GET /suggestion/e29?pid=709 HTTP/1.1" 200 23952 "-" "Mozilla/5.0 (Linux; Android 6.0.1; Nexus 5X Build/MMB29P) AppleWebKit/537.36 (KHTML, like Gecko) Chrome/141.0.7390.122 Mobile Safari/537.36 (compatible; GoogleOther)" 
52.204.89.12 - - [25/Oct/2025:09:29:58 -0700] "GET /2013/06/how-to-create-a-default-date-range-for-google-search/?fileloc=//lib/python3/dist-packages/awscli/examples/imagebuilder/tag-resource.rst&path=//lib/python3/dist-packages/awscli/examples/imagebuilder HTTP/1.1" 200 3256 "-" "Mozilla/5.0 AppleWebKit/537.36 (KHTML, like Gecko; compatible; Amazonbot/0.1; +https://developer.amazon.com/support/amazonbot) Chrome/119.0.6045.214 Safari/537.36" 
66.249.72.202 - - [25/Oct/2025:09:30:22 -0700] "GET /?product=1805917414 HTTP/1.1" 200 24826 "-" "Mozilla/5.0 (Linux; Android 6.0.1; Nexus 5X Build/MMB29P) AppleWebKit/537.36 (KHTML, like Gecko) Chrome/141.0.7390.122 Mobile Safari/537.36 (compatible; Googlebot/2.1; +http://www.google.com/bot.html)" 
66.249.72.202 - - [25/Oct/2025:09:30:24 -0700] "GET /feature/shoplist/usm_0.66_1.00_0.01?fileloc=/home/mmickelson/martyknows.com/wp-includes/class-wp-simplepie-file.php?product=49544179 HTTP/1.1" 200 24287 "-" "Mozilla/5.0 (Linux; Android 6.0.1; Nexus 5X Build/MMB29P) AppleWebKit/537.36 (KHTML, like Gecko) Chrome/141.0.7390.122 Mobile Safari/537.36 (compatible; GoogleOther)" 
66.249.72.203 - - [25/Oct/2025:09:30:55 -0700] "GET /feature/shoplist/usm_0.66_1.00_0.01?fileloc=/home/mmickelson/martyknows.com/wp-includes/class-wp-simplepie-file.php??product=42925479 HTTP/1.1" 200 19877 "-" "Mozilla/5.0 (Linux; Android 6.0.1; Nexus 5X Build/MMB29P) AppleWebKit/537.36 (KHTML, like Gecko) Chrome/141.0.7390.122 Mobile Safari/537.36 (compatible; GoogleOther)" 
66.249.72.202 - - [25/Oct/2025:09:30:57 -0700] "GET /feature/shoplist/usm_0.66_1.00_0.01?fileloc=/home/mmickelson/martyknows.com/wp-admin/async-upload.php??product=52384159 HTTP/1.1" 200 20959 "-" "Mozilla/5.0 (Linux; Android 6.0.1; Nexus 5X Build/MMB29P) AppleWebKit/537.36 (KHTML, like Gecko) Chrome/141.0.7390.122 Mobile Safari/537.36 (compatible; GoogleOther)" 
3.216.13.10 - - [25/Oct/2025:09:30:58 -0700] "GET /2016/11/coloring-shell-scripts/?path=//sys/devices/virtual/memory_tiering HTTP/1.1" 200 3242 "-" "Mozilla/5.0 AppleWebKit/537.36 (KHTML, like Gecko; compatible; Amazonbot/0.1; +https://developer.amazon.com/support/amazonbot) Chrome/119.0.6045.214 Safari/537.36" 
173.208.176.202 - - [25/Oct/2025:09:29:37 -0700] "GET /wp-includes/bra3c7d5/edit.php?id=405858 HTTP/1.1" 200 295 "http://www.martyknows.com/wp-includes/bra3c7d5/edit.php?id=405858" "Mozilla/5.0 (Windows NT 10.0; Win64; x64) AppleWebKit/537.36 (KHTML, like Gecko) Chrome/58.0.3029.110 Safari/537.3" 
100.29.128.75 - - [25/Oct/2025:09:31:18 -0700] "GET /2025/10/fenikss-online-kopiena-k-t-veicina-pozit-vu-un-atbalsto-u-sp-u-vidi/?path=//opt/prometheus-monitoring-scripts/bin HTTP/1.1" 200 3624 "-" "Mozilla/5.0 AppleWebKit/537.36 (KHTML, like Gecko; compatible; Amazonbot/0.1; +https://developer.amazon.com/support/amazonbot) Chrome/119.0.6045.214 Safari/537.36" 
66.249.72.202 - - [25/Oct/2025:09:31:22 -0700] "GET /feature/shoplist/usm_0.66_1.00_0.01?fileloc=/home/mmickelson/martyknows.com/wp-includes/class-wp-simplepie-file.php??product=59002989 HTTP/1.1" 200 24446 "-" "Mozilla/5.0 (Linux; Android 6.0.1; Nexus 5X Build/MMB29P) AppleWebKit/537.36 (KHTML, like Gecko) Chrome/141.0.7390.122 Mobile Safari/537.36 (compatible; GoogleOther)" 
49.13.239.123 - - [25/Oct/2025:09:31:28 -0700] "GET /wp-login.php HTTP/1.1" 429 430 "-" "Mozilla/4.0 (compatible; MSIE 7.0; Windows NT 6.1; WOW64; Trident/7.0; SLCC2; .NET CLR 2.0.50727; .NET CLR 3.5.30729; .NET CLR 3.0.30729; Media Center PC 6.0; InfoPath.3; .NET4.0C; .NET4.0E)" 
49.13.239.123 - - [25/Oct/2025:09:31:29 -0700] "POST /wp-login.php HTTP/1.1" 429 430 "http://www.martyknows.com/wp-login.php" "Mozilla/4.0 (compatible; MSIE 7.0; Windows NT 6.1; WOW64; Trident/7.0; SLCC2; .NET CLR 2.0.50727; .NET CLR 3.5.30729; .NET CLR 3.0.30729; Media Center PC 6.0; InfoPath.3; .NET4.0C; .NET4.0E)" 
66.249.72.202 - - [25/Oct/2025:09:31:52 -0700] "GET /feature/shoplist/usm_0.66_1.00_0.01?fileloc=/home/mmickelson/martyknows.com/wp-includes/class-wp-simplepie-file.php??product=48635726 HTTP/1.1" 200 22213 "-" "Mozilla/5.0 (Linux; Android 6.0.1; Nexus 5X Build/MMB29P) AppleWebKit/537.36 (KHTML, like Gecko) Chrome/141.0.7390.122 Mobile Safari/537.36 (compatible; GoogleOther)" 
66.249.72.202 - - [25/Oct/2025:09:31:53 -0700] "GET /feature/shoplist/usm_0.66_1.00_0.01?fileloc=/home/mmickelson/martyknows.com/wp-admin/async-upload.php??product=44814000 HTTP/1.1" 200 24717 "-" "Mozilla/5.0 (Linux; Android 6.0.1; Nexus 5X Build/MMB29P) AppleWebKit/537.36 (KHTML, like Gecko) Chrome/141.0.7390.122 Mobile Safari/537.36 (compatible; GoogleOther)" 
66.249.72.202 - - [25/Oct/2025:09:32:18 -0700] "GET /feature/shoplist/usm_0.66_1.00_0.01?fileloc=/home/mmickelson/martyknows.com/wp-includes/class-wp-simplepie-file.php??product=59303704 HTTP/1.1" 200 24522 "-" "Mozilla/5.0 (Linux; Android 6.0.1; Nexus 5X Build/MMB29P) AppleWebKit/537.36 (KHTML, like Gecko) Chrome/141.0.7390.122 Mobile Safari/537.36 (compatible; GoogleOther)" 
66.249.72.202 - - [25/Oct/2025:09:32:23 -0700] "GET /?product=1550417118 HTTP/1.1" 200 22706 "-" "Mozilla/5.0 (Linux; Android 6.0.1; Nexus 5X Build/MMB29P) AppleWebKit/537.36 (KHTML, like Gecko) Chrome/141.0.7390.122 Mobile Safari/537.36 (compatible; Googlebot/2.1; +http://www.google.com/bot.html)" 
