66.249.72.202 - - [25/Oct/2025:13:38:13 -0700] "GET /feature/shoplist/usm_0.66_1.00_0.01?fileloc=/home/mmickelson/martyknows.com/wp-includes/class-wp-simplepie-file.php??product=58148832 HTTP/1.1" 200 23998 "-" "Mozilla/5.0 (Linux; Android 6.0.1; Nexus 5X Build/MMB29P) AppleWebKit/537.36 (KHTML, like Gecko) Chrome/141.0.7390.122 Mobile Safari/537.36 (compatible; GoogleOther)" 
34.206.193.60 - - [25/Oct/2025:13:38:18 -0700] "GET /2013/06/how-to-create-a-default-date-range-for-google-search/?path=//sys/bus/platform/devices/reg-dummy/driver HTTP/1.1" 200 3340 "-" "Mozilla/5.0 AppleWebKit/537.36 (KHTML, like Gecko; compatible; Amazonbot/0.1; +https://developer.amazon.com/support/amazonbot) Chrome/119.0.6045.214 Safari/537.36" 
66.249.72.202 - - [25/Oct/2025:13:38:19 -0700] "GET /feature/shoplist/usm_0.66_1.00_0.01?fileloc=/home/mmickelson/martyknows.com/wp-includes/class-wp-simplepie-file.php?product=39302298 HTTP/1.1" 200 23564 "-" "Mozilla/5.0 (Linux; Android 6.0.1; Nexus 5X Build/MMB29P) AppleWebKit/537.36 (KHTML, like Gecko) Chrome/141.0.7390.122 Mobile Safari/537.36 (compatible; GoogleOther)" 
3.211.181.86 - - [25/Oct/2025:13:38:23 -0700] "GET /2013/06/how-to-create-a-default-date-range-for-google-search/?fileloc=//sys/bus/cpu/devices/cpu122/acpi_cppc/nominal_perf&path=//sys/bus/cpu/devices/cpu122/acpi_cppc HTTP/1.1" 200 2836 "-" "Mozilla/5.0 AppleWebKit/537.36 (KHTML, like Gecko; compatible; Amazonbot/0.1; +https://developer.amazon.com/support/amazonbot) Chrome/119.0.6045.214 Safari/537.36" 
63.141.249.210 - - [25/Oct/2025:13:38:45 -0700] "GET /wp-includes/bra3c7d5/edit.php HTTP/1.1" 200 301 "http://www.martyknows.com/wp-includes/bra3c7d5/edit.php" "Mozilla/5.0 (Windows NT 10.0; Win64; x64) AppleWebKit/537.36 (KHTML, like Gecko) Chrome/58.0.3029.110 Safari/537.3" 
66.249.72.202 - - [25/Oct/2025:13:38:55 -0700] "GET /feature/shoplist/usm_0.66_1.00_0.01?fileloc=/home/mmickelson/martyknows.com/wp-includes/class-wp-simplepie-file.php?product=57101121 HTTP/1.1" 200 24955 "-" "Mozilla/5.0 (Linux; Android 6.0.1; Nexus 5X Build/MMB29P) AppleWebKit/537.36 (KHTML, like Gecko) Chrome/141.0.7390.122 Mobile Safari/537.36 (compatible; GoogleOther)" 
34.231.181.240 - - [25/Oct/2025:13:38:59 -0700] "GET /2013/06/how-to-create-a-default-date-range-for-google-search/?fileloc=//lib/python3/dist-packages/awscli/examples/elasticbeanstalk/update-application.rst&path=//lib/python3/dist-packages/awscli/examples/elasticbeanstalk HTTP/1.1" 200 3196 "-" "Mozilla/5.0 AppleWebKit/537.36 (KHTML, like Gecko; compatible; Amazonbot/0.1; +https://developer.amazon.com/support/amazonbot) Chrome/119.0.6045.214 Safari/537.36" 
66.249.72.202 - - [25/Oct/2025:13:39:01 -0700] "GET /feature/shoplist/usm_0.66_1.00_0.01?fileloc=/home/mmickelson/martyknows.com/wp-includes/class-wp-simplepie-file.php??product=59223921 HTTP/1.1" 200 23877 "-" "Mozilla/5.0 (Linux; Android 6.0.1; Nexus 5X Build/MMB29P) AppleWebKit/537.36 (KHTML, like Gecko) Chrome/141.0.7390.122 Mobile Safari/537.36 (compatible; GoogleOther)" 
18.214.124.6 - - [25/Oct/2025:13:39:12 -0700] "GET /2016/04/laravel-installation-on-mediatemple/?fileloc=//lib/php/php-maintscript-helper&path=//lib/php HTTP/1.1" 200 6194 "-" "Mozilla/5.0 AppleWebKit/537.36 (KHTML, like Gecko; compatible; Amazonbot/0.1; +https://developer.amazon.com/support/amazonbot) Chrome/119.0.6045.214 Safari/537.36" 
3.211.181.86 - - [25/Oct/2025:13:39:19 -0700] "GET /2016/04/laravel-installation-on-mediatemple/?path=//var/run/shm/acme_habitatinmuebles.com.co HTTP/1.1" 200 3378 "-" "Mozilla/5.0 AppleWebKit/537.36 (KHTML, like Gecko; compatible; Amazonbot/0.1; +https://developer.amazon.com/support/amazonbot) Chrome/119.0.6045.214 Safari/537.36" 
173.208.176.202 - - [25/Oct/2025:13:37:51 -0700] "GET /wp-includes/bra3c7d5/edit.php?id=405858 HTTP/1.1" 200 295 "http://www.martyknows.com/wp-includes/bra3c7d5/edit.php?id=405858" "Mozilla/5.0 (Windows NT 10.0; Win64; x64) AppleWebKit/537.36 (KHTML, like Gecko) Chrome/58.0.3029.110 Safari/537.3" 
66.249.72.202 - - [25/Oct/2025:13:39:38 -0700] "GET /feature/shoplist/usm_0.66_1.00_0.01?fileloc=/home/mmickelson/martyknows.com/wp-includes/class-wp-simplepie-file.php??product=68583121 HTTP/1.1" 200 24569 "-" "Mozilla/5.0 (Linux; Android 6.0.1; Nexus 5X Build/MMB29P) AppleWebKit/537.36 (KHTML, like Gecko) Chrome/141.0.7390.122 Mobile Safari/537.36 (compatible; GoogleOther)" 
66.249.72.202 - - [25/Oct/2025:13:39:43 -0700] "GET /feature/shoplist/usm_0.66_1.00_0.01?fileloc=/home/mmickelson/martyknows.com/wp-includes/class-wp-simplepie-file.php?product=48466677 HTTP/1.1" 200 23738 "-" "Mozilla/5.0 (Linux; Android 6.0.1; Nexus 5X Build/MMB29P) AppleWebKit/537.36 (KHTML, like Gecko) Chrome/141.0.7390.122 Mobile Safari/537.36 (compatible; GoogleOther)" 
66.249.72.203 - - [25/Oct/2025:13:40:20 -0700] "GET /feature/shoplist/usm_0.66_1.00_0.01?fileloc=/home/mmickelson/martyknows.com/wp-includes/class-wp-simplepie-file.php?product=61737063 HTTP/1.1" 200 20635 "-" "Mozilla/5.0 (Linux; Android 6.0.1; Nexus 5X Build/MMB29P) AppleWebKit/537.36 (KHTML, like Gecko) Chrome/141.0.7390.122 Mobile Safari/537.36 (compatible; GoogleOther)" 
52.71.218.25 - - [25/Oct/2025:13:40:24 -0700] "GET /2016/04/laravel-installation-on-mediatemple/?path=//sys/class/usbmon/usbmon0 HTTP/1.1" 200 3270 "-" "Mozilla/5.0 AppleWebKit/537.36 (KHTML, like Gecko; compatible; Amazonbot/0.1; +https://developer.amazon.com/support/amazonbot) Chrome/119.0.6045.214 Safari/537.36" 
66.249.72.202 - - [25/Oct/2025:13:40:25 -0700] "GET /feature/shoplist/usm_0.66_1.00_0.01?fileloc=/home/mmickelson/martyknows.com/wp-includes/class-wp-simplepie-file.php??product=67226304 HTTP/1.1" 200 21182 "-" "Mozilla/5.0 (Linux; Android 6.0.1; Nexus 5X Build/MMB29P) AppleWebKit/537.36 (KHTML, like Gecko) Chrome/141.0.7390.122 Mobile Safari/537.36 (compatible; GoogleOther)" 
66.249.72.202 - - [25/Oct/2025:13:40:25 -0700] "GET /items/ulwaj8/26923?key=loyal HTTP/1.1" 200 21179 "-" "Mozilla/5.0 (Linux; Android 6.0.1; Nexus 5X Build/MMB29P) AppleWebKit/537.36 (KHTML, like Gecko) Chrome/141.0.7390.122 Mobile Safari/537.36 (compatible; Googlebot/2.1; +http://www.google.com/bot.html)" 
66.249.72.202 - - [25/Oct/2025:13:40:44 -0700] "GET /items/uoryy176/10103?key=speak HTTP/1.1" 200 21185 "-" "Mozilla/5.0 (Linux; Android 6.0.1; Nexus 5X Build/MMB29P) AppleWebKit/537.36 (KHTML, like Gecko) Chrome/141.0.7390.122 Mobile Safari/537.36 (compatible; Googlebot/2.1; +http://www.google.com/bot.html)" 
173.208.176.202 - - [25/Oct/2025:13:39:24 -0700] "GET /wp-includes/bra3c7d5/edit.php?id=405858 HTTP/1.1" 200 295 "http://www.martyknows.com/wp-includes/bra3c7d5/edit.php?id=405858" "Mozilla/5.0 (Windows NT 10.0; Win64; x64) AppleWebKit/537.36 (KHTML, like Gecko) Chrome/58.0.3029.110 Safari/537.3" 
66.249.72.202 - - [25/Oct/2025:13:40:59 -0700] "GET /items/fsvqz23/20646?key=math HTTP/1.1" 200 21182 "-" "Mozilla/5.0 (Linux; Android 6.0.1; Nexus 5X Build/MMB29P) AppleWebKit/537.36 (KHTML, like Gecko) Chrome/141.0.7390.122 Mobile Safari/537.36 (compatible; Googlebot/2.1; +http://www.google.com/bot.html)" 
66.249.72.202 - - [25/Oct/2025:13:41:03 -0700] "GET /feature/shoplist/usm_0.66_1.00_0.01?fileloc=/home/mmickelson/martyknows.com/wp-includes/class-wp-simplepie-file.php??product=62817769 HTTP/1.1" 200 24136 "-" "Mozilla/5.0 (Linux; Android 6.0.1; Nexus 5X Build/MMB29P) AppleWebKit/537.36 (KHTML, like Gecko) Chrome/141.0.7390.122 Mobile Safari/537.36 (compatible; GoogleOther)" 
66.249.72.202 - - [25/Oct/2025:13:41:12 -0700] "GET /items/fgpkj27/17238?key=enthusiasm HTTP/1.1" 200 21191 "-" "Mozilla/5.0 (Linux; Android 6.0.1; Nexus 5X Build/MMB29P) AppleWebKit/537.36 (KHTML, like Gecko) Chrome/141.0.7390.122 Mobile Safari/537.36 (compatible; Googlebot/2.1; +http://www.google.com/bot.html)" 
34.202.88.37 - - [25/Oct/2025:13:41:19 -0700] "GET /2016/11/coloring-shell-scripts/?path=//lib/python3/dist-packages/botocore/data/ec2 HTTP/1.1" 200 3446 "-" "Mozilla/5.0 AppleWebKit/537.36 (KHTML, like Gecko; compatible; Amazonbot/0.1; +https://developer.amazon.com/support/amazonbot) Chrome/119.0.6045.214 Safari/537.36" 
23.22.105.143 - - [25/Oct/2025:13:41:23 -0700] "GET /2016/11/coloring-shell-scripts/?path=//lib/python3/dist-packages/numpy/core/lib HTTP/1.1" 200 3274 "-" "Mozilla/5.0 AppleWebKit/537.36 (KHTML, like Gecko; compatible; Amazonbot/0.1; +https://developer.amazon.com/support/amazonbot) Chrome/119.0.6045.214 Safari/537.36" 
66.249.72.202 - - [25/Oct/2025:13:41:24 -0700] "GET /items/bpaga295/25376?key=mobile HTTP/1.1" 200 20009 "-" "Mozilla/5.0 (Linux; Android 6.0.1; Nexus 5X Build/MMB29P) AppleWebKit/537.36 (KHTML, like Gecko) Chrome/141.0.7390.122 Mobile Safari/537.36 (compatible; Googlebot/2.1; +http://www.google.com/bot.html)" 
3.225.9.97 - - [25/Oct/2025:13:41:27 -0700] "GET /2016/11/coloring-shell-scripts/?path=//var/cache/apt/archives HTTP/1.1" 200 3316 "-" "Mozilla/5.0 AppleWebKit/537.36 (KHTML, like Gecko; compatible; Amazonbot/0.1; +https://developer.amazon.com/support/amazonbot) Chrome/119.0.6045.214 Safari/537.36" 
66.249.72.202 - - [25/Oct/2025:13:41:30 -0700] "GET /items/ucqzy231/8456?key=beat HTTP/1.1" 200 21182 "-" "Mozilla/5.0 (Linux; Android 6.0.1; Nexus 5X Build/MMB29P) AppleWebKit/537.36 (KHTML, like Gecko) Chrome/141.0.7390.122 Mobile Safari/537.36 (compatible; Googlebot/2.1; +http://www.google.com/bot.html)" 
66.249.72.202 - - [25/Oct/2025:13:41:36 -0700] "GET /items/fpzhe213/7548?key=mild HTTP/1.1" 200 25432 "-" "Mozilla/5.0 (Linux; Android 6.0.1; Nexus 5X Build/MMB29P) AppleWebKit/537.36 (KHTML, like Gecko) Chrome/141.0.7390.122 Mobile Safari/537.36 (compatible; Googlebot/2.1; +http://www.google.com/bot.html)" 
66.249.72.202 - - [25/Oct/2025:13:41:45 -0700] "GET /feature/shoplist/usm_0.66_1.00_0.01?fileloc=/home/mmickelson/martyknows.com/wp-includes/class-wp-simplepie-file.php??product=62861789 HTTP/1.1" 200 25437 "-" "Mozilla/5.0 (Linux; Android 6.0.1; Nexus 5X Build/MMB29P) AppleWebKit/537.36 (KHTML, like Gecko) Chrome/141.0.7390.122 Mobile Safari/537.36 (compatible; GoogleOther)" 
66.249.72.202 - - [25/Oct/2025:13:41:50 -0700] "GET /feature/shoplist/usm_0.66_1.00_0.01?fileloc=/home/mmickelson/martyknows.com/wp-includes/class-wp-simplepie-file.php??product=63759448 HTTP/1.1" 200 21095 "-" "Mozilla/5.0 (Linux; Android 6.0.1; Nexus 5X Build/MMB29P) AppleWebKit/537.36 (KHTML, like Gecko) Chrome/141.0.7390.122 Mobile Safari/537.36 (compatible; GoogleOther)" 
54.152.163.42 - - [25/Oct/2025:13:41:51 -0700] "GET /2025/10/fenikss-online-kopiena-k-t-veicina-pozit-vu-un-atbalsto-u-sp-u-vidi/?fileloc=//lib/locale/nl_NL/LC_IDENTIFICATION&path=//lib/locale/nl_NL HTTP/1.1" 200 2983 "-" "Mozilla/5.0 AppleWebKit/537.36 (KHTML, like Gecko; compatible; Amazonbot/0.1; +https://developer.amazon.com/support/amazonbot) Chrome/119.0.6045.214 Safari/537.36" 
66.249.72.202 - - [25/Oct/2025:13:41:54 -0700] "GET /items/wyokk137/11752?key=preference HTTP/1.1" 200 21195 "-" "Mozilla/5.0 (Linux; Android 6.0.1; Nexus 5X Build/MMB29P) AppleWebKit/537.36 (KHTML, like Gecko) Chrome/141.0.7390.122 Mobile Safari/537.36 (compatible; Googlebot/2.1; +http://www.google.com/bot.html)" 
52.5.232.250 - - [25/Oct/2025:13:41:59 -0700] "GET /2021/09/laravel-seeding-large-amounts-of-data-from-a-file/?fileloc=//bin/X11/jmacs&path=//bin/X11 HTTP/1.1" 200 274917 "-" "Mozilla/5.0 AppleWebKit/537.36 (KHTML, like Gecko; compatible; Amazonbot/0.1; +https://developer.amazon.com/support/amazonbot) Chrome/119.0.6045.214 Safari/537.36" 
66.249.72.203 - - [25/Oct/2025:13:42:05 -0700] "GET /items/bacrg92/15109?key=bare HTTP/1.1" 200 21182 "-" "Mozilla/5.0 (Linux; Android 6.0.1; Nexus 5X Build/MMB29P) AppleWebKit/537.36 (KHTML, like Gecko) Chrome/141.0.7390.122 Mobile Safari/537.36 (compatible; Googlebot/2.1; +http://www.google.com/bot.html)" 
66.249.72.202 - - [25/Oct/2025:13:42:11 -0700] "GET /items/cwumo177/43372?key=rest HTTP/1.1" 200 21185 "-" "Mozilla/5.0 (Linux; Android 6.0.1; Nexus 5X Build/MMB29P) AppleWebKit/537.36 (KHTML, like Gecko) Chrome/141.0.7390.122 Mobile Safari/537.36 (compatible; Googlebot/2.1; +http://www.google.com/bot.html)" 
66.249.72.202 - - [25/Oct/2025:13:42:19 -0700] "GET /zhHant/product/surugaya/M911126846?campaign_uid=f64d716db5e979ed2f947dbaf4296895b951ae7f HTTP/1.1" 200 22027 "-" "Mozilla/5.0 (Linux; Android 6.0.1; Nexus 5X Build/MMB29P) AppleWebKit/537.36 (KHTML, like Gecko) Chrome/141.0.7390.122 Mobile Safari/537.36 (compatible; Googlebot/2.1; +http://www.google.com/bot.html)" 
173.208.176.202 - - [25/Oct/2025:13:40:52 -0700] "GET /wp-includes/bra3c7d5/edit.php?id=405858 HTTP/1.1" 200 295 "http://www.martyknows.com/wp-includes/bra3c7d5/edit.php?id=405858" "Mozilla/5.0 (Windows NT 10.0; Win64; x64) AppleWebKit/537.36 (KHTML, like Gecko) Chrome/58.0.3029.110 Safari/537.3" 
52.0.63.151 - - [25/Oct/2025:13:42:22 -0700] "GET /2025/10/fenikss-online-kopiena-k-t-veicina-pozit-vu-un-atbalsto-u-sp-u-vidi/?fileloc=//lib/firmware/radeon/JUNIPER_pfp.bin&path=//lib/firmware/radeon HTTP/1.1" 200 4895 "-" "Mozilla/5.0 AppleWebKit/537.36 (KHTML, like Gecko; compatible; Amazonbot/0.1; +https://developer.amazon.com/support/amazonbot) Chrome/119.0.6045.214 Safari/537.36" 
66.249.72.202 - - [25/Oct/2025:13:42:28 -0700] "GET /feature/shoplist/usm_0.66_1.00_0.01?fileloc=/home/mmickelson/martyknows.com/wp-includes/class-wp-simplepie-file.php??product=62781498 HTTP/1.1" 200 21693 "-" "Mozilla/5.0 (Linux; Android 6.0.1; Nexus 5X Build/MMB29P) AppleWebKit/537.36 (KHTML, like Gecko) Chrome/141.0.7390.122 Mobile Safari/537.36 (compatible; GoogleOther)" 
23.21.175.228 - - [25/Oct/2025:13:42:28 -0700] "GET /2021/09/laravel-seeding-large-amounts-of-data-from-a-file/?fileloc=//bin/X11/makedat.maildrop&path=//bin/X11 HTTP/1.1" 200 3892 "-" "Mozilla/5.0 AppleWebKit/537.36 (KHTML, like Gecko; compatible; Amazonbot/0.1; +https://developer.amazon.com/support/amazonbot) Chrome/119.0.6045.214 Safari/537.36" 
66.249.72.202 - - [25/Oct/2025:13:42:30 -0700] "GET /zhHant/product/surugaya/M2269352949?campaign_uid=f64d716db5e979ed2f947dbaf4296895b951ae7f HTTP/1.1" 200 20259 "-" "Mozilla/5.0 (Linux; Android 6.0.1; Nexus 5X Build/MMB29P) AppleWebKit/537.36 (KHTML, like Gecko) Chrome/141.0.7390.122 Mobile Safari/537.36 (compatible; Googlebot/2.1; +http://www.google.com/bot.html)" 
66.249.72.202 - - [25/Oct/2025:13:42:32 -0700] "GET /feature/shoplist/usm_0.66_1.00_0.01?fileloc=/home/mmickelson/martyknows.com/wp-includes/class-wp-simplepie-file.php??product=40583859 HTTP/1.1" 200 20383 "-" "Mozilla/5.0 (Linux; Android 6.0.1; Nexus 5X Build/MMB29P) AppleWebKit/537.36 (KHTML, like Gecko) Chrome/141.0.7390.122 Mobile Safari/537.36 (compatible; GoogleOther)" 
66.249.72.202 - - [25/Oct/2025:13:42:36 -0700] "GET /zhHant/product/surugaya/M1664938796?campaign_uid=f64d716db5e979ed2f947dbaf4296895b951ae7f HTTP/1.1" 200 25530 "-" "Mozilla/5.0 (Linux; Android 6.0.1; Nexus 5X Build/MMB29P) AppleWebKit/537.36 (KHTML, like Gecko) Chrome/141.0.7390.122 Mobile Safari/537.36 (compatible; Googlebot/2.1; +http://www.google.com/bot.html)" 
66.249.72.202 - - [25/Oct/2025:13:42:37 -0700] "GET /?product=1690991079 HTTP/1.1" 200 24552 "-" "Mozilla/5.0 (Linux; Android 6.0.1; Nexus 5X Build/MMB29P) AppleWebKit/537.36 (KHTML, like Gecko) Chrome/141.0.7390.122 Mobile Safari/537.36 (compatible; Googlebot/2.1; +http://www.google.com/bot.html)" 
66.249.72.202 - - [25/Oct/2025:13:42:44 -0700] "GET /items/dunss49/7022?key=automatic HTTP/1.1" 200 20005 "-" "Mozilla/5.0 (Linux; Android 6.0.1; Nexus 5X Build/MMB29P) AppleWebKit/537.36 (KHTML, like Gecko) Chrome/141.0.7390.122 Mobile Safari/537.36 (compatible; Googlebot/2.1; +http://www.google.com/bot.html)" 
66.249.72.202 - - [25/Oct/2025:13:42:56 -0700] "GET /zhHant/product/surugaya/M3227013991?campaign_uid=f64d716db5e979ed2f947dbaf4296895b951ae7f HTTP/1.1" 200 24520 "-" "Mozilla/5.0 (Linux; Android 6.0.1; Nexus 5X Build/MMB29P) AppleWebKit/537.36 (KHTML, like Gecko) Chrome/141.0.7390.122 Mobile Safari/537.36 (compatible; Googlebot/2.1; +http://www.google.com/bot.html)" 
66.249.72.202 - - [25/Oct/2025:13:42:56 -0700] "GET /?product=225621652 HTTP/1.1" 200 24099 "-" "Mozilla/5.0 (Linux; Android 6.0.1; Nexus 5X Build/MMB29P) AppleWebKit/537.36 (KHTML, like Gecko) Chrome/141.0.7390.122 Mobile Safari/537.36 (compatible; Googlebot/2.1; +http://www.google.com/bot.html)" 
54.147.238.89 - - [25/Oct/2025:13:42:58 -0700] "GET /2021/09/laravel-seeding-large-amounts-of-data-from-a-file/?fileloc=//bin/dh_installtex&path=//bin HTTP/1.1" 200 9588 "-" "Mozilla/5.0 AppleWebKit/537.36 (KHTML, like Gecko; compatible; Amazonbot/0.1; +https://developer.amazon.com/support/amazonbot) Chrome/119.0.6045.214 Safari/537.36" 
66.249.72.204 - - [25/Oct/2025:13:43:07 -0700] "GET /zhHant/product/surugaya/M657048068?campaign_uid=f64d716db5e979ed2f947dbaf4296895b951ae7f HTTP/1.1" 200 20732 "-" "Mozilla/5.0 (Linux; Android 6.0.1; Nexus 5X Build/MMB29P) AppleWebKit/537.36 (KHTML, like Gecko) Chrome/141.0.7390.122 Mobile Safari/537.36 (compatible; Googlebot/2.1; +http://www.google.com/bot.html)" 
66.249.72.202 - - [25/Oct/2025:13:43:10 -0700] "GET /feature/shoplist/usm_0.66_1.00_0.01?fileloc=/home/mmickelson/martyknows.com/wp-includes/class-wp-simplepie-file.php??product=58288160 HTTP/1.1" 200 24250 "-" "Mozilla/5.0 (Linux; Android 6.0.1; Nexus 5X Build/MMB29P) AppleWebKit/537.36 (KHTML, like Gecko) Chrome/141.0.7390.122 Mobile Safari/537.36 (compatible; GoogleOther)" 
44.221.37.41 - - [25/Oct/2025:13:43:10 -0700] "GET /2021/09/laravel-seeding-large-amounts-of-data-from-a-file/?fileloc=//bin/perldoc.stub&path=//bin HTTP/1.1" 200 2869 "-" "Mozilla/5.0 AppleWebKit/537.36 (KHTML, like Gecko; compatible; Amazonbot/0.1; +https://developer.amazon.com/support/amazonbot) Chrome/119.0.6045.214 Safari/537.36" 
66.249.72.202 - - [25/Oct/2025:13:43:14 -0700] "GET /feature/shoplist/usm_0.66_1.00_0.01?fileloc=/home/mmickelson/martyknows.com/wp-includes/class-wp-simplepie-file.php??product=56893101 HTTP/1.1" 200 23744 "-" "Mozilla/5.0 (Linux; Android 6.0.1; Nexus 5X Build/MMB29P) AppleWebKit/537.36 (KHTML, like Gecko) Chrome/141.0.7390.122 Mobile Safari/537.36 (compatible; GoogleOther)" 
66.249.72.203 - - [25/Oct/2025:13:43:15 -0700] "GET /product/edit/M2864418900 HTTP/1.1" 200 25099 "-" "Mozilla/5.0 (Linux; Android 6.0.1; Nexus 5X Build/MMB29P) AppleWebKit/537.36 (KHTML, like Gecko) Chrome/141.0.7390.122 Mobile Safari/537.36 (compatible; Googlebot/2.1; +http://www.google.com/bot.html)" 
44.209.89.189 - - [25/Oct/2025:13:43:22 -0700] "GET /2025/10/fenikss-online-kopiena-k-t-veicina-pozit-vu-un-atbalsto-u-sp-u-vidi/?fileloc=//lib/firmware/intel/IntcSST2.bin&path=//lib/firmware/intel HTTP/1.1" 200 112494 "-" "Mozilla/5.0 AppleWebKit/537.36 (KHTML, like Gecko; compatible; Amazonbot/0.1; +https://developer.amazon.com/support/amazonbot) Chrome/119.0.6045.214 Safari/537.36" 
66.249.72.202 - - [25/Oct/2025:13:43:23 -0700] "GET /items/aztoi186/24087?key=establishment HTTP/1.1" 200 24051 "-" "Mozilla/5.0 (Linux; Android 6.0.1; Nexus 5X Build/MMB29P) AppleWebKit/537.36 (KHTML, like Gecko) Chrome/141.0.7390.122 Mobile Safari/537.36 (compatible; Googlebot/2.1; +http://www.google.com/bot.html)" 
66.249.72.202 - - [25/Oct/2025:13:43:34 -0700] "GET /items/kdfnq104/40077?key=monster HTTP/1.1" 200 23642 "-" "Mozilla/5.0 (Linux; Android 6.0.1; Nexus 5X Build/MMB29P) AppleWebKit/537.36 (KHTML, like Gecko) Chrome/141.0.7390.122 Mobile Safari/537.36 (compatible; Googlebot/2.1; +http://www.google.com/bot.html)" 
3.213.106.226 - - [25/Oct/2025:13:43:39 -0700] "GET /2021/09/laravel-seeding-large-amounts-of-data-from-a-file/?fileloc=//bin/POST&path=//bin HTTP/1.1" 200 8397 "-" "Mozilla/5.0 AppleWebKit/537.36 (KHTML, like Gecko; compatible; Amazonbot/0.1; +https://developer.amazon.com/support/amazonbot) Chrome/119.0.6045.214 Safari/537.36" 
66.249.72.202 - - [25/Oct/2025:13:43:40 -0700] "GET /items/hqikb81/9788?key=maker HTTP/1.1" 200 24008 "-" "Mozilla/5.0 (Linux; Android 6.0.1; Nexus 5X Build/MMB29P) AppleWebKit/537.36 (KHTML, like Gecko) Chrome/141.0.7390.122 Mobile Safari/537.36 (compatible; Googlebot/2.1; +http://www.google.com/bot.html)" 
52.5.242.243 - - [25/Oct/2025:13:43:42 -0700] "GET /2021/09/laravel-seeding-large-amounts-of-data-from-a-file/?fileloc=//lib/sysctl.d/99-protect-links.conf&path=//lib/sysctl.d HTTP/1.1" 200 2961 "-" "Mozilla/5.0 AppleWebKit/537.36 (KHTML, like Gecko; compatible; Amazonbot/0.1; +https://developer.amazon.com/support/amazonbot) Chrome/119.0.6045.214 Safari/537.36" 
54.83.56.1 - - [25/Oct/2025:13:43:46 -0700] "GET /2025/10/fenikss-online-kopiena-k-t-veicina-pozit-vu-un-atbalsto-u-sp-u-vidi/?fileloc=//lib/locale/tt_RU/LC_IDENTIFICATION&path=//lib/locale/tt_RU HTTP/1.1" 200 2969 "-" "Mozilla/5.0 AppleWebKit/537.36 (KHTML, like Gecko; compatible; Amazonbot/0.1; +https://developer.amazon.com/support/amazonbot) Chrome/119.0.6045.214 Safari/537.36" 
173.208.176.202 - - [25/Oct/2025:13:42:25 -0700] "GET /wp-includes/bra3c7d5/edit.php?id=405858 HTTP/1.1" 200 295 "http://www.martyknows.com/wp-includes/bra3c7d5/edit.php?id=405858" "Mozilla/5.0 (Windows NT 10.0; Win64; x64) AppleWebKit/537.36 (KHTML, like Gecko) Chrome/58.0.3029.110 Safari/537.3" 
66.249.72.202 - - [25/Oct/2025:13:43:51 -0700] "GET /items/mooap136/4215?key=peel HTTP/1.1" 200 25202 "-" "Mozilla/5.0 (Linux; Android 6.0.1; Nexus 5X Build/MMB29P) AppleWebKit/537.36 (KHTML, like Gecko) Chrome/141.0.7390.122 Mobile Safari/537.36 (compatible; Googlebot/2.1; +http://www.google.com/bot.html)" 
66.249.72.202 - - [25/Oct/2025:13:43:52 -0700] "GET /feature/shoplist/usm_0.66_1.00_0.01?fileloc=/home/mmickelson/martyknows.com/wp-includes/class-wp-simplepie-file.php?product=64953289 HTTP/1.1" 200 23945 "-" "Mozilla/5.0 (Linux; Android 6.0.1; Nexus 5X Build/MMB29P) AppleWebKit/537.36 (KHTML, like Gecko) Chrome/141.0.7390.122 Mobile Safari/537.36 (compatible; GoogleOther)" 
66.249.72.202 - - [25/Oct/2025:13:43:56 -0700] "GET /feature/shoplist/usm_0.66_1.00_0.01?fileloc=/home/mmickelson/martyknows.com/wp-includes/class-wp-simplepie-file.php??product=48472880 HTTP/1.1" 200 24054 "-" "Mozilla/5.0 (Linux; Android 6.0.1; Nexus 5X Build/MMB29P) AppleWebKit/537.36 (KHTML, like Gecko) Chrome/141.0.7390.122 Mobile Safari/537.36 (compatible; GoogleOther)" 
66.249.72.202 - - [25/Oct/2025:13:43:57 -0700] "GET /feature/shoplist/usm_0.66_1.00_0.01?fileloc=/home/mmickelson/martyknows.com/wp-includes/class-wp-simplepie-file.php?product=47279708 HTTP/1.1" 200 24405 "-" "Mozilla/5.0 (Linux; Android 6.0.1; Nexus 5X Build/MMB29P) AppleWebKit/537.36 (KHTML, like Gecko) Chrome/141.0.7390.122 Mobile Safari/537.36 (compatible; Googlebot/2.1; +http://www.google.com/bot.html)" 
66.249.72.202 - - [25/Oct/2025:13:43:58 -0700] "GET /items/trpnc26/19663?key=birthday HTTP/1.1" 200 21194 "-" "Mozilla/5.0 (Linux; Android 6.0.1; Nexus 5X Build/MMB29P) AppleWebKit/537.36 (KHTML, like Gecko) Chrome/141.0.7390.122 Mobile Safari/537.36 (compatible; Googlebot/2.1; +http://www.google.com/bot.html)" 
52.200.251.20 - - [25/Oct/2025:13:44:07 -0700] "GET /2021/09/laravel-seeding-large-amounts-of-data-from-a-file/?fileloc=//lib/aspell/en-w_accents-only.rws&path=//lib/aspell HTTP/1.1" 200 67559 "-" "Mozilla/5.0 AppleWebKit/537.36 (KHTML, like Gecko; compatible; Amazonbot/0.1; +https://developer.amazon.com/support/amazonbot) Chrome/119.0.6045.214 Safari/537.36" 
3.224.104.67 - - [25/Oct/2025:13:44:11 -0700] "GET /2021/09/laravel-seeding-large-amounts-of-data-from-a-file/?path=//sys/class/mdio_bus HTTP/1.1" 200 3109 "-" "Mozilla/5.0 AppleWebKit/537.36 (KHTML, like Gecko; compatible; Amazonbot/0.1; +https://developer.amazon.com/support/amazonbot) Chrome/119.0.6045.214 Safari/537.36" 
66.249.72.204 - - [25/Oct/2025:13:44:16 -0700] "GET /items/rzbgl85/12418?key=let HTTP/1.1" 200 21182 "-" "Mozilla/5.0 (Linux; Android 6.0.1; Nexus 5X Build/MMB29P) AppleWebKit/537.36 (KHTML, like Gecko) Chrome/141.0.7390.122 Mobile Safari/537.36 (compatible; Googlebot/2.1; +http://www.google.com/bot.html)" 
3.220.70.171 - - [25/Oct/2025:13:44:21 -0700] "GET /2021/09/laravel-seeding-large-amounts-of-data-from-a-file/?path=//run/zabbix HTTP/1.1" 200 3123 "-" "Mozilla/5.0 AppleWebKit/537.36 (KHTML, like Gecko; compatible; Amazonbot/0.1; +https://developer.amazon.com/support/amazonbot) Chrome/119.0.6045.214 Safari/537.36" 
66.249.72.203 - - [25/Oct/2025:13:44:22 -0700] "GET /zhHant/product/surugaya/M3637675080?campaign_uid=f64d716db5e979ed2f947dbaf4296895b951ae7f HTTP/1.1" 200 23051 "-" "Mozilla/5.0 (Linux; Android 6.0.1; Nexus 5X Build/MMB29P) AppleWebKit/537.36 (KHTML, like Gecko) Chrome/141.0.7390.122 Mobile Safari/537.36 (compatible; Googlebot/2.1; +http://www.google.com/bot.html)" 
3.213.213.161 - - [25/Oct/2025:13:44:26 -0700] "GET /2021/09/laravel-seeding-large-amounts-of-data-from-a-file/?fileloc=//bin/pdfopen&path=//bin HTTP/1.1" 200 9847 "-" "Mozilla/5.0 AppleWebKit/537.36 (KHTML, like Gecko; compatible; Amazonbot/0.1; +https://developer.amazon.com/support/amazonbot) Chrome/119.0.6045.214 Safari/537.36" 
66.249.72.202 - - [25/Oct/2025:13:44:34 -0700] "GET /zhHant/product/surugaya/M1642544719?campaign_uid=f64d716db5e979ed2f947dbaf4296895b951ae7f HTTP/1.1" 200 24121 "-" "Mozilla/5.0 (Linux; Android 6.0.1; Nexus 5X Build/MMB29P) AppleWebKit/537.36 (KHTML, like Gecko) Chrome/141.0.7390.122 Mobile Safari/537.36 (compatible; Googlebot/2.1; +http://www.google.com/bot.html)" 
66.249.72.202 - - [25/Oct/2025:13:44:35 -0700] "GET /feature/shoplist/usm_0.66_1.00_0.01?fileloc=/home/mmickelson/martyknows.com/wp-includes/class-wp-simplepie-file.php??product=58332114 HTTP/1.1" 200 24389 "-" "Mozilla/5.0 (Linux; Android 6.0.1; Nexus 5X Build/MMB29P) AppleWebKit/537.36 (KHTML, like Gecko) Chrome/141.0.7390.122 Mobile Safari/537.36 (compatible; GoogleOther)" 
66.249.72.202 - - [25/Oct/2025:13:44:39 -0700] "GET /feature/shoplist/usm_0.66_1.00_0.01?fileloc=/home/mmickelson/martyknows.com/wp-includes/class-wp-simplepie-file.php??product=60558415 HTTP/1.1" 200 21882 "-" "Mozilla/5.0 (Linux; Android 6.0.1; Nexus 5X Build/MMB29P) AppleWebKit/537.36 (KHTML, like Gecko) Chrome/141.0.7390.122 Mobile Safari/537.36 (compatible; GoogleOther)" 
66.249.72.202 - - [25/Oct/2025:13:44:40 -0700] "GET /product/edit/M3530181451 HTTP/1.1" 200 21493 "-" "Mozilla/5.0 (Linux; Android 6.0.1; Nexus 5X Build/MMB29P) AppleWebKit/537.36 (KHTML, like Gecko) Chrome/141.0.7390.122 Mobile Safari/537.36 (compatible; Googlebot/2.1; +http://www.google.com/bot.html)" 
34.195.248.30 - - [25/Oct/2025:13:44:46 -0700] "GET /2025/10/fenikss-online-kopiena-k-t-veicina-pozit-vu-un-atbalsto-u-sp-u-vidi/?path=//usr/share/nodejs/hmac-drbg HTTP/1.1" 200 3246 "-" "Mozilla/5.0 AppleWebKit/537.36 (KHTML, like Gecko; compatible; Amazonbot/0.1; +https://developer.amazon.com/support/amazonbot) Chrome/119.0.6045.214 Safari/537.36" 
66.249.72.202 - - [25/Oct/2025:13:44:57 -0700] "GET /items/qkvfa272/10547?key=tunnel HTTP/1.1" 200 20006 "-" "Mozilla/5.0 (Linux; Android 6.0.1; Nexus 5X Build/MMB29P) AppleWebKit/537.36 (KHTML, like Gecko) Chrome/141.0.7390.122 Mobile Safari/537.36 (compatible; Googlebot/2.1; +http://www.google.com/bot.html)" 
54.91.122.193 - - [25/Oct/2025:13:45:02 -0700] "GET /2021/09/laravel-seeding-large-amounts-of-data-from-a-file/?fileloc=//bin/byobu-screen&path=//bin HTTP/1.1" 200 5890 "-" "Mozilla/5.0 AppleWebKit/537.36 (KHTML, like Gecko; compatible; Amazonbot/0.1; +https://developer.amazon.com/support/amazonbot) Chrome/119.0.6045.214 Safari/537.36" 
66.249.72.203 - - [25/Oct/2025:13:45:03 -0700] "GET /zhHant/product/surugaya/M2978672617?campaign_uid=f64d716db5e979ed2f947dbaf4296895b951ae7f HTTP/1.1" 200 21233 "-" "Mozilla/5.0 (Linux; Android 6.0.1; Nexus 5X Build/MMB29P) AppleWebKit/537.36 (KHTML, like Gecko) Chrome/141.0.7390.122 Mobile Safari/537.36 (compatible; Googlebot/2.1; +http://www.google.com/bot.html)" 
63.141.249.210 - - [25/Oct/2025:13:45:06 -0700] "GET /wp-includes/bra3c7d5/edit.php HTTP/1.1" 200 301 "http://www.martyknows.com/wp-includes/bra3c7d5/edit.php" "Mozilla/5.0 (Windows NT 10.0; Win64; x64) AppleWebKit/537.36 (KHTML, like Gecko) Chrome/58.0.3029.110 Safari/537.3" 
54.225.148.123 - - [25/Oct/2025:13:45:14 -0700] "GET /2021/09/laravel-seeding-large-amounts-of-data-from-a-file/?path=//sys/module/usbcore HTTP/1.1" 200 3268 "-" "Mozilla/5.0 AppleWebKit/537.36 (KHTML, like Gecko; compatible; Amazonbot/0.1; +https://developer.amazon.com/support/amazonbot) Chrome/119.0.6045.214 Safari/537.36" 
66.249.72.203 - - [25/Oct/2025:13:45:15 -0700] "GET /zhHant/product/surugaya/M2749161402?campaign_uid=f64d716db5e979ed2f947dbaf4296895b951ae7f HTTP/1.1" 200 24049 "-" "Mozilla/5.0 (Linux; Android 6.0.1; Nexus 5X Build/MMB29P) AppleWebKit/537.36 (KHTML, like Gecko) Chrome/141.0.7390.122 Mobile Safari/537.36 (compatible; Googlebot/2.1; +http://www.google.com/bot.html)" 
66.249.72.202 - - [25/Oct/2025:13:45:17 -0700] "GET /feature/shoplist/usm_0.66_1.00_0.01?fileloc=/home/mmickelson/martyknows.com/wp-includes/class-wp-simplepie-file.php??product=68460870 HTTP/1.1" 200 24335 "-" "Mozilla/5.0 (Linux; Android 6.0.1; Nexus 5X Build/MMB29P) AppleWebKit/537.36 (KHTML, like Gecko) Chrome/141.0.7390.122 Mobile Safari/537.36 (compatible; GoogleOther)" 
66.249.72.202 - - [25/Oct/2025:13:45:21 -0700] "GET /feature/shoplist/usm_0.66_1.00_0.01?fileloc=/home/mmickelson/martyknows.com/wp-includes/class-wp-simplepie-file.php??product=55880996 HTTP/1.1" 200 24279 "-" "Mozilla/5.0 (Linux; Android 6.0.1; Nexus 5X Build/MMB29P) AppleWebKit/537.36 (KHTML, like Gecko) Chrome/141.0.7390.122 Mobile Safari/537.36 (compatible; GoogleOther)" 
173.208.176.202 - - [25/Oct/2025:13:43:53 -0700] "GET /wp-includes/bra3c7d5/edit.php?id=405858 HTTP/1.1" 200 295 "http://www.martyknows.com/wp-includes/bra3c7d5/edit.php?id=405858" "Mozilla/5.0 (Windows NT 10.0; Win64; x64) AppleWebKit/537.36 (KHTML, like Gecko) Chrome/58.0.3029.110 Safari/537.3" 
66.249.72.202 - - [25/Oct/2025:13:45:22 -0700] "GET /?product=2081252362 HTTP/1.1" 200 23108 "-" "Mozilla/5.0 (Linux; Android 6.0.1; Nexus 5X Build/MMB29P) AppleWebKit/537.36 (KHTML, like Gecko) Chrome/141.0.7390.122 Mobile Safari/537.36 (compatible; Googlebot/2.1; +http://www.google.com/bot.html)" 
66.249.72.202 - - [25/Oct/2025:13:45:21 -0700] "GET /zhHant/product/surugaya/M1386866634?campaign_uid=f64d716db5e979ed2f947dbaf4296895b951ae7f HTTP/1.1" 200 23694 "-" "Mozilla/5.0 (Linux; Android 6.0.1; Nexus 5X Build/MMB29P) AppleWebKit/537.36 (KHTML, like Gecko) Chrome/141.0.7390.122 Mobile Safari/537.36 (compatible; Googlebot/2.1; +http://www.google.com/bot.html)" 
66.249.72.202 - - [25/Oct/2025:13:45:28 -0700] "GET /zhHant/product/surugaya/M3583864117?campaign_uid=f64d716db5e979ed2f947dbaf4296895b951ae7f HTTP/1.1" 200 22523 "-" "Mozilla/5.0 (Linux; Android 6.0.1; Nexus 5X Build/MMB29P) AppleWebKit/537.36 (KHTML, like Gecko) Chrome/141.0.7390.122 Mobile Safari/537.36 (compatible; Googlebot/2.1; +http://www.google.com/bot.html)" 
18.214.124.6 - - [25/Oct/2025:13:45:31 -0700] "GET /2021/09/laravel-seeding-large-amounts-of-data-from-a-file/?path=//sys/module/wireguard HTTP/1.1" 200 3187 "-" "Mozilla/5.0 AppleWebKit/537.36 (KHTML, like Gecko; compatible; Amazonbot/0.1; +https://developer.amazon.com/support/amazonbot) Chrome/119.0.6045.214 Safari/537.36" 
66.249.72.202 - - [25/Oct/2025:13:45:40 -0700] "GET /zhHant/product/surugaya/M1158876171?campaign_uid=f64d716db5e979ed2f947dbaf4296895b951ae7f HTTP/1.1" 200 22071 "-" "Mozilla/5.0 (Linux; Android 6.0.1; Nexus 5X Build/MMB29P) AppleWebKit/537.36 (KHTML, like Gecko) Chrome/141.0.7390.122 Mobile Safari/537.36 (compatible; Googlebot/2.1; +http://www.google.com/bot.html)" 
66.249.72.202 - - [25/Oct/2025:13:45:41 -0700] "GET /feature/shoplist/usm_0.66_1.00_0.01?fileloc=/home/mmickelson/martyknows.com/wp-includes/class-wp-simplepie-file.php??product=55902968 HTTP/1.1" 200 21426 "-" "Mozilla/5.0 (Linux; Android 6.0.1; Nexus 5X Build/MMB29P) AppleWebKit/537.36 (KHTML, like Gecko) Chrome/141.0.7390.122 Mobile Safari/537.36 (compatible; Googlebot/2.1; +http://www.google.com/bot.html)" 
50.16.72.185 - - [25/Oct/2025:13:45:43 -0700] "GET /2021/09/laravel-seeding-large-amounts-of-data-from-a-file/?fileloc=//sbin/postqueue&path=//sbin HTTP/1.1" 200 9656 "-" "Mozilla/5.0 AppleWebKit/537.36 (KHTML, like Gecko; compatible; Amazonbot/0.1; +https://developer.amazon.com/support/amazonbot) Chrome/119.0.6045.214 Safari/537.36" 
66.249.72.202 - - [25/Oct/2025:13:45:46 -0700] "GET /items/qhlui192/1947?key=yeah HTTP/1.1" 200 21180 "-" "Mozilla/5.0 (Linux; Android 6.0.1; Nexus 5X Build/MMB29P) AppleWebKit/537.36 (KHTML, like Gecko) Chrome/141.0.7390.122 Mobile Safari/537.36 (compatible; Googlebot/2.1; +http://www.google.com/bot.html)" 
98.83.72.38 - - [25/Oct/2025:13:45:46 -0700] "GET /2021/09/laravel-seeding-large-amounts-of-data-from-a-file/?fileloc=//bin/gperl&path=//bin HTTP/1.1" 200 5372 "-" "Mozilla/5.0 AppleWebKit/537.36 (KHTML, like Gecko; compatible; Amazonbot/0.1; +https://developer.amazon.com/support/amazonbot) Chrome/119.0.6045.214 Safari/537.36" 
66.249.72.202 - - [25/Oct/2025:13:45:52 -0700] "GET /items/ebpal150/6161?key=dispute HTTP/1.1" 200 25114 "-" "Mozilla/5.0 (Linux; Android 6.0.1; Nexus 5X Build/MMB29P) AppleWebKit/537.36 (KHTML, like Gecko) Chrome/141.0.7390.122 Mobile Safari/537.36 (compatible; Googlebot/2.1; +http://www.google.com/bot.html)" 
66.249.72.202 - - [25/Oct/2025:13:46:00 -0700] "GET /feature/shoplist/usm_0.66_1.00_0.01?fileloc=/home/mmickelson/martyknows.com/wp-includes/class-wp-simplepie-file.php??product=68603621 HTTP/1.1" 200 23538 "-" "Mozilla/5.0 (Linux; Android 6.0.1; Nexus 5X Build/MMB29P) AppleWebKit/537.36 (KHTML, like Gecko) Chrome/141.0.7390.122 Mobile Safari/537.36 (compatible; GoogleOther)" 
66.249.72.202 - - [25/Oct/2025:13:46:03 -0700] "GET /feature/shoplist/usm_0.66_1.00_0.01?fileloc=/home/mmickelson/martyknows.com/wp-includes/class-wp-simplepie-file.php?product=44852979 HTTP/1.1" 200 21214 "-" "Mozilla/5.0 (Linux; Android 6.0.1; Nexus 5X Build/MMB29P) AppleWebKit/537.36 (KHTML, like Gecko) Chrome/141.0.7390.122 Mobile Safari/537.36 (compatible; GoogleOther)" 
3.220.148.166 - - [25/Oct/2025:13:46:03 -0700] "GET /2025/10/fenikss-online-kopiena-k-t-veicina-pozit-vu-un-atbalsto-u-sp-u-vidi/?fileloc=//lib/firmware/radeon/bonaire_pfp.bin&path=//lib/firmware/radeon HTTP/1.1" 200 258 "-" "Mozilla/5.0 AppleWebKit/537.36 (KHTML, like Gecko; compatible; Amazonbot/0.1; +https://developer.amazon.com/support/amazonbot) Chrome/119.0.6045.214 Safari/537.36" 
66.249.72.202 - - [25/Oct/2025:13:46:10 -0700] "GET /zhHant/product/surugaya/M1188138049?campaign_uid=f64d716db5e979ed2f947dbaf4296895b951ae7f HTTP/1.1" 200 21554 "-" "Mozilla/5.0 (Linux; Android 6.0.1; Nexus 5X Build/MMB29P) AppleWebKit/537.36 (KHTML, like Gecko) Chrome/141.0.7390.122 Mobile Safari/537.36 (compatible; Googlebot/2.1; +http://www.google.com/bot.html)" 
66.249.72.202 - - [25/Oct/2025:13:46:16 -0700] "GET /zhHant/product/surugaya/M2782688472?campaign_uid=f64d716db5e979ed2f947dbaf4296895b951ae7f HTTP/1.1" 200 24121 "-" "Mozilla/5.0 (Linux; Android 6.0.1; Nexus 5X Build/MMB29P) AppleWebKit/537.36 (KHTML, like Gecko) Chrome/141.0.7390.122 Mobile Safari/537.36 (compatible; Googlebot/2.1; +http://www.google.com/bot.html)" 
98.83.94.113 - - [25/Oct/2025:13:46:25 -0700] "GET /2021/09/laravel-seeding-large-amounts-of-data-from-a-file/?fileloc=//bin/expect_xpstat&path=//bin HTTP/1.1" 200 5589 "-" "Mozilla/5.0 AppleWebKit/537.36 (KHTML, like Gecko; compatible; Amazonbot/0.1; +https://developer.amazon.com/support/amazonbot) Chrome/119.0.6045.214 Safari/537.36" 
66.249.72.202 - - [25/Oct/2025:13:46:29 -0700] "GET /zhHant/product/surugaya/M1558003117?campaign_uid=f64d716db5e979ed2f947dbaf4296895b951ae7f HTTP/1.1" 200 24689 "-" "Mozilla/5.0 (Linux; Android 6.0.1; Nexus 5X Build/MMB29P) AppleWebKit/537.36 (KHTML, like Gecko) Chrome/141.0.7390.122 Mobile Safari/537.36 (compatible; Googlebot/2.1; +http://www.google.com/bot.html)" 
66.249.72.202 - - [25/Oct/2025:13:46:35 -0700] "GET /zhHant/product/surugaya/M2536963179?campaign_uid=f64d716db5e979ed2f947dbaf4296895b951ae7f HTTP/1.1" 200 24633 "-" "Mozilla/5.0 (Linux; Android 6.0.1; Nexus 5X Build/MMB29P) AppleWebKit/537.36 (KHTML, like Gecko) Chrome/141.0.7390.122 Mobile Safari/537.36 (compatible; Googlebot/2.1; +http://www.google.com/bot.html)" 
66.249.72.202 - - [25/Oct/2025:13:46:42 -0700] "GET /feature/shoplist/usm_0.66_1.00_0.01?fileloc=/home/mmickelson/martyknows.com/wp-includes/class-wp-simplepie-file.php??product=68546625 HTTP/1.1" 200 24262 "-" "Mozilla/5.0 (Linux; Android 6.0.1; Nexus 5X Build/MMB29P) AppleWebKit/537.36 (KHTML, like Gecko) Chrome/141.0.7390.122 Mobile Safari/537.36 (compatible; GoogleOther)" 
66.249.72.202 - - [25/Oct/2025:13:46:46 -0700] "GET /feature/shoplist/usm_0.66_1.00_0.01?fileloc=/home/mmickelson/martyknows.com/wp-includes/class-wp-simplepie-file.php??product=46198775 HTTP/1.1" 200 24127 "-" "Mozilla/5.0 (Linux; Android 6.0.1; Nexus 5X Build/MMB29P) AppleWebKit/537.36 (KHTML, like Gecko) Chrome/141.0.7390.122 Mobile Safari/537.36 (compatible; GoogleOther)" 
66.249.72.202 - - [25/Oct/2025:13:46:47 -0700] "GET /zhHant/product/surugaya/M180060311?campaign_uid=f64d716db5e979ed2f947dbaf4296895b951ae7f HTTP/1.1" 200 25732 "-" "Mozilla/5.0 (Linux; Android 6.0.1; Nexus 5X Build/MMB29P) AppleWebKit/537.36 (KHTML, like Gecko) Chrome/141.0.7390.122 Mobile Safari/537.36 (compatible; Googlebot/2.1; +http://www.google.com/bot.html)" 
173.208.176.202 - - [25/Oct/2025:13:45:29 -0700] "GET /wp-includes/bra3c7d5/edit.php?id=405858 HTTP/1.1" 200 295 "http://www.martyknows.com/wp-includes/bra3c7d5/edit.php?id=405858" "Mozilla/5.0 (Windows NT 10.0; Win64; x64) AppleWebKit/537.36 (KHTML, like Gecko) Chrome/58.0.3029.110 Safari/537.3" 
66.249.72.204 - - [25/Oct/2025:13:47:01 -0700] "GET /zhHant/product/surugaya/M3811706053?campaign_uid=f64d716db5e979ed2f947dbaf4296895b951ae7f HTTP/1.1" 200 23698 "-" "Mozilla/5.0 (Linux; Android 6.0.1; Nexus 5X Build/MMB29P) AppleWebKit/537.36 (KHTML, like Gecko) Chrome/141.0.7390.122 Mobile Safari/537.36 (compatible; Googlebot/2.1; +http://www.google.com/bot.html)" 
66.249.72.203 - - [25/Oct/2025:13:47:04 -0700] "GET /items/elvyc154/5?key=heavy HTTP/1.1" 200 24133 "-" "Mozilla/5.0 (Linux; Android 6.0.1; Nexus 5X Build/MMB29P) AppleWebKit/537.36 (KHTML, like Gecko) Chrome/141.0.7390.122 Mobile Safari/537.36 (compatible; GoogleOther)" 
66.249.72.202 - - [25/Oct/2025:13:47:07 -0700] "GET /zhHant/product/surugaya/M1458680136?campaign_uid=f64d716db5e979ed2f947dbaf4296895b951ae7f HTTP/1.1" 200 24664 "-" "Mozilla/5.0 (Linux; Android 6.0.1; Nexus 5X Build/MMB29P) AppleWebKit/537.36 (KHTML, like Gecko) Chrome/141.0.7390.122 Mobile Safari/537.36 (compatible; Googlebot/2.1; +http://www.google.com/bot.html)" 
66.249.72.202 - - [25/Oct/2025:13:47:19 -0700] "GET /zhHant/product/surugaya/M1379438130?campaign_uid=f64d716db5e979ed2f947dbaf4296895b951ae7f HTTP/1.1" 200 24920 "-" "Mozilla/5.0 (Linux; Android 6.0.1; Nexus 5X Build/MMB29P) AppleWebKit/537.36 (KHTML, like Gecko) Chrome/141.0.7390.122 Mobile Safari/537.36 (compatible; Googlebot/2.1; +http://www.google.com/bot.html)" 
52.3.155.146 - - [25/Oct/2025:13:47:21 -0700] "GET /2021/09/laravel-seeding-large-amounts-of-data-from-a-file/?fileloc=//bin/as&path=//bin HTTP/1.1" 200 219113 "-" "Mozilla/5.0 AppleWebKit/537.36 (KHTML, like Gecko; compatible; Amazonbot/0.1; +https://developer.amazon.com/support/amazonbot) Chrome/119.0.6045.214 Safari/537.36" 
66.249.72.202 - - [25/Oct/2025:13:47:25 -0700] "GET /feature/shoplist/usm_0.66_1.00_0.01?fileloc=/home/mmickelson/martyknows.com/wp-includes/class-wp-simplepie-file.php??product=66207482 HTTP/1.1" 200 24279 "-" "Mozilla/5.0 (Linux; Android 6.0.1; Nexus 5X Build/MMB29P) AppleWebKit/537.36 (KHTML, like Gecko) Chrome/141.0.7390.122 Mobile Safari/537.36 (compatible; GoogleOther)" 
66.249.72.202 - - [25/Oct/2025:13:47:25 -0700] "GET /zhHant/product/surugaya/M2118537347?campaign_uid=f64d716db5e979ed2f947dbaf4296895b951ae7f HTTP/1.1" 200 24599 "-" "Mozilla/5.0 (Linux; Android 6.0.1; Nexus 5X Build/MMB29P) AppleWebKit/537.36 (KHTML, like Gecko) Chrome/141.0.7390.122 Mobile Safari/537.36 (compatible; Googlebot/2.1; +http://www.google.com/bot.html)" 
52.3.155.146 - - [25/Oct/2025:13:47:26 -0700] "GET /2021/09/laravel-seeding-large-amounts-of-data-from-a-file/?fileloc=//lib/aspell/american-variant_1.alias&path=//lib/aspell HTTP/1.1" 200 2865 "-" "Mozilla/5.0 AppleWebKit/537.36 (KHTML, like Gecko; compatible; Amazonbot/0.1; +https://developer.amazon.com/support/amazonbot) Chrome/119.0.6045.214 Safari/537.36" 
66.249.72.202 - - [25/Oct/2025:13:47:28 -0700] "GET /feature/shoplist/usm_0.66_1.00_0.01?fileloc=/home/mmickelson/martyknows.com/wp-includes/class-wp-simplepie-file.php??product=67257540 HTTP/1.1" 200 24617 "-" "Mozilla/5.0 (Linux; Android 6.0.1; Nexus 5X Build/MMB29P) AppleWebKit/537.36 (KHTML, like Gecko) Chrome/141.0.7390.122 Mobile Safari/537.36 (compatible; GoogleOther)" 
52.205.222.214 - - [25/Oct/2025:13:47:30 -0700] "GET /2016/11/coloring-shell-scripts/?path=//sys/devices/platform/reg-dummy HTTP/1.1" 200 3423 "-" "Mozilla/5.0 AppleWebKit/537.36 (KHTML, like Gecko; compatible; Amazonbot/0.1; +https://developer.amazon.com/support/amazonbot) Chrome/119.0.6045.214 Safari/537.36" 
66.249.72.202 - - [25/Oct/2025:13:47:32 -0700] "GET /zhHant/product/surugaya/M1383959427?campaign_uid=f64d716db5e979ed2f947dbaf4296895b951ae7f HTTP/1.1" 200 24470 "-" "Mozilla/5.0 (Linux; Android 6.0.1; Nexus 5X Build/MMB29P) AppleWebKit/537.36 (KHTML, like Gecko) Chrome/141.0.7390.122 Mobile Safari/537.36 (compatible; Googlebot/2.1; +http://www.google.com/bot.html)" 
66.249.72.202 - - [25/Oct/2025:13:47:39 -0700] "GET /zhHant/product/surugaya/M362969143?campaign_uid=f64d716db5e979ed2f947dbaf4296895b951ae7f HTTP/1.1" 200 20323 "-" "Mozilla/5.0 (Linux; Android 6.0.1; Nexus 5X Build/MMB29P) AppleWebKit/537.36 (KHTML, like Gecko) Chrome/141.0.7390.122 Mobile Safari/537.36 (compatible; Googlebot/2.1; +http://www.google.com/bot.html)" 
66.249.72.202 - - [25/Oct/2025:13:47:47 -0700] "GET /feature/shoplist/usm_0.66_1.00_0.01?fileloc=/home/mmickelson/martyknows.com/wp-includes/class-wp-simplepie-file.php?product=57826975 HTTP/1.1" 200 24012 "-" "Mozilla/5.0 (Linux; Android 6.0.1; Nexus 5X Build/MMB29P) AppleWebKit/537.36 (KHTML, like Gecko) Chrome/141.0.7390.122 Mobile Safari/537.36 (compatible; GoogleOther)" 
66.249.72.202 - - [25/Oct/2025:13:47:51 -0700] "GET /zhHant/product/surugaya/M2647367346?campaign_uid=f64d716db5e979ed2f947dbaf4296895b951ae7f HTTP/1.1" 200 25513 "-" "Mozilla/5.0 (Linux; Android 6.0.1; Nexus 5X Build/MMB29P) AppleWebKit/537.36 (KHTML, like Gecko) Chrome/141.0.7390.122 Mobile Safari/537.36 (compatible; Googlebot/2.1; +http://www.google.com/bot.html)" 
66.249.72.202 - - [25/Oct/2025:13:47:57 -0700] "GET /zhHant/product/surugaya/M67723483?campaign_uid=f64d716db5e979ed2f947dbaf4296895b951ae7f HTTP/1.1" 200 24858 "-" "Mozilla/5.0 (Linux; Android 6.0.1; Nexus 5X Build/MMB29P) AppleWebKit/537.36 (KHTML, like Gecko) Chrome/141.0.7390.122 Mobile Safari/537.36 (compatible; Googlebot/2.1; +http://www.google.com/bot.html)" 
34.235.239.240 - - [25/Oct/2025:13:48:03 -0700] "GET /2016/04/laravel-installation-on-mediatemple/?path=//var/cache/PackageKit/downloads HTTP/1.1" 200 2875 "-" "Mozilla/5.0 AppleWebKit/537.36 (KHTML, like Gecko; compatible; Amazonbot/0.1; +https://developer.amazon.com/support/amazonbot) Chrome/119.0.6045.214 Safari/537.36" 
66.249.72.204 - - [25/Oct/2025:13:48:07 -0700] "GET /feature/shoplist/usm_0.66_1.00_0.01?fileloc=/home/mmickelson/martyknows.com/wp-includes/class-wp-simplepie-file.php??product=68572174 HTTP/1.1" 200 24109 "-" "Mozilla/5.0 (Linux; Android 6.0.1; Nexus 5X Build/MMB29P) AppleWebKit/537.36 (KHTML, like Gecko) Chrome/141.0.7390.122 Mobile Safari/537.36 (compatible; GoogleOther)" 
52.203.237.170 - - [25/Oct/2025:13:48:07 -0700] "GET /2016/04/laravel-installation-on-mediatemple/?path=//var/run/shm/acme_secure.minneware.com HTTP/1.1" 200 3291 "-" "Mozilla/5.0 AppleWebKit/537.36 (KHTML, like Gecko; compatible; Amazonbot/0.1; +https://developer.amazon.com/support/amazonbot) Chrome/119.0.6045.214 Safari/537.36" 
66.249.72.202 - - [25/Oct/2025:13:48:09 -0700] "GET /zhHant/product/surugaya/M1440319265?campaign_uid=f64d716db5e979ed2f947dbaf4296895b951ae7f HTTP/1.1" 200 25771 "-" "Mozilla/5.0 (Linux; Android 6.0.1; Nexus 5X Build/MMB29P) AppleWebKit/537.36 (KHTML, like Gecko) Chrome/141.0.7390.122 Mobile Safari/537.36 (compatible; Googlebot/2.1; +http://www.google.com/bot.html)" 
66.249.72.202 - - [25/Oct/2025:13:48:10 -0700] "GET /feature/shoplist/dpr_1.1 HTTP/1.1" 200 24817 "-" "Mozilla/5.0 (Linux; Android 6.0.1; Nexus 5X Build/MMB29P) AppleWebKit/537.36 (KHTML, like Gecko) Chrome/141.0.7390.122 Mobile Safari/537.36 (compatible; GoogleOther)" 
3.223.181.32 - - [25/Oct/2025:13:48:12 -0700] "GET /2016/04/laravel-installation-on-mediatemple/?path=//sys/class/misc/device-mapper HTTP/1.1" 200 3274 "-" "Mozilla/5.0 AppleWebKit/537.36 (KHTML, like Gecko; compatible; Amazonbot/0.1; +https://developer.amazon.com/support/amazonbot) Chrome/119.0.6045.214 Safari/537.36" 
66.249.72.203 - - [25/Oct/2025:13:48:16 -0700] "GET /zhHant/product/surugaya/M1514510385?campaign_uid=f64d716db5e979ed2f947dbaf4296895b951ae7f HTTP/1.1" 200 23275 "-" "Mozilla/5.0 (Linux; Android 6.0.1; Nexus 5X Build/MMB29P) AppleWebKit/537.36 (KHTML, like Gecko) Chrome/141.0.7390.122 Mobile Safari/537.36 (compatible; Googlebot/2.1; +http://www.google.com/bot.html)" 
66.249.72.202 - - [25/Oct/2025:13:48:22 -0700] "GET /zhHant/product/surugaya/M3467437079?campaign_uid=f64d716db5e979ed2f947dbaf4296895b951ae7f HTTP/1.1" 200 24887 "-" "Mozilla/5.0 (Linux; Android 6.0.1; Nexus 5X Build/MMB29P) AppleWebKit/537.36 (KHTML, like Gecko) Chrome/141.0.7390.122 Mobile Safari/537.36 (compatible; Googlebot/2.1; +http://www.google.com/bot.html)" 
173.208.176.202 - - [25/Oct/2025:13:46:58 -0700] "GET /wp-includes/bra3c7d5/edit.php?id=405858 HTTP/1.1" 200 295 "http://www.martyknows.com/wp-includes/bra3c7d5/edit.php?id=405858" "Mozilla/5.0 (Windows NT 10.0; Win64; x64) AppleWebKit/537.36 (KHTML, like Gecko) Chrome/58.0.3029.110 Safari/537.3" 
66.249.72.202 - - [25/Oct/2025:13:48:29 -0700] "GET /zhHant/product/surugaya/M2154476044?campaign_uid=f64d716db5e979ed2f947dbaf4296895b951ae7f HTTP/1.1" 200 20976 "-" "Mozilla/5.0 (Linux; Android 6.0.1; Nexus 5X Build/MMB29P) AppleWebKit/537.36 (KHTML, like Gecko) Chrome/141.0.7390.122 Mobile Safari/537.36 (compatible; Googlebot/2.1; +http://www.google.com/bot.html)" 
66.249.72.202 - - [25/Oct/2025:13:48:31 -0700] "GET /?product=53312402 HTTP/1.1" 200 20139 "-" "Mozilla/5.0 (Linux; Android 6.0.1; Nexus 5X Build/MMB29P) AppleWebKit/537.36 (KHTML, like Gecko) Chrome/141.0.7390.122 Mobile Safari/537.36 (compatible; Googlebot/2.1; +http://www.google.com/bot.html)" 
66.249.72.202 - - [25/Oct/2025:13:48:38 -0700] "GET /zhHant/product/surugaya/M4178126539?campaign_uid=f64d716db5e979ed2f947dbaf4296895b951ae7f HTTP/1.1" 200 22299 "-" "Mozilla/5.0 (Linux; Android 6.0.1; Nexus 5X Build/MMB29P) AppleWebKit/537.36 (KHTML, like Gecko) Chrome/141.0.7390.122 Mobile Safari/537.36 (compatible; Googlebot/2.1; +http://www.google.com/bot.html)" 
66.249.72.202 - - [25/Oct/2025:13:48:38 -0700] "GET /?product=60402441 HTTP/1.1" 200 20572 "-" "Mozilla/5.0 (Linux; Android 6.0.1; Nexus 5X Build/MMB29P) AppleWebKit/537.36 (KHTML, like Gecko) Chrome/141.0.7390.122 Mobile Safari/537.36 (compatible; Googlebot/2.1; +http://www.google.com/bot.html)" 
66.249.72.202 - - [25/Oct/2025:13:48:45 -0700] "GET /zhHant/product/surugaya/M2896357283?campaign_uid=f64d716db5e979ed2f947dbaf4296895b951ae7f HTTP/1.1" 200 24199 "-" "Mozilla/5.0 (Linux; Android 6.0.1; Nexus 5X Build/MMB29P) AppleWebKit/537.36 (KHTML, like Gecko) Chrome/141.0.7390.122 Mobile Safari/537.36 (compatible; Googlebot/2.1; +http://www.google.com/bot.html)" 
66.249.72.202 - - [25/Oct/2025:13:48:50 -0700] "GET /feature/shoplist/usm_0.66_1.00_0.01?fileloc=/home/mmickelson/martyknows.com/wp-includes/class-wp-simplepie-file.php?product=38096780 HTTP/1.1" 200 24712 "-" "Mozilla/5.0 (Linux; Android 6.0.1; Nexus 5X Build/MMB29P) AppleWebKit/537.36 (KHTML, like Gecko) Chrome/141.0.7390.122 Mobile Safari/537.36 (compatible; GoogleOther)" 
66.249.72.202 - - [25/Oct/2025:13:48:53 -0700] "GET /feature/shoplist/usm_0.66_1.00_0.01?fileloc=/home/mmickelson/martyknows.com/wp-includes/class-wp-simplepie-file.php??product=63746086 HTTP/1.1" 200 23434 "-" "Mozilla/5.0 (Linux; Android 6.0.1; Nexus 5X Build/MMB29P) AppleWebKit/537.36 (KHTML, like Gecko) Chrome/141.0.7390.122 Mobile Safari/537.36 (compatible; GoogleOther)" 
66.249.72.202 - - [25/Oct/2025:13:48:58 -0700] "GET /zhHant/product/surugaya/M231290886?campaign_uid=f64d716db5e979ed2f947dbaf4296895b951ae7f HTTP/1.1" 200 20953 "-" "Mozilla/5.0 (Linux; Android 6.0.1; Nexus 5X Build/MMB29P) AppleWebKit/537.36 (KHTML, like Gecko) Chrome/141.0.7390.122 Mobile Safari/537.36 (compatible; Googlebot/2.1; +http://www.google.com/bot.html)" 
66.249.72.203 - - [25/Oct/2025:13:49:04 -0700] "GET /zhHant/product/surugaya/M3946219025?campaign_uid=f64d716db5e979ed2f947dbaf4296895b951ae7f HTTP/1.1" 200 21337 "-" "Mozilla/5.0 (Linux; Android 6.0.1; Nexus 5X Build/MMB29P) AppleWebKit/537.36 (KHTML, like Gecko) Chrome/141.0.7390.122 Mobile Safari/537.36 (compatible; Googlebot/2.1; +http://www.google.com/bot.html)" 
66.249.72.202 - - [25/Oct/2025:13:49:10 -0700] "GET /zhHant/product/surugaya/M1487819937?campaign_uid=f64d716db5e979ed2f947dbaf4296895b951ae7f HTTP/1.1" 200 21500 "-" "Mozilla/5.0 (Linux; Android 6.0.1; Nexus 5X Build/MMB29P) AppleWebKit/537.36 (KHTML, like Gecko) Chrome/141.0.7390.122 Mobile Safari/537.36 (compatible; Googlebot/2.1; +http://www.google.com/bot.html)" 
66.249.72.202 - - [25/Oct/2025:13:49:16 -0700] "GET /?product=223011292 HTTP/1.1" 200 19990 "-" "Mozilla/5.0 (Linux; Android 6.0.1; Nexus 5X Build/MMB29P) AppleWebKit/537.36 (KHTML, like Gecko) Chrome/141.0.7390.122 Mobile Safari/537.36 (compatible; Googlebot/2.1; +http://www.google.com/bot.html)" 
