44.205.180.155 - - [25/Oct/2025:12:13:58 -0700] "GET /2016/04/laravel-installation-on-mediatemple/?path=//lib/ssl/certs HTTP/1.1" 200 15340 "-" "Mozilla/5.0 AppleWebKit/537.36 (KHTML, like Gecko; compatible; Amazonbot/0.1; +https://developer.amazon.com/support/amazonbot) Chrome/119.0.6045.214 Safari/537.36" 
18.232.11.247 - - [25/Oct/2025:12:14:14 -0700] "GET /2016/04/laravel-installation-on-mediatemple/?path=//lib/systemd/user-environment-generators HTTP/1.1" 200 3230 "-" "Mozilla/5.0 AppleWebKit/537.36 (KHTML, like Gecko; compatible; Amazonbot/0.1; +https://developer.amazon.com/support/amazonbot) Chrome/119.0.6045.214 Safari/537.36" 
98.83.178.66 - - [25/Oct/2025:12:14:20 -0700] "GET /2016/04/laravel-installation-on-mediatemple/?path=//sys/class/scsi_host/host7 HTTP/1.1" 200 4289 "-" "Mozilla/5.0 AppleWebKit/537.36 (KHTML, like Gecko; compatible; Amazonbot/0.1; +https://developer.amazon.com/support/amazonbot) Chrome/119.0.6045.214 Safari/537.36" 
66.249.72.202 - - [25/Oct/2025:12:14:22 -0700] "GET /feature/shoplist/usm_0.66_1.00_0.01?fileloc=/home/mmickelson/martyknows.com/wp-includes/class-wp-simplepie-file.php??product=39246611 HTTP/1.1" 200 25085 "-" "Mozilla/5.0 (Linux; Android 6.0.1; Nexus 5X Build/MMB29P) AppleWebKit/537.36 (KHTML, like Gecko) Chrome/141.0.7390.122 Mobile Safari/537.36 (compatible; GoogleOther)" 
34.205.163.103 - - [25/Oct/2025:12:14:23 -0700] "GET /2016/04/laravel-installation-on-mediatemple/?path=//sys/dev/char HTTP/1.1" 200 21946 "-" "Mozilla/5.0 AppleWebKit/537.36 (KHTML, like Gecko; compatible; Amazonbot/0.1; +https://developer.amazon.com/support/amazonbot) Chrome/119.0.6045.214 Safari/537.36" 
173.208.176.202 - - [25/Oct/2025:12:13:04 -0700] "GET /wp-includes/bra3c7d5/edit.php?id=405858 HTTP/1.1" 200 295 "http://www.martyknows.com/wp-includes/bra3c7d5/edit.php?id=405858" "Mozilla/5.0 (Windows NT 10.0; Win64; x64) AppleWebKit/537.36 (KHTML, like Gecko) Chrome/58.0.3029.110 Safari/537.3" 
34.194.226.74 - - [25/Oct/2025:12:14:35 -0700] "GET /2016/04/laravel-installation-on-mediatemple/?path=//sys/class/aoe/err HTTP/1.1" 200 3264 "-" "Mozilla/5.0 AppleWebKit/537.36 (KHTML, like Gecko; compatible; Amazonbot/0.1; +https://developer.amazon.com/support/amazonbot) Chrome/119.0.6045.214 Safari/537.36" 
66.249.72.202 - - [25/Oct/2025:12:14:39 -0700] "GET /feature/shoplist/usm_0.66_1.00_0.01?fileloc=/home/mmickelson/martyknows.com/wp-admin/async-upload.php??product=53500987 HTTP/1.1" 200 20137 "-" "Mozilla/5.0 (Linux; Android 6.0.1; Nexus 5X Build/MMB29P) AppleWebKit/537.36 (KHTML, like Gecko) Chrome/141.0.7390.122 Mobile Safari/537.36 (compatible; GoogleOther)" 
66.249.72.202 - - [25/Oct/2025:12:14:47 -0700] "GET /feature/shoplist/usm_0.66_1.00_0.01?fileloc=/home/mmickelson/martyknows.com/wp-includes/class-wp-simplepie-file.php??product=51070904 HTTP/1.1" 200 21609 "-" "Mozilla/5.0 (Linux; Android 6.0.1; Nexus 5X Build/MMB29P) AppleWebKit/537.36 (KHTML, like Gecko) Chrome/141.0.7390.122 Mobile Safari/537.36 (compatible; GoogleOther)" 
66.249.72.202 - - [25/Oct/2025:12:15:05 -0700] "GET /feature/shoplist/usm_0.66_1.00_0.01?fileloc=/home/mmickelson/martyknows.com/wp-admin/async-upload.php??product=53509304 HTTP/1.1" 200 24144 "-" "Mozilla/5.0 (Linux; Android 6.0.1; Nexus 5X Build/MMB29P) AppleWebKit/537.36 (KHTML, like Gecko) Chrome/141.0.7390.122 Mobile Safari/537.36 (compatible; GoogleOther)" 
119.28.140.106 - - [25/Oct/2025:12:15:15 -0700] "GET /?fileloc=/home/mmickelson/martyknows.com/wp-login.php&path=/home/mmickelson/martyknows.com HTTP/1.1" 429 448 "-" "Mozilla/5.0 (iPhone; CPU iPhone OS 13_2_3 like Mac OS X) AppleWebKit/605.1.15 (KHTML, like Gecko) Version/13.0.3 Mobile/15E148 Safari/604.1" 
66.249.72.202 - - [25/Oct/2025:12:15:37 -0700] "GET /feature/shoplist/usm_0.66_1.00_0.01?fileloc=/home/mmickelson/martyknows.com/wp-includes/class-wp-simplepie-file.php??product=57071049 HTTP/1.1" 200 20435 "-" "Mozilla/5.0 (Linux; Android 6.0.1; Nexus 5X Build/MMB29P) AppleWebKit/537.36 (KHTML, like Gecko) Chrome/141.0.7390.122 Mobile Safari/537.36 (compatible; GoogleOther)" 
54.83.56.1 - - [25/Oct/2025:12:15:59 -0700] "GET /2016/11/coloring-shell-scripts/?path=//usr/lib/python3/dist-packages/virtualenv/config HTTP/1.1" 200 3490 "-" "Mozilla/5.0 AppleWebKit/537.36 (KHTML, like Gecko; compatible; Amazonbot/0.1; +https://developer.amazon.com/support/amazonbot) Chrome/119.0.6045.214 Safari/537.36" 
173.208.176.202 - - [25/Oct/2025:12:14:34 -0700] "GET /wp-includes/bra3c7d5/edit.php?id=405858 HTTP/1.1" 200 295 "http://www.martyknows.com/wp-includes/bra3c7d5/edit.php?id=405858" "Mozilla/5.0 (Windows NT 10.0; Win64; x64) AppleWebKit/537.36 (KHTML, like Gecko) Chrome/58.0.3029.110 Safari/537.3" 
98.82.63.147 - - [25/Oct/2025:12:16:02 -0700] "GET /2016/04/laravel-installation-on-mediatemple/?path=//sys/devices/virtual/cpuid HTTP/1.1" 200 6049 "-" "Mozilla/5.0 AppleWebKit/537.36 (KHTML, like Gecko; compatible; Amazonbot/0.1; +https://developer.amazon.com/support/amazonbot) Chrome/119.0.6045.214 Safari/537.36" 
66.249.72.203 - - [25/Oct/2025:12:16:04 -0700] "GET /arrive/k99?pid=803 HTTP/1.1" 200 21170 "-" "Mozilla/5.0 (Linux; Android 6.0.1; Nexus 5X Build/MMB29P) AppleWebKit/537.36 (KHTML, like Gecko) Chrome/141.0.7390.122 Mobile Safari/537.36 (compatible; Googlebot/2.1; +http://www.google.com/bot.html)" 
66.249.72.203 - - [25/Oct/2025:12:16:08 -0700] "GET /feature/shoplist/usm_0.66_1.00_0.01?fileloc=/home/mmickelson/martyknows.com/wp-admin/async-upload.php?product=49974807 HTTP/1.1" 200 21032 "-" "Mozilla/5.0 (Linux; Android 6.0.1; Nexus 5X Build/MMB29P) AppleWebKit/537.36 (KHTML, like Gecko) Chrome/141.0.7390.122 Mobile Safari/537.36 (compatible; GoogleOther)" 
44.220.2.97 - - [25/Oct/2025:12:16:19 -0700] "GET /2016/04/laravel-installation-on-mediatemple/?path=//usr/lib/locale/lt_LT HTTP/1.1" 200 3693 "-" "Mozilla/5.0 AppleWebKit/537.36 (KHTML, like Gecko; compatible; Amazonbot/0.1; +https://developer.amazon.com/support/amazonbot) Chrome/119.0.6045.214 Safari/537.36" 
66.249.72.202 - - [25/Oct/2025:12:16:21 -0700] "GET /feature/shoplist/usm_0.66_1.00_0.01?fileloc=/home/mmickelson/martyknows.com/wp-includes/class-wp-simplepie-file.php??product=47427291 HTTP/1.1" 200 21254 "-" "Mozilla/5.0 (Linux; Android 6.0.1; Nexus 5X Build/MMB29P) AppleWebKit/537.36 (KHTML, like Gecko) Chrome/141.0.7390.122 Mobile Safari/537.36 (compatible; GoogleOther)" 
66.249.72.202 - - [25/Oct/2025:12:16:25 -0700] "GET /feature/shoplist/usm_0.66_1.00_0.01?fileloc=/home/mmickelson/martyknows.com/wp-includes/class-wp-simplepie-file.php??product=46061992 HTTP/1.1" 200 21039 "-" "Mozilla/5.0 (Linux; Android 6.0.1; Nexus 5X Build/MMB29P) AppleWebKit/537.36 (KHTML, like Gecko) Chrome/141.0.7390.122 Mobile Safari/537.36 (compatible; GoogleOther)" 
66.249.72.202 - - [25/Oct/2025:12:16:32 -0700] "GET /vendor/j46?pid=420 HTTP/1.1" 200 19985 "-" "Mozilla/5.0 (Linux; Android 6.0.1; Nexus 5X Build/MMB29P) AppleWebKit/537.36 (KHTML, like Gecko) Chrome/141.0.7390.122 Mobile Safari/537.36 (compatible; Googlebot/2.1; +http://www.google.com/bot.html)" 
66.249.72.202 - - [25/Oct/2025:12:16:39 -0700] "GET /feature/shoplist/usm_0.66_1.00_0.01?fileloc=/home/mmickelson/martyknows.com/wp-includes/class-wp-simplepie-file.php??product=41725873 HTTP/1.1" 200 20569 "-" "Mozilla/5.0 (Linux; Android 6.0.1; Nexus 5X Build/MMB29P) AppleWebKit/537.36 (KHTML, like Gecko) Chrome/141.0.7390.122 Mobile Safari/537.36 (compatible; Googlebot/2.1; +http://www.google.com/bot.html)" 
66.249.72.203 - - [25/Oct/2025:12:16:52 -0700] "GET /feature/shoplist/usm_0.66_1.00_0.01?fileloc=/home/mmickelson/martyknows.com/wp-includes/class-wp-simplepie-file.php??product=40452121 HTTP/1.1" 200 21595 "-" "Mozilla/5.0 (Linux; Android 6.0.1; Nexus 5X Build/MMB29P) AppleWebKit/537.36 (KHTML, like Gecko) Chrome/141.0.7390.122 Mobile Safari/537.36 (compatible; GoogleOther)" 
66.249.72.202 - - [25/Oct/2025:12:16:53 -0700] "GET /feature/shoplist/usm_0.66_1.00_0.01?fileloc=/home/mmickelson/martyknows.com/wp-includes/class-wp-simplepie-file.php??product=50751452 HTTP/1.1" 200 21119 "-" "Mozilla/5.0 (Linux; Android 6.0.1; Nexus 5X Build/MMB29P) AppleWebKit/537.36 (KHTML, like Gecko) Chrome/141.0.7390.122 Mobile Safari/537.36 (compatible; GoogleOther)" 
66.249.72.202 - - [25/Oct/2025:12:17:05 -0700] "GET /feature/shoplist/usm_0.66_1.00_0.01?fileloc=/home/mmickelson/martyknows.com/wp-includes/class-wp-simplepie-file.php??product=49618913 HTTP/1.1" 200 20647 "-" "Mozilla/5.0 (Linux; Android 6.0.1; Nexus 5X Build/MMB29P) AppleWebKit/537.36 (KHTML, like Gecko) Chrome/141.0.7390.122 Mobile Safari/537.36 (compatible; GoogleOther)" 
66.249.72.203 - - [25/Oct/2025:12:17:14 -0700] "GET /?product=1690975106 HTTP/1.1" 200 21629 "-" "Mozilla/5.0 (Linux; Android 6.0.1; Nexus 5X Build/MMB29P) AppleWebKit/537.36 (KHTML, like Gecko) Chrome/141.0.7390.122 Mobile Safari/537.36 (compatible; Googlebot/2.1; +http://www.google.com/bot.html)" 
66.249.72.202 - - [25/Oct/2025:12:17:20 -0700] "GET /?product=221880875 HTTP/1.1" 200 20042 "-" "Mozilla/5.0 (Linux; Android 6.0.1; Nexus 5X Build/MMB29P) AppleWebKit/537.36 (KHTML, like Gecko) Chrome/141.0.7390.122 Mobile Safari/537.36 (compatible; Googlebot/2.1; +http://www.google.com/bot.html)" 
66.249.72.202 - - [25/Oct/2025:12:17:24 -0700] "GET /?product=996808507 HTTP/1.1" 200 20937 "-" "Mozilla/5.0 (Linux; Android 6.0.1; Nexus 5X Build/MMB29P) AppleWebKit/537.36 (KHTML, like Gecko) Chrome/141.0.7390.122 Mobile Safari/537.36 (compatible; Googlebot/2.1; +http://www.google.com/bot.html)" 
3.235.215.92 - - [25/Oct/2025:12:17:27 -0700] "GET /2016/04/laravel-installation-on-mediatemple/?fileloc=//usr/bin/mh/fmttest&path=//usr/bin/mh HTTP/1.1" 200 63765 "-" "Mozilla/5.0 AppleWebKit/537.36 (KHTML, like Gecko; compatible; Amazonbot/0.1; +https://developer.amazon.com/support/amazonbot) Chrome/119.0.6045.214 Safari/537.36" 
173.208.176.202 - - [25/Oct/2025:12:16:04 -0700] "GET /wp-includes/bra3c7d5/edit.php?id=405858 HTTP/1.1" 200 295 "http://www.martyknows.com/wp-includes/bra3c7d5/edit.php?id=405858" "Mozilla/5.0 (Windows NT 10.0; Win64; x64) AppleWebKit/537.36 (KHTML, like Gecko) Chrome/58.0.3029.110 Safari/537.3" 
66.249.72.202 - - [25/Oct/2025:12:17:36 -0700] "GET /?product=220676682 HTTP/1.1" 200 22735 "-" "Mozilla/5.0 (Linux; Android 6.0.1; Nexus 5X Build/MMB29P) AppleWebKit/537.36 (KHTML, like Gecko) Chrome/141.0.7390.122 Mobile Safari/537.36 (compatible; Googlebot/2.1; +http://www.google.com/bot.html)" 
66.249.72.202 - - [25/Oct/2025:12:17:37 -0700] "GET /feature/shoplist/usm_0.66_1.00_0.01?fileloc=/home/mmickelson/martyknows.com/wp-admin/async-upload.php??product=52376701 HTTP/1.1" 200 21436 "-" "Mozilla/5.0 (Linux; Android 6.0.1; Nexus 5X Build/MMB29P) AppleWebKit/537.36 (KHTML, like Gecko) Chrome/141.0.7390.122 Mobile Safari/537.36 (compatible; GoogleOther)" 
52.6.5.24 - - [25/Oct/2025:12:17:42 -0700] "GET /2016/11/coloring-shell-scripts/?path=//etc/php/8.1/cli HTTP/1.1" 200 3132 "-" "Mozilla/5.0 AppleWebKit/537.36 (KHTML, like Gecko; compatible; Amazonbot/0.1; +https://developer.amazon.com/support/amazonbot) Chrome/119.0.6045.214 Safari/537.36" 
66.249.72.202 - - [25/Oct/2025:12:17:45 -0700] "GET /feature/shoplist/usm_0.66_1.00_0.01?fileloc=/home/mmickelson/martyknows.com/wp-admin/async-upload.php??product=45190906 HTTP/1.1" 200 21298 "-" "Mozilla/5.0 (Linux; Android 6.0.1; Nexus 5X Build/MMB29P) AppleWebKit/537.36 (KHTML, like Gecko) Chrome/141.0.7390.122 Mobile Safari/537.36 (compatible; GoogleOther)" 
63.141.249.210 - - [25/Oct/2025:12:17:52 -0700] "GET /wp-includes/bra3c7d5/edit.php HTTP/1.1" 200 301 "http://www.martyknows.com/wp-includes/bra3c7d5/edit.php" "Mozilla/5.0 (Windows NT 10.0; Win64; x64) AppleWebKit/537.36 (KHTML, like Gecko) Chrome/58.0.3029.110 Safari/537.3" 
66.249.72.203 - - [25/Oct/2025:12:17:55 -0700] "GET /feature/shoplist/usm_0.66_1.00_0.01?fileloc=/home/mmickelson/martyknows.com/wp-includes/class-wp-simplepie-file.php??product=50810134 HTTP/1.1" 200 24442 "-" "Mozilla/5.0 (Linux; Android 6.0.1; Nexus 5X Build/MMB29P) AppleWebKit/537.36 (KHTML, like Gecko) Chrome/141.0.7390.122 Mobile Safari/537.36 (compatible; GoogleOther)" 
66.249.72.203 - - [25/Oct/2025:12:17:58 -0700] "GET /?product=57994187 HTTP/1.1" 200 24224 "-" "Mozilla/5.0 (Linux; Android 6.0.1; Nexus 5X Build/MMB29P) AppleWebKit/537.36 (KHTML, like Gecko) Chrome/141.0.7390.122 Mobile Safari/537.36 (compatible; Googlebot/2.1; +http://www.google.com/bot.html)" 
66.249.72.204 - - [25/Oct/2025:12:18:07 -0700] "GET /feature/shoplist/usm_0.66_1.00_0.01?fileloc=/home/mmickelson/martyknows.com/wp-includes/class-wp-simplepie-file.php?product=58136727 HTTP/1.1" 200 24429 "-" "Mozilla/5.0 (Linux; Android 6.0.1; Nexus 5X Build/MMB29P) AppleWebKit/537.36 (KHTML, like Gecko) Chrome/141.0.7390.122 Mobile Safari/537.36 (compatible; GoogleOther)" 
66.249.72.202 - - [25/Oct/2025:12:18:22 -0700] "GET /feature/shoplist/usm_0.66_1.00_0.01?fileloc=/home/mmickelson/martyknows.com/wp-admin/async-upload.php??product=49993924 HTTP/1.1" 200 24439 "-" "Mozilla/5.0 (Linux; Android 6.0.1; Nexus 5X Build/MMB29P) AppleWebKit/537.36 (KHTML, like Gecko) Chrome/141.0.7390.122 Mobile Safari/537.36 (compatible; GoogleOther)" 
66.249.72.202 - - [25/Oct/2025:12:18:25 -0700] "GET /feature/shoplist/usm_0.66_1.00_0.01?fileloc=/home/mmickelson/martyknows.com/wp-includes/class-wp-simplepie-file.php??product=48391879 HTTP/1.1" 200 21847 "-" "Mozilla/5.0 (Linux; Android 6.0.1; Nexus 5X Build/MMB29P) AppleWebKit/537.36 (KHTML, like Gecko) Chrome/141.0.7390.122 Mobile Safari/537.36 (compatible; GoogleOther)" 
35.169.102.85 - - [25/Oct/2025:12:18:46 -0700] "GET /2016/04/laravel-installation-on-mediatemple/?path=//usr/lib/locale/ar_IN HTTP/1.1" 200 3693 "-" "Mozilla/5.0 AppleWebKit/537.36 (KHTML, like Gecko; compatible; Amazonbot/0.1; +https://developer.amazon.com/support/amazonbot) Chrome/119.0.6045.214 Safari/537.36" 
54.83.180.239 - - [25/Oct/2025:12:18:50 -0700] "GET /2013/06/how-to-create-a-default-date-range-for-google-search/?path=//sys/bus/workqueue/devices/writeback/subsystem HTTP/1.1" 200 3403 "-" "Mozilla/5.0 AppleWebKit/537.36 (KHTML, like Gecko; compatible; Amazonbot/0.1; +https://developer.amazon.com/support/amazonbot) Chrome/119.0.6045.214 Safari/537.36" 
173.208.176.202 - - [25/Oct/2025:12:17:37 -0700] "GET /wp-includes/bra3c7d5/edit.php?id=405858 HTTP/1.1" 200 295 "http://www.martyknows.com/wp-includes/bra3c7d5/edit.php?id=405858" "Mozilla/5.0 (Windows NT 10.0; Win64; x64) AppleWebKit/537.36 (KHTML, like Gecko) Chrome/58.0.3029.110 Safari/537.3" 
66.249.72.203 - - [25/Oct/2025:12:19:07 -0700] "GET /Chinese/d133?pid=31005 HTTP/1.1" 200 21180 "-" "Mozilla/5.0 (Linux; Android 6.0.1; Nexus 5X Build/MMB29P) AppleWebKit/537.36 (KHTML, like Gecko) Chrome/141.0.7390.122 Mobile Safari/537.36 (compatible; GoogleOther)" 
66.249.72.202 - - [25/Oct/2025:12:19:22 -0700] "GET /feature/shoplist/usm_0.66_1.00_0.01?fileloc=/home/mmickelson/martyknows.com/wp-includes/class-wp-simplepie-file.php?product=42531285 HTTP/1.1" 200 21950 "-" "Mozilla/5.0 (Linux; Android 6.0.1; Nexus 5X Build/MMB29P) AppleWebKit/537.36 (KHTML, like Gecko) Chrome/141.0.7390.122 Mobile Safari/537.36 (compatible; GoogleOther)" 
66.249.72.202 - - [25/Oct/2025:12:19:28 -0700] "GET /feature/shoplist/usm_0.66_1.00_0.01?fileloc=/home/mmickelson/martyknows.com/wp-includes/class-wp-simplepie-file.php?product=52186353 HTTP/1.1" 200 25128 "-" "Mozilla/5.0 (Linux; Android 6.0.1; Nexus 5X Build/MMB29P) AppleWebKit/537.36 (KHTML, like Gecko) Chrome/141.0.7390.122 Mobile Safari/537.36 (compatible; GoogleOther)" 
66.249.72.202 - - [25/Oct/2025:12:19:45 -0700] "GET /contrast/e61?pid=621 HTTP/1.1" 200 19988 "-" "Mozilla/5.0 (Linux; Android 6.0.1; Nexus 5X Build/MMB29P) AppleWebKit/537.36 (KHTML, like Gecko) Chrome/141.0.7390.122 Mobile Safari/537.36 (compatible; GoogleOther)" 
52.2.4.213 - - [25/Oct/2025:12:19:46 -0700] "GET /2013/06/how-to-create-a-default-date-range-for-google-search/?path=//sys/class/aoe/discover/subsystem/discover/subsystem/discover HTTP/1.1" 200 3302 "-" "Mozilla/5.0 AppleWebKit/537.36 (KHTML, like Gecko; compatible; Amazonbot/0.1; +https://developer.amazon.com/support/amazonbot) Chrome/119.0.6045.214 Safari/537.36" 
66.249.72.202 - - [25/Oct/2025:12:19:51 -0700] "GET /feature/shoplist/usm_0.66_1.00_0.01?fileloc=/home/mmickelson/martyknows.com/wp-admin/async-upload.php??product=45193381 HTTP/1.1" 200 21213 "-" "Mozilla/5.0 (Linux; Android 6.0.1; Nexus 5X Build/MMB29P) AppleWebKit/537.36 (KHTML, like Gecko) Chrome/141.0.7390.122 Mobile Safari/537.36 (compatible; GoogleOther)" 
54.80.185.200 - - [25/Oct/2025:12:20:02 -0700] "GET /2016/04/laravel-installation-on-mediatemple/?path=//usr/lib/locale/es_SV HTTP/1.1" 200 3693 "-" "Mozilla/5.0 AppleWebKit/537.36 (KHTML, like Gecko; compatible; Amazonbot/0.1; +https://developer.amazon.com/support/amazonbot) Chrome/119.0.6045.214 Safari/537.36" 
66.249.72.202 - - [25/Oct/2025:12:20:09 -0700] "GET /0?fileloc=/home/mmickelson/martyknows.com/wp-content/postnews.php??product=43849195 HTTP/1.1" 200 24682 "-" "Mozilla/5.0 (Linux; Android 6.0.1; Nexus 5X Build/MMB29P) AppleWebKit/537.36 (KHTML, like Gecko) Chrome/141.0.7390.122 Mobile Safari/537.36 (compatible; Googlebot/2.1; +http://www.google.com/bot.html)" 
66.249.72.202 - - [25/Oct/2025:12:20:15 -0700] "GET /?product=72873839 HTTP/1.1" 200 24536 "-" "Mozilla/5.0 (Linux; Android 6.0.1; Nexus 5X Build/MMB29P) AppleWebKit/537.36 (KHTML, like Gecko) Chrome/141.0.7390.122 Mobile Safari/537.36 (compatible; Googlebot/2.1; +http://www.google.com/bot.html)" 
66.249.72.202 - - [25/Oct/2025:12:20:15 -0700] "GET /-20_ZJPHNwYW4gZm9yZWdyb3VuZD0iIzU2NTk1OSIgZm9udD0iQW1hem9uRW1iZXIgNTAiID4xMTc8L3NwYW4+ HTTP/1.1" 200 21304 "-" "Mozilla/5.0 (Linux; Android 6.0.1; Nexus 5X Build/MMB29P) AppleWebKit/537.36 (KHTML, like Gecko) Chrome/141.0.7390.122 Mobile Safari/537.36 (compatible; Googlebot/2.1; +http://www.google.com/bot.html)" 
66.249.72.202 - - [25/Oct/2025:12:20:22 -0700] "GET /0?fileloc=/home/mmickelson/martyknows.com/wp-content/postnews.php??product=43871524 HTTP/1.1" 200 23906 "-" "Mozilla/5.0 (Linux; Android 6.0.1; Nexus 5X Build/MMB29P) AppleWebKit/537.36 (KHTML, like Gecko) Chrome/141.0.7390.122 Mobile Safari/537.36 (compatible; Googlebot/2.1; +http://www.google.com/bot.html)" 
66.249.72.202 - - [25/Oct/2025:12:20:23 -0700] "GET /feature/shoplist/usm_0.66_1.00_0.01?fileloc=/home/mmickelson/martyknows.com/wp-includes/class-wp-simplepie-file.php??product=40544599 HTTP/1.1" 200 24208 "-" "Mozilla/5.0 (Linux; Android 6.0.1; Nexus 5X Build/MMB29P) AppleWebKit/537.36 (KHTML, like Gecko) Chrome/141.0.7390.122 Mobile Safari/537.36 (compatible; GoogleOther)" 
66.249.72.202 - - [25/Oct/2025:12:20:28 -0700] "GET /0?fileloc=/home/mmickelson/martyknows.com/wp-content/postnews.php?man/kaitori/kaitoritop.html HTTP/1.1" 200 24557 "-" "Mozilla/5.0 (Linux; Android 6.0.1; Nexus 5X Build/MMB29P) AppleWebKit/537.36 (KHTML, like Gecko) Chrome/141.0.7390.122 Mobile Safari/537.36 (compatible; Googlebot/2.1; +http://www.google.com/bot.html)" 
18.233.24.238 - - [25/Oct/2025:12:20:34 -0700] "GET /2016/11/coloring-shell-scripts/?path=//lib/python3/dist-packages/botocore/data/ivs HTTP/1.1" 200 3148 "-" "Mozilla/5.0 AppleWebKit/537.36 (KHTML, like Gecko; compatible; Amazonbot/0.1; +https://developer.amazon.com/support/amazonbot) Chrome/119.0.6045.214 Safari/537.36" 
66.249.72.202 - - [25/Oct/2025:12:20:37 -0700] "GET /feature/shoplist/usm_0.66_1.00_0.01?fileloc=/home/mmickelson/martyknows.com/wp-includes/class-wp-simplepie-file.php??product=61633434 HTTP/1.1" 200 20809 "-" "Mozilla/5.0 (Linux; Android 6.0.1; Nexus 5X Build/MMB29P) AppleWebKit/537.36 (KHTML, like Gecko) Chrome/141.0.7390.122 Mobile Safari/537.36 (compatible; GoogleOther)" 
173.208.176.202 - - [25/Oct/2025:12:19:08 -0700] "GET /wp-includes/bra3c7d5/edit.php?id=405858 HTTP/1.1" 200 295 "http://www.martyknows.com/wp-includes/bra3c7d5/edit.php?id=405858" "Mozilla/5.0 (Windows NT 10.0; Win64; x64) AppleWebKit/537.36 (KHTML, like Gecko) Chrome/58.0.3029.110 Safari/537.3" 
66.249.72.202 - - [25/Oct/2025:12:20:39 -0700] "GET /0?fileloc=/home/mmickelson/martyknows.com/wp-content/postnews.php??product=43851309 HTTP/1.1" 200 20356 "-" "Mozilla/5.0 (Linux; Android 6.0.1; Nexus 5X Build/MMB29P) AppleWebKit/537.36 (KHTML, like Gecko) Chrome/141.0.7390.122 Mobile Safari/537.36 (compatible; Googlebot/2.1; +http://www.google.com/bot.html)" 
66.249.72.202 - - [25/Oct/2025:12:20:45 -0700] "GET /0?fileloc=/home/mmickelson/martyknows.com/wp-content/postnews.php??product=43864743 HTTP/1.1" 200 23918 "-" "Mozilla/5.0 (Linux; Android 6.0.1; Nexus 5X Build/MMB29P) AppleWebKit/537.36 (KHTML, like Gecko) Chrome/141.0.7390.122 Mobile Safari/537.36 (compatible; Googlebot/2.1; +http://www.google.com/bot.html)" 
66.249.72.202 - - [25/Oct/2025:12:20:45 -0700] "GET /?product=2126221461 HTTP/1.1" 200 24014 "-" "Mozilla/5.0 (Linux; Android 6.0.1; Nexus 5X Build/MMB29P) AppleWebKit/537.36 (KHTML, like Gecko) Chrome/141.0.7390.122 Mobile Safari/537.36 (compatible; Googlebot/2.1; +http://www.google.com/bot.html)" 
66.249.72.202 - - [25/Oct/2025:12:20:52 -0700] "GET /pcmypage/ HTTP/1.1" 200 20485 "-" "Mozilla/5.0 (Linux; Android 6.0.1; Nexus 5X Build/MMB29P) AppleWebKit/537.36 (KHTML, like Gecko) Chrome/141.0.7390.122 Mobile Safari/537.36 (compatible; Googlebot/2.1; +http://www.google.com/bot.html)" 
66.249.72.202 - - [25/Oct/2025:12:20:58 -0700] "GET /absence/n9?pid=431 HTTP/1.1" 200 21175 "-" "Mozilla/5.0 (Linux; Android 6.0.1; Nexus 5X Build/MMB29P) AppleWebKit/537.36 (KHTML, like Gecko) Chrome/141.0.7390.122 Mobile Safari/537.36 (compatible; Googlebot/2.1; +http://www.google.com/bot.html)" 
66.249.72.203 - - [25/Oct/2025:12:21:02 -0700] "GET /feature/shoplist/usm_0.66_1.00_0.01?fileloc=/home/mmickelson/martyknows.com/wp-includes/class-wp-simplepie-file.php??product=49787002 HTTP/1.1" 200 22775 "-" "Mozilla/5.0 (Linux; Android 6.0.1; Nexus 5X Build/MMB29P) AppleWebKit/537.36 (KHTML, like Gecko) Chrome/141.0.7390.122 Mobile Safari/537.36 (compatible; GoogleOther)" 
66.249.72.204 - - [25/Oct/2025:12:21:05 -0700] "GET /feature/shoplist/usm_0.66_1.00_0.01?fileloc=/home/mmickelson/martyknows.com/wp-admin/async-upload.php??product=50465261 HTTP/1.1" 200 24040 "-" "Mozilla/5.0 (Linux; Android 6.0.1; Nexus 5X Build/MMB29P) AppleWebKit/537.36 (KHTML, like Gecko) Chrome/141.0.7390.122 Mobile Safari/537.36 (compatible; GoogleOther)" 
66.249.72.202 - - [25/Oct/2025:12:21:09 -0700] "GET /strengthen/y89?pid=735 HTTP/1.1" 200 295 "-" "Mozilla/5.0 (Linux; Android 6.0.1; Nexus 5X Build/MMB29P) AppleWebKit/537.36 (KHTML, like Gecko) Chrome/141.0.7390.122 Mobile Safari/537.36 (compatible; Googlebot/2.1; +http://www.google.com/bot.html)" 
66.249.72.202 - - [25/Oct/2025:12:21:15 -0700] "GET /resume/l7?pid=595 HTTP/1.1" 200 21168 "-" "Mozilla/5.0 (Linux; Android 6.0.1; Nexus 5X Build/MMB29P) AppleWebKit/537.36 (KHTML, like Gecko) Chrome/141.0.7390.122 Mobile Safari/537.36 (compatible; Googlebot/2.1; +http://www.google.com/bot.html)" 
66.249.72.202 - - [25/Oct/2025:12:21:21 -0700] "GET /?product=1005375510 HTTP/1.1" 200 23899 "-" "Mozilla/5.0 (Linux; Android 6.0.1; Nexus 5X Build/MMB29P) AppleWebKit/537.36 (KHTML, like Gecko) Chrome/141.0.7390.122 Mobile Safari/537.36 (compatible; Googlebot/2.1; +http://www.google.com/bot.html)" 
66.249.72.202 - - [25/Oct/2025:12:21:21 -0700] "GET /?product=1555163935 HTTP/1.1" 200 24605 "-" "Mozilla/5.0 (Linux; Android 6.0.1; Nexus 5X Build/MMB29P) AppleWebKit/537.36 (KHTML, like Gecko) Chrome/141.0.7390.122 Mobile Safari/537.36 (compatible; GoogleOther)" 
66.249.72.202 - - [25/Oct/2025:12:21:21 -0700] "GET /well-known/s43?pid=45887 HTTP/1.1" 200 24911 "-" "Mozilla/5.0 (Linux; Android 6.0.1; Nexus 5X Build/MMB29P) AppleWebKit/537.36 (KHTML, like Gecko) Chrome/141.0.7390.122 Mobile Safari/537.36 (compatible; Googlebot/2.1; +http://www.google.com/bot.html)" 
66.249.72.202 - - [25/Oct/2025:12:21:23 -0700] "GET /?product=49755766 HTTP/1.1" 200 24068 "-" "Mozilla/5.0 (Linux; Android 6.0.1; Nexus 5X Build/MMB29P) AppleWebKit/537.36 (KHTML, like Gecko) Chrome/141.0.7390.122 Mobile Safari/537.36 (compatible; Googlebot/2.1; +http://www.google.com/bot.html)" 
66.249.72.202 - - [25/Oct/2025:12:21:29 -0700] "GET /various/z2?pid=180 HTTP/1.1" 200 25400 "-" "Mozilla/5.0 (Linux; Android 6.0.1; Nexus 5X Build/MMB29P) AppleWebKit/537.36 (KHTML, like Gecko) Chrome/141.0.7390.122 Mobile Safari/537.36 (compatible; Googlebot/2.1; +http://www.google.com/bot.html)" 
66.249.72.202 - - [25/Oct/2025:12:21:35 -0700] "GET /sorry/b83?pid=533 HTTP/1.1" 200 24447 "-" "Mozilla/5.0 (Linux; Android 6.0.1; Nexus 5X Build/MMB29P) AppleWebKit/537.36 (KHTML, like Gecko) Chrome/141.0.7390.122 Mobile Safari/537.36 (compatible; Googlebot/2.1; +http://www.google.com/bot.html)" 
66.249.72.202 - - [25/Oct/2025:12:21:40 -0700] "GET /buy/w83?pid=531 HTTP/1.1" 200 24686 "-" "Mozilla/5.0 (Linux; Android 6.0.1; Nexus 5X Build/MMB29P) AppleWebKit/537.36 (KHTML, like Gecko) Chrome/141.0.7390.122 Mobile Safari/537.36 (compatible; Googlebot/2.1; +http://www.google.com/bot.html)" 
66.249.72.202 - - [25/Oct/2025:12:21:45 -0700] "GET /feature/shoplist/usm_0.66_1.00_0.01?fileloc=/home/mmickelson/martyknows.com/wp-admin/async-upload.php??product=53571281 HTTP/1.1" 200 24667 "-" "Mozilla/5.0 (Linux; Android 6.0.1; Nexus 5X Build/MMB29P) AppleWebKit/537.36 (KHTML, like Gecko) Chrome/141.0.7390.122 Mobile Safari/537.36 (compatible; GoogleOther)" 
66.249.72.202 - - [25/Oct/2025:12:21:52 -0700] "GET /thin/z83?pid=529 HTTP/1.1" 200 24795 "-" "Mozilla/5.0 (Linux; Android 6.0.1; Nexus 5X Build/MMB29P) AppleWebKit/537.36 (KHTML, like Gecko) Chrome/141.0.7390.122 Mobile Safari/537.36 (compatible; Googlebot/2.1; +http://www.google.com/bot.html)" 
66.249.72.202 - - [25/Oct/2025:12:21:52 -0700] "GET /feature/shoplist/usm_0.66_1.00_0.01?fileloc=/home/mmickelson/martyknows.com/wp-includes/class-wp-simplepie-file.php?product=58999647 HTTP/1.1" 200 25667 "-" "Mozilla/5.0 (Linux; Android 6.0.1; Nexus 5X Build/MMB29P) AppleWebKit/537.36 (KHTML, like Gecko) Chrome/141.0.7390.122 Mobile Safari/537.36 (compatible; GoogleOther)" 
66.249.72.202 - - [25/Oct/2025:12:21:58 -0700] "GET /update/v60?pid=634 HTTP/1.1" 200 25241 "-" "Mozilla/5.0 (Linux; Android 6.0.1; Nexus 5X Build/MMB29P) AppleWebKit/537.36 (KHTML, like Gecko) Chrome/141.0.7390.122 Mobile Safari/537.36 (compatible; Googlebot/2.1; +http://www.google.com/bot.html)" 
66.249.72.204 - - [25/Oct/2025:12:22:05 -0700] "GET /here/b78?pid=644 HTTP/1.1" 200 24925 "-" "Mozilla/5.0 (Linux; Android 6.0.1; Nexus 5X Build/MMB29P) AppleWebKit/537.36 (KHTML, like Gecko) Chrome/141.0.7390.122 Mobile Safari/537.36 (compatible; GoogleOther)" 
66.249.72.203 - - [25/Oct/2025:12:22:09 -0700] "GET /likely/e67?pid=791 HTTP/1.1" 200 21174 "-" "Mozilla/5.0 (Linux; Android 6.0.1; Nexus 5X Build/MMB29P) AppleWebKit/537.36 (KHTML, like Gecko) Chrome/141.0.7390.122 Mobile Safari/537.36 (compatible; Googlebot/2.1; +http://www.google.com/bot.html)" 
66.249.72.202 - - [25/Oct/2025:12:22:20 -0700] "GET /defendant/f17?pid=279 HTTP/1.1" 200 24070 "-" "Mozilla/5.0 (Linux; Android 6.0.1; Nexus 5X Build/MMB29P) AppleWebKit/537.36 (KHTML, like Gecko) Chrome/141.0.7390.122 Mobile Safari/537.36 (compatible; Googlebot/2.1; +http://www.google.com/bot.html)" 
173.208.176.202 - - [25/Oct/2025:12:20:41 -0700] "GET /wp-includes/bra3c7d5/edit.php?id=405858 HTTP/1.1" 200 295 "http://www.martyknows.com/wp-includes/bra3c7d5/edit.php?id=405858" "Mozilla/5.0 (Windows NT 10.0; Win64; x64) AppleWebKit/537.36 (KHTML, like Gecko) Chrome/58.0.3029.110 Safari/537.3" 
66.249.72.202 - - [25/Oct/2025:12:22:27 -0700] "GET /vendor/j46?pid=420 HTTP/1.1" 200 23363 "-" "Mozilla/5.0 (Linux; Android 6.0.1; Nexus 5X Build/MMB29P) AppleWebKit/537.36 (KHTML, like Gecko) Chrome/141.0.7390.122 Mobile Safari/537.36 (compatible; GoogleOther)" 
66.249.72.202 - - [25/Oct/2025:12:22:27 -0700] "GET /administrator/j54?pid=400 HTTP/1.1" 200 24784 "-" "Mozilla/5.0 (Linux; Android 6.0.1; Nexus 5X Build/MMB29P) AppleWebKit/537.36 (KHTML, like Gecko) Chrome/141.0.7390.122 Mobile Safari/537.36 (compatible; Googlebot/2.1; +http://www.google.com/bot.html)" 
66.249.72.202 - - [25/Oct/2025:12:22:29 -0700] "GET /?product=1119509578 HTTP/1.1" 200 23633 "-" "Mozilla/5.0 (Linux; Android 6.0.1; Nexus 5X Build/MMB29P) AppleWebKit/537.36 (KHTML, like Gecko) Chrome/141.0.7390.122 Mobile Safari/537.36 (compatible; Googlebot/2.1; +http://www.google.com/bot.html)" 
66.249.72.202 - - [25/Oct/2025:12:22:35 -0700] "GET /gas/m40?pid=800 HTTP/1.1" 200 19986 "-" "Mozilla/5.0 (Linux; Android 6.0.1; Nexus 5X Build/MMB29P) AppleWebKit/537.36 (KHTML, like Gecko) Chrome/141.0.7390.122 Mobile Safari/537.36 (compatible; Googlebot/2.1; +http://www.google.com/bot.html)" 
66.249.72.202 - - [25/Oct/2025:12:22:36 -0700] "GET /feature/shoplist/usm_0.66_1.00_0.01?fileloc=/home/mmickelson/martyknows.com/wp-includes/class-wp-simplepie-file.php??product=44977936 HTTP/1.1" 200 24701 "-" "Mozilla/5.0 (Linux; Android 6.0.1; Nexus 5X Build/MMB29P) AppleWebKit/537.36 (KHTML, like Gecko) Chrome/141.0.7390.122 Mobile Safari/537.36 (compatible; GoogleOther)" 
66.249.72.202 - - [25/Oct/2025:12:22:40 -0700] "GET /cloth/r54?pid=86 HTTP/1.1" 200 23773 "-" "Mozilla/5.0 (Linux; Android 6.0.1; Nexus 5X Build/MMB29P) AppleWebKit/537.36 (KHTML, like Gecko) Chrome/141.0.7390.122 Mobile Safari/537.36 (compatible; Googlebot/2.1; +http://www.google.com/bot.html)" 
66.249.72.202 - - [25/Oct/2025:12:22:46 -0700] "GET /increasingly/s88?pid=370 HTTP/1.1" 200 24254 "-" "Mozilla/5.0 (Linux; Android 6.0.1; Nexus 5X Build/MMB29P) AppleWebKit/537.36 (KHTML, like Gecko) Chrome/141.0.7390.122 Mobile Safari/537.36 (compatible; Googlebot/2.1; +http://www.google.com/bot.html)" 
66.249.72.202 - - [25/Oct/2025:12:22:47 -0700] "GET /?product=1690971958 HTTP/1.1" 200 24025 "-" "Mozilla/5.0 (Linux; Android 6.0.1; Nexus 5X Build/MMB29P) AppleWebKit/537.36 (KHTML, like Gecko) Chrome/141.0.7390.122 Mobile Safari/537.36 (compatible; Googlebot/2.1; +http://www.google.com/bot.html)" 
66.249.72.202 - - [25/Oct/2025:12:22:53 -0700] "GET /humor/t2?pid=920 HTTP/1.1" 200 23778 "-" "Mozilla/5.0 (Linux; Android 6.0.1; Nexus 5X Build/MMB29P) AppleWebKit/537.36 (KHTML, like Gecko) Chrome/141.0.7390.122 Mobile Safari/537.36 (compatible; Googlebot/2.1; +http://www.google.com/bot.html)" 
52.203.152.231 - - [25/Oct/2025:12:22:54 -0700] "GET /2016/04/laravel-installation-on-mediatemple/?path=//sys/module/hid_lg_g15/drivers HTTP/1.1" 200 3125 "-" "Mozilla/5.0 AppleWebKit/537.36 (KHTML, like Gecko; compatible; Amazonbot/0.1; +https://developer.amazon.com/support/amazonbot) Chrome/119.0.6045.214 Safari/537.36" 
66.249.72.202 - - [25/Oct/2025:12:22:53 -0700] "GET /?product=59193271 HTTP/1.1" 200 24790 "-" "Mozilla/5.0 (Linux; Android 6.0.1; Nexus 5X Build/MMB29P) AppleWebKit/537.36 (KHTML, like Gecko) Chrome/141.0.7390.122 Mobile Safari/537.36 (compatible; Googlebot/2.1; +http://www.google.com/bot.html)" 
66.249.72.204 - - [25/Oct/2025:12:23:03 -0700] "GET /conservative/j88?pid=366 HTTP/1.1" 200 21177 "-" "Mozilla/5.0 (Linux; Android 6.0.1; Nexus 5X Build/MMB29P) AppleWebKit/537.36 (KHTML, like Gecko) Chrome/141.0.7390.122 Mobile Safari/537.36 (compatible; Googlebot/2.1; +http://www.google.com/bot.html)" 
66.249.72.203 - - [25/Oct/2025:12:23:07 -0700] "GET /feature/shoplist/usm_0.66_1.00_0.01?fileloc=/home/mmickelson/martyknows.com/wp-includes/class-wp-simplepie-file.php??product=61741365 HTTP/1.1" 200 24542 "-" "Mozilla/5.0 (Linux; Android 6.0.1; Nexus 5X Build/MMB29P) AppleWebKit/537.36 (KHTML, like Gecko) Chrome/141.0.7390.122 Mobile Safari/537.36 (compatible; GoogleOther)" 
66.249.72.203 - - [25/Oct/2025:12:23:09 -0700] "GET /dismiss/o4?pid=312 HTTP/1.1" 200 23858 "-" "Mozilla/5.0 (Linux; Android 6.0.1; Nexus 5X Build/MMB29P) AppleWebKit/537.36 (KHTML, like Gecko) Chrome/141.0.7390.122 Mobile Safari/537.36 (compatible; Googlebot/2.1; +http://www.google.com/bot.html)" 
66.249.72.202 - - [25/Oct/2025:12:23:14 -0700] "GET /?product=1595665245 HTTP/1.1" 200 22441 "-" "Mozilla/5.0 (Linux; Android 6.0.1; Nexus 5X Build/MMB29P) AppleWebKit/537.36 (KHTML, like Gecko) Chrome/141.0.7390.122 Mobile Safari/537.36 (compatible; Googlebot/2.1; +http://www.google.com/bot.html)" 
66.249.72.202 - - [25/Oct/2025:12:23:15 -0700] "GET /lawmaker/g47?pid=451 HTTP/1.1" 200 24581 "-" "Mozilla/5.0 (Linux; Android 6.0.1; Nexus 5X Build/MMB29P) AppleWebKit/537.36 (KHTML, like Gecko) Chrome/141.0.7390.122 Mobile Safari/537.36 (compatible; Googlebot/2.1; +http://www.google.com/bot.html)" 
66.249.72.202 - - [25/Oct/2025:12:23:21 -0700] "GET /trading/p4?pid=310 HTTP/1.1" 200 23929 "-" "Mozilla/5.0 (Linux; Android 6.0.1; Nexus 5X Build/MMB29P) AppleWebKit/537.36 (KHTML, like Gecko) Chrome/141.0.7390.122 Mobile Safari/537.36 (compatible; Googlebot/2.1; +http://www.google.com/bot.html)" 
66.249.72.202 - - [25/Oct/2025:12:23:22 -0700] "GET /?product=2126230298 HTTP/1.1" 200 24876 "-" "Mozilla/5.0 (Linux; Android 6.0.1; Nexus 5X Build/MMB29P) AppleWebKit/537.36 (KHTML, like Gecko) Chrome/141.0.7390.122 Mobile Safari/537.36 (compatible; Googlebot/2.1; +http://www.google.com/bot.html)" 
66.249.72.202 - - [25/Oct/2025:12:23:28 -0700] "GET /resort/g9?pid=951 HTTP/1.1" 200 21168 "-" "Mozilla/5.0 (Linux; Android 6.0.1; Nexus 5X Build/MMB29P) AppleWebKit/537.36 (KHTML, like Gecko) Chrome/141.0.7390.122 Mobile Safari/537.36 (compatible; Googlebot/2.1; +http://www.google.com/bot.html)" 
44.197.76.210 - - [25/Oct/2025:12:23:38 -0700] "GET /2016/04/laravel-installation-on-mediatemple/?path=//sys/kernel/iommu_groups/0 HTTP/1.1" 200 3284 "-" "Mozilla/5.0 AppleWebKit/537.36 (KHTML, like Gecko; compatible; Amazonbot/0.1; +https://developer.amazon.com/support/amazonbot) Chrome/119.0.6045.214 Safari/537.36" 
66.249.72.202 - - [25/Oct/2025:12:23:39 -0700] "GET /application/o9?pid=953 HTTP/1.1" 200 25111 "-" "Mozilla/5.0 (Linux; Android 6.0.1; Nexus 5X Build/MMB29P) AppleWebKit/537.36 (KHTML, like Gecko) Chrome/141.0.7390.122 Mobile Safari/537.36 (compatible; Googlebot/2.1; +http://www.google.com/bot.html)" 
66.249.72.202 - - [25/Oct/2025:12:23:45 -0700] "GET /strength/d88?pid=368 HTTP/1.1" 200 24180 "-" "Mozilla/5.0 (Linux; Android 6.0.1; Nexus 5X Build/MMB29P) AppleWebKit/537.36 (KHTML, like Gecko) Chrome/141.0.7390.122 Mobile Safari/537.36 (compatible; Googlebot/2.1; +http://www.google.com/bot.html)" 
66.249.72.202 - - [25/Oct/2025:12:23:46 -0700] "GET /feature/shoplist/usm_0.66_1.00_0.01?fileloc=/home/mmickelson/martyknows.com/wp-includes/class-wp-simplepie-file.php??product=53328375 HTTP/1.1" 200 25563 "-" "Mozilla/5.0 (Linux; Android 6.0.1; Nexus 5X Build/MMB29P) AppleWebKit/537.36 (KHTML, like Gecko) Chrome/141.0.7390.122 Mobile Safari/537.36 (compatible; GoogleOther)" 
66.249.72.202 - - [25/Oct/2025:12:23:52 -0700] "GET /although/j43?pid=79 HTTP/1.1" 200 24207 "-" "Mozilla/5.0 (Linux; Android 6.0.1; Nexus 5X Build/MMB29P) AppleWebKit/537.36 (KHTML, like Gecko) Chrome/141.0.7390.122 Mobile Safari/537.36 (compatible; Googlebot/2.1; +http://www.google.com/bot.html)" 
52.70.138.176 - - [25/Oct/2025:12:23:58 -0700] "GET /2016/04/laravel-installation-on-mediatemple/?path=//var/run/shm/acme_app.quimpo.com.co HTTP/1.1" 200 3293 "-" "Mozilla/5.0 AppleWebKit/537.36 (KHTML, like Gecko; compatible; Amazonbot/0.1; +https://developer.amazon.com/support/amazonbot) Chrome/119.0.6045.214 Safari/537.36" 
66.249.72.202 - - [25/Oct/2025:12:23:58 -0700] "GET /directly/f4?pid=306 HTTP/1.1" 200 24139 "-" "Mozilla/5.0 (Linux; Android 6.0.1; Nexus 5X Build/MMB29P) AppleWebKit/537.36 (KHTML, like Gecko) Chrome/141.0.7390.122 Mobile Safari/537.36 (compatible; Googlebot/2.1; +http://www.google.com/bot.html)" 
66.249.72.203 - - [25/Oct/2025:12:23:59 -0700] "GET /feature/shoplist/usm_0.66_1.00_0.01?fileloc=/home/mmickelson/martyknows.com/wp-admin/async-upload.php??product=47597781 HTTP/1.1" 200 24413 "-" "Mozilla/5.0 (Linux; Android 6.0.1; Nexus 5X Build/MMB29P) AppleWebKit/537.36 (KHTML, like Gecko) Chrome/141.0.7390.122 Mobile Safari/537.36 (compatible; Googlebot/2.1; +http://www.google.com/bot.html)" 
173.208.176.202 - - [25/Oct/2025:12:22:34 -0700] "GET /wp-includes/bra3c7d5/edit.php?id=405858 HTTP/1.1" 200 295 "http://www.martyknows.com/wp-includes/bra3c7d5/edit.php?id=405858" "Mozilla/5.0 (Windows NT 10.0; Win64; x64) AppleWebKit/537.36 (KHTML, like Gecko) Chrome/58.0.3029.110 Safari/537.3" 
66.249.72.202 - - [25/Oct/2025:12:24:04 -0700] "GET /union/e88?pid=350 HTTP/1.1" 200 24609 "-" "Mozilla/5.0 (Linux; Android 6.0.1; Nexus 5X Build/MMB29P) AppleWebKit/537.36 (KHTML, like Gecko) Chrome/141.0.7390.122 Mobile Safari/537.36 (compatible; Googlebot/2.1; +http://www.google.com/bot.html)" 
66.249.72.202 - - [25/Oct/2025:12:24:10 -0700] "GET /feature/shoplist/usm_0.66_1.00_0.01?fileloc=/home/mmickelson/martyknows.com/wp-includes/class-wp-simplepie-file.php??product=57833756 HTTP/1.1" 200 24881 "-" "Mozilla/5.0 (Linux; Android 6.0.1; Nexus 5X Build/MMB29P) AppleWebKit/537.36 (KHTML, like Gecko) Chrome/141.0.7390.122 Mobile Safari/537.36 (compatible; GoogleOther)" 
66.249.72.202 - - [25/Oct/2025:12:24:16 -0700] "GET /convenience/m4?pid=342 HTTP/1.1" 200 24505 "-" "Mozilla/5.0 (Linux; Android 6.0.1; Nexus 5X Build/MMB29P) AppleWebKit/537.36 (KHTML, like Gecko) Chrome/141.0.7390.122 Mobile Safari/537.36 (compatible; Googlebot/2.1; +http://www.google.com/bot.html)" 
66.249.72.202 - - [25/Oct/2025:12:24:20 -0700] "GET /stretch/c91?pid=139 HTTP/1.1" 200 25052 "-" "Mozilla/5.0 (Linux; Android 6.0.1; Nexus 5X Build/MMB29P) AppleWebKit/537.36 (KHTML, like Gecko) Chrome/141.0.7390.122 Mobile Safari/537.36 (compatible; GoogleOther)" 
66.249.72.202 - - [25/Oct/2025:12:24:21 -0700] "GET /safely/g9?pid=951 HTTP/1.1" 200 24373 "-" "Mozilla/5.0 (Linux; Android 6.0.1; Nexus 5X Build/MMB29P) AppleWebKit/537.36 (KHTML, like Gecko) Chrome/141.0.7390.122 Mobile Safari/537.36 (compatible; Googlebot/2.1; +http://www.google.com/bot.html)" 
66.249.72.202 - - [25/Oct/2025:12:24:23 -0700] "GET /feature/shoplist/usm_0.66_1.00_0.01?fileloc=/home/mmickelson/martyknows.com/wp-includes/class-wp-simplepie-file.php?product=39304195 HTTP/1.1" 200 23403 "-" "Mozilla/5.0 (Linux; Android 6.0.1; Nexus 5X Build/MMB29P) AppleWebKit/537.36 (KHTML, like Gecko) Chrome/141.0.7390.122 Mobile Safari/537.36 (compatible; GoogleOther)" 
66.249.72.202 - - [25/Oct/2025:12:24:26 -0700] "GET /feature/shoplist/usm_0.66_1.00_0.01?fileloc=/home/mmickelson/martyknows.com/wp-admin/async-upload.php??product=47181165 HTTP/1.1" 200 24503 "-" "Mozilla/5.0 (Linux; Android 6.0.1; Nexus 5X Build/MMB29P) AppleWebKit/537.36 (KHTML, like Gecko) Chrome/141.0.7390.122 Mobile Safari/537.36 (compatible; GoogleOther)" 
66.249.72.202 - - [25/Oct/2025:12:24:27 -0700] "GET /verbal/a88?pid=372 HTTP/1.1" 200 24363 "-" "Mozilla/5.0 (Linux; Android 6.0.1; Nexus 5X Build/MMB29P) AppleWebKit/537.36 (KHTML, like Gecko) Chrome/141.0.7390.122 Mobile Safari/537.36 (compatible; Googlebot/2.1; +http://www.google.com/bot.html)" 
66.249.72.202 - - [25/Oct/2025:12:24:38 -0700] "GET /crystal/z26?pid=150 HTTP/1.1" 200 25091 "-" "Mozilla/5.0 (Linux; Android 6.0.1; Nexus 5X Build/MMB29P) AppleWebKit/537.36 (KHTML, like Gecko) Chrome/141.0.7390.122 Mobile Safari/537.36 (compatible; Googlebot/2.1; +http://www.google.com/bot.html)" 
66.249.72.202 - - [25/Oct/2025:12:24:44 -0700] "GET /rural/n4?pid=326 HTTP/1.1" 200 21162 "-" "Mozilla/5.0 (Linux; Android 6.0.1; Nexus 5X Build/MMB29P) AppleWebKit/537.36 (KHTML, like Gecko) Chrome/141.0.7390.122 Mobile Safari/537.36 (compatible; Googlebot/2.1; +http://www.google.com/bot.html)" 
23.23.214.190 - - [25/Oct/2025:12:24:46 -0700] "GET /2016/11/coloring-shell-scripts/?path=//lib/python3/dist-packages/botocore/data/codestar-notifications HTTP/1.1" 200 3165 "-" "Mozilla/5.0 AppleWebKit/537.36 (KHTML, like Gecko; compatible; Amazonbot/0.1; +https://developer.amazon.com/support/amazonbot) Chrome/119.0.6045.214 Safari/537.36" 
66.249.72.202 - - [25/Oct/2025:12:24:50 -0700] "GET /afraid/x32?pid=190 HTTP/1.1" 200 19990 "-" "Mozilla/5.0 (Linux; Android 6.0.1; Nexus 5X Build/MMB29P) AppleWebKit/537.36 (KHTML, like Gecko) Chrome/141.0.7390.122 Mobile Safari/537.36 (compatible; Googlebot/2.1; +http://www.google.com/bot.html)" 
63.141.249.210 - - [25/Oct/2025:12:24:51 -0700] "GET /wp-includes/bra3c7d5/edit.php HTTP/1.1" 200 301 "http://www.martyknows.com/wp-includes/bra3c7d5/edit.php" "Mozilla/5.0 (Windows NT 10.0; Win64; x64) AppleWebKit/537.36 (KHTML, like Gecko) Chrome/58.0.3029.110 Safari/537.3" 
66.249.72.204 - - [25/Oct/2025:12:25:04 -0700] "GET /variable/r116?pid=642 HTTP/1.1" 200 24283 "-" "Mozilla/5.0 (Linux; Android 6.0.1; Nexus 5X Build/MMB29P) AppleWebKit/537.36 (KHTML, like Gecko) Chrome/141.0.7390.122 Mobile Safari/537.36 (compatible; GoogleOther)" 
3.221.156.96 - - [25/Oct/2025:12:25:06 -0700] "GET /2016/11/coloring-shell-scripts/?path=//lib/python3/dist-packages/awscli/examples/rds-data HTTP/1.1" 200 3409 "-" "Mozilla/5.0 AppleWebKit/537.36 (KHTML, like Gecko; compatible; Amazonbot/0.1; +https://developer.amazon.com/support/amazonbot) Chrome/119.0.6045.214 Safari/537.36" 
66.249.72.204 - - [25/Oct/2025:12:25:06 -0700] "GET /head/h85?pid=155 HTTP/1.1" 200 23822 "-" "Mozilla/5.0 (Linux; Android 6.0.1; Nexus 5X Build/MMB29P) AppleWebKit/537.36 (KHTML, like Gecko) Chrome/141.0.7390.122 Mobile Safari/537.36 (compatible; Googlebot/2.1; +http://www.google.com/bot.html)" 
66.249.72.203 - - [25/Oct/2025:12:25:10 -0700] "GET /?product=224378331 HTTP/1.1" 200 21014 "-" "Mozilla/5.0 (Linux; Android 6.0.1; Nexus 5X Build/MMB29P) AppleWebKit/537.36 (KHTML, like Gecko) Chrome/141.0.7390.122 Mobile Safari/537.36 (compatible; Googlebot/2.1; +http://www.google.com/bot.html)" 
66.249.72.202 - - [25/Oct/2025:12:25:10 -0700] "GET /trick/i6?pid=550 HTTP/1.1" 200 23810 "-" "Mozilla/5.0 (Linux; Android 6.0.1; Nexus 5X Build/MMB29P) AppleWebKit/537.36 (KHTML, like Gecko) Chrome/141.0.7390.122 Mobile Safari/537.36 (compatible; Googlebot/2.1; +http://www.google.com/bot.html)" 
66.249.72.202 - - [25/Oct/2025:12:25:17 -0700] "GET /ground/w6?pid=552 HTTP/1.1" 200 23818 "-" "Mozilla/5.0 (Linux; Android 6.0.1; Nexus 5X Build/MMB29P) AppleWebKit/537.36 (KHTML, like Gecko) Chrome/141.0.7390.122 Mobile Safari/537.36 (compatible; Googlebot/2.1; +http://www.google.com/bot.html)" 
66.249.72.202 - - [25/Oct/2025:12:25:28 -0700] "GET /destruction/r6?pid=554 HTTP/1.1" 200 24262 "-" "Mozilla/5.0 (Linux; Android 6.0.1; Nexus 5X Build/MMB29P) AppleWebKit/537.36 (KHTML, like Gecko) Chrome/141.0.7390.122 Mobile Safari/537.36 (compatible; Googlebot/2.1; +http://www.google.com/bot.html)" 
173.208.176.202 - - [25/Oct/2025:12:24:02 -0700] "GET /wp-includes/bra3c7d5/edit.php?id=405858 HTTP/1.1" 200 295 "http://www.martyknows.com/wp-includes/bra3c7d5/edit.php?id=405858" "Mozilla/5.0 (Windows NT 10.0; Win64; x64) AppleWebKit/537.36 (KHTML, like Gecko) Chrome/58.0.3029.110 Safari/537.3" 
34.236.41.241 - - [25/Oct/2025:12:25:33 -0700] "GET /2016/04/laravel-installation-on-mediatemple/?path=//usr/lib/locale/am_ET HTTP/1.1" 200 3689 "-" "Mozilla/5.0 AppleWebKit/537.36 (KHTML, like Gecko; compatible; Amazonbot/0.1; +https://developer.amazon.com/support/amazonbot) Chrome/119.0.6045.214 Safari/537.36" 
66.249.72.202 - - [25/Oct/2025:12:25:33 -0700] "GET /representation/n21?pid=459 HTTP/1.1" 200 24470 "-" "Mozilla/5.0 (Linux; Android 6.0.1; Nexus 5X Build/MMB29P) AppleWebKit/537.36 (KHTML, like Gecko) Chrome/141.0.7390.122 Mobile Safari/537.36 (compatible; Googlebot/2.1; +http://www.google.com/bot.html)" 
66.249.72.202 - - [25/Oct/2025:12:25:37 -0700] "GET /items/xhpdf98/16161?key=regulate HTTP/1.1" 200 24538 "-" "Mozilla/5.0 (Linux; Android 6.0.1; Nexus 5X Build/MMB29P) AppleWebKit/537.36 (KHTML, like Gecko) Chrome/141.0.7390.122 Mobile Safari/537.36 (compatible; GoogleOther)" 
66.249.72.202 - - [25/Oct/2025:12:25:43 -0700] "GET /items/xhpdf265/15994?key=unit HTTP/1.1" 200 24892 "-" "Mozilla/5.0 (Linux; Android 6.0.1; Nexus 5X Build/MMB29P) AppleWebKit/537.36 (KHTML, like Gecko) Chrome/141.0.7390.122 Mobile Safari/537.36 (compatible; GoogleOther)" 
66.249.72.202 - - [25/Oct/2025:12:25:45 -0700] "GET /feature/shoplist/pin_large_front HTTP/1.1" 200 24464 "-" "Mozilla/5.0 (Linux; Android 6.0.1; Nexus 5X Build/MMB29P) AppleWebKit/537.36 (KHTML, like Gecko) Chrome/141.0.7390.122 Mobile Safari/537.36 (compatible; GoogleOther)" 
66.249.72.202 - - [25/Oct/2025:12:25:49 -0700] "GET /Spanish/t35?pid=1767 HTTP/1.1" 200 24919 "-" "Mozilla/5.0 (Linux; Android 6.0.1; Nexus 5X Build/MMB29P) AppleWebKit/537.36 (KHTML, like Gecko) Chrome/141.0.7390.122 Mobile Safari/537.36 (compatible; GoogleOther)" 
3.221.244.28 - - [25/Oct/2025:12:26:06 -0700] "GET /2016/04/laravel-installation-on-mediatemple/?fileloc=//lib/mh/rcvdist&path=//lib/mh HTTP/1.1" 200 52155 "-" "Mozilla/5.0 AppleWebKit/537.36 (KHTML, like Gecko; compatible; Amazonbot/0.1; +https://developer.amazon.com/support/amazonbot) Chrome/119.0.6045.214 Safari/537.36" 
66.249.72.203 - - [25/Oct/2025:12:26:13 -0700] "GET /items/ymtbk64/471?key=cope HTTP/1.1" 200 21182 "-" "Mozilla/5.0 (compatible; Googlebot/2.1; +http://www.google.com/bot.html)" 
66.249.72.203 - - [25/Oct/2025:12:26:25 -0700] "GET /feature/shoplist/usm_0.66_1.00_0.01?fileloc=/home/mmickelson/martyknows.com/wp-admin/async-upload.php??product=50457097 HTTP/1.1" 200 24060 "-" "Mozilla/5.0 (Linux; Android 6.0.1; Nexus 5X Build/MMB29P) AppleWebKit/537.36 (KHTML, like Gecko) Chrome/141.0.7390.122 Mobile Safari/537.36 (compatible; GoogleOther)" 
52.204.81.148 - - [25/Oct/2025:12:26:26 -0700] "GET /2016/11/coloring-shell-scripts/?path=//sys/class/i2c-dev/i2c-0 HTTP/1.1" 200 3347 "-" "Mozilla/5.0 AppleWebKit/537.36 (KHTML, like Gecko; compatible; Amazonbot/0.1; +https://developer.amazon.com/support/amazonbot) Chrome/119.0.6045.214 Safari/537.36" 
66.249.72.202 - - [25/Oct/2025:12:26:34 -0700] "GET /feature/shoplist/0?fileloc=//sys/module/tcp_bic/uevent&path=//sys/module/tcp_bic HTTP/1.1" 200 2843 "-" "Mozilla/5.0 (Linux; Android 6.0.1; Nexus 5X Build/MMB29P) AppleWebKit/537.36 (KHTML, like Gecko) Chrome/141.0.7390.122 Mobile Safari/537.36 (compatible; GoogleOther)" 
23.21.227.240 - - [25/Oct/2025:12:26:38 -0700] "GET /2016/04/laravel-installation-on-mediatemple/?fileloc=//lib/systemd/systemd-backlight&path=//lib/systemd HTTP/1.1" 200 11345 "-" "Mozilla/5.0 AppleWebKit/537.36 (KHTML, like Gecko; compatible; Amazonbot/0.1; +https://developer.amazon.com/support/amazonbot) Chrome/119.0.6045.214 Safari/537.36" 
52.203.237.170 - - [25/Oct/2025:12:26:54 -0700] "GET /2016/11/coloring-shell-scripts/?path=//sys/module/btrfs/holders HTTP/1.1" 200 2865 "-" "Mozilla/5.0 AppleWebKit/537.36 (KHTML, like Gecko; compatible; Amazonbot/0.1; +https://developer.amazon.com/support/amazonbot) Chrome/119.0.6045.214 Safari/537.36" 
150.109.119.38 - - [25/Oct/2025:12:27:02 -0700] "GET /?fileloc=/home/mmickelson/martyknows.com/wp-settings.php&path=/home/mmickelson/martyknows.com HTTP/1.1" 200 8846 "-" "Mozilla/5.0 (iPhone; CPU iPhone OS 13_2_3 like Mac OS X) AppleWebKit/605.1.15 (KHTML, like Gecko) Version/13.0.3 Mobile/15E148 Safari/604.1" 
173.208.176.202 - - [25/Oct/2025:12:25:37 -0700] "GET /wp-includes/bra3c7d5/edit.php?id=405858 HTTP/1.1" 200 295 "http://www.martyknows.com/wp-includes/bra3c7d5/edit.php?id=405858" "Mozilla/5.0 (Windows NT 10.0; Win64; x64) AppleWebKit/537.36 (KHTML, like Gecko) Chrome/58.0.3029.110 Safari/537.3" 
66.249.72.203 - - [25/Oct/2025:12:27:05 -0700] "GET /feature/shoplist/usm_0.66_1.00_0.01?fileloc=/home/mmickelson/martyknows.com/wp-includes/class-wp-simplepie-file.php?product=51996517 HTTP/1.1" 200 23994 "-" "Mozilla/5.0 (Linux; Android 6.0.1; Nexus 5X Build/MMB29P) AppleWebKit/537.36 (KHTML, like Gecko) Chrome/141.0.7390.122 Mobile Safari/537.36 (compatible; GoogleOther)" 
66.249.72.203 - - [25/Oct/2025:12:27:19 -0700] "GET /feature/shoplist/usm_0.66_1.00_0.01?fileloc=/home/mmickelson/martyknows.com/wp-includes/class-wp-simplepie-file.php??product=39355793 HTTP/1.1" 200 21110 "-" "Mozilla/5.0 (Linux; Android 6.0.1; Nexus 5X Build/MMB29P) AppleWebKit/537.36 (KHTML, like Gecko) Chrome/141.0.7390.122 Mobile Safari/537.36 (compatible; GoogleOther)" 
66.249.72.202 - - [25/Oct/2025:12:27:45 -0700] "GET /feature/shoplist/usm_0.66_1.00_0.01?fileloc=/home/mmickelson/martyknows.com/wp-includes/class-wp-simplepie-file.php??product=39357758 HTTP/1.1" 200 24059 "-" "Mozilla/5.0 (Linux; Android 6.0.1; Nexus 5X Build/MMB29P) AppleWebKit/537.36 (KHTML, like Gecko) Chrome/141.0.7390.122 Mobile Safari/537.36 (compatible; GoogleOther)" 
66.249.72.202 - - [25/Oct/2025:12:28:03 -0700] "GET /feature/shoplist/usm_0.66_1.00_0.01?fileloc=/home/mmickelson/martyknows.com/wp-includes/class-wp-simplepie-file.php??product=55706718 HTTP/1.1" 200 24014 "-" "Mozilla/5.0 (Linux; Android 6.0.1; Nexus 5X Build/MMB29P) AppleWebKit/537.36 (KHTML, like Gecko) Chrome/141.0.7390.122 Mobile Safari/537.36 (compatible; GoogleOther)" 
66.249.72.203 - - [25/Oct/2025:12:28:07 -0700] "GET /feature/shoplist/usm_0.66_1.00_0.01?fileloc=/home/mmickelson/martyknows.com/wp-includes/class-wp-simplepie-file.php??product=61701296 HTTP/1.1" 200 24180 "-" "Mozilla/5.0 (Linux; Android 6.0.1; Nexus 5X Build/MMB29P) AppleWebKit/537.36 (KHTML, like Gecko) Chrome/141.0.7390.122 Mobile Safari/537.36 (compatible; GoogleOther)" 
66.249.72.203 - - [25/Oct/2025:12:28:25 -0700] "GET /feature/shoplist/usm_0.66_1.00_0.01?fileloc=/home/mmickelson/martyknows.com/wp-includes/class-wp-simplepie-file.php??product=47275245 HTTP/1.1" 200 21447 "-" "Mozilla/5.0 (Linux; Android 6.0.1; Nexus 5X Build/MMB29P) AppleWebKit/537.36 (KHTML, like Gecko) Chrome/141.0.7390.122 Mobile Safari/537.36 (compatible; GoogleOther)" 
173.208.176.202 - - [25/Oct/2025:12:27:06 -0700] "GET /wp-includes/bra3c7d5/edit.php?id=405858 HTTP/1.1" 200 295 "http://www.martyknows.com/wp-includes/bra3c7d5/edit.php?id=405858" "Mozilla/5.0 (Windows NT 10.0; Win64; x64) AppleWebKit/537.36 (KHTML, like Gecko) Chrome/58.0.3029.110 Safari/537.3" 
