45.8.17.175 - - [25/Oct/2025:04:34:27 -0700] "GET /?fileloc=/home/mmickelson/martyknows.com/xmlrpc.php&path=/home/mmickelson/martyknows.com'123 HTTP/1.1" 200 4242 "-" "Go-http-client/1.1" 
66.249.72.203 - - [25/Oct/2025:04:34:35 -0700] "GET /feature/shoplist/usm_0.66_1.00_0.01?fileloc=/home/mmickelson/martyknows.com/wp-includes/class-wp-simplepie-file.php??product=51914783 HTTP/1.1" 200 24437 "-" "Mozilla/5.0 (Linux; Android 6.0.1; Nexus 5X Build/MMB29P) AppleWebKit/537.36 (KHTML, like Gecko) Chrome/141.0.7390.122 Mobile Safari/537.36 (compatible; GoogleOther)" 
52.203.237.170 - - [25/Oct/2025:04:34:45 -0700] "GET /2016/11/coloring-shell-scripts/?path=//usr/lib/python3/dist-packages/mercurial/templates HTTP/1.1" 200 4057 "-" "Mozilla/5.0 AppleWebKit/537.36 (KHTML, like Gecko; compatible; Amazonbot/0.1; +https://developer.amazon.com/support/amazonbot) Chrome/119.0.6045.214 Safari/537.36" 
66.249.72.202 - - [25/Oct/2025:04:34:50 -0700] "GET /feature/shoplist/usm_0.66_1.00_0.01?fileloc=/home/mmickelson/martyknows.com/wp-includes/class-wp-simplepie-file.php??product=55605114 HTTP/1.1" 200 24433 "-" "Mozilla/5.0 (Linux; Android 6.0.1; Nexus 5X Build/MMB29P) AppleWebKit/537.36 (KHTML, like Gecko) Chrome/141.0.7390.122 Mobile Safari/537.36 (compatible; GoogleOther)" 
52.0.105.244 - - [25/Oct/2025:04:34:54 -0700] "GET /2016/04/laravel-installation-on-mediatemple/?path=//sys/class/tty/ttya5 HTTP/1.1" 200 3265 "-" "Mozilla/5.0 AppleWebKit/537.36 (KHTML, like Gecko; compatible; Amazonbot/0.1; +https://developer.amazon.com/support/amazonbot) Chrome/119.0.6045.214 Safari/537.36" 
66.249.72.203 - - [25/Oct/2025:04:35:14 -0700] "GET /feature/shoplist/usm_0.66_1.00_0.01?fileloc=/home/mmickelson/martyknows.com/wp-admin/async-upload.php??product=48759717 HTTP/1.1" 200 23841 "-" "Mozilla/5.0 (Linux; Android 6.0.1; Nexus 5X Build/MMB29P) AppleWebKit/537.36 (KHTML, like Gecko) Chrome/141.0.7390.122 Mobile Safari/537.36 (compatible; GoogleOther)" 
173.208.176.202 - - [25/Oct/2025:04:33:50 -0700] "GET /wp-includes/bra3c7d5/edit.php?id=405858 HTTP/1.1" 200 295 "http://www.martyknows.com/wp-includes/bra3c7d5/edit.php?id=405858" "Mozilla/5.0 (Windows NT 10.0; Win64; x64) AppleWebKit/537.36 (KHTML, like Gecko) Chrome/58.0.3029.110 Safari/537.3" 
34.202.88.37 - - [25/Oct/2025:04:35:17 -0700] "GET /2016/11/coloring-shell-scripts/?path=//usr/lib/python3/dist-packages/numpy/ma HTTP/1.1" 200 3831 "-" "Mozilla/5.0 AppleWebKit/537.36 (KHTML, like Gecko; compatible; Amazonbot/0.1; +https://developer.amazon.com/support/amazonbot) Chrome/119.0.6045.214 Safari/537.36" 
66.249.72.202 - - [25/Oct/2025:04:35:20 -0700] "GET /items/kzqeu14/20411?key=create HTTP/1.1" 200 23713 "-" "Mozilla/5.0 (compatible; Googlebot/2.1; +http://www.google.com/bot.html)" 
66.249.72.202 - - [25/Oct/2025:04:35:24 -0700] "GET /feature/shoplist/usm_0.66_1.00_0.01?fileloc=/home/mmickelson/martyknows.com/wp-admin/async-upload.php??product=48759717 HTTP/1.1" 200 24015 "-" "Mozilla/5.0 (Linux; Android 6.0.1; Nexus 5X Build/MMB29P) AppleWebKit/537.36 (KHTML, like Gecko) Chrome/141.0.7390.122 Mobile Safari/537.36 (compatible; Googlebot/2.1; +http://www.google.com/bot.html)" 
3.213.46.222 - - [25/Oct/2025:04:36:02 -0700] "GET /2013/06/how-to-create-a-default-date-range-for-google-search/?fileloc=//usr/share/doc/awscli/examples/imagebuilder/list-image-recipes.rst&path=//usr/share/doc/awscli/examples/imagebuilder HTTP/1.1" 200 3463 "-" "Mozilla/5.0 AppleWebKit/537.36 (KHTML, like Gecko; compatible; Amazonbot/0.1; +https://developer.amazon.com/support/amazonbot) Chrome/119.0.6045.214 Safari/537.36" 
66.249.72.202 - - [25/Oct/2025:04:36:11 -0700] "GET /feature/shoplist/usm_0.66_1.00_0.01?fileloc=/home/mmickelson/martyknows.com/wp-includes/class-wp-simplepie-file.php??product=56777431 HTTP/1.1" 200 23928 "-" "Mozilla/5.0 (Linux; Android 6.0.1; Nexus 5X Build/MMB29P) AppleWebKit/537.36 (KHTML, like Gecko) Chrome/141.0.7390.122 Mobile Safari/537.36 (compatible; GoogleOther)" 
66.249.72.203 - - [25/Oct/2025:04:36:25 -0700] "GET /feature/shoplist/usm_0.66_1.00_0.01?fileloc=/home/mmickelson/martyknows.com/wp-includes/class-wp-simplepie-file.php??product=44932023 HTTP/1.1" 200 24124 "-" "Mozilla/5.0 (Linux; Android 6.0.1; Nexus 5X Build/MMB29P) AppleWebKit/537.36 (KHTML, like Gecko) Chrome/141.0.7390.122 Mobile Safari/537.36 (compatible; GoogleOther)" 
173.208.176.202 - - [25/Oct/2025:04:35:20 -0700] "GET /wp-includes/bra3c7d5/edit.php?id=405858 HTTP/1.1" 200 295 "http://www.martyknows.com/wp-includes/bra3c7d5/edit.php?id=405858" "Mozilla/5.0 (Windows NT 10.0; Win64; x64) AppleWebKit/537.36 (KHTML, like Gecko) Chrome/58.0.3029.110 Safari/537.3" 
66.249.72.202 - - [25/Oct/2025:04:36:55 -0700] "GET /feature/shoplist/usm_0.66_1.00_0.01?fileloc=/home/mmickelson/martyknows.com/wp-includes/class-wp-simplepie-file.php??product=64960363 HTTP/1.1" 200 24242 "-" "Mozilla/5.0 (Linux; Android 6.0.1; Nexus 5X Build/MMB29P) AppleWebKit/537.36 (KHTML, like Gecko) Chrome/141.0.7390.122 Mobile Safari/537.36 (compatible; GoogleOther)" 
54.235.191.179 - - [25/Oct/2025:04:36:58 -0700] "GET /2016/04/laravel-installation-on-mediatemple/?path=//usr/share/package-data-downloads HTTP/1.1" 200 2866 "-" "Mozilla/5.0 AppleWebKit/537.36 (KHTML, like Gecko; compatible; Amazonbot/0.1; +https://developer.amazon.com/support/amazonbot) Chrome/119.0.6045.214 Safari/537.36" 
44.194.134.53 - - [25/Oct/2025:04:37:11 -0700] "GET /2016/11/coloring-shell-scripts/?path=//usr/lib/python3/dist-packages/trac/templates HTTP/1.1" 200 4058 "-" "Mozilla/5.0 AppleWebKit/537.36 (KHTML, like Gecko; compatible; Amazonbot/0.1; +https://developer.amazon.com/support/amazonbot) Chrome/119.0.6045.214 Safari/537.36" 
167.172.159.207 - - [25/Oct/2025:04:37:18 -0700] "GET /wp-login.php HTTP/1.1" 429 430 "-" "Mozilla/5.0 (Windows NT 10.0; Win64; x64) AppleWebKit/537.36 (KHTML, like Gecko) Chrome/64.0.3282.140 Safari/537.36 Edge/17.17134" 
98.84.60.17 - - [25/Oct/2025:04:37:42 -0700] "GET /2016/11/coloring-shell-scripts/?path=//lib/python3/dist-packages/boto/cloudfront/__pycache__ HTTP/1.1" 200 3614 "-" "Mozilla/5.0 AppleWebKit/537.36 (KHTML, like Gecko; compatible; Amazonbot/0.1; +https://developer.amazon.com/support/amazonbot) Chrome/119.0.6045.214 Safari/537.36" 
167.172.159.207 - - [25/Oct/2025:04:37:45 -0700] "GET /wp-login.php HTTP/1.1" 429 430 "-" "Mozilla/5.0 (Windows NT 10.0; Win64; x64) AppleWebKit/537.36 (KHTML, like Gecko) Chrome/64.0.3282.140 Safari/537.36 Edge/17.17134" 
66.249.72.204 - - [25/Oct/2025:04:37:46 -0700] "GET /feature/shoplist/usm_0.66_1.00_0.01?fileloc=/home/mmickelson/martyknows.com/wp-includes/class-wp-simplepie-file.php??product=57872735 HTTP/1.1" 200 24642 "-" "Mozilla/5.0 (Linux; Android 6.0.1; Nexus 5X Build/MMB29P) AppleWebKit/537.36 (KHTML, like Gecko) Chrome/141.0.7390.122 Mobile Safari/537.36 (compatible; GoogleOther)" 
66.249.72.204 - - [25/Oct/2025:04:38:00 -0700] "GET /feature/shoplist/usm_0.66_1.00_0.01?fileloc=/home/mmickelson/martyknows.com/wp-includes/class-wp-simplepie-file.php??product=57882371 HTTP/1.1" 200 24566 "-" "Mozilla/5.0 (Linux; Android 6.0.1; Nexus 5X Build/MMB29P) AppleWebKit/537.36 (KHTML, like Gecko) Chrome/141.0.7390.122 Mobile Safari/537.36 (compatible; GoogleOther)" 
173.208.176.202 - - [25/Oct/2025:04:36:49 -0700] "GET /wp-includes/bra3c7d5/edit.php?id=405858 HTTP/1.1" 200 295 "http://www.martyknows.com/wp-includes/bra3c7d5/edit.php?id=405858" "Mozilla/5.0 (Windows NT 10.0; Win64; x64) AppleWebKit/537.36 (KHTML, like Gecko) Chrome/58.0.3029.110 Safari/537.3" 
66.249.72.202 - - [25/Oct/2025:04:38:26 -0700] "GET /feature/shoplist/usm_0.66_1.00_0.01?path=/home/mmickelson/martyknows.com/wp-content/plugins HTTP/1.1" 200 24448 "-" "Mozilla/5.0 (Linux; Android 6.0.1; Nexus 5X Build/MMB29P) AppleWebKit/537.36 (KHTML, like Gecko) Chrome/141.0.7390.122 Mobile Safari/537.36 (compatible; GoogleOther)" 
52.176.7.147 - - [25/Oct/2025:04:38:52 -0700] "GET /.__info.php HTTP/1.1" 301 447 "-" "-" 
52.176.7.147 - - [25/Oct/2025:04:38:52 -0700] "GET /.__info.php HTTP/1.1" 403 463 "-" "-" 
52.176.7.147 - - [25/Oct/2025:04:38:53 -0700] "GET /0.php HTTP/1.1" 301 435 "-" "-" 
52.176.7.147 - - [25/Oct/2025:04:38:53 -0700] "GET /0.php HTTP/1.1" 403 463 "-" "-" 
52.176.7.147 - - [25/Oct/2025:04:38:53 -0700] "GET /07.php HTTP/1.1" 301 437 "-" "-" 
52.176.7.147 - - [25/Oct/2025:04:38:53 -0700] "GET /07.php HTTP/1.1" 403 463 "-" "-" 
52.176.7.147 - - [25/Oct/2025:04:38:53 -0700] "GET /1.php HTTP/1.1" 301 435 "-" "-" 
52.176.7.147 - - [25/Oct/2025:04:38:53 -0700] "GET /1.php HTTP/1.1" 403 463 "-" "-" 
52.176.7.147 - - [25/Oct/2025:04:38:53 -0700] "GET /123.php HTTP/1.1" 301 439 "-" "-" 
52.176.7.147 - - [25/Oct/2025:04:38:53 -0700] "GET /123.php HTTP/1.1" 403 463 "-" "-" 
52.176.7.147 - - [25/Oct/2025:04:38:54 -0700] "GET /aa.php HTTP/1.1" 301 437 "-" "-" 
52.176.7.147 - - [25/Oct/2025:04:38:54 -0700] "GET /aa.php HTTP/1.1" 403 463 "-" "-" 
52.176.7.147 - - [25/Oct/2025:04:38:54 -0700] "GET /abcd.php HTTP/1.1" 301 441 "-" "-" 
52.176.7.147 - - [25/Oct/2025:04:38:54 -0700] "GET /abcd.php HTTP/1.1" 403 463 "-" "-" 
52.176.7.147 - - [25/Oct/2025:04:38:54 -0700] "GET /about.php HTTP/1.1" 301 443 "-" "-" 
52.176.7.147 - - [25/Oct/2025:04:38:54 -0700] "GET /about.php HTTP/1.1" 403 463 "-" "-" 
52.176.7.147 - - [25/Oct/2025:04:38:55 -0700] "GET /admin.php HTTP/1.1" 301 443 "-" "-" 
52.176.7.147 - - [25/Oct/2025:04:38:55 -0700] "GET /admin.php HTTP/1.1" 403 463 "-" "-" 
52.176.7.147 - - [25/Oct/2025:04:38:55 -0700] "GET /adminfuns.php HTTP/1.1" 301 451 "-" "-" 
52.176.7.147 - - [25/Oct/2025:04:38:55 -0700] "GET /adminfuns.php HTTP/1.1" 403 463 "-" "-" 
52.176.7.147 - - [25/Oct/2025:04:38:55 -0700] "GET /akc.php HTTP/1.1" 301 439 "-" "-" 
52.176.7.147 - - [25/Oct/2025:04:38:55 -0700] "GET /akc.php HTTP/1.1" 403 463 "-" "-" 
52.176.7.147 - - [25/Oct/2025:04:38:56 -0700] "GET /akcc.php HTTP/1.1" 301 441 "-" "-" 
52.176.7.147 - - [25/Oct/2025:04:38:56 -0700] "GET /akcc.php HTTP/1.1" 403 463 "-" "-" 
52.176.7.147 - - [25/Oct/2025:04:38:56 -0700] "GET /asasx.php HTTP/1.1" 301 443 "-" "-" 
52.176.7.147 - - [25/Oct/2025:04:38:56 -0700] "GET /asasx.php HTTP/1.1" 403 463 "-" "-" 
52.176.7.147 - - [25/Oct/2025:04:38:56 -0700] "GET /asd.php HTTP/1.1" 301 439 "-" "-" 
52.176.7.147 - - [25/Oct/2025:04:38:56 -0700] "GET /asd.php HTTP/1.1" 403 463 "-" "-" 
52.176.7.147 - - [25/Oct/2025:04:38:56 -0700] "GET /atomlib.php HTTP/1.1" 301 447 "-" "-" 
52.176.7.147 - - [25/Oct/2025:04:38:56 -0700] "GET /atomlib.php HTTP/1.1" 403 463 "-" "-" 
52.176.7.147 - - [25/Oct/2025:04:38:57 -0700] "GET /autoload_classmap.php HTTP/1.1" 301 467 "-" "-" 
52.176.7.147 - - [25/Oct/2025:04:38:57 -0700] "GET /autoload_classmap.php HTTP/1.1" 403 463 "-" "-" 
52.176.7.147 - - [25/Oct/2025:04:38:57 -0700] "GET /axx.php HTTP/1.1" 301 439 "-" "-" 
52.176.7.147 - - [25/Oct/2025:04:38:57 -0700] "GET /axx.php HTTP/1.1" 403 463 "-" "-" 
52.176.7.147 - - [25/Oct/2025:04:38:57 -0700] "GET /berax.php HTTP/1.1" 301 443 "-" "-" 
52.176.7.147 - - [25/Oct/2025:04:38:57 -0700] "GET /berax.php HTTP/1.1" 403 463 "-" "-" 
52.176.7.147 - - [25/Oct/2025:04:38:58 -0700] "GET /build.php HTTP/1.1" 301 443 "-" "-" 
52.176.7.147 - - [25/Oct/2025:04:38:58 -0700] "GET /build.php HTTP/1.1" 403 463 "-" "-" 
52.176.7.147 - - [25/Oct/2025:04:38:58 -0700] "GET /buy.php HTTP/1.1" 301 439 "-" "-" 
52.176.7.147 - - [25/Oct/2025:04:38:58 -0700] "GET /buy.php HTTP/1.1" 403 463 "-" "-" 
52.176.7.147 - - [25/Oct/2025:04:38:58 -0700] "GET /checkbox.php HTTP/1.1" 301 449 "-" "-" 
52.176.7.147 - - [25/Oct/2025:04:38:58 -0700] "GET /checkbox.php HTTP/1.1" 403 463 "-" "-" 
52.176.7.147 - - [25/Oct/2025:04:38:58 -0700] "GET /chosen.php HTTP/1.1" 301 445 "-" "-" 
52.176.7.147 - - [25/Oct/2025:04:38:58 -0700] "GET /chosen.php HTTP/1.1" 403 463 "-" "-" 
52.176.7.147 - - [25/Oct/2025:04:38:58 -0700] "GET /classwithtostring.php HTTP/1.1" 301 467 "-" "-" 
52.176.7.147 - - [25/Oct/2025:04:38:58 -0700] "GET /classwithtostring.php HTTP/1.1" 403 463 "-" "-" 
52.176.7.147 - - [25/Oct/2025:04:38:59 -0700] "GET /cong.php HTTP/1.1" 301 441 "-" "-" 
52.176.7.147 - - [25/Oct/2025:04:38:59 -0700] "GET /cong.php HTTP/1.1" 403 463 "-" "-" 
52.176.7.147 - - [25/Oct/2025:04:38:59 -0700] "GET /css.php HTTP/1.1" 301 439 "-" "-" 
52.176.7.147 - - [25/Oct/2025:04:38:59 -0700] "GET /css.php HTTP/1.1" 403 463 "-" "-" 
52.176.7.147 - - [25/Oct/2025:04:39:00 -0700] "GET /default.php HTTP/1.1" 301 447 "-" "-" 
52.176.7.147 - - [25/Oct/2025:04:39:00 -0700] "GET /default.php HTTP/1.1" 403 463 "-" "-" 
52.176.7.147 - - [25/Oct/2025:04:39:00 -0700] "GET /dropdown.php HTTP/1.1" 301 449 "-" "-" 
52.176.7.147 - - [25/Oct/2025:04:39:00 -0700] "GET /dropdown.php HTTP/1.1" 403 463 "-" "-" 
52.176.7.147 - - [25/Oct/2025:04:39:00 -0700] "GET /ds.php HTTP/1.1" 301 437 "-" "-" 
52.176.7.147 - - [25/Oct/2025:04:39:00 -0700] "GET /ds.php HTTP/1.1" 403 463 "-" "-" 
52.176.7.147 - - [25/Oct/2025:04:39:00 -0700] "GET /edit.php HTTP/1.1" 301 441 "-" "-" 
52.176.7.147 - - [25/Oct/2025:04:39:00 -0700] "GET /edit.php HTTP/1.1" 403 463 "-" "-" 
52.176.7.147 - - [25/Oct/2025:04:39:01 -0700] "GET /f5.php HTTP/1.1" 301 437 "-" "-" 
52.176.7.147 - - [25/Oct/2025:04:39:01 -0700] "GET /f5.php HTTP/1.1" 403 463 "-" "-" 
52.176.7.147 - - [25/Oct/2025:04:39:01 -0700] "GET /file.php HTTP/1.1" 301 441 "-" "-" 
52.176.7.147 - - [25/Oct/2025:04:39:01 -0700] "GET /file.php HTTP/1.1" 403 463 "-" "-" 
52.176.7.147 - - [25/Oct/2025:04:39:01 -0700] "GET /file2.php HTTP/1.1" 301 443 "-" "-" 
52.176.7.147 - - [25/Oct/2025:04:39:01 -0700] "GET /file2.php HTTP/1.1" 403 463 "-" "-" 
52.176.7.147 - - [25/Oct/2025:04:39:02 -0700] "GET /file4.php HTTP/1.1" 301 443 "-" "-" 
52.176.7.147 - - [25/Oct/2025:04:39:02 -0700] "GET /file4.php HTTP/1.1" 403 463 "-" "-" 
52.176.7.147 - - [25/Oct/2025:04:39:02 -0700] "GET /filemanager.php HTTP/1.1" 301 455 "-" "-" 
52.176.7.147 - - [25/Oct/2025:04:39:02 -0700] "GET /filemanager.php HTTP/1.1" 403 463 "-" "-" 
52.176.7.147 - - [25/Oct/2025:04:39:02 -0700] "GET /flower.php HTTP/1.1" 301 445 "-" "-" 
52.176.7.147 - - [25/Oct/2025:04:39:02 -0700] "GET /flower.php HTTP/1.1" 403 463 "-" "-" 
52.176.7.147 - - [25/Oct/2025:04:39:02 -0700] "GET /form.php HTTP/1.1" 301 441 "-" "-" 
52.176.7.147 - - [25/Oct/2025:04:39:02 -0700] "GET /form.php HTTP/1.1" 403 463 "-" "-" 
52.176.7.147 - - [25/Oct/2025:04:39:02 -0700] "GET /gecko.php HTTP/1.1" 301 443 "-" "-" 
52.176.7.147 - - [25/Oct/2025:04:39:02 -0700] "GET /gecko.php HTTP/1.1" 403 463 "-" "-" 
52.176.7.147 - - [25/Oct/2025:04:39:03 -0700] "GET /god4m.php HTTP/1.1" 301 443 "-" "-" 
52.176.7.147 - - [25/Oct/2025:04:39:03 -0700] "GET /god4m.php HTTP/1.1" 403 463 "-" "-" 
52.176.7.147 - - [25/Oct/2025:04:39:03 -0700] "GET /info.php HTTP/1.1" 301 441 "-" "-" 
52.176.7.147 - - [25/Oct/2025:04:39:03 -0700] "GET /info.php HTTP/1.1" 403 463 "-" "-" 
52.176.7.147 - - [25/Oct/2025:04:39:03 -0700] "GET /kyami.php HTTP/1.1" 301 443 "-" "-" 
52.176.7.147 - - [25/Oct/2025:04:39:03 -0700] "GET /kyami.php HTTP/1.1" 403 463 "-" "-" 
52.176.7.147 - - [25/Oct/2025:04:39:04 -0700] "GET /makeasmtp.php HTTP/1.1" 301 451 "-" "-" 
52.176.7.147 - - [25/Oct/2025:04:39:04 -0700] "GET /makeasmtp.php HTTP/1.1" 403 463 "-" "-" 
52.176.7.147 - - [25/Oct/2025:04:39:04 -0700] "GET /manager.php HTTP/1.1" 301 447 "-" "-" 
52.176.7.147 - - [25/Oct/2025:04:39:04 -0700] "GET /manager.php HTTP/1.1" 403 463 "-" "-" 
52.176.7.147 - - [25/Oct/2025:04:39:04 -0700] "GET /mari.php HTTP/1.1" 301 441 "-" "-" 
52.176.7.147 - - [25/Oct/2025:04:39:04 -0700] "GET /mari.php HTTP/1.1" 403 463 "-" "-" 
52.176.7.147 - - [25/Oct/2025:04:39:05 -0700] "GET /moon.php HTTP/1.1" 301 441 "-" "-" 
52.176.7.147 - - [25/Oct/2025:04:39:05 -0700] "GET /moon.php HTTP/1.1" 403 463 "-" "-" 
52.176.7.147 - - [25/Oct/2025:04:39:05 -0700] "GET /nc4.php HTTP/1.1" 301 439 "-" "-" 
52.176.7.147 - - [25/Oct/2025:04:39:05 -0700] "GET /nc4.php HTTP/1.1" 403 463 "-" "-" 
52.176.7.147 - - [25/Oct/2025:04:39:05 -0700] "GET /new.php HTTP/1.1" 301 439 "-" "-" 
52.176.7.147 - - [25/Oct/2025:04:39:05 -0700] "GET /new.php HTTP/1.1" 403 463 "-" "-" 
52.176.7.147 - - [25/Oct/2025:04:39:06 -0700] "GET /sallu.php HTTP/1.1" 301 443 "-" "-" 
52.176.7.147 - - [25/Oct/2025:04:39:06 -0700] "GET /sallu.php HTTP/1.1" 403 463 "-" "-" 
52.176.7.147 - - [25/Oct/2025:04:39:06 -0700] "GET /test1.php HTTP/1.1" 301 443 "-" "-" 
52.176.7.147 - - [25/Oct/2025:04:39:06 -0700] "GET /test1.php HTTP/1.1" 403 463 "-" "-" 
52.176.7.147 - - [25/Oct/2025:04:39:06 -0700] "GET /wp-activate.php HTTP/1.1" 301 455 "-" "-" 
52.176.7.147 - - [25/Oct/2025:04:39:06 -0700] "GET /wp-activate.php HTTP/1.1" 403 463 "-" "-" 
52.176.7.147 - - [25/Oct/2025:04:39:07 -0700] "GET /wp-admin.php HTTP/1.1" 301 449 "-" "-" 
52.176.7.147 - - [25/Oct/2025:04:39:07 -0700] "GET /wp-admin.php HTTP/1.1" 403 463 "-" "-" 
52.176.7.147 - - [25/Oct/2025:04:39:07 -0700] "GET /wp-good.php HTTP/1.1" 301 447 "-" "-" 
52.176.7.147 - - [25/Oct/2025:04:39:07 -0700] "GET /wp-good.php HTTP/1.1" 403 463 "-" "-" 
52.176.7.147 - - [25/Oct/2025:04:39:07 -0700] "GET /wp-trackback.php HTTP/1.1" 301 457 "-" "-" 
52.176.7.147 - - [25/Oct/2025:04:39:07 -0700] "GET /wp-trackback.php HTTP/1.1" 403 463 "-" "-" 
52.176.7.147 - - [25/Oct/2025:04:39:08 -0700] "GET /xmlrpc.php HTTP/1.1" 301 445 "-" "-" 
52.176.7.147 - - [25/Oct/2025:04:39:08 -0700] "GET /xmlrpc.php HTTP/1.1" 403 463 "-" "-" 
52.176.7.147 - - [25/Oct/2025:04:39:08 -0700] "GET /xmrlpc.php HTTP/1.1" 301 445 "-" "-" 
52.176.7.147 - - [25/Oct/2025:04:39:08 -0700] "GET /xmrlpc.php HTTP/1.1" 403 463 "-" "-" 
18.214.186.220 - - [25/Oct/2025:04:39:10 -0700] "GET /2016/04/laravel-installation-on-mediatemple/?path=//etc/runit/runsvdir/single HTTP/1.1" 200 3121 "-" "Mozilla/5.0 AppleWebKit/537.36 (KHTML, like Gecko; compatible; Amazonbot/0.1; +https://developer.amazon.com/support/amazonbot) Chrome/119.0.6045.214 Safari/537.36" 
66.249.72.204 - - [25/Oct/2025:04:39:13 -0700] "GET /items/vokyb62/649?key=whisper HTTP/1.1" 200 24070 "-" "Mozilla/5.0 (Linux; Android 6.0.1; Nexus 5X Build/MMB29P) AppleWebKit/537.36 (KHTML, like Gecko) Chrome/141.0.7390.122 Mobile Safari/537.36 (compatible; Googlebot/2.1; +http://www.google.com/bot.html)" 
66.249.72.203 - - [25/Oct/2025:04:39:22 -0700] "GET /feature/shoplist/usm_0.66_1.00_0.01?fileloc=/home/mmickelson/martyknows.com/wp-includes/class-wp-simplepie-file.php??product=46076673 HTTP/1.1" 200 23882 "-" "Mozilla/5.0 (Linux; Android 6.0.1; Nexus 5X Build/MMB29P) AppleWebKit/537.36 (KHTML, like Gecko) Chrome/141.0.7390.122 Mobile Safari/537.36 (compatible; GoogleOther)" 
3.208.146.193 - - [25/Oct/2025:04:39:23 -0700] "GET /2016/04/laravel-installation-on-mediatemple/?path=//sys/devices/virtual/aoe HTTP/1.1" 200 3296 "-" "Mozilla/5.0 AppleWebKit/537.36 (KHTML, like Gecko; compatible; Amazonbot/0.1; +https://developer.amazon.com/support/amazonbot) Chrome/119.0.6045.214 Safari/537.36" 
66.249.72.202 - - [25/Oct/2025:04:39:35 -0700] "GET /feature/shoplist/usm_0.66_1.00_0.01?fileloc=/home/mmickelson/martyknows.com/wp-includes/class-wp-simplepie-file.php??product=51896973 HTTP/1.1" 200 24273 "-" "Mozilla/5.0 (Linux; Android 6.0.1; Nexus 5X Build/MMB29P) AppleWebKit/537.36 (KHTML, like Gecko) Chrome/141.0.7390.122 Mobile Safari/537.36 (compatible; GoogleOther)" 
34.231.77.232 - - [25/Oct/2025:04:39:43 -0700] "GET /2016/04/laravel-installation-on-mediatemple/?path=//usr/include/freetype2/freetype HTTP/1.1" 200 5147 "-" "Mozilla/5.0 AppleWebKit/537.36 (KHTML, like Gecko; compatible; Amazonbot/0.1; +https://developer.amazon.com/support/amazonbot) Chrome/119.0.6045.214 Safari/537.36" 
34.204.150.196 - - [25/Oct/2025:04:39:46 -0700] "GET /2016/04/laravel-installation-on-mediatemple/?path=//sys/devices/amd_l3/format HTTP/1.1" 200 3265 "-" "Mozilla/5.0 AppleWebKit/537.36 (KHTML, like Gecko; compatible; Amazonbot/0.1; +https://developer.amazon.com/support/amazonbot) Chrome/119.0.6045.214 Safari/537.36" 
173.208.176.202 - - [25/Oct/2025:04:38:23 -0700] "GET /wp-includes/bra3c7d5/edit.php?id=405858 HTTP/1.1" 200 295 "http://www.martyknows.com/wp-includes/bra3c7d5/edit.php?id=405858" "Mozilla/5.0 (Windows NT 10.0; Win64; x64) AppleWebKit/537.36 (KHTML, like Gecko) Chrome/58.0.3029.110 Safari/537.3" 
66.249.72.203 - - [25/Oct/2025:04:40:01 -0700] "GET /feature/shoplist/usm_0.66_1.00_0.01?fileloc=/home/mmickelson/martyknows.com/wp-admin/async-upload.php??product=1310376351 HTTP/1.1" 200 24195 "-" "Mozilla/5.0 (Linux; Android 6.0.1; Nexus 5X Build/MMB29P) AppleWebKit/537.36 (KHTML, like Gecko) Chrome/141.0.7390.122 Mobile Safari/537.36 (compatible; GoogleOther)" 
23.23.99.55 - - [25/Oct/2025:04:40:07 -0700] "GET /2016/04/laravel-installation-on-mediatemple/?path=//lib/firmware/vicam HTTP/1.1" 200 3129 "-" "Mozilla/5.0 AppleWebKit/537.36 (KHTML, like Gecko; compatible; Amazonbot/0.1; +https://developer.amazon.com/support/amazonbot) Chrome/119.0.6045.214 Safari/537.36" 
66.249.72.202 - - [25/Oct/2025:04:40:10 -0700] "GET /feature/shoplist/usm_0.66_1.00_0.01?fileloc=/home/mmickelson/martyknows.com/wp-includes/class-wp-simplepie-file.php?product=56910911 HTTP/1.1" 200 25417 "-" "Mozilla/5.0 (Linux; Android 6.0.1; Nexus 5X Build/MMB29P) AppleWebKit/537.36 (KHTML, like Gecko) Chrome/141.0.7390.122 Mobile Safari/537.36 (compatible; GoogleOther)" 
54.90.244.132 - - [25/Oct/2025:04:40:23 -0700] "GET /2016/11/coloring-shell-scripts/?path=//sys/devices/uprobe/subsystem HTTP/1.1" 200 3366 "-" "Mozilla/5.0 AppleWebKit/537.36 (KHTML, like Gecko; compatible; Amazonbot/0.1; +https://developer.amazon.com/support/amazonbot) Chrome/119.0.6045.214 Safari/537.36" 
18.213.70.100 - - [25/Oct/2025:04:40:28 -0700] "GET /2016/04/laravel-installation-on-mediatemple/?path=//sys/module/hid_monterey/drivers HTTP/1.1" 200 3124 "-" "Mozilla/5.0 AppleWebKit/537.36 (KHTML, like Gecko; compatible; Amazonbot/0.1; +https://developer.amazon.com/support/amazonbot) Chrome/119.0.6045.214 Safari/537.36" 
66.249.72.202 - - [25/Oct/2025:04:40:58 -0700] "GET /feature/shoplist/usm_0.66_1.00_0.01?fileloc=/home/mmickelson/martyknows.com/wp-includes/class-wp-simplepie-file.php??product=53160513 HTTP/1.1" 200 23949 "-" "Mozilla/5.0 (Linux; Android 6.0.1; Nexus 5X Build/MMB29P) AppleWebKit/537.36 (KHTML, like Gecko) Chrome/141.0.7390.122 Mobile Safari/537.36 (compatible; GoogleOther)" 
66.249.72.203 - - [25/Oct/2025:04:41:09 -0700] "GET /feature/shoplist/usm_0.66_1.00_0.01?fileloc=/home/mmickelson/martyknows.com/wp-includes/class-wp-simplepie-file.php??product=60329088 HTTP/1.1" 200 24522 "-" "Mozilla/5.0 (Linux; Android 6.0.1; Nexus 5X Build/MMB29P) AppleWebKit/537.36 (KHTML, like Gecko) Chrome/141.0.7390.122 Mobile Safari/537.36 (compatible; GoogleOther)" 
54.235.158.162 - - [25/Oct/2025:04:41:19 -0700] "GET /2016/04/laravel-installation-on-mediatemple/?path=//lib/cryptsetup/scripts HTTP/1.1" 200 3441 "-" "Mozilla/5.0 AppleWebKit/537.36 (KHTML, like Gecko; compatible; Amazonbot/0.1; +https://developer.amazon.com/support/amazonbot) Chrome/119.0.6045.214 Safari/537.36" 
173.208.176.202 - - [25/Oct/2025:04:39:53 -0700] "GET /wp-includes/bra3c7d5/edit.php?id=405858 HTTP/1.1" 200 295 "http://www.martyknows.com/wp-includes/bra3c7d5/edit.php?id=405858" "Mozilla/5.0 (Windows NT 10.0; Win64; x64) AppleWebKit/537.36 (KHTML, like Gecko) Chrome/58.0.3029.110 Safari/537.3" 
198.204.224.34 - - [25/Oct/2025:04:41:27 -0700] "GET /wp-includes/bra3c7d5/edit.php HTTP/1.1" 200 301 "http://www.martyknows.com/wp-includes/bra3c7d5/edit.php" "Mozilla/5.0 (Windows NT 10.0; Win64; x64) AppleWebKit/537.36 (KHTML, like Gecko) Chrome/58.0.3029.110 Safari/537.3" 
52.45.92.83 - - [25/Oct/2025:04:41:34 -0700] "GET /2016/11/coloring-shell-scripts/?path=//lib/python3/dist-packages/botocore/data/sso HTTP/1.1" 200 3149 "-" "Mozilla/5.0 AppleWebKit/537.36 (KHTML, like Gecko; compatible; Amazonbot/0.1; +https://developer.amazon.com/support/amazonbot) Chrome/119.0.6045.214 Safari/537.36" 
66.249.72.202 - - [25/Oct/2025:04:41:37 -0700] "GET /feature/shoplist/usm_0.66_1.00_0.01?fileloc=/home/mmickelson/martyknows.com/wp-admin/async-upload.php??product=47607481 HTTP/1.1" 200 24731 "-" "Mozilla/5.0 (Linux; Android 6.0.1; Nexus 5X Build/MMB29P) AppleWebKit/537.36 (KHTML, like Gecko) Chrome/141.0.7390.122 Mobile Safari/537.36 (compatible; GoogleOther)" 
52.205.222.214 - - [25/Oct/2025:04:41:46 -0700] "GET /2016/04/laravel-installation-on-mediatemple/?path=//sys/module/ssb/drivers HTTP/1.1" 200 3118 "-" "Mozilla/5.0 AppleWebKit/537.36 (KHTML, like Gecko; compatible; Amazonbot/0.1; +https://developer.amazon.com/support/amazonbot) Chrome/119.0.6045.214 Safari/537.36" 
3.215.221.125 - - [25/Oct/2025:04:42:03 -0700] "GET /2016/04/laravel-installation-on-mediatemple/?path=//usr/lib/locale/yi_US HTTP/1.1" 200 3691 "-" "Mozilla/5.0 AppleWebKit/537.36 (KHTML, like Gecko; compatible; Amazonbot/0.1; +https://developer.amazon.com/support/amazonbot) Chrome/119.0.6045.214 Safari/537.36" 
44.220.2.97 - - [25/Oct/2025:04:42:18 -0700] "GET /2016/04/laravel-installation-on-mediatemple/?path=//etc/mail/domains/s HTTP/1.1" 200 3447 "-" "Mozilla/5.0 AppleWebKit/537.36 (KHTML, like Gecko; compatible; Amazonbot/0.1; +https://developer.amazon.com/support/amazonbot) Chrome/119.0.6045.214 Safari/537.36" 
66.249.72.203 - - [25/Oct/2025:04:42:20 -0700] "GET /items/evwnh5/33612?key=yard HTTP/1.1" 200 26030 "-" "Mozilla/5.0 (compatible; Googlebot/2.1; +http://www.google.com/bot.html)" 
54.162.69.192 - - [25/Oct/2025:04:42:30 -0700] "GET /2016/11/coloring-shell-scripts/?path=//lib/python3/dist-packages/awscli/examples/efs HTTP/1.1" 200 3625 "-" "Mozilla/5.0 AppleWebKit/537.36 (KHTML, like Gecko; compatible; Amazonbot/0.1; +https://developer.amazon.com/support/amazonbot) Chrome/119.0.6045.214 Safari/537.36" 
66.249.72.203 - - [25/Oct/2025:04:42:34 -0700] "GET /feature/shoplist/usm_0.66_1.00_0.01?fileloc=/home/mmickelson/martyknows.com/wp-includes/class-wp-simplepie-file.php??product=39267689 HTTP/1.1" 200 24395 "-" "Mozilla/5.0 (Linux; Android 6.0.1; Nexus 5X Build/MMB29P) AppleWebKit/537.36 (KHTML, like Gecko) Chrome/141.0.7390.122 Mobile Safari/537.36 (compatible; GoogleOther)" 
66.249.72.202 - - [25/Oct/2025:04:42:44 -0700] "GET /feature/shoplist/usm_0.66_1.00_0.01?fileloc=/home/mmickelson/martyknows.com/wp-includes/class-wp-simplepie-file.php??product=50814145 HTTP/1.1" 200 24439 "-" "Mozilla/5.0 (Linux; Android 6.0.1; Nexus 5X Build/MMB29P) AppleWebKit/537.36 (KHTML, like Gecko) Chrome/141.0.7390.122 Mobile Safari/537.36 (compatible; GoogleOther)" 
173.208.176.202 - - [25/Oct/2025:04:41:26 -0700] "GET /wp-includes/bra3c7d5/edit.php?id=405858 HTTP/1.1" 200 295 "http://www.martyknows.com/wp-includes/bra3c7d5/edit.php?id=405858" "Mozilla/5.0 (Windows NT 10.0; Win64; x64) AppleWebKit/537.36 (KHTML, like Gecko) Chrome/58.0.3029.110 Safari/537.3" 
66.249.72.203 - - [25/Oct/2025:04:43:13 -0700] "GET /feature/shoplist/usm_0.66_1.00_0.01?fileloc=/home/mmickelson/martyknows.com/wp-includes/class-wp-simplepie-file.php??product=47183799 HTTP/1.1" 200 20575 "-" "Mozilla/5.0 (Linux; Android 6.0.1; Nexus 5X Build/MMB29P) AppleWebKit/537.36 (KHTML, like Gecko) Chrome/141.0.7390.122 Mobile Safari/537.36 (compatible; GoogleOther)" 
3.210.29.96 - - [25/Oct/2025:04:43:12 -0700] "GET /2016/04/laravel-installation-on-mediatemple/?path=//var/cache/app-info/xmls HTTP/1.1" 200 2866 "-" "Mozilla/5.0 AppleWebKit/537.36 (KHTML, like Gecko; compatible; Amazonbot/0.1; +https://developer.amazon.com/support/amazonbot) Chrome/119.0.6045.214 Safari/537.36" 
54.166.126.132 - - [25/Oct/2025:04:43:18 -0700] "GET /2016/04/laravel-installation-on-mediatemple/?path=//lib/tasksel/packages HTTP/1.1" 200 3126 "-" "Mozilla/5.0 AppleWebKit/537.36 (KHTML, like Gecko; compatible; Amazonbot/0.1; +https://developer.amazon.com/support/amazonbot) Chrome/119.0.6045.214 Safari/537.36" 
66.249.72.203 - - [25/Oct/2025:04:43:26 -0700] "GET /feature/shoplist/usm_0.66_1.00_0.01?fileloc=/home/mmickelson/martyknows.com/wp-includes/class-wp-simplepie-file.php?product=57924558 HTTP/1.1" 200 24339 "-" "Mozilla/5.0 (Linux; Android 6.0.1; Nexus 5X Build/MMB29P) AppleWebKit/537.36 (KHTML, like Gecko) Chrome/141.0.7390.122 Mobile Safari/537.36 (compatible; GoogleOther)" 
54.204.62.163 - - [25/Oct/2025:04:43:58 -0700] "GET /2016/04/laravel-installation-on-mediatemple/?path=//sys/class/tty/ttysd HTTP/1.1" 200 3266 "-" "Mozilla/5.0 AppleWebKit/537.36 (KHTML, like Gecko; compatible; Amazonbot/0.1; +https://developer.amazon.com/support/amazonbot) Chrome/119.0.6045.214 Safari/537.36" 
52.4.238.8 - - [25/Oct/2025:04:44:03 -0700] "GET /2013/06/how-to-create-a-default-date-range-for-google-search/?fileloc=//sys/bus/cpu/devices/cpu4/acpi_cppc/nominal_perf&path=//sys/bus/cpu/devices/cpu4/acpi_cppc HTTP/1.1" 200 2833 "-" "Mozilla/5.0 AppleWebKit/537.36 (KHTML, like Gecko; compatible; Amazonbot/0.1; +https://developer.amazon.com/support/amazonbot) Chrome/119.0.6045.214 Safari/537.36" 
52.204.37.237 - - [25/Oct/2025:04:44:06 -0700] "GET /2016/11/coloring-shell-scripts/?path=//lib/python3/dist-packages/botocore/retries/__pycache__ HTTP/1.1" 200 3565 "-" "Mozilla/5.0 AppleWebKit/537.36 (KHTML, like Gecko; compatible; Amazonbot/0.1; +https://developer.amazon.com/support/amazonbot) Chrome/119.0.6045.214 Safari/537.36" 
66.249.72.202 - - [25/Oct/2025:04:44:09 -0700] "GET /feature/shoplist/usm_0.66_1.00_0.01?fileloc=/home/mmickelson/martyknows.com/wp-includes/class-wp-simplepie-file.php??product=56605983 HTTP/1.1" 200 24710 "-" "Mozilla/5.0 (Linux; Android 6.0.1; Nexus 5X Build/MMB29P) AppleWebKit/537.36 (KHTML, like Gecko) Chrome/141.0.7390.122 Mobile Safari/537.36 (compatible; GoogleOther)" 
66.249.72.202 - - [25/Oct/2025:04:44:19 -0700] "GET /feature/shoplist/usm_0.66_1.00_0.01?fileloc=/home/mmickelson/martyknows.com/wp-includes/class-wp-simplepie-file.php??product=57805870 HTTP/1.1" 200 24674 "-" "Mozilla/5.0 (Linux; Android 6.0.1; Nexus 5X Build/MMB29P) AppleWebKit/537.36 (KHTML, like Gecko) Chrome/141.0.7390.122 Mobile Safari/537.36 (compatible; GoogleOther)" 
173.208.176.202 - - [25/Oct/2025:04:42:55 -0700] "GET /wp-includes/bra3c7d5/edit.php?id=405858 HTTP/1.1" 200 295 "http://www.martyknows.com/wp-includes/bra3c7d5/edit.php?id=405858" "Mozilla/5.0 (Windows NT 10.0; Win64; x64) AppleWebKit/537.36 (KHTML, like Gecko) Chrome/58.0.3029.110 Safari/537.3" 
98.82.66.172 - - [25/Oct/2025:04:44:46 -0700] "GET /2016/04/laravel-installation-on-mediatemple/?path=//etc/mail/domains/x HTTP/1.1" 200 2861 "-" "Mozilla/5.0 AppleWebKit/537.36 (KHTML, like Gecko; compatible; Amazonbot/0.1; +https://developer.amazon.com/support/amazonbot) Chrome/119.0.6045.214 Safari/537.36" 
3.94.156.104 - - [25/Oct/2025:04:44:54 -0700] "GET /2016/04/laravel-installation-on-mediatemple/?path=//usr/lib/php/8.1 HTTP/1.1" 200 3246 "-" "Mozilla/5.0 AppleWebKit/537.36 (KHTML, like Gecko; compatible; Amazonbot/0.1; +https://developer.amazon.com/support/amazonbot) Chrome/119.0.6045.214 Safari/537.36" 
54.85.109.140 - - [25/Oct/2025:04:45:07 -0700] "GET /2016/04/laravel-installation-on-mediatemple/?path=//sys/class/aoe/interfaces HTTP/1.1" 200 3273 "-" "Mozilla/5.0 AppleWebKit/537.36 (KHTML, like Gecko; compatible; Amazonbot/0.1; +https://developer.amazon.com/support/amazonbot) Chrome/119.0.6045.214 Safari/537.36" 
3.210.114.189 - - [25/Oct/2025:04:45:15 -0700] "GET /2016/04/laravel-installation-on-mediatemple/?fileloc=//lib/aspell/en-variant_2.multi&path=//lib/aspell HTTP/1.1" 200 2856 "-" "Mozilla/5.0 AppleWebKit/537.36 (KHTML, like Gecko; compatible; Amazonbot/0.1; +https://developer.amazon.com/support/amazonbot) Chrome/119.0.6045.214 Safari/537.36" 
54.87.95.7 - - [25/Oct/2025:04:45:24 -0700] "GET /2016/04/laravel-installation-on-mediatemple/?path=//sys/class/tty/ttyS8 HTTP/1.1" 200 3813 "-" "Mozilla/5.0 AppleWebKit/537.36 (KHTML, like Gecko; compatible; Amazonbot/0.1; +https://developer.amazon.com/support/amazonbot) Chrome/119.0.6045.214 Safari/537.36" 
3.226.106.93 - - [25/Oct/2025:04:45:34 -0700] "GET /2016/04/laravel-installation-on-mediatemple/?path=//sys/class/ata_device/dev10.0 HTTP/1.1" 200 3617 "-" "Mozilla/5.0 AppleWebKit/537.36 (KHTML, like Gecko; compatible; Amazonbot/0.1; +https://developer.amazon.com/support/amazonbot) Chrome/119.0.6045.214 Safari/537.36" 
44.193.102.198 - - [25/Oct/2025:04:45:43 -0700] "GET /2016/11/coloring-shell-scripts/?path=//lib/python3/dist-packages/trac/locale/cs HTTP/1.1" 200 3153 "-" "Mozilla/5.0 AppleWebKit/537.36 (KHTML, like Gecko; compatible; Amazonbot/0.1; +https://developer.amazon.com/support/amazonbot) Chrome/119.0.6045.214 Safari/537.36" 
66.249.72.203 - - [25/Oct/2025:04:45:45 -0700] "GET /feature/shoplist/usm_0.66_1.00_0.01?fileloc=/home/mmickelson/martyknows.com/wp-includes/class-wp-simplepie-file.php??product=47181165 HTTP/1.1" 200 23467 "-" "Mozilla/5.0 (Linux; Android 6.0.1; Nexus 5X Build/MMB29P) AppleWebKit/537.36 (KHTML, like Gecko) Chrome/141.0.7390.122 Mobile Safari/537.36 (compatible; GoogleOther)" 
3.229.2.217 - - [25/Oct/2025:04:45:47 -0700] "GET /2020/12/deleting-files-exactly-in-windows-cmd-or-bat/?path=//sys/devices/platform/reg-dummy HTTP/1.1" 200 3423 "-" "Mozilla/5.0 AppleWebKit/537.36 (KHTML, like Gecko; compatible; Amazonbot/0.1; +https://developer.amazon.com/support/amazonbot) Chrome/119.0.6045.214 Safari/537.36" 
54.166.126.132 - - [25/Oct/2025:04:45:52 -0700] "GET /2016/11/coloring-shell-scripts/?path=//sys/bus/clockevents/drivers HTTP/1.1" 200 2867 "-" "Mozilla/5.0 AppleWebKit/537.36 (KHTML, like Gecko; compatible; Amazonbot/0.1; +https://developer.amazon.com/support/amazonbot) Chrome/119.0.6045.214 Safari/537.36" 
66.249.72.202 - - [25/Oct/2025:04:45:54 -0700] "GET /feature/shoplist/usm_0.66_1.00_0.01?fileloc=/home/mmickelson/martyknows.com/wp-includes/class-wp-simplepie-file.php??product=49905178 HTTP/1.1" 200 25744 "-" "Mozilla/5.0 (Linux; Android 6.0.1; Nexus 5X Build/MMB29P) AppleWebKit/537.36 (KHTML, like Gecko) Chrome/141.0.7390.122 Mobile Safari/537.36 (compatible; GoogleOther)" 
52.44.174.136 - - [25/Oct/2025:04:45:55 -0700] "GET /2016/04/laravel-installation-on-mediatemple/?path=//usr/share/rsync HTTP/1.1" 200 3107 "-" "Mozilla/5.0 AppleWebKit/537.36 (KHTML, like Gecko; compatible; Amazonbot/0.1; +https://developer.amazon.com/support/amazonbot) Chrome/119.0.6045.214 Safari/537.36" 
173.208.176.202 - - [25/Oct/2025:04:44:31 -0700] "GET /wp-includes/bra3c7d5/edit.php?id=405858 HTTP/1.1" 200 295 "http://www.martyknows.com/wp-includes/bra3c7d5/edit.php?id=405858" "Mozilla/5.0 (Windows NT 10.0; Win64; x64) AppleWebKit/537.36 (KHTML, like Gecko) Chrome/58.0.3029.110 Safari/537.3" 
54.235.172.96 - - [25/Oct/2025:04:45:59 -0700] "GET /2016/11/coloring-shell-scripts/?path=//var/cache/man/gl HTTP/1.1" 200 3292 "-" "Mozilla/5.0 AppleWebKit/537.36 (KHTML, like Gecko; compatible; Amazonbot/0.1; +https://developer.amazon.com/support/amazonbot) Chrome/119.0.6045.214 Safari/537.36" 
52.22.64.232 - - [25/Oct/2025:04:46:02 -0700] "GET /2016/04/laravel-installation-on-mediatemple/?path=//usr/lib/locale/mn_MN HTTP/1.1" 200 3695 "-" "Mozilla/5.0 AppleWebKit/537.36 (KHTML, like Gecko; compatible; Amazonbot/0.1; +https://developer.amazon.com/support/amazonbot) Chrome/119.0.6045.214 Safari/537.36" 
66.249.72.202 - - [25/Oct/2025:04:46:42 -0700] "GET /feature/shoplist/usm_0.66_1.00_0.01?fileloc=/home/mmickelson/martyknows.com/wp-includes/class-wp-simplepie-file.php??product=60470311 HTTP/1.1" 200 24187 "-" "Mozilla/5.0 (Linux; Android 6.0.1; Nexus 5X Build/MMB29P) AppleWebKit/537.36 (KHTML, like Gecko) Chrome/141.0.7390.122 Mobile Safari/537.36 (compatible; GoogleOther)" 
34.231.156.59 - - [25/Oct/2025:04:46:42 -0700] "GET /2016/04/laravel-installation-on-mediatemple/?path=//sys/devices/virtual/misc HTTP/1.1" 200 3747 "-" "Mozilla/5.0 AppleWebKit/537.36 (KHTML, like Gecko; compatible; Amazonbot/0.1; +https://developer.amazon.com/support/amazonbot) Chrome/119.0.6045.214 Safari/537.36" 
63.141.249.210 - - [25/Oct/2025:04:46:49 -0700] "GET /wp-includes/bra3c7d5/edit.php HTTP/1.1" 200 301 "http://www.martyknows.com/wp-includes/bra3c7d5/edit.php" "Mozilla/5.0 (Windows NT 10.0; Win64; x64) AppleWebKit/537.36 (KHTML, like Gecko) Chrome/58.0.3029.110 Safari/537.3" 
54.225.199.17 - - [25/Oct/2025:04:46:58 -0700] "GET /2020/12/deleting-files-exactly-in-windows-cmd-or-bat/?path=//sys/bus/workqueue/devices HTTP/1.1" 200 4022 "-" "Mozilla/5.0 AppleWebKit/537.36 (KHTML, like Gecko; compatible; Amazonbot/0.1; +https://developer.amazon.com/support/amazonbot) Chrome/119.0.6045.214 Safari/537.36" 
54.84.250.51 - - [25/Oct/2025:04:47:07 -0700] "GET /2016/04/laravel-installation-on-mediatemple/?path=//var/lib/cloud/handlers HTTP/1.1" 200 2867 "-" "Mozilla/5.0 AppleWebKit/537.36 (KHTML, like Gecko; compatible; Amazonbot/0.1; +https://developer.amazon.com/support/amazonbot) Chrome/119.0.6045.214 Safari/537.36" 
66.249.72.203 - - [25/Oct/2025:04:47:21 -0700] "GET /feature/shoplist/usm_0.66_1.00_0.01?fileloc=/home/mmickelson/martyknows.com/wp-includes/class-wp-simplepie-file.php??product=48656226 HTTP/1.1" 200 24300 "-" "Mozilla/5.0 (Linux; Android 6.0.1; Nexus 5X Build/MMB29P) AppleWebKit/537.36 (KHTML, like Gecko) Chrome/141.0.7390.122 Mobile Safari/537.36 (compatible; GoogleOther)" 
34.199.252.22 - - [25/Oct/2025:04:47:26 -0700] "GET /2016/04/laravel-installation-on-mediatemple/?fileloc=//lib/python2.7/codecs.py&path=//lib/python2.7 HTTP/1.1" 200 11688 "-" "Mozilla/5.0 AppleWebKit/537.36 (KHTML, like Gecko; compatible; Amazonbot/0.1; +https://developer.amazon.com/support/amazonbot) Chrome/119.0.6045.214 Safari/537.36" 
173.208.176.202 - - [25/Oct/2025:04:45:59 -0700] "GET /wp-includes/bra3c7d5/edit.php?id=405858 HTTP/1.1" 200 295 "http://www.martyknows.com/wp-includes/bra3c7d5/edit.php?id=405858" "Mozilla/5.0 (Windows NT 10.0; Win64; x64) AppleWebKit/537.36 (KHTML, like Gecko) Chrome/58.0.3029.110 Safari/537.3" 
66.249.72.203 - - [25/Oct/2025:04:47:30 -0700] "GET /feature/shoplist/usm_0.66_1.00_0.01?fileloc=/home/mmickelson/martyknows.com/wp-includes/class-wp-simplepie-file.php?product=55672109 HTTP/1.1" 200 23982 "-" "Mozilla/5.0 (Linux; Android 6.0.1; Nexus 5X Build/MMB29P) AppleWebKit/537.36 (KHTML, like Gecko) Chrome/141.0.7390.122 Mobile Safari/537.36 (compatible; GoogleOther)" 
100.29.164.178 - - [25/Oct/2025:04:47:39 -0700] "GET /2016/04/laravel-installation-on-mediatemple/?path=//usr/lib/locale/sat_IN HTTP/1.1" 200 3691 "-" "Mozilla/5.0 AppleWebKit/537.36 (KHTML, like Gecko; compatible; Amazonbot/0.1; +https://developer.amazon.com/support/amazonbot) Chrome/119.0.6045.214 Safari/537.36" 
44.193.115.232 - - [25/Oct/2025:04:48:02 -0700] "GET /2016/04/laravel-installation-on-mediatemple/?path=//var/run/shm/acme_dashboard.patrifriedman.com HTTP/1.1" 200 3300 "-" "Mozilla/5.0 AppleWebKit/537.36 (KHTML, like Gecko; compatible; Amazonbot/0.1; +https://developer.amazon.com/support/amazonbot) Chrome/119.0.6045.214 Safari/537.36" 
66.249.72.202 - - [25/Oct/2025:04:48:07 -0700] "GET /?product=47164102 HTTP/1.1" 200 24160 "-" "Mozilla/5.0 (compatible; Googlebot/2.1; +http://www.google.com/bot.html)" 
52.22.64.232 - - [25/Oct/2025:04:48:15 -0700] "GET /2016/04/laravel-installation-on-mediatemple/?path=//lib/firmware/brcm HTTP/1.1" 200 7841 "-" "Mozilla/5.0 AppleWebKit/537.36 (KHTML, like Gecko; compatible; Amazonbot/0.1; +https://developer.amazon.com/support/amazonbot) Chrome/119.0.6045.214 Safari/537.36" 
54.209.100.30 - - [25/Oct/2025:04:48:24 -0700] "GET /2016/04/laravel-installation-on-mediatemple/?path=//sys/class/ata_device/dev15.0 HTTP/1.1" 200 3617 "-" "Mozilla/5.0 AppleWebKit/537.36 (KHTML, like Gecko; compatible; Amazonbot/0.1; +https://developer.amazon.com/support/amazonbot) Chrome/119.0.6045.214 Safari/537.36" 
3.229.95.193 - - [25/Oct/2025:04:48:30 -0700] "GET /2016/04/laravel-installation-on-mediatemple/?path=//sys/bus/serio/devices HTTP/1.1" 200 2863 "-" "Mozilla/5.0 AppleWebKit/537.36 (KHTML, like Gecko; compatible; Amazonbot/0.1; +https://developer.amazon.com/support/amazonbot) Chrome/119.0.6045.214 Safari/537.36" 
34.195.248.30 - - [25/Oct/2025:04:48:54 -0700] "GET /2016/11/coloring-shell-scripts/?path=//sys/bus/hid/drivers HTTP/1.1" 200 3664 "-" "Mozilla/5.0 AppleWebKit/537.36 (KHTML, like Gecko; compatible; Amazonbot/0.1; +https://developer.amazon.com/support/amazonbot) Chrome/119.0.6045.214 Safari/537.36" 
66.249.72.202 - - [25/Oct/2025:04:48:57 -0700] "GET /feature/shoplist/usm_0.66_1.00_0.01?fileloc=/home/mmickelson/martyknows.com/wp-includes/class-wp-simplepie-file.php??product=47217661 HTTP/1.1" 200 23752 "-" "Mozilla/5.0 (Linux; Android 6.0.1; Nexus 5X Build/MMB29P) AppleWebKit/537.36 (KHTML, like Gecko) Chrome/141.0.7390.122 Mobile Safari/537.36 (compatible; GoogleOther)" 
173.208.176.202 - - [25/Oct/2025:04:47:35 -0700] "GET /wp-includes/bra3c7d5/edit.php?id=405858 HTTP/1.1" 200 295 "http://www.martyknows.com/wp-includes/bra3c7d5/edit.php?id=405858" "Mozilla/5.0 (Windows NT 10.0; Win64; x64) AppleWebKit/537.36 (KHTML, like Gecko) Chrome/58.0.3029.110 Safari/537.3" 
66.249.72.204 - - [25/Oct/2025:04:49:03 -0700] "GET /feature/shoplist/usm_0.66_1.00_0.01?fileloc=/home/mmickelson/martyknows.com/wp-includes/class-wp-simplepie-file.php??product=52249424 HTTP/1.1" 200 21318 "-" "Mozilla/5.0 (Linux; Android 6.0.1; Nexus 5X Build/MMB29P) AppleWebKit/537.36 (KHTML, like Gecko) Chrome/141.0.7390.122 Mobile Safari/537.36 (compatible; GoogleOther)" 
66.249.72.203 - - [25/Oct/2025:04:49:09 -0700] "GET /?product=1826283613 HTTP/1.1" 200 23859 "-" "Mozilla/5.0 (Linux; Android 6.0.1; Nexus 5X Build/MMB29P) AppleWebKit/537.36 (KHTML, like Gecko) Chrome/141.0.7390.122 Mobile Safari/537.36 (compatible; Googlebot/2.1; +http://www.google.com/bot.html)" 
82.165.16.139 - - [25/Oct/2025:04:49:10 -0700] "GET / HTTP/1.1" 301 425 "-" "Mozilla/5.0 (Windows NT 11.0; Win64; x64) AppleWebKit/537.36 (KHTML, like Gecko) Chrome/126.0.0.0 Safari/537.36" 
82.165.16.139 - - [25/Oct/2025:04:49:10 -0700] "GET / HTTP/1.1" 429 430 "http://martyknows.com" "Mozilla/5.0 (Windows NT 11.0; Win64; x64) AppleWebKit/537.36 (KHTML, like Gecko) Chrome/126.0.0.0 Safari/537.36" 
82.165.16.139 - - [25/Oct/2025:04:49:11 -0700] "GET / HTTP/1.1" 301 425 "-" "Mozilla/5.0 (Windows NT 10.0; Win64; x64; rv:126.0) Gecko/20100101 Firefox/126.0" 
82.165.16.139 - - [25/Oct/2025:04:49:11 -0700] "GET / HTTP/1.1" 429 430 "http://martyknows.com" "Mozilla/5.0 (Windows NT 10.0; Win64; x64; rv:126.0) Gecko/20100101 Firefox/126.0" 
82.165.16.139 - - [25/Oct/2025:04:49:11 -0700] "GET / HTTP/1.1" 301 425 "-" "Mozilla/5.0 (Macintosh; Intel Mac OS X 13_4) AppleWebKit/605.1.15 (KHTML, like Gecko) Version/16.4 Safari/605.1.15" 
82.165.16.139 - - [25/Oct/2025:04:49:12 -0700] "GET / HTTP/1.1" 429 430 "http://martyknows.com" "Mozilla/5.0 (Macintosh; Intel Mac OS X 13_4) AppleWebKit/605.1.15 (KHTML, like Gecko) Version/16.4 Safari/605.1.15" 
18.208.11.93 - - [25/Oct/2025:04:49:22 -0700] "GET /2016/04/laravel-installation-on-mediatemple/?path=//usr/lib/locale/en_NZ HTTP/1.1" 200 3694 "-" "Mozilla/5.0 AppleWebKit/537.36 (KHTML, like Gecko; compatible; Amazonbot/0.1; +https://developer.amazon.com/support/amazonbot) Chrome/119.0.6045.214 Safari/537.36" 
23.23.214.190 - - [25/Oct/2025:04:49:27 -0700] "GET /2013/06/how-to-create-a-default-date-range-for-google-search/?path=//sys/devices/virtual/workqueue/writeback/subsystem/devices HTTP/1.1" 200 4108 "-" "Mozilla/5.0 AppleWebKit/537.36 (KHTML, like Gecko; compatible; Amazonbot/0.1; +https://developer.amazon.com/support/amazonbot) Chrome/119.0.6045.214 Safari/537.36" 
50.17.193.48 - - [25/Oct/2025:04:49:31 -0700] "GET /2016/04/laravel-installation-on-mediatemple/?path=//usr/lib/locale/en_GB HTTP/1.1" 200 3689 "-" "Mozilla/5.0 AppleWebKit/537.36 (KHTML, like Gecko; compatible; Amazonbot/0.1; +https://developer.amazon.com/support/amazonbot) Chrome/119.0.6045.214 Safari/537.36" 
66.249.72.202 - - [25/Oct/2025:04:49:36 -0700] "GET /feature/shoplist/usm_0.66_1.00_0.01?fileloc=/home/mmickelson/martyknows.com/wp-includes/class-wp-simplepie-file.php??product=54321138 HTTP/1.1" 200 23671 "-" "Mozilla/5.0 (Linux; Android 6.0.1; Nexus 5X Build/MMB29P) AppleWebKit/537.36 (KHTML, like Gecko) Chrome/141.0.7390.122 Mobile Safari/537.36 (compatible; GoogleOther)" 
66.249.72.202 - - [25/Oct/2025:04:49:57 -0700] "GET /feature/shoplist/usm_0.66_1.00_0.01?fileloc=/home/mmickelson/martyknows.com/wp-includes/class-wp-simplepie-file.php??product=64891312 HTTP/1.1" 200 23473 "-" "Mozilla/5.0 (Linux; Android 6.0.1; Nexus 5X Build/MMB29P) AppleWebKit/537.36 (KHTML, like Gecko) Chrome/141.0.7390.122 Mobile Safari/537.36 (compatible; GoogleOther)" 
100.28.133.214 - - [25/Oct/2025:04:50:15 -0700] "GET /2016/11/coloring-shell-scripts/?path=//etc/NetworkManager/dispatcher.d HTTP/1.1" 200 3137 "-" "Mozilla/5.0 AppleWebKit/537.36 (KHTML, like Gecko; compatible; Amazonbot/0.1; +https://developer.amazon.com/support/amazonbot) Chrome/119.0.6045.214 Safari/537.36" 
66.249.72.203 - - [25/Oct/2025:04:50:32 -0700] "GET /feature/shoplist/usm_0.66_1.00_0.01?fileloc=/home/mmickelson/martyknows.com/wp-includes/class-wp-simplepie-file.php??product=47266057 HTTP/1.1" 200 24528 "-" "Mozilla/5.0 (Linux; Android 6.0.1; Nexus 5X Build/MMB29P) AppleWebKit/537.36 (KHTML, like Gecko) Chrome/141.0.7390.122 Mobile Safari/537.36 (compatible; GoogleOther)" 
173.208.176.202 - - [25/Oct/2025:04:49:05 -0700] "GET /wp-includes/bra3c7d5/edit.php?id=405858 HTTP/1.1" 200 295 "http://www.martyknows.com/wp-includes/bra3c7d5/edit.php?id=405858" "Mozilla/5.0 (Windows NT 10.0; Win64; x64) AppleWebKit/537.36 (KHTML, like Gecko) Chrome/58.0.3029.110 Safari/537.3" 
66.249.72.202 - - [25/Oct/2025:04:50:38 -0700] "GET /feature/shoplist/usm_0.66_1.00_0.01?fileloc=/home/mmickelson/martyknows.com/wp-includes/class-wp-simplepie-file.php??product=47375528 HTTP/1.1" 200 20692 "-" "Mozilla/5.0 (Linux; Android 6.0.1; Nexus 5X Build/MMB29P) AppleWebKit/537.36 (KHTML, like Gecko) Chrome/141.0.7390.122 Mobile Safari/537.36 (compatible; GoogleOther)" 
54.83.23.103 - - [25/Oct/2025:04:50:58 -0700] "GET /2016/04/laravel-installation-on-mediatemple/?path=//usr/share/vim HTTP/1.1" 200 3348 "-" "Mozilla/5.0 AppleWebKit/537.36 (KHTML, like Gecko; compatible; Amazonbot/0.1; +https://developer.amazon.com/support/amazonbot) Chrome/119.0.6045.214 Safari/537.36" 
62.171.139.181 - - [25/Oct/2025:04:51:17 -0700] "GET /wp-login.php HTTP/1.1" 429 429 "-" "Mozilla/4.0 (compatible; MSIE 7.0; Windows NT 6.1; WOW64; Trident/7.0; SLCC2; .NET CLR 2.0.50727; .NET CLR 3.5.30729; .NET CLR 3.0.30729; InfoPath.2; .NET4.0C; .NET4.0E)" 
62.171.139.181 - - [25/Oct/2025:04:51:18 -0700] "POST /wp-login.php HTTP/1.1" 429 429 "http://www.martyknows.com/wp-login.php" "Mozilla/4.0 (compatible; MSIE 7.0; Windows NT 6.1; WOW64; Trident/7.0; SLCC2; .NET CLR 2.0.50727; .NET CLR 3.5.30729; .NET CLR 3.0.30729; InfoPath.2; .NET4.0C; .NET4.0E)" 
54.243.63.52 - - [25/Oct/2025:04:51:22 -0700] "GET /2016/11/coloring-shell-scripts/?fileloc=//usr/share/javascript/jquery-ui/ui/unique-id.min.js&path=//usr/share/javascript/jquery-ui/ui HTTP/1.1" 200 3055 "-" "Mozilla/5.0 AppleWebKit/537.36 (KHTML, like Gecko; compatible; Amazonbot/0.1; +https://developer.amazon.com/support/amazonbot) Chrome/119.0.6045.214 Safari/537.36" 
100.29.107.38 - - [25/Oct/2025:04:51:34 -0700] "GET /2016/04/laravel-installation-on-mediatemple/?path=//sys/class/ata_device/dev18.0 HTTP/1.1" 200 3617 "-" "Mozilla/5.0 AppleWebKit/537.36 (KHTML, like Gecko; compatible; Amazonbot/0.1; +https://developer.amazon.com/support/amazonbot) Chrome/119.0.6045.214 Safari/537.36" 
3.220.148.166 - - [25/Oct/2025:04:51:50 -0700] "GET /2016/04/laravel-installation-on-mediatemple/?path=//usr/lib/locale/ve_ZA HTTP/1.1" 200 3692 "-" "Mozilla/5.0 AppleWebKit/537.36 (KHTML, like Gecko; compatible; Amazonbot/0.1; +https://developer.amazon.com/support/amazonbot) Chrome/119.0.6045.214 Safari/537.36" 
34.231.77.232 - - [25/Oct/2025:04:51:54 -0700] "GET /2016/11/coloring-shell-scripts/?path=//var/lib/php/modules/8.1 HTTP/1.1" 200 3213 "-" "Mozilla/5.0 AppleWebKit/537.36 (KHTML, like Gecko; compatible; Amazonbot/0.1; +https://developer.amazon.com/support/amazonbot) Chrome/119.0.6045.214 Safari/537.36" 
3.93.253.174 - - [25/Oct/2025:04:52:02 -0700] "GET /2016/04/laravel-installation-on-mediatemple/?path=//usr/lib/firmware/ti HTTP/1.1" 200 3240 "-" "Mozilla/5.0 AppleWebKit/537.36 (KHTML, like Gecko; compatible; Amazonbot/0.1; +https://developer.amazon.com/support/amazonbot) Chrome/119.0.6045.214 Safari/537.36" 
66.249.72.203 - - [25/Oct/2025:04:52:08 -0700] "GET /trick/i6?pid=550 HTTP/1.1" 200 21162 "-" "Mozilla/5.0 (Linux; Android 6.0.1; Nexus 5X Build/MMB29P) AppleWebKit/537.36 (KHTML, like Gecko) Chrome/141.0.7390.122 Mobile Safari/537.36 (compatible; GoogleOther)" 
173.208.176.202 - - [25/Oct/2025:04:50:40 -0700] "GET /wp-includes/bra3c7d5/edit.php?id=405858 HTTP/1.1" 200 295 "http://www.martyknows.com/wp-includes/bra3c7d5/edit.php?id=405858" "Mozilla/5.0 (Windows NT 10.0; Win64; x64) AppleWebKit/537.36 (KHTML, like Gecko) Chrome/58.0.3029.110 Safari/537.3" 
66.249.72.202 - - [25/Oct/2025:04:52:12 -0700] "GET /feature/shoplist/usm_0.66_1.00_0.01?fileloc=/home/mmickelson/martyknows.com/wp-includes/class-wp-simplepie-file.php??product=56604150 HTTP/1.1" 200 25154 "-" "Mozilla/5.0 (Linux; Android 6.0.1; Nexus 5X Build/MMB29P) AppleWebKit/537.36 (KHTML, like Gecko) Chrome/141.0.7390.122 Mobile Safari/537.36 (compatible; GoogleOther)" 
3.222.85.38 - - [25/Oct/2025:04:52:34 -0700] "GET /2016/04/laravel-installation-on-mediatemple/?path=//usr/lib/locale/ca_IT HTTP/1.1" 200 3687 "-" "Mozilla/5.0 AppleWebKit/537.36 (KHTML, like Gecko; compatible; Amazonbot/0.1; +https://developer.amazon.com/support/amazonbot) Chrome/119.0.6045.214 Safari/537.36" 
63.141.249.210 - - [25/Oct/2025:04:52:45 -0700] "GET /wp-includes/bra3c7d5/edit.php HTTP/1.1" 200 301 "http://www.martyknows.com/wp-includes/bra3c7d5/edit.php" "Mozilla/5.0 (Windows NT 10.0; Win64; x64) AppleWebKit/537.36 (KHTML, like Gecko) Chrome/58.0.3029.110 Safari/537.3" 
