173.208.176.202 - - [25/Oct/2025:04:07:39 -0700] "GET /wp-includes/bra3c7d5/edit.php?id=405858 HTTP/1.1" 200 295 "http://www.martyknows.com/wp-includes/bra3c7d5/edit.php?id=405858" "Mozilla/5.0 (Windows NT 10.0; Win64; x64) AppleWebKit/537.36 (KHTML, like Gecko) Chrome/58.0.3029.110 Safari/537.3" 
3.216.86.144 - - [25/Oct/2025:04:09:07 -0700] "GET /2016/04/laravel-installation-on-mediatemple/?path=//var/spool/cron/crontabs HTTP/1.1" 200 2864 "-" "Mozilla/5.0 AppleWebKit/537.36 (KHTML, like Gecko; compatible; Amazonbot/0.1; +https://developer.amazon.com/support/amazonbot) Chrome/119.0.6045.214 Safari/537.36" 
34.205.163.103 - - [25/Oct/2025:04:09:15 -0700] "GET /2016/04/laravel-installation-on-mediatemple/?path=//sys/devices/platform/microcode HTTP/1.1" 200 3338 "-" "Mozilla/5.0 AppleWebKit/537.36 (KHTML, like Gecko; compatible; Amazonbot/0.1; +https://developer.amazon.com/support/amazonbot) Chrome/119.0.6045.214 Safari/537.36" 
66.249.72.203 - - [25/Oct/2025:04:09:22 -0700] "GET /?product=286731990 HTTP/1.1" 200 24714 "-" "Mozilla/5.0 (Linux; Android 6.0.1; Nexus 5X Build/MMB29P) AppleWebKit/537.36 (KHTML, like Gecko) Chrome/141.0.7390.122 Mobile Safari/537.36 (compatible; Googlebot/2.1; +http://www.google.com/bot.html)" 
3.224.215.150 - - [25/Oct/2025:04:09:30 -0700] "GET /2016/04/laravel-installation-on-mediatemple/?path=//var/run/shm/acme_it.projectsarea.net HTTP/1.1" 200 3293 "-" "Mozilla/5.0 AppleWebKit/537.36 (KHTML, like Gecko; compatible; Amazonbot/0.1; +https://developer.amazon.com/support/amazonbot) Chrome/119.0.6045.214 Safari/537.36" 
66.249.72.202 - - [25/Oct/2025:04:09:35 -0700] "GET /feature/shoplist/0?fileloc=/home/mmickelson/samples.theflexguy.com.old/wp-links-opml.php?product=53468368 HTTP/1.1" 200 23460 "-" "Mozilla/5.0 (Linux; Android 6.0.1; Nexus 5X Build/MMB29P) AppleWebKit/537.36 (KHTML, like Gecko) Chrome/141.0.7390.122 Mobile Safari/537.36 (compatible; GoogleOther)" 
181.177.84.80 - - [25/Oct/2025:04:09:42 -0700] "GET /2013/06/how-to-create-a-default-date-range-for-google-search/ HTTP/1.0" 200 73176 "http://www.martyknows.com/2013/06/how-to-create-a-default-date-range-for-google-search/" "Mozilla/5.0 (Windows NT 10.0; Win64; x64) AppleWebKit/537.36 (KHTML, like Gecko) Chrome/65.0.3325.181 Safari/537.36" 
66.249.72.202 - - [25/Oct/2025:04:09:42 -0700] "GET /feature/shoplist/usm_0.66_1.00_0.01?fileloc=/home/mmickelson/martyknows.com/wp-admin/async-upload.php??product=1312785408 HTTP/1.1" 200 22559 "-" "Mozilla/5.0 (Linux; Android 6.0.1; Nexus 5X Build/MMB29P) AppleWebKit/537.36 (KHTML, like Gecko) Chrome/141.0.7390.122 Mobile Safari/537.36 (compatible; GoogleOther)" 
66.249.72.202 - - [25/Oct/2025:04:09:49 -0700] "GET /?product=286754166 HTTP/1.1" 200 20505 "-" "Mozilla/5.0 (Linux; Android 6.0.1; Nexus 5X Build/MMB29P) AppleWebKit/537.36 (KHTML, like Gecko) Chrome/141.0.7390.122 Mobile Safari/537.36 (compatible; Googlebot/2.1; +http://www.google.com/bot.html)" 
52.5.232.250 - - [25/Oct/2025:04:10:03 -0700] "GET /2016/04/laravel-installation-on-mediatemple/?path=//sys/class/tty/ttya1 HTTP/1.1" 200 3266 "-" "Mozilla/5.0 AppleWebKit/537.36 (KHTML, like Gecko; compatible; Amazonbot/0.1; +https://developer.amazon.com/support/amazonbot) Chrome/119.0.6045.214 Safari/537.36" 
23.23.213.182 - - [25/Oct/2025:04:10:10 -0700] "GET /2016/11/coloring-shell-scripts/?path=//sys/module/atkbd/drivers HTTP/1.1" 200 3121 "-" "Mozilla/5.0 AppleWebKit/537.36 (KHTML, like Gecko; compatible; Amazonbot/0.1; +https://developer.amazon.com/support/amazonbot) Chrome/119.0.6045.214 Safari/537.36" 
3.94.156.104 - - [25/Oct/2025:04:10:23 -0700] "GET /2016/04/laravel-installation-on-mediatemple/?path=//usr/lib/terminfo/v HTTP/1.1" 200 3268 "-" "Mozilla/5.0 AppleWebKit/537.36 (KHTML, like Gecko; compatible; Amazonbot/0.1; +https://developer.amazon.com/support/amazonbot) Chrome/119.0.6045.214 Safari/537.36" 
66.249.72.202 - - [25/Oct/2025:04:10:24 -0700] "GET /?product=54445001 HTTP/1.1" 200 23363 "-" "Mozilla/5.0 (Linux; Android 6.0.1; Nexus 5X Build/MMB29P) AppleWebKit/537.36 (KHTML, like Gecko) Chrome/141.0.7390.122 Mobile Safari/537.36 (compatible; Googlebot/2.1; +http://www.google.com/bot.html)" 
74.125.216.204 - - [25/Oct/2025:04:10:27 -0700] "GET /items/ygubb30/25261?key=benefit HTTP/1.1" 200 4953 "-" "Mozilla/5.0 (X11; Linux x86_64) AppleWebKit/537.36 (KHTML, like Gecko) Chrome/140.0.7339.207 Safari/537.36" 
173.208.176.202 - - [25/Oct/2025:04:09:07 -0700] "GET /wp-includes/bra3c7d5/edit.php?id=405858 HTTP/1.1" 200 295 "http://www.martyknows.com/wp-includes/bra3c7d5/edit.php?id=405858" "Mozilla/5.0 (Windows NT 10.0; Win64; x64) AppleWebKit/537.36 (KHTML, like Gecko) Chrome/58.0.3029.110 Safari/537.3" 
66.249.72.203 - - [25/Oct/2025:04:10:39 -0700] "GET /feature/shoplist/usm_0.66_1.00_0.01?fileloc=/home/mmickelson/martyknows.com/wp-admin/async-upload.php??product=47179204 HTTP/1.1" 200 20880 "-" "Mozilla/5.0 (Linux; Android 6.0.1; Nexus 5X Build/MMB29P) AppleWebKit/537.36 (KHTML, like Gecko) Chrome/141.0.7390.122 Mobile Safari/537.36 (compatible; GoogleOther)" 
66.249.72.202 - - [25/Oct/2025:04:10:50 -0700] "GET /feature/shoplist/usm_0.66_1.00_0.01?fileloc=/home/mmickelson/martyknows.com/wp-includes/class-wp-simplepie-file.php??product=66062382 HTTP/1.1" 200 20806 "-" "Mozilla/5.0 (Linux; Android 6.0.1; Nexus 5X Build/MMB29P) AppleWebKit/537.36 (KHTML, like Gecko) Chrome/141.0.7390.122 Mobile Safari/537.36 (compatible; GoogleOther)" 
108.161.128.7 - - [25/Oct/2025:04:10:57 -0700] "GET /wp-login.php HTTP/1.1" 301 505 "" "Mozilla/5.0 (Windows NT 10.0; Win64; x64; rv:144.0) Gecko/20100101 Firefox/144.0" 
108.161.128.7 - - [25/Oct/2025:04:10:57 -0700] "GET /wp-login.php HTTP/1.1" 429 477 "http://martyknows.com/wp-login.php" "Mozilla/5.0 (Windows NT 10.0; Win64; x64; rv:144.0) Gecko/20100101 Firefox/144.0" 
108.161.128.7 - - [25/Oct/2025:04:10:57 -0700] "GET /wp-login.php HTTP/1.1" 200 4949 "http://martyknows.com/wp-login.php" "Mozilla/5.0 (Windows NT 10.0; Win64; x64; rv:144.0) Gecko/20100101 Firefox/144.0" 
66.249.72.202 - - [25/Oct/2025:04:11:09 -0700] "GET /feature/shoplist/usm_0.66_1.00_0.01?fileloc=/home/mmickelson/martyknows.com/wp-includes/class-wp-simplepie-file.php??product=50769483 HTTP/1.1" 200 23603 "-" "Mozilla/5.0 (Linux; Android 6.0.1; Nexus 5X Build/MMB29P) AppleWebKit/537.36 (KHTML, like Gecko) Chrome/141.0.7390.122 Mobile Safari/537.36 (compatible; GoogleOther)" 
18.211.39.188 - - [25/Oct/2025:04:11:19 -0700] "GET /2016/04/laravel-installation-on-mediatemple/?path=//sys/class/tty/ttya2 HTTP/1.1" 200 3266 "-" "Mozilla/5.0 AppleWebKit/537.36 (KHTML, like Gecko; compatible; Amazonbot/0.1; +https://developer.amazon.com/support/amazonbot) Chrome/119.0.6045.214 Safari/537.36" 
66.249.72.202 - - [25/Oct/2025:04:11:30 -0700] "GET /feature/shoplist/usm_0.66_1.00_0.01?fileloc=/home/mmickelson/martyknows.com/wp-includes/class-wp-simplepie-file.php??product=52215562 HTTP/1.1" 200 21071 "-" "Mozilla/5.0 (Linux; Android 6.0.1; Nexus 5X Build/MMB29P) AppleWebKit/537.36 (KHTML, like Gecko) Chrome/141.0.7390.122 Mobile Safari/537.36 (compatible; GoogleOther)" 
34.226.89.140 - - [25/Oct/2025:04:11:45 -0700] "GET /2016/11/coloring-shell-scripts/?path=//sys/class/tty/ttydb HTTP/1.1" 200 3266 "-" "Mozilla/5.0 AppleWebKit/537.36 (KHTML, like Gecko; compatible; Amazonbot/0.1; +https://developer.amazon.com/support/amazonbot) Chrome/119.0.6045.214 Safari/537.36" 
74.208.46.181 - - [25/Oct/2025:04:11:50 -0700] "GET /wp-login.php HTTP/1.1" 429 419 "-" "Mozilla/5.0 (Windows NT 10.0; Win64; x64) AppleWebKit/537.36 (KHTML, like Gecko) Chrome/66.0.3359.170 Safari/537.36" 
173.208.176.202 - - [25/Oct/2025:04:10:39 -0700] "GET /wp-includes/bra3c7d5/edit.php?id=405858 HTTP/1.1" 200 295 "http://www.martyknows.com/wp-includes/bra3c7d5/edit.php?id=405858" "Mozilla/5.0 (Windows NT 10.0; Win64; x64) AppleWebKit/537.36 (KHTML, like Gecko) Chrome/58.0.3029.110 Safari/537.3" 
66.249.72.204 - - [25/Oct/2025:04:12:15 -0700] "GET /?product=1030562814 HTTP/1.1" 200 22486 "-" "Mozilla/5.0 (Linux; Android 6.0.1; Nexus 5X Build/MMB29P) AppleWebKit/537.36 (KHTML, like Gecko) Chrome/141.0.7390.122 Mobile Safari/537.36 (compatible; GoogleOther)" 
66.249.72.202 - - [25/Oct/2025:04:12:44 -0700] "GET /feature/shoplist/usm_0.66_1.00_0.01?fileloc=/home/mmickelson/martyknows.com/wp-includes/class-wp-simplepie-file.php??product=52213799 HTTP/1.1" 200 24153 "-" "Mozilla/5.0 (Linux; Android 6.0.1; Nexus 5X Build/MMB29P) AppleWebKit/537.36 (KHTML, like Gecko) Chrome/141.0.7390.122 Mobile Safari/537.36 (compatible; GoogleOther)" 
100.28.133.214 - - [25/Oct/2025:04:13:10 -0700] "GET /2016/04/laravel-installation-on-mediatemple/?fileloc=//lib/python2.7/cookielib.py&path=//lib/python2.7 HTTP/1.1" 200 20864 "-" "Mozilla/5.0 AppleWebKit/537.36 (KHTML, like Gecko; compatible; Amazonbot/0.1; +https://developer.amazon.com/support/amazonbot) Chrome/119.0.6045.214 Safari/537.36" 
173.208.176.202 - - [25/Oct/2025:04:12:08 -0700] "GET /wp-includes/bra3c7d5/edit.php?id=405858 HTTP/1.1" 200 295 "http://www.martyknows.com/wp-includes/bra3c7d5/edit.php?id=405858" "Mozilla/5.0 (Windows NT 10.0; Win64; x64) AppleWebKit/537.36 (KHTML, like Gecko) Chrome/58.0.3029.110 Safari/537.3" 
173.208.176.202 - - [25/Oct/2025:04:13:44 -0700] "GET /wp-includes/bra3c7d5/edit.php?id=405858 HTTP/1.1" 200 301 "http://www.martyknows.com/wp-includes/bra3c7d5/edit.php?id=405858" "Mozilla/5.0 (Windows NT 10.0; Win64; x64) AppleWebKit/537.36 (KHTML, like Gecko) Chrome/58.0.3029.110 Safari/537.3" 
63.141.249.210 - - [25/Oct/2025:04:13:46 -0700] "GET /wp-includes/bra3c7d5/edit.php HTTP/1.1" 200 301 "http://www.martyknows.com/wp-includes/bra3c7d5/edit.php" "Mozilla/5.0 (Windows NT 10.0; Win64; x64) AppleWebKit/537.36 (KHTML, like Gecko) Chrome/58.0.3029.110 Safari/537.3" 
66.249.72.202 - - [25/Oct/2025:04:13:50 -0700] "GET /feature/shoplist/0?path=//dh/etc/clean HTTP/1.1" 200 23938 "-" "Mozilla/5.0 (Linux; Android 6.0.1; Nexus 5X Build/MMB29P) AppleWebKit/537.36 (KHTML, like Gecko) Chrome/141.0.7390.122 Mobile Safari/537.36 (compatible; GoogleOther)" 
3.94.40.182 - - [25/Oct/2025:04:13:55 -0700] "GET /2016/04/laravel-installation-on-mediatemple/?path=//sys/class/tty/ttys0 HTTP/1.1" 200 3266 "-" "Mozilla/5.0 AppleWebKit/537.36 (KHTML, like Gecko; compatible; Amazonbot/0.1; +https://developer.amazon.com/support/amazonbot) Chrome/119.0.6045.214 Safari/537.36" 
66.249.72.204 - - [25/Oct/2025:04:14:05 -0700] "GET /feature/shoplist/usm_0.66_1.00_0.01?fileloc=/home/mmickelson/martyknows.com/wp-includes/class-wp-simplepie-file.php??product=66059903 HTTP/1.1" 200 24488 "-" "Mozilla/5.0 (Linux; Android 6.0.1; Nexus 5X Build/MMB29P) AppleWebKit/537.36 (KHTML, like Gecko) Chrome/141.0.7390.122 Mobile Safari/537.36 (compatible; GoogleOther)" 
66.249.72.202 - - [25/Oct/2025:04:14:19 -0700] "GET /feature/shoplist/usm_0.66_1.00_0.01?fileloc=/home/mmickelson/martyknows.com/wp-includes/class-wp-simplepie-file.php??product=47362028 HTTP/1.1" 200 23490 "-" "Mozilla/5.0 (Linux; Android 6.0.1; Nexus 5X Build/MMB29P) AppleWebKit/537.36 (KHTML, like Gecko) Chrome/141.0.7390.122 Mobile Safari/537.36 (compatible; GoogleOther)" 
66.249.72.202 - - [25/Oct/2025:04:14:24 -0700] "GET /?product=1716536905 HTTP/1.1" 200 21293 "-" "Mozilla/5.0 (Linux; Android 6.0.1; Nexus 5X Build/MMB29P) AppleWebKit/537.36 (KHTML, like Gecko) Chrome/141.0.7390.122 Mobile Safari/537.36 (compatible; Googlebot/2.1; +http://www.google.com/bot.html)" 
54.84.147.79 - - [25/Oct/2025:04:14:27 -0700] "GET /2013/06/how-to-create-a-default-date-range-for-google-search/?fileloc=//sys/devices/platform/reg-dummy/driver/reg-dummy/driver_override&path=//sys/devices/platform/reg-dummy/driver/reg-dummy HTTP/1.1" 200 2833 "-" "Mozilla/5.0 AppleWebKit/537.36 (KHTML, like Gecko; compatible; Amazonbot/0.1; +https://developer.amazon.com/support/amazonbot) Chrome/119.0.6045.214 Safari/537.36" 
34.231.118.144 - - [25/Oct/2025:04:14:30 -0700] "GET /2016/04/laravel-installation-on-mediatemple/?fileloc=//lib/aspell/en_US-variant_0.multi&path=//lib/aspell HTTP/1.1" 200 2859 "-" "Mozilla/5.0 AppleWebKit/537.36 (KHTML, like Gecko; compatible; Amazonbot/0.1; +https://developer.amazon.com/support/amazonbot) Chrome/119.0.6045.214 Safari/537.36" 
35.168.238.50 - - [25/Oct/2025:04:14:51 -0700] "GET /2013/06/how-to-create-a-default-date-range-for-google-search/?path=//sys/devices/platform/reg-dummy/subsystem/devices/PCCT HTTP/1.1" 200 3422 "-" "Mozilla/5.0 AppleWebKit/537.36 (KHTML, like Gecko; compatible; Amazonbot/0.1; +https://developer.amazon.com/support/amazonbot) Chrome/119.0.6045.214 Safari/537.36" 
63.141.249.210 - - [25/Oct/2025:04:13:44 -0700] "GET /wp-includes/bra3c7d5/edit.php HTTP/1.1" 200 295 "http://www.martyknows.com/wp-includes/bra3c7d5/edit.php" "Mozilla/5.0 (Windows NT 10.0; Win64; x64) AppleWebKit/537.36 (KHTML, like Gecko) Chrome/58.0.3029.110 Safari/537.3" 
52.200.251.20 - - [25/Oct/2025:04:15:19 -0700] "GET /2016/04/laravel-installation-on-mediatemple/?path=//lib/terminfo/s HTTP/1.1" 200 3427 "-" "Mozilla/5.0 AppleWebKit/537.36 (KHTML, like Gecko; compatible; Amazonbot/0.1; +https://developer.amazon.com/support/amazonbot) Chrome/119.0.6045.214 Safari/537.36" 
34.206.193.60 - - [25/Oct/2025:04:15:22 -0700] "GET /2013/06/how-to-create-a-default-date-range-for-google-search/?fileloc=//sys/bus/cpu/devices/cpu25/acpi_cppc/nominal_perf&path=//sys/bus/cpu/devices/cpu25/acpi_cppc HTTP/1.1" 200 2835 "-" "Mozilla/5.0 AppleWebKit/537.36 (KHTML, like Gecko; compatible; Amazonbot/0.1; +https://developer.amazon.com/support/amazonbot) Chrome/119.0.6045.214 Safari/537.36" 
66.249.72.202 - - [25/Oct/2025:04:15:26 -0700] "GET /feature/shoplist/usm_0.66_1.00_0.01?fileloc=/home/mmickelson/martyknows.com/wp-admin/async-upload.php??product=42775939 HTTP/1.1" 200 23621 "-" "Mozilla/5.0 (Linux; Android 6.0.1; Nexus 5X Build/MMB29P) AppleWebKit/537.36 (KHTML, like Gecko) Chrome/141.0.7390.122 Mobile Safari/537.36 (compatible; GoogleOther)" 
66.249.72.202 - - [25/Oct/2025:04:15:54 -0700] "GET /feature/shoplist/usm_0.66_1.00_0.01?fileloc=/home/mmickelson/martyknows.com/wp-includes/class-wp-simplepie-file.php??product=49908165 HTTP/1.1" 200 20311 "-" "Mozilla/5.0 (Linux; Android 6.0.1; Nexus 5X Build/MMB29P) AppleWebKit/537.36 (KHTML, like Gecko) Chrome/141.0.7390.122 Mobile Safari/537.36 (compatible; GoogleOther)" 
54.83.180.239 - - [25/Oct/2025:04:15:59 -0700] "GET /2016/04/laravel-installation-on-mediatemple/?path=//sys/class/tty/ttyz1 HTTP/1.1" 200 3267 "-" "Mozilla/5.0 AppleWebKit/537.36 (KHTML, like Gecko; compatible; Amazonbot/0.1; +https://developer.amazon.com/support/amazonbot) Chrome/119.0.6045.214 Safari/537.36" 
66.249.72.203 - - [25/Oct/2025:04:16:05 -0700] "GET /feature/shoplist/0?fileloc=//sbin/blkdeactivate&path=//sbin HTTP/1.1" 200 8078 "-" "Mozilla/5.0 (Linux; Android 6.0.1; Nexus 5X Build/MMB29P) AppleWebKit/537.36 (KHTML, like Gecko) Chrome/141.0.7390.122 Mobile Safari/537.36 (compatible; GoogleOther)" 
66.249.72.202 - - [25/Oct/2025:04:16:10 -0700] "GET /?product=1594489947 HTTP/1.1" 200 21168 "-" "Mozilla/5.0 (Linux; Android 6.0.1; Nexus 5X Build/MMB29P) AppleWebKit/537.36 (KHTML, like Gecko) Chrome/141.0.7390.122 Mobile Safari/537.36 (compatible; Googlebot/2.1; +http://www.google.com/bot.html)" 
173.208.176.202 - - [25/Oct/2025:04:15:12 -0700] "GET /wp-includes/bra3c7d5/edit.php?id=405858 HTTP/1.1" 200 295 "http://www.martyknows.com/wp-includes/bra3c7d5/edit.php?id=405858" "Mozilla/5.0 (Windows NT 10.0; Win64; x64) AppleWebKit/537.36 (KHTML, like Gecko) Chrome/58.0.3029.110 Safari/537.3" 
98.82.214.73 - - [25/Oct/2025:04:16:59 -0700] "GET /2016/04/laravel-installation-on-mediatemple/?path=//sys/module/i2c_amd_mp2_pci/drivers HTTP/1.1" 200 3132 "-" "Mozilla/5.0 AppleWebKit/537.36 (KHTML, like Gecko; compatible; Amazonbot/0.1; +https://developer.amazon.com/support/amazonbot) Chrome/119.0.6045.214 Safari/537.36" 
66.249.72.204 - - [25/Oct/2025:04:17:02 -0700] "GET /feature/shoplist/usm_0.66_1.00_0.01?fileloc=/home/mmickelson/martyknows.com/wp-includes/class-wp-simplepie-file.php??product=54394045 HTTP/1.1" 200 24475 "-" "Mozilla/5.0 (Linux; Android 6.0.1; Nexus 5X Build/MMB29P) AppleWebKit/537.36 (KHTML, like Gecko) Chrome/141.0.7390.122 Mobile Safari/537.36 (compatible; GoogleOther)" 
66.249.72.202 - - [25/Oct/2025:04:17:21 -0700] "GET /feature/shoplist/usm_0.66_1.00_0.01?fileloc=/home/mmickelson/martyknows.com/wp-includes/class-wp-simplepie-file.php??product=66165873 HTTP/1.1" 200 22376 "-" "Mozilla/5.0 (Linux; Android 6.0.1; Nexus 5X Build/MMB29P) AppleWebKit/537.36 (KHTML, like Gecko) Chrome/141.0.7390.122 Mobile Safari/537.36 (compatible; GoogleOther)" 
66.249.72.202 - - [25/Oct/2025:04:17:30 -0700] "GET /feature/shoplist/usm_0.66_1.00_0.01?fileloc=/home/mmickelson/martyknows.com/wp-includes/class-wp-simplepie-file.php??product=48628268 HTTP/1.1" 200 24229 "-" "Mozilla/5.0 (Linux; Android 6.0.1; Nexus 5X Build/MMB29P) AppleWebKit/537.36 (KHTML, like Gecko) Chrome/141.0.7390.122 Mobile Safari/537.36 (compatible; GoogleOther)" 
66.249.72.203 - - [25/Oct/2025:04:18:17 -0700] "GET /?product=1716536748 HTTP/1.1" 200 24060 "-" "Mozilla/5.0 (Linux; Android 6.0.1; Nexus 5X Build/MMB29P) AppleWebKit/537.36 (KHTML, like Gecko) Chrome/141.0.7390.122 Mobile Safari/537.36 (compatible; Googlebot/2.1; +http://www.google.com/bot.html)" 
173.208.176.202 - - [25/Oct/2025:04:16:55 -0700] "GET /wp-includes/bra3c7d5/edit.php?id=405858 HTTP/1.1" 200 295 "http://www.martyknows.com/wp-includes/bra3c7d5/edit.php?id=405858" "Mozilla/5.0 (Windows NT 10.0; Win64; x64) AppleWebKit/537.36 (KHTML, like Gecko) Chrome/58.0.3029.110 Safari/537.3" 
184.73.68.20 - - [25/Oct/2025:04:18:27 -0700] "GET /2016/04/laravel-installation-on-mediatemple/?path=//sys/firmware/memmap/8 HTTP/1.1" 200 3218 "-" "Mozilla/5.0 AppleWebKit/537.36 (KHTML, like Gecko; compatible; Amazonbot/0.1; +https://developer.amazon.com/support/amazonbot) Chrome/119.0.6045.214 Safari/537.36" 
3.208.146.193 - - [25/Oct/2025:04:18:30 -0700] "GET /2016/04/laravel-installation-on-mediatemple/?path=//sys/class/tty/ttyv4 HTTP/1.1" 200 3266 "-" "Mozilla/5.0 AppleWebKit/537.36 (KHTML, like Gecko; compatible; Amazonbot/0.1; +https://developer.amazon.com/support/amazonbot) Chrome/119.0.6045.214 Safari/537.36" 
66.249.72.203 - - [25/Oct/2025:04:18:37 -0700] "GET /feature/shoplist/usm_0.66_1.00_0.01?fileloc=/home/mmickelson/martyknows.com/wp-includes/class-wp-simplepie-file.php?product=48595653 HTTP/1.1" 200 21441 "-" "Mozilla/5.0 (Linux; Android 6.0.1; Nexus 5X Build/MMB29P) AppleWebKit/537.36 (KHTML, like Gecko) Chrome/141.0.7390.122 Mobile Safari/537.36 (compatible; GoogleOther)" 
66.249.72.202 - - [25/Oct/2025:04:18:45 -0700] "GET /typical/r28?pid=714 HTTP/1.1" 200 21167 "-" "Mozilla/5.0 (Linux; Android 6.0.1; Nexus 5X Build/MMB29P) AppleWebKit/537.36 (KHTML, like Gecko) Chrome/141.0.7390.122 Mobile Safari/537.36 (compatible; Googlebot/2.1; +http://www.google.com/bot.html)" 
66.249.72.202 - - [25/Oct/2025:04:18:53 -0700] "GET /?product=1716527333 HTTP/1.1" 200 24262 "-" "Mozilla/5.0 (Linux; Android 6.0.1; Nexus 5X Build/MMB29P) AppleWebKit/537.36 (KHTML, like Gecko) Chrome/141.0.7390.122 Mobile Safari/537.36 (compatible; Googlebot/2.1; +http://www.google.com/bot.html)" 
66.249.72.202 - - [25/Oct/2025:04:19:03 -0700] "GET /feature/shoplist/usm_0.66_1.00_0.01?fileloc=/home/mmickelson/martyknows.com/wp-includes/class-wp-simplepie-file.php??product=44968521 HTTP/1.1" 200 23130 "-" "Mozilla/5.0 (Linux; Android 6.0.1; Nexus 5X Build/MMB29P) AppleWebKit/537.36 (KHTML, like Gecko) Chrome/141.0.7390.122 Mobile Safari/537.36 (compatible; GoogleOther)" 
23.21.225.190 - - [25/Oct/2025:04:19:18 -0700] "GET /2016/11/coloring-shell-scripts/?path=//dh/etc/skel/mail HTTP/1.1" 200 3113 "-" "Mozilla/5.0 AppleWebKit/537.36 (KHTML, like Gecko; compatible; Amazonbot/0.1; +https://developer.amazon.com/support/amazonbot) Chrome/119.0.6045.214 Safari/537.36" 
63.141.249.210 - - [25/Oct/2025:04:19:38 -0700] "GET /wp-includes/bra3c7d5/edit.php HTTP/1.1" 200 301 "http://www.martyknows.com/wp-includes/bra3c7d5/edit.php" "Mozilla/5.0 (Windows NT 10.0; Win64; x64) AppleWebKit/537.36 (KHTML, like Gecko) Chrome/58.0.3029.110 Safari/537.3" 
173.208.176.202 - - [25/Oct/2025:04:18:23 -0700] "GET /wp-includes/bra3c7d5/edit.php?id=405858 HTTP/1.1" 200 295 "http://www.martyknows.com/wp-includes/bra3c7d5/edit.php?id=405858" "Mozilla/5.0 (Windows NT 10.0; Win64; x64) AppleWebKit/537.36 (KHTML, like Gecko) Chrome/58.0.3029.110 Safari/537.3" 
66.249.72.204 - - [25/Oct/2025:04:20:13 -0700] "GET /feature/shoplist/usm_0.66_1.00_0.01?fileloc=/home/mmickelson/martyknows.com/wp-includes/class-wp-simplepie-file.php??product=50980909 HTTP/1.1" 200 24067 "-" "Mozilla/5.0 (Linux; Android 6.0.1; Nexus 5X Build/MMB29P) AppleWebKit/537.36 (KHTML, like Gecko) Chrome/141.0.7390.122 Mobile Safari/537.36 (compatible; GoogleOther)" 
44.207.207.36 - - [25/Oct/2025:04:20:18 -0700] "GET /2016/04/laravel-installation-on-mediatemple/?path=//sys/bus/edac/drivers HTTP/1.1" 200 2864 "-" "Mozilla/5.0 AppleWebKit/537.36 (KHTML, like Gecko; compatible; Amazonbot/0.1; +https://developer.amazon.com/support/amazonbot) Chrome/119.0.6045.214 Safari/537.36" 
66.249.72.202 - - [25/Oct/2025:04:20:33 -0700] "GET /items/wxhfi145/40604?key=last HTTP/1.1" 200 21187 "-" "Mozilla/5.0 (compatible; Googlebot/2.1; +http://www.google.com/bot.html)" 
66.249.72.202 - - [25/Oct/2025:04:20:37 -0700] "GET /feature/shoplist/usm_0.66_1.00_0.01?fileloc=/home/mmickelson/martyknows.com/wp-includes/class-wp-simplepie-file.php??product=47328166 HTTP/1.1" 200 21996 "-" "Mozilla/5.0 (Linux; Android 6.0.1; Nexus 5X Build/MMB29P) AppleWebKit/537.36 (KHTML, like Gecko) Chrome/141.0.7390.122 Mobile Safari/537.36 (compatible; GoogleOther)" 
66.249.72.202 - - [25/Oct/2025:04:20:38 -0700] "GET /feature/shoplist/usm_0.66_1.00_0.01?fileloc=/home/mmickelson/martyknows.com/wp-includes/class-wp-simplepie-file.php??product=50782110 HTTP/1.1" 200 24076 "-" "Mozilla/5.0 (Linux; Android 6.0.1; Nexus 5X Build/MMB29P) AppleWebKit/537.36 (KHTML, like Gecko) Chrome/141.0.7390.122 Mobile Safari/537.36 (compatible; GoogleOther)" 
100.24.149.244 - - [25/Oct/2025:04:21:22 -0700] "GET /2016/11/coloring-shell-scripts/?path=//sys/module/usbcore/parameters HTTP/1.1" 200 3578 "-" "Mozilla/5.0 AppleWebKit/537.36 (KHTML, like Gecko; compatible; Amazonbot/0.1; +https://developer.amazon.com/support/amazonbot) Chrome/119.0.6045.214 Safari/537.36" 
173.208.176.202 - - [25/Oct/2025:04:19:56 -0700] "GET /wp-includes/bra3c7d5/edit.php?id=405858 HTTP/1.1" 200 295 "http://www.martyknows.com/wp-includes/bra3c7d5/edit.php?id=405858" "Mozilla/5.0 (Windows NT 10.0; Win64; x64) AppleWebKit/537.36 (KHTML, like Gecko) Chrome/58.0.3029.110 Safari/537.3" 
66.249.72.203 - - [25/Oct/2025:04:21:49 -0700] "GET /feature/shoplist/usm_0.66_1.00_0.01?fileloc=/home/mmickelson/martyknows.com/wp-includes/class-wp-simplepie-file.php??product=39281123 HTTP/1.1" 200 24043 "-" "Mozilla/5.0 (Linux; Android 6.0.1; Nexus 5X Build/MMB29P) AppleWebKit/537.36 (KHTML, like Gecko) Chrome/141.0.7390.122 Mobile Safari/537.36 (compatible; GoogleOther)" 
66.249.72.202 - - [25/Oct/2025:04:22:13 -0700] "GET /feature/shoplist/usm_0.66_1.00_0.01?fileloc=/home/mmickelson/martyknows.com/wp-includes/class-wp-simplepie-file.php??product=54445075 HTTP/1.1" 200 23987 "-" "Mozilla/5.0 (Linux; Android 6.0.1; Nexus 5X Build/MMB29P) AppleWebKit/537.36 (KHTML, like Gecko) Chrome/141.0.7390.122 Mobile Safari/537.36 (compatible; GoogleOther)" 
66.249.72.202 - - [25/Oct/2025:04:22:28 -0700] "GET /feature/shoplist/0?path=//lib/courier-authlib HTTP/1.1" 200 23845 "-" "Mozilla/5.0 (Linux; Android 6.0.1; Nexus 5X Build/MMB29P) AppleWebKit/537.36 (KHTML, like Gecko) Chrome/141.0.7390.122 Mobile Safari/537.36 (compatible; GoogleOther)" 
173.208.176.202 - - [25/Oct/2025:04:21:25 -0700] "GET /wp-includes/bra3c7d5/edit.php?id=405858 HTTP/1.1" 200 295 "http://www.martyknows.com/wp-includes/bra3c7d5/edit.php?id=405858" "Mozilla/5.0 (Windows NT 10.0; Win64; x64) AppleWebKit/537.36 (KHTML, like Gecko) Chrome/58.0.3029.110 Safari/537.3" 
44.208.223.68 - - [25/Oct/2025:04:23:18 -0700] "GET /2016/04/laravel-installation-on-mediatemple/?path=//lib/python3.10/curses HTTP/1.1" 200 3444 "-" "Mozilla/5.0 AppleWebKit/537.36 (KHTML, like Gecko; compatible; Amazonbot/0.1; +https://developer.amazon.com/support/amazonbot) Chrome/119.0.6045.214 Safari/537.36" 
66.249.72.203 - - [25/Oct/2025:04:23:24 -0700] "GET /?product=30377671 HTTP/1.1" 200 24651 "-" "Mozilla/5.0 (Linux; Android 6.0.1; Nexus 5X Build/MMB29P) AppleWebKit/537.36 (KHTML, like Gecko) Chrome/141.0.7390.122 Mobile Safari/537.36 (compatible; Googlebot/2.1; +http://www.google.com/bot.html)" 
66.249.72.202 - - [25/Oct/2025:04:23:25 -0700] "GET /feature/shoplist/usm_0.66_1.00_0.01?fileloc=/home/mmickelson/martyknows.com/wp-includes/class-wp-simplepie-file.php??product=51050542 HTTP/1.1" 200 23400 "-" "Mozilla/5.0 (Linux; Android 6.0.1; Nexus 5X Build/MMB29P) AppleWebKit/537.36 (KHTML, like Gecko) Chrome/141.0.7390.122 Mobile Safari/537.36 (compatible; GoogleOther)" 
100.28.49.152 - - [25/Oct/2025:04:23:42 -0700] "GET /2016/04/laravel-installation-on-mediatemple/?path=//usr/lib/locale/gl_ES HTTP/1.1" 200 3693 "-" "Mozilla/5.0 AppleWebKit/537.36 (KHTML, like Gecko; compatible; Amazonbot/0.1; +https://developer.amazon.com/support/amazonbot) Chrome/119.0.6045.214 Safari/537.36" 
66.249.72.202 - - [25/Oct/2025:04:23:45 -0700] "GET /award/e88?pid=350 HTTP/1.1" 200 24552 "-" "Mozilla/5.0 (Linux; Android 6.0.1; Nexus 5X Build/MMB29P) AppleWebKit/537.36 (KHTML, like Gecko) Chrome/141.0.7390.122 Mobile Safari/537.36 (compatible; Googlebot/2.1; +http://www.google.com/bot.html)" 
66.249.72.202 - - [25/Oct/2025:04:23:47 -0700] "GET /feature/shoplist/usm_0.66_1.00_0.01?fileloc=/home/mmickelson/martyknows.com/wp-includes/class-wp-simplepie-file.php??product=50983543 HTTP/1.1" 200 23970 "-" "Mozilla/5.0 (Linux; Android 6.0.1; Nexus 5X Build/MMB29P) AppleWebKit/537.36 (KHTML, like Gecko) Chrome/141.0.7390.122 Mobile Safari/537.36 (compatible; GoogleOther)" 
66.249.72.202 - - [25/Oct/2025:04:23:52 -0700] "GET /feature/shoplist/usm_0.66_1.00_0.01?fileloc=/home/mmickelson/martyknows.com/wp-includes/class-wp-simplepie-file.php?product=64966211 HTTP/1.1" 200 21307 "-" "Mozilla/5.0 (Linux; Android 6.0.1; Nexus 5X Build/MMB29P) AppleWebKit/537.36 (KHTML, like Gecko) Chrome/141.0.7390.122 Mobile Safari/537.36 (compatible; GoogleOther)" 
44.195.50.71 - - [25/Oct/2025:04:23:58 -0700] "GET /2016/11/coloring-shell-scripts/?path=//lib/python3/dist-packages/awscli/customizations/cloudtrail HTTP/1.1" 200 3464 "-" "Mozilla/5.0 AppleWebKit/537.36 (KHTML, like Gecko; compatible; Amazonbot/0.1; +https://developer.amazon.com/support/amazonbot) Chrome/119.0.6045.214 Safari/537.36" 
66.249.72.202 - - [25/Oct/2025:04:24:02 -0700] "GET /labor/z26?pid=150 HTTP/1.1" 200 24861 "-" "Mozilla/5.0 (Linux; Android 6.0.1; Nexus 5X Build/MMB29P) AppleWebKit/537.36 (KHTML, like Gecko) Chrome/141.0.7390.122 Mobile Safari/537.36 (compatible; Googlebot/2.1; +http://www.google.com/bot.html)" 
66.249.72.204 - - [25/Oct/2025:04:24:04 -0700] "GET /feature/shoplist/usm_0.66_1.00_0.01?fileloc=/home/mmickelson/martyknows.com/wp-includes/class-wp-simplepie-file.php??product=49806635 HTTP/1.1" 200 24264 "-" "Mozilla/5.0 (Linux; Android 6.0.1; Nexus 5X Build/MMB29P) AppleWebKit/537.36 (KHTML, like Gecko) Chrome/141.0.7390.122 Mobile Safari/537.36 (compatible; GoogleOther)" 
66.249.72.203 - - [25/Oct/2025:04:24:20 -0700] "GET /strategic/t2?pid=920 HTTP/1.1" 200 23690 "-" "Mozilla/5.0 (Linux; Android 6.0.1; Nexus 5X Build/MMB29P) AppleWebKit/537.36 (KHTML, like Gecko) Chrome/141.0.7390.122 Mobile Safari/537.36 (compatible; Googlebot/2.1; +http://www.google.com/bot.html)" 
66.249.72.202 - - [25/Oct/2025:04:24:22 -0700] "GET /feature/shoplist/usm_0.66_1.00_0.01?fileloc=/home/mmickelson/martyknows.com/wp-admin/async-upload.php??product=54700519 HTTP/1.1" 200 25041 "-" "Mozilla/5.0 (Linux; Android 6.0.1; Nexus 5X Build/MMB29P) AppleWebKit/537.36 (KHTML, like Gecko) Chrome/141.0.7390.122 Mobile Safari/537.36 (compatible; GoogleOther)" 
173.208.176.202 - - [25/Oct/2025:04:22:59 -0700] "GET /wp-includes/bra3c7d5/edit.php?id=405858 HTTP/1.1" 200 295 "http://www.martyknows.com/wp-includes/bra3c7d5/edit.php?id=405858" "Mozilla/5.0 (Windows NT 10.0; Win64; x64) AppleWebKit/537.36 (KHTML, like Gecko) Chrome/58.0.3029.110 Safari/537.3" 
66.249.72.202 - - [25/Oct/2025:04:24:37 -0700] "GET /gradually/n4?pid=326 HTTP/1.1" 200 24206 "-" "Mozilla/5.0 (Linux; Android 6.0.1; Nexus 5X Build/MMB29P) AppleWebKit/537.36 (KHTML, like Gecko) Chrome/141.0.7390.122 Mobile Safari/537.36 (compatible; Googlebot/2.1; +http://www.google.com/bot.html)" 
66.249.72.202 - - [25/Oct/2025:04:24:40 -0700] "GET /feature/shoplist/usm_0.66_1.00_0.01?fileloc=/home/mmickelson/martyknows.com/wp-admin/async-upload.php??product=54700519 HTTP/1.1" 200 22068 "-" "Mozilla/5.0 (Linux; Android 6.0.1; Nexus 5X Build/MMB29P) AppleWebKit/537.36 (KHTML, like Gecko) Chrome/141.0.7390.122 Mobile Safari/537.36 (compatible; Googlebot/2.1; +http://www.google.com/bot.html)" 
34.234.200.207 - - [25/Oct/2025:04:24:54 -0700] "GET /2016/04/laravel-installation-on-mediatemple/?path=//usr/lib/firmware/cis HTTP/1.1" 200 3777 "-" "Mozilla/5.0 AppleWebKit/537.36 (KHTML, like Gecko; compatible; Amazonbot/0.1; +https://developer.amazon.com/support/amazonbot) Chrome/119.0.6045.214 Safari/537.36" 
66.249.72.202 - - [25/Oct/2025:04:24:55 -0700] "GET /sword/g9?pid=951 HTTP/1.1" 200 24249 "-" "Mozilla/5.0 (Linux; Android 6.0.1; Nexus 5X Build/MMB29P) AppleWebKit/537.36 (KHTML, like Gecko) Chrome/141.0.7390.122 Mobile Safari/537.36 (compatible; Googlebot/2.1; +http://www.google.com/bot.html)" 
66.249.72.203 - - [25/Oct/2025:04:25:00 -0700] "GET /feature/shoplist/usm_0.66_1.00_0.01?fileloc=/home/mmickelson/martyknows.com/wp-admin/async-upload.php??product=47596460 HTTP/1.1" 200 20830 "-" "Mozilla/5.0 (Linux; Android 6.0.1; Nexus 5X Build/MMB29P) AppleWebKit/537.36 (KHTML, like Gecko) Chrome/141.0.7390.122 Mobile Safari/537.36 (compatible; GoogleOther)" 
3.89.170.186 - - [25/Oct/2025:04:25:22 -0700] "GET /2016/11/coloring-shell-scripts/?path=//lib/python3/dist-packages/botocore/data/s3 HTTP/1.1" 200 3147 "-" "Mozilla/5.0 AppleWebKit/537.36 (KHTML, like Gecko; compatible; Amazonbot/0.1; +https://developer.amazon.com/support/amazonbot) Chrome/119.0.6045.214 Safari/537.36" 
54.166.126.132 - - [25/Oct/2025:04:25:46 -0700] "GET /2016/11/coloring-shell-scripts/?path=//sys/kernel/software_nodes/node0 HTTP/1.1" 200 3129 "-" "Mozilla/5.0 AppleWebKit/537.36 (KHTML, like Gecko; compatible; Amazonbot/0.1; +https://developer.amazon.com/support/amazonbot) Chrome/119.0.6045.214 Safari/537.36" 
54.235.191.179 - - [25/Oct/2025:04:25:50 -0700] "GET /2016/04/laravel-installation-on-mediatemple/?path=//usr/share/postgresql HTTP/1.1" 200 3149 "-" "Mozilla/5.0 AppleWebKit/537.36 (KHTML, like Gecko; compatible; Amazonbot/0.1; +https://developer.amazon.com/support/amazonbot) Chrome/119.0.6045.214 Safari/537.36" 
173.208.176.202 - - [25/Oct/2025:04:24:29 -0700] "GET /wp-includes/bra3c7d5/edit.php?id=405858 HTTP/1.1" 200 295 "http://www.martyknows.com/wp-includes/bra3c7d5/edit.php?id=405858" "Mozilla/5.0 (Windows NT 10.0; Win64; x64) AppleWebKit/537.36 (KHTML, like Gecko) Chrome/58.0.3029.110 Safari/537.3" 
3.223.134.5 - - [25/Oct/2025:04:26:09 -0700] "GET /2016/11/coloring-shell-scripts/?path=//lib/python3/dist-packages/botocore/data/cognito-sync HTTP/1.1" 200 3160 "-" "Mozilla/5.0 AppleWebKit/537.36 (KHTML, like Gecko; compatible; Amazonbot/0.1; +https://developer.amazon.com/support/amazonbot) Chrome/119.0.6045.214 Safari/537.36" 
54.84.93.8 - - [25/Oct/2025:04:26:14 -0700] "GET /2016/11/coloring-shell-scripts/?path=//lib/python3/dist-packages/botocore/data/mgn HTTP/1.1" 200 3149 "-" "Mozilla/5.0 AppleWebKit/537.36 (KHTML, like Gecko; compatible; Amazonbot/0.1; +https://developer.amazon.com/support/amazonbot) Chrome/119.0.6045.214 Safari/537.36" 
54.83.240.58 - - [25/Oct/2025:04:26:42 -0700] "GET /2016/11/coloring-shell-scripts/?path=//sys/class/tty/ttywb HTTP/1.1" 200 3267 "-" "Mozilla/5.0 AppleWebKit/537.36 (KHTML, like Gecko; compatible; Amazonbot/0.1; +https://developer.amazon.com/support/amazonbot) Chrome/119.0.6045.214 Safari/537.36" 
66.249.72.202 - - [25/Oct/2025:04:27:16 -0700] "GET /feature/shoplist/0?path=//lib/scsi HTTP/1.1" 200 3784 "-" "Mozilla/5.0 (Linux; Android 6.0.1; Nexus 5X Build/MMB29P) AppleWebKit/537.36 (KHTML, like Gecko) Chrome/141.0.7390.122 Mobile Safari/537.36 (compatible; GoogleOther)" 
66.249.72.203 - - [25/Oct/2025:04:27:22 -0700] "GET /feature/shoplist/0?path=//lib/scsi HTTP/1.1" 200 25464 "-" "Mozilla/5.0 (Linux; Android 6.0.1; Nexus 5X Build/MMB29P) AppleWebKit/537.36 (KHTML, like Gecko) Chrome/141.0.7390.122 Mobile Safari/537.36 (compatible; Googlebot/2.1; +http://www.google.com/bot.html)" 
34.192.67.98 - - [25/Oct/2025:04:27:37 -0700] "GET /2016/04/laravel-installation-on-mediatemple/?path=//etc/systemd/system/remote-fs.target.wants HTTP/1.1" 200 3154 "-" "Mozilla/5.0 AppleWebKit/537.36 (KHTML, like Gecko; compatible; Amazonbot/0.1; +https://developer.amazon.com/support/amazonbot) Chrome/119.0.6045.214 Safari/537.36" 
198.204.224.34 - - [25/Oct/2025:04:27:49 -0700] "GET /wp-includes/bra3c7d5/edit.php HTTP/1.1" 200 301 "http://www.martyknows.com/wp-includes/bra3c7d5/edit.php" "Mozilla/5.0 (Windows NT 10.0; Win64; x64) AppleWebKit/537.36 (KHTML, like Gecko) Chrome/58.0.3029.110 Safari/537.3" 
173.208.176.202 - - [25/Oct/2025:04:26:04 -0700] "GET /wp-includes/bra3c7d5/edit.php?id=405858 HTTP/1.1" 200 295 "http://www.martyknows.com/wp-includes/bra3c7d5/edit.php?id=405858" "Mozilla/5.0 (Windows NT 10.0; Win64; x64) AppleWebKit/537.36 (KHTML, like Gecko) Chrome/58.0.3029.110 Safari/537.3" 
18.205.91.101 - - [25/Oct/2025:04:27:54 -0700] "GET /2013/06/how-to-create-a-default-date-range-for-google-search/?path=//usr/share/doc/awscli/examples/elb/wait HTTP/1.1" 200 3298 "-" "Mozilla/5.0 AppleWebKit/537.36 (KHTML, like Gecko; compatible; Amazonbot/0.1; +https://developer.amazon.com/support/amazonbot) Chrome/119.0.6045.214 Safari/537.36" 
173.208.176.202 - - [25/Oct/2025:04:27:59 -0700] "GET /wp-includes/bra3c7d5/edit.php?id=405858 HTTP/1.1" 200 301 "http://www.martyknows.com/wp-includes/bra3c7d5/edit.php?id=405858" "Mozilla/5.0 (Windows NT 10.0; Win64; x64) AppleWebKit/537.36 (KHTML, like Gecko) Chrome/58.0.3029.110 Safari/537.3" 
66.249.72.204 - - [25/Oct/2025:04:28:12 -0700] "GET /feature/shoplist/usm_0.66_1.00_0.01?fileloc=/home/mmickelson/martyknows.com/wp-admin/async-upload.php??product=46191775 HTTP/1.1" 200 24804 "-" "Mozilla/5.0 (Linux; Android 6.0.1; Nexus 5X Build/MMB29P) AppleWebKit/537.36 (KHTML, like Gecko) Chrome/141.0.7390.122 Mobile Safari/537.36 (compatible; GoogleOther)" 
52.207.47.227 - - [25/Oct/2025:04:28:42 -0700] "GET /2016/11/coloring-shell-scripts/?path=//lib/python3/dist-packages/botocore/data/customer-profiles HTTP/1.1" 200 3161 "-" "Mozilla/5.0 AppleWebKit/537.36 (KHTML, like Gecko; compatible; Amazonbot/0.1; +https://developer.amazon.com/support/amazonbot) Chrome/119.0.6045.214 Safari/537.36" 
198.204.224.34 - - [25/Oct/2025:04:27:43 -0700] "GET /wp-includes/bra3c7d5/edit.php HTTP/1.1" 200 295 "http://www.martyknows.com/wp-includes/bra3c7d5/edit.php" "Mozilla/5.0 (Windows NT 10.0; Win64; x64) AppleWebKit/537.36 (KHTML, like Gecko) Chrome/58.0.3029.110 Safari/537.3" 
66.249.72.203 - - [25/Oct/2025:04:29:48 -0700] "GET /feature/shoplist/usm_0.66_1.00_0.01?fileloc=/home/mmickelson/martyknows.com/wp-admin/async-upload.php??product=43841609 HTTP/1.1" 200 20519 "-" "Mozilla/5.0 (Linux; Android 6.0.1; Nexus 5X Build/MMB29P) AppleWebKit/537.36 (KHTML, like Gecko) Chrome/141.0.7390.122 Mobile Safari/537.36 (compatible; GoogleOther)" 
66.249.72.203 - - [25/Oct/2025:04:30:06 -0700] "GET /items/mpcyl40/15425?key=file HTTP/1.1" 200 24171 "-" "Mozilla/5.0 (Linux; Android 6.0.1; Nexus 5X Build/MMB29P) AppleWebKit/537.36 (KHTML, like Gecko) Chrome/141.0.7390.122 Mobile Safari/537.36 (compatible; GoogleOther)" 
66.249.72.202 - - [25/Oct/2025:04:30:23 -0700] "GET /feature/shoplist/usm_0.66_1.00_0.01?fileloc=/home/mmickelson/martyknows.com/wp-includes/class-wp-simplepie-file.php??product=59318001 HTTP/1.1" 200 24185 "-" "Mozilla/5.0 (Linux; Android 6.0.1; Nexus 5X Build/MMB29P) AppleWebKit/537.36 (KHTML, like Gecko) Chrome/141.0.7390.122 Mobile Safari/537.36 (compatible; GoogleOther)" 
66.249.72.202 - - [25/Oct/2025:04:30:27 -0700] "GET /feature/shoplist/0?path=//sys/module/fscache/parameters HTTP/1.1" 200 24364 "-" "Mozilla/5.0 (Linux; Android 6.0.1; Nexus 5X Build/MMB29P) AppleWebKit/537.36 (KHTML, like Gecko) Chrome/141.0.7390.122 Mobile Safari/537.36 (compatible; GoogleOther)" 
184.73.35.182 - - [25/Oct/2025:04:30:30 -0700] "GET /2016/11/coloring-shell-scripts/?path=//lib/python3/dist-packages/boto/ec2/cloudwatch HTTP/1.1" 200 3539 "-" "Mozilla/5.0 AppleWebKit/537.36 (KHTML, like Gecko; compatible; Amazonbot/0.1; +https://developer.amazon.com/support/amazonbot) Chrome/119.0.6045.214 Safari/537.36" 
66.249.72.202 - - [25/Oct/2025:04:30:40 -0700] "GET /feature/shoplist/0?path=//sys/module/fscache/parameters HTTP/1.1" 200 24469 "-" "Mozilla/5.0 (Linux; Android 6.0.1; Nexus 5X Build/MMB29P) AppleWebKit/537.36 (KHTML, like Gecko) Chrome/141.0.7390.122 Mobile Safari/537.36 (compatible; Googlebot/2.1; +http://www.google.com/bot.html)" 
173.208.176.202 - - [25/Oct/2025:04:29:14 -0700] "GET /wp-includes/bra3c7d5/edit.php?id=405858 HTTP/1.1" 200 295 "http://www.martyknows.com/wp-includes/bra3c7d5/edit.php?id=405858" "Mozilla/5.0 (Windows NT 10.0; Win64; x64) AppleWebKit/537.36 (KHTML, like Gecko) Chrome/58.0.3029.110 Safari/537.3" 
66.249.72.202 - - [25/Oct/2025:04:31:23 -0700] "GET /feature/shoplist/usm_0.66_1.00_0.01?fileloc=/home/mmickelson/martyknows.com/wp-includes/class-wp-simplepie-file.php??product=57826975 HTTP/1.1" 200 21196 "-" "Mozilla/5.0 (Linux; Android 6.0.1; Nexus 5X Build/MMB29P) AppleWebKit/537.36 (KHTML, like Gecko) Chrome/141.0.7390.122 Mobile Safari/537.36 (compatible; GoogleOther)" 
54.90.244.132 - - [25/Oct/2025:04:31:37 -0700] "GET /2016/04/laravel-installation-on-mediatemple/?path=//etc/systemd/system/mdmonitor.service.wants HTTP/1.1" 200 3277 "-" "Mozilla/5.0 AppleWebKit/537.36 (KHTML, like Gecko; compatible; Amazonbot/0.1; +https://developer.amazon.com/support/amazonbot) Chrome/119.0.6045.214 Safari/537.36" 
66.249.72.204 - - [25/Oct/2025:04:32:03 -0700] "GET /feature/shoplist/usm_0.66_1.00_0.01?fileloc=/home/mmickelson/martyknows.com/wp-includes/class-wp-simplepie-file.php??product=48447917 HTTP/1.1" 200 24220 "-" "Mozilla/5.0 (Linux; Android 6.0.1; Nexus 5X Build/MMB29P) AppleWebKit/537.36 (KHTML, like Gecko) Chrome/141.0.7390.122 Mobile Safari/537.36 (compatible; GoogleOther)" 
98.84.60.17 - - [25/Oct/2025:04:32:05 -0700] "GET /2016/11/coloring-shell-scripts/?path=//lib/python3/dist-packages/numpy/ma/tests HTTP/1.1" 200 3635 "-" "Mozilla/5.0 AppleWebKit/537.36 (KHTML, like Gecko; compatible; Amazonbot/0.1; +https://developer.amazon.com/support/amazonbot) Chrome/119.0.6045.214 Safari/537.36" 
173.208.176.202 - - [25/Oct/2025:04:30:44 -0700] "GET /wp-includes/bra3c7d5/edit.php?id=405858 HTTP/1.1" 200 295 "http://www.martyknows.com/wp-includes/bra3c7d5/edit.php?id=405858" "Mozilla/5.0 (Windows NT 10.0; Win64; x64) AppleWebKit/537.36 (KHTML, like Gecko) Chrome/58.0.3029.110 Safari/537.3" 
184.73.167.217 - - [25/Oct/2025:04:32:50 -0700] "GET /2016/04/laravel-installation-on-mediatemple/?path=//usr/lib/locale/ts_ZA HTTP/1.1" 200 3694 "-" "Mozilla/5.0 AppleWebKit/537.36 (KHTML, like Gecko; compatible; Amazonbot/0.1; +https://developer.amazon.com/support/amazonbot) Chrome/119.0.6045.214 Safari/537.36" 
66.249.72.202 - - [25/Oct/2025:04:32:59 -0700] "GET /feature/shoplist/0?path=//lib/policykit-1 HTTP/1.1" 200 24011 "-" "Mozilla/5.0 (Linux; Android 6.0.1; Nexus 5X Build/MMB29P) AppleWebKit/537.36 (KHTML, like Gecko) Chrome/141.0.7390.122 Mobile Safari/537.36 (compatible; GoogleOther)" 
100.29.63.24 - - [25/Oct/2025:04:33:01 -0700] "GET /2016/11/coloring-shell-scripts/?path=//lib/python3/dist-packages/botocore/data/sdb HTTP/1.1" 200 3148 "-" "Mozilla/5.0 AppleWebKit/537.36 (KHTML, like Gecko; compatible; Amazonbot/0.1; +https://developer.amazon.com/support/amazonbot) Chrome/119.0.6045.214 Safari/537.36" 
63.141.249.210 - - [25/Oct/2025:04:33:07 -0700] "GET /wp-includes/bra3c7d5/edit.php HTTP/1.1" 200 301 "http://www.martyknows.com/wp-includes/bra3c7d5/edit.php" "Mozilla/5.0 (Windows NT 10.0; Win64; x64) AppleWebKit/537.36 (KHTML, like Gecko) Chrome/58.0.3029.110 Safari/537.3" 
66.249.72.202 - - [25/Oct/2025:04:33:16 -0700] "GET /feature/shoplist/usm_0.66_1.00_0.01?fileloc=/home/mmickelson/martyknows.com/wp-includes/class-wp-simplepie-file.php??product=44886044 HTTP/1.1" 200 24010 "-" "Mozilla/5.0 (Linux; Android 6.0.1; Nexus 5X Build/MMB29P) AppleWebKit/537.36 (KHTML, like Gecko) Chrome/141.0.7390.122 Mobile Safari/537.36 (compatible; GoogleOther)" 
66.249.72.202 - - [25/Oct/2025:04:33:39 -0700] "GET /feature/shoplist/usm_0.66_1.00_0.01?fileloc=/home/mmickelson/martyknows.com/wp-includes/class-wp-simplepie-file.php??product=50828733 HTTP/1.1" 200 24697 "-" "Mozilla/5.0 (Linux; Android 6.0.1; Nexus 5X Build/MMB29P) AppleWebKit/537.36 (KHTML, like Gecko) Chrome/141.0.7390.122 Mobile Safari/537.36 (compatible; GoogleOther)" 
66.249.72.202 - - [25/Oct/2025:04:33:40 -0700] "GET /feature/shoplist/usm_0.66_1.00_0.01?fileloc=/home/mmickelson/martyknows.com/wp-includes/class-wp-simplepie-file.php??product=66070703 HTTP/1.1" 200 24537 "-" "Mozilla/5.0 (Linux; Android 6.0.1; Nexus 5X Build/MMB29P) AppleWebKit/537.36 (KHTML, like Gecko) Chrome/141.0.7390.122 Mobile Safari/537.36 (compatible; GoogleOther)" 
173.208.176.202 - - [25/Oct/2025:04:32:19 -0700] "GET /wp-includes/bra3c7d5/edit.php?id=405858 HTTP/1.1" 200 295 "http://www.martyknows.com/wp-includes/bra3c7d5/edit.php?id=405858" "Mozilla/5.0 (Windows NT 10.0; Win64; x64) AppleWebKit/537.36 (KHTML, like Gecko) Chrome/58.0.3029.110 Safari/537.3" 
45.128.199.145 - - [25/Oct/2025:04:34:01 -0700] "GET /? HTTP/1.1" 301 427 "-" "Go-http-client/1.1" 
45.128.199.156 - - [25/Oct/2025:04:34:01 -0700] "GET /? HTTP/1.1" 200 4909 "http://martyknows.com/?" "Go-http-client/1.1" 
45.128.199.156 - - [25/Oct/2025:04:34:04 -0700] "GET /?path=/'123 HTTP/1.1" 200 2794 "-" "Go-http-client/1.1" 
45.128.199.156 - - [25/Oct/2025:04:34:04 -0700] "GET /?path=/home'123 HTTP/1.1" 200 2797 "-" "Go-http-client/1.1" 
45.128.199.156 - - [25/Oct/2025:04:34:05 -0700] "GET /?path=/home/mmickelson'123 HTTP/1.1" 200 2806 "-" "Go-http-client/1.1" 
45.128.199.156 - - [25/Oct/2025:04:34:05 -0700] "GET /?path=/home/mmickelson/martyknows.com'123 HTTP/1.1" 200 2822 "-" "Go-http-client/1.1" 
45.128.199.156 - - [25/Oct/2025:04:34:06 -0700] "GET /?path=/home/mmickelson/martyknows.com/.dh-diag'123 HTTP/1.1" 200 2833 "-" "Go-http-client/1.1" 
45.128.199.156 - - [25/Oct/2025:04:34:06 -0700] "GET /?path=/home/mmickelson/martyknows.com/.well-known'123 HTTP/1.1" 200 2836 "-" "Go-http-client/1.1" 
45.128.199.156 - - [25/Oct/2025:04:34:07 -0700] "GET /?path=/home/mmickelson/martyknows.com/63bc3'123 HTTP/1.1" 200 2831 "-" "Go-http-client/1.1" 
45.128.199.185 - - [25/Oct/2025:04:34:08 -0700] "GET /?path=/home/mmickelson/martyknows.com/6b5935'123 HTTP/1.1" 200 2866 "-" "Go-http-client/1.1" 
45.128.199.185 - - [25/Oct/2025:04:34:09 -0700] "GET /?path=/home/mmickelson/martyknows.com/backup'123 HTTP/1.1" 200 2831 "-" "Go-http-client/1.1" 
45.128.199.185 - - [25/Oct/2025:04:34:09 -0700] "GET /?path=/home/mmickelson/martyknows.com/images'123 HTTP/1.1" 200 2831 "-" "Go-http-client/1.1" 
45.128.199.185 - - [25/Oct/2025:04:34:10 -0700] "GET /?path=/home/mmickelson/martyknows.com/projects'123 HTTP/1.1" 200 2834 "-" "Go-http-client/1.1" 
45.128.199.185 - - [25/Oct/2025:04:34:10 -0700] "GET /?path=/home/mmickelson/martyknows.com/spi'123 HTTP/1.1" 200 2828 "-" "Go-http-client/1.1" 
45.128.199.185 - - [25/Oct/2025:04:34:11 -0700] "GET /?path=/home/mmickelson/martyknows.com/test'123 HTTP/1.1" 200 2829 "-" "Go-http-client/1.1" 
45.128.199.185 - - [25/Oct/2025:04:34:11 -0700] "GET /?path=/home/mmickelson/martyknows.com/videos'123 HTTP/1.1" 200 2831 "-" "Go-http-client/1.1" 
45.128.199.185 - - [25/Oct/2025:04:34:11 -0700] "GET /?path=/home/mmickelson/martyknows.com/wp-admin'123 HTTP/1.1" 200 2833 "-" "Go-http-client/1.1" 
45.128.199.185 - - [25/Oct/2025:04:34:12 -0700] "GET /?path=/home/mmickelson/martyknows.com/wp-content'123 HTTP/1.1" 200 2834 "-" "Go-http-client/1.1" 
45.128.199.185 - - [25/Oct/2025:04:34:12 -0700] "GET /?path=/home/mmickelson/martyknows.com/wp-includes'123 HTTP/1.1" 200 2837 "-" "Go-http-client/1.1" 
45.128.199.185 - - [25/Oct/2025:04:34:13 -0700] "GET /?fileloc=/home/mmickelson/martyknows.com/.htaccess&path=/home/mmickelson/martyknows.com'123 HTTP/1.1" 200 2903 "-" "Go-http-client/1.1" 
45.128.199.185 - - [25/Oct/2025:04:34:13 -0700] "GET /?fileloc=/home/mmickelson/martyknows.com/.wso.php&path=/home/mmickelson/martyknows.com'123 HTTP/1.1" 200 53621 "-" "Go-http-client/1.1" 
45.128.199.185 - - [25/Oct/2025:04:34:14 -0700] "GET /?fileloc=/home/mmickelson/martyknows.com/favicon.gif&path=/home/mmickelson/martyknows.com'123 HTTP/1.1" 200 2773 "-" "Go-http-client/1.1" 
45.128.199.205 - - [25/Oct/2025:04:34:16 -0700] "GET /?fileloc=/home/mmickelson/martyknows.com/favicon.ico&path=/home/mmickelson/martyknows.com'123 HTTP/1.1" 200 2806 "-" "Go-http-client/1.1" 
45.128.199.205 - - [25/Oct/2025:04:34:16 -0700] "GET /?fileloc=/home/mmickelson/martyknows.com/index.php&path=/home/mmickelson/martyknows.com'123 HTTP/1.1" 200 12719 "-" "Go-http-client/1.1" 
45.128.199.205 - - [25/Oct/2025:04:34:17 -0700] "GET /?fileloc=/home/mmickelson/martyknows.com/index.php0&path=/home/mmickelson/martyknows.com'123 HTTP/1.1" 200 11858 "-" "Go-http-client/1.1" 
45.128.199.205 - - [25/Oct/2025:04:34:17 -0700] "GET /?fileloc=/home/mmickelson/martyknows.com/license.txt&path=/home/mmickelson/martyknows.com'123 HTTP/1.1" 200 10162 "-" "Go-http-client/1.1" 
45.128.199.205 - - [25/Oct/2025:04:34:18 -0700] "GET /?fileloc=/home/mmickelson/martyknows.com/mah.php&path=/home/mmickelson/martyknows.com'123 HTTP/1.1" 200 3767 "-" "Go-http-client/1.1" 
45.128.199.205 - - [25/Oct/2025:04:34:18 -0700] "GET /?fileloc=/home/mmickelson/martyknows.com/networks.php&path=/home/mmickelson/martyknows.com'123 HTTP/1.1" 200 3768 "-" "Go-http-client/1.1" 
45.128.199.205 - - [25/Oct/2025:04:34:19 -0700] "GET /?fileloc=/home/mmickelson/martyknows.com/options.php&path=/home/mmickelson/martyknows.com'123 HTTP/1.1" 200 3485 "-" "Go-http-client/1.1" 
45.128.199.205 - - [25/Oct/2025:04:34:20 -0700] "GET /?fileloc=/home/mmickelson/martyknows.com/postnews.php&path=/home/mmickelson/martyknows.com'123 HTTP/1.1" 200 5040 "-" "Go-http-client/1.1" 
45.128.199.205 - - [25/Oct/2025:04:34:20 -0700] "GET /?fileloc=/home/mmickelson/martyknows.com/readme.html&path=/home/mmickelson/martyknows.com'123 HTTP/1.1" 200 5846 "-" "Go-http-client/1.1" 
45.128.199.205 - - [25/Oct/2025:04:34:21 -0700] "GET /?fileloc=/home/mmickelson/martyknows.com/robots.txt&path=/home/mmickelson/martyknows.com'123 HTTP/1.1" 200 2851 "-" "Go-http-client/1.1" 
45.128.199.205 - - [25/Oct/2025:04:34:21 -0700] "GET /?fileloc=/home/mmickelson/martyknows.com/search.php&path=/home/mmickelson/martyknows.com'123 HTTP/1.1" 200 3602 "-" "Go-http-client/1.1" 
45.128.199.205 - - [25/Oct/2025:04:34:21 -0700] "GET /?fileloc=/home/mmickelson/martyknows.com/wp-activate.php&path=/home/mmickelson/martyknows.com'123 HTTP/1.1" 200 5319 "-" "Go-http-client/1.1" 
45.128.199.205 - - [25/Oct/2025:04:34:22 -0700] "GET /?fileloc=/home/mmickelson/martyknows.com/wp-blog-header.php&path=/home/mmickelson/martyknows.com'123 HTTP/1.1" 200 4908 "-" "Go-http-client/1.1" 
45.128.199.205 - - [25/Oct/2025:04:34:22 -0700] "GET /?fileloc=/home/mmickelson/martyknows.com/wp-comments-post.php&path=/home/mmickelson/martyknows.com'123 HTTP/1.1" 200 3871 "-" "Go-http-client/1.1" 
45.128.199.205 - - [25/Oct/2025:04:34:23 -0700] "GET /?fileloc=/home/mmickelson/martyknows.com/wp-config-sample.php&path=/home/mmickelson/martyknows.com'123 HTTP/1.1" 200 4123 "-" "Go-http-client/1.1" 
45.128.199.205 - - [25/Oct/2025:04:34:23 -0700] "GET /?fileloc=/home/mmickelson/martyknows.com/wp-config.php&path=/home/mmickelson/martyknows.com'123 HTTP/1.1" 418 694 "-" "Go-http-client/1.1" 
45.8.17.175 - - [25/Oct/2025:04:34:24 -0700] "GET /?fileloc=/home/mmickelson/martyknows.com/wp-cron.php&path=/home/mmickelson/martyknows.com'123 HTTP/1.1" 200 4928 "-" "Go-http-client/1.1" 
45.8.17.175 - - [25/Oct/2025:04:34:24 -0700] "GET /?fileloc=/home/mmickelson/martyknows.com/wp-links-opml.php&path=/home/mmickelson/martyknows.com'123 HTTP/1.1" 200 3945 "-" "Go-http-client/1.1" 
45.8.17.175 - - [25/Oct/2025:04:34:24 -0700] "GET /?fileloc=/home/mmickelson/martyknows.com/wp-load.php&path=/home/mmickelson/martyknows.com'123 HTTP/1.1" 200 4554 "-" "Go-http-client/1.1" 
45.8.17.175 - - [25/Oct/2025:04:34:25 -0700] "GET /?fileloc=/home/mmickelson/martyknows.com/wp-login.php&path=/home/mmickelson/martyknows.com'123 HTTP/1.1" 200 16493 "-" "Go-http-client/1.1" 
45.8.17.175 - - [25/Oct/2025:04:34:25 -0700] "GET /?fileloc=/home/mmickelson/martyknows.com/wp-mail.php&path=/home/mmickelson/martyknows.com'123 HTTP/1.1" 200 5829 "-" "Go-http-client/1.1" 
45.8.17.175 - - [25/Oct/2025:04:34:26 -0700] "GET /?fileloc=/home/mmickelson/martyknows.com/wp-settings.php&path=/home/mmickelson/martyknows.com'123 HTTP/1.1" 200 8808 "-" "Go-http-client/1.1" 
45.8.17.175 - - [25/Oct/2025:04:34:26 -0700] "GET /?fileloc=/home/mmickelson/martyknows.com/wp-signup.php&path=/home/mmickelson/martyknows.com'123 HTTP/1.1" 200 11179 "-" "Go-http-client/1.1" 
45.8.17.175 - - [25/Oct/2025:04:34:27 -0700] "GET /?fileloc=/home/mmickelson/martyknows.com/wp-trackback.php&path=/home/mmickelson/martyknows.com'123 HTTP/1.1" 200 4692 "-" "Go-http-client/1.1" 
