167.71.149.44 - - [23/Oct/2025:19:37:00 -0700] "GET /wp-json/wp/v2/posts HTTP/1.1" 200 4060 "-" "python-requests/2.32.5" 
75.119.207.108 - - [23/Oct/2025:19:37:01 -0700] "POST /wp-cron.php?doing_wp_cron=1761273421.1306889057159423828125 HTTP/1.1" 200 3657 "-" "WordPress/6.8.3; https://www.inspirationdigital.com" 
66.249.65.161 - - [23/Oct/2025:19:37:57 -0700] "GET /?shopping=2024076912 HTTP/1.1" 200 25594 "-" "Mozilla/5.0 (Linux; Android 6.0.1; Nexus 5X Build/MMB29P) AppleWebKit/537.36 (KHTML, like Gecko) Chrome/141.0.7390.122 Mobile Safari/537.36 (compatible; Googlebot/2.1; +http://www.google.com/bot.html)" 
66.249.65.161 - - [23/Oct/2025:19:38:57 -0700] "GET /?shopping=1171583888 HTTP/1.1" 200 24870 "-" "Mozilla/5.0 (Linux; Android 6.0.1; Nexus 5X Build/MMB29P) AppleWebKit/537.36 (KHTML, like Gecko) Chrome/141.0.7390.122 Mobile Safari/537.36 (compatible; Googlebot/2.1; +http://www.google.com/bot.html)" 
66.249.65.160 - - [23/Oct/2025:19:45:00 -0700] "GET /?shopping=2027473542 HTTP/1.1" 200 25371 "-" "Mozilla/5.0 (Linux; Android 6.0.1; Nexus 5X Build/MMB29P) AppleWebKit/537.36 (KHTML, like Gecko) Chrome/141.0.7390.122 Mobile Safari/537.36 (compatible; Googlebot/2.1; +http://www.google.com/bot.html)" 
66.249.65.160 - - [23/Oct/2025:19:49:01 -0700] "GET /product/edit/I1220888429 HTTP/1.1" 200 24263 "-" "Mozilla/5.0 (Linux; Android 6.0.1; Nexus 5X Build/MMB29P) AppleWebKit/537.36 (KHTML, like Gecko) Chrome/141.0.7390.122 Mobile Safari/537.36 (compatible; Googlebot/2.1; +http://www.google.com/bot.html)" 
66.249.65.160 - - [23/Oct/2025:19:50:15 -0700] "GET /?shopping=809454512 HTTP/1.1" 200 25035 "-" "Mozilla/5.0 (Linux; Android 6.0.1; Nexus 5X Build/MMB29P) AppleWebKit/537.36 (KHTML, like Gecko) Chrome/141.0.7390.122 Mobile Safari/537.36 (compatible; Googlebot/2.1; +http://www.google.com/bot.html)" 
138.246.253.24 - - [23/Oct/2025:19:55:27 -0700] "GET /robots.txt HTTP/1.1" 200 3801 "-" "Mozilla/5.0 (Windows NT 10.0; Win64; x64) AppleWebKit/537.36 (KHTML, like Gecko) Chrome/103.0.5060.134 Safari/537.36" 
66.249.65.160 - - [23/Oct/2025:19:59:02 -0700] "GET /product/edit/I256151106 HTTP/1.1" 200 27078 "-" "Mozilla/5.0 (Linux; Android 6.0.1; Nexus 5X Build/MMB29P) AppleWebKit/537.36 (KHTML, like Gecko) Chrome/141.0.7390.122 Mobile Safari/537.36 (compatible; Googlebot/2.1; +http://www.google.com/bot.html)" 
66.249.65.161 - - [23/Oct/2025:20:03:56 -0700] "GET /product/edit/I3937184911 HTTP/1.1" 200 25201 "-" "Mozilla/5.0 (Linux; Android 6.0.1; Nexus 5X Build/MMB29P) AppleWebKit/537.36 (KHTML, like Gecko) Chrome/141.0.7390.122 Mobile Safari/537.36 (compatible; Googlebot/2.1; +http://www.google.com/bot.html)" 
34.78.140.183 - - [23/Oct/2025:20:06:45 -0700] "POST /xmlrpc.php HTTP/2.0" 429 351 "-" "Mozilla/5.0 (Windows NT 6.3; WOW64; Trident/7.0; Touch; TNJB; rv:11.0) like Gecko" 
34.78.140.183 - - [23/Oct/2025:20:07:00 -0700] "POST /xmlrpc.php HTTP/2.0" 429 351 "-" "Mozilla/5.0 (Windows NT 6.3; WOW64; Trident/7.0; Touch; TNJB; rv:11.0) like Gecko" 
34.78.140.183 - - [23/Oct/2025:20:07:16 -0700] "POST /xmlrpc.php HTTP/2.0" 429 351 "-" "Mozilla/5.0 (Windows NT 6.3; WOW64; Trident/7.0; Touch; TNJB; rv:11.0) like Gecko" 
66.249.65.161 - - [23/Oct/2025:20:08:57 -0700] "GET /?shopping=811224208 HTTP/1.1" 200 24941 "-" "Mozilla/5.0 (Linux; Android 6.0.1; Nexus 5X Build/MMB29P) AppleWebKit/537.36 (KHTML, like Gecko) Chrome/141.0.7390.122 Mobile Safari/537.36 (compatible; Googlebot/2.1; +http://www.google.com/bot.html)" 
66.249.65.174 - - [23/Oct/2025:20:10:58 -0700] "GET /?zhHant/product/surugaya/I2105845457?campaign_uid=f64d716db5e979ed2f947dbaf4296895b951ae7f HTTP/1.1" 200 25772 "-" "Mozilla/5.0 (Linux; Android 6.0.1; Nexus 5X Build/MMB29P) AppleWebKit/537.36 (KHTML, like Gecko) Chrome/141.0.7390.122 Mobile Safari/537.36 (compatible; Googlebot/2.1; +http://www.google.com/bot.html)" 
198.235.24.86 - - [23/Oct/2025:20:16:06 -0700] "GET / HTTP/1.1" 200 23190 "-" "Hello from Palo Alto Networks, find out more about our scans in https://docs-cortex.paloaltonetworks.com/r/1/Cortex-Xpanse/Scanning-activity" 
62.60.196.2 - - [23/Oct/2025:20:18:03 -0700] "GET /wp-login.php HTTP/2.0" 429 351 "-" "Mozilla/4.0 (compatible; MSIE 7.0; Windows NT 6.1; WOW64; Trident/7.0; SLCC2; .NET CLR 2.0.50727; .NET4.0C; .NET4.0E; .NET CLR 3.5.30729; .NET CLR 3.0.30729)" 
62.60.196.2 - - [23/Oct/2025:20:18:05 -0700] "POST /wp-login.php HTTP/2.0" 429 278 "https://www.inspirationdigital.com/wp-login.php" "Mozilla/4.0 (compatible; MSIE 7.0; Windows NT 6.1; WOW64; Trident/7.0; SLCC2; .NET CLR 2.0.50727; .NET4.0C; .NET4.0E; .NET CLR 3.5.30729; .NET CLR 3.0.30729)" 
66.249.65.161 - - [23/Oct/2025:20:18:59 -0700] "GET /product/edit/I2789301111 HTTP/1.1" 200 23362 "-" "Mozilla/5.0 (Linux; Android 6.0.1; Nexus 5X Build/MMB29P) AppleWebKit/537.36 (KHTML, like Gecko) Chrome/141.0.7390.122 Mobile Safari/537.36 (compatible; Googlebot/2.1; +http://www.google.com/bot.html)" 
66.249.65.160 - - [23/Oct/2025:20:29:00 -0700] "GET /zhHant/product/surugaya/I1030685878?campaign_uid=f64d716db5e979ed2f947dbaf4296895b951ae7f HTTP/1.1" 200 25939 "-" "Mozilla/5.0 (Linux; Android 6.0.1; Nexus 5X Build/MMB29P) AppleWebKit/537.36 (KHTML, like Gecko) Chrome/141.0.7390.122 Mobile Safari/537.36 (compatible; Googlebot/2.1; +http://www.google.com/bot.html)" 
66.249.65.161 - - [23/Oct/2025:20:38:57 -0700] "GET /?shopping=1032432188 HTTP/1.1" 200 24718 "-" "Mozilla/5.0 (Linux; Android 6.0.1; Nexus 5X Build/MMB29P) AppleWebKit/537.36 (KHTML, like Gecko) Chrome/141.0.7390.122 Mobile Safari/537.36 (compatible; Googlebot/2.1; +http://www.google.com/bot.html)" 
66.249.65.161 - - [23/Oct/2025:20:40:32 -0700] "GET /?shopping=724988134 HTTP/1.1" 200 26728 "-" "Mozilla/5.0 (compatible; Googlebot/2.1; +http://www.google.com/bot.html)" 
66.249.65.174 - - [23/Oct/2025:20:42:58 -0700] "GET /zhHant/product/surugaya/I2633449888?campaign_uid=f64d716db5e979ed2f947dbaf4296895b951ae7f HTTP/1.1" 200 23815 "-" "Mozilla/5.0 (Linux; Android 6.0.1; Nexus 5X Build/MMB29P) AppleWebKit/537.36 (KHTML, like Gecko) Chrome/141.0.7390.122 Mobile Safari/537.36 (compatible; Googlebot/2.1; +http://www.google.com/bot.html)" 
51.38.121.102 - - [23/Oct/2025:20:48:44 -0700] "GET /wp-json/wp/v2/users/ HTTP/2.0" 301 388 "-" "Mozilla/5.0 (Windows NT 10.0; Win64; x64) AppleWebKit/537.36 (KHTML, like Gecko) Chrome/127.0.0.0 Safari/537.36" 
51.38.121.102 - - [23/Oct/2025:20:48:45 -0700] "GET /wp-json/wp/v2/users/ HTTP/2.0" 429 348 "-" "Mozilla/5.0 (Windows NT 10.0; Win64; x64) AppleWebKit/537.36 (KHTML, like Gecko) Chrome/127.0.0.0 Safari/537.36" 
51.38.121.102 - - [23/Oct/2025:20:48:48 -0700] "GET /author/admlnlx/feed/ HTTP/2.0" 301 388 "-" "Mozilla/5.0 (Windows NT 10.0; Win64; x64) AppleWebKit/537.36 (KHTML, like Gecko) Chrome/127.0.0.0 Safari/537.36" 
51.38.121.102 - - [23/Oct/2025:20:48:49 -0700] "GET /author/admlnlx/feed/ HTTP/2.0" 429 348 "-" "Mozilla/5.0 (Windows NT 10.0; Win64; x64) AppleWebKit/537.36 (KHTML, like Gecko) Chrome/127.0.0.0 Safari/537.36" 
159.100.14.59 - - [23/Oct/2025:20:49:50 -0700] "GET /wp-login.php HTTP/2.0" 429 351 "-" "Mozilla/5.0 (Windows NT 6.3; WOW64; Trident/7.0; Touch; LCJB; rv:11.0) like Gecko" 
159.100.14.59 - - [23/Oct/2025:20:49:53 -0700] "POST /wp-login.php HTTP/2.0" 429 278 "https://www.inspirationdigital.com/wp-login.php" "Mozilla/5.0 (Windows NT 6.3; WOW64; Trident/7.0; Touch; LCJB; rv:11.0) like Gecko" 
66.249.65.161 - - [23/Oct/2025:20:55:04 -0700] "GET /?shopping=591440018 HTTP/1.1" 200 24734 "-" "Mozilla/5.0 (Linux; Android 6.0.1; Nexus 5X Build/MMB29P) AppleWebKit/537.36 (KHTML, like Gecko) Chrome/141.0.7390.122 Mobile Safari/537.36 (compatible; Googlebot/2.1; +http://www.google.com/bot.html)" 
66.249.65.160 - - [23/Oct/2025:20:55:20 -0700] "GET /?shopping=1952138394 HTTP/1.1" 200 24374 "-" "Mozilla/5.0 (Linux; Android 6.0.1; Nexus 5X Build/MMB29P) AppleWebKit/537.36 (KHTML, like Gecko) Chrome/141.0.7390.122 Mobile Safari/537.36 (compatible; Googlebot/2.1; +http://www.google.com/bot.html)" 
66.249.65.174 - - [23/Oct/2025:20:56:05 -0700] "GET /product/edit/I40643671 HTTP/1.1" 200 23885 "-" "Mozilla/5.0 (Linux; Android 6.0.1; Nexus 5X Build/MMB29P) AppleWebKit/537.36 (KHTML, like Gecko) Chrome/141.0.7390.122 Mobile Safari/537.36 (compatible; Googlebot/2.1; +http://www.google.com/bot.html)" 
66.249.65.160 - - [23/Oct/2025:20:58:05 -0700] "GET /?shopping=612416104 HTTP/1.1" 200 23658 "-" "Mozilla/5.0 (Linux; Android 6.0.1; Nexus 5X Build/MMB29P) AppleWebKit/537.36 (KHTML, like Gecko) Chrome/141.0.7390.122 Mobile Safari/537.36 (compatible; Googlebot/2.1; +http://www.google.com/bot.html)" 
66.249.65.160 - - [23/Oct/2025:20:59:06 -0700] "GET /product/edit/I3490977060 HTTP/1.1" 200 24558 "-" "Mozilla/5.0 (Linux; Android 6.0.1; Nexus 5X Build/MMB29P) AppleWebKit/537.36 (KHTML, like Gecko) Chrome/141.0.7390.122 Mobile Safari/537.36 (compatible; Googlebot/2.1; +http://www.google.com/bot.html)" 
66.249.65.174 - - [23/Oct/2025:20:59:07 -0700] "GET /zhHant/product/surugaya/I2429738080?campaign_uid=f64d716db5e979ed2f947dbaf4296895b951ae7f HTTP/1.1" 200 23697 "-" "Mozilla/5.0 (Linux; Android 6.0.1; Nexus 5X Build/MMB29P) AppleWebKit/537.36 (KHTML, like Gecko) Chrome/141.0.7390.122 Mobile Safari/537.36 (compatible; Googlebot/2.1; +http://www.google.com/bot.html)" 
66.249.65.160 - - [23/Oct/2025:20:59:07 -0700] "GET /?shopping=591437484 HTTP/1.1" 200 20639 "-" "Mozilla/5.0 (Linux; Android 6.0.1; Nexus 5X Build/MMB29P) AppleWebKit/537.36 (KHTML, like Gecko) Chrome/141.0.7390.122 Mobile Safari/537.36 (compatible; Googlebot/2.1; +http://www.google.com/bot.html)" 
66.249.65.174 - - [23/Oct/2025:20:59:08 -0700] "GET /product/edit/I2594099755 HTTP/1.1" 200 21905 "-" "Mozilla/5.0 (Linux; Android 6.0.1; Nexus 5X Build/MMB29P) AppleWebKit/537.36 (KHTML, like Gecko) Chrome/141.0.7390.122 Mobile Safari/537.36 (compatible; Googlebot/2.1; +http://www.google.com/bot.html)" 
66.249.65.161 - - [23/Oct/2025:21:05:57 -0700] "GET /product/edit/I908789885 HTTP/1.1" 200 25198 "-" "Mozilla/5.0 (Linux; Android 6.0.1; Nexus 5X Build/MMB29P) AppleWebKit/537.36 (KHTML, like Gecko) Chrome/141.0.7390.122 Mobile Safari/537.36 (compatible; Googlebot/2.1; +http://www.google.com/bot.html)" 
66.249.65.174 - - [23/Oct/2025:21:05:58 -0700] "GET /?shopping=1350820736 HTTP/1.1" 200 25708 "-" "Mozilla/5.0 (Linux; Android 6.0.1; Nexus 5X Build/MMB29P) AppleWebKit/537.36 (KHTML, like Gecko) Chrome/141.0.7390.122 Mobile Safari/537.36 (compatible; Googlebot/2.1; +http://www.google.com/bot.html)" 
66.249.65.174 - - [23/Oct/2025:21:06:16 -0700] "GET /?shopping=833858726 HTTP/1.1" 200 23775 "-" "Mozilla/5.0 (Linux; Android 6.0.1; Nexus 5X Build/MMB29P) AppleWebKit/537.36 (KHTML, like Gecko) Chrome/141.0.7390.122 Mobile Safari/537.36 (compatible; Googlebot/2.1; +http://www.google.com/bot.html)" 
66.249.65.174 - - [23/Oct/2025:21:06:34 -0700] "GET /?shopping=278201144 HTTP/1.1" 200 24838 "-" "Mozilla/5.0 (Linux; Android 6.0.1; Nexus 5X Build/MMB29P) AppleWebKit/537.36 (KHTML, like Gecko) Chrome/141.0.7390.122 Mobile Safari/537.36 (compatible; Googlebot/2.1; +http://www.google.com/bot.html)" 
66.249.65.160 - - [23/Oct/2025:21:06:35 -0700] "GET /?shopping=393183832 HTTP/1.1" 200 24888 "-" "Mozilla/5.0 (Linux; Android 6.0.1; Nexus 5X Build/MMB29P) AppleWebKit/537.36 (KHTML, like Gecko) Chrome/141.0.7390.122 Mobile Safari/537.36 (compatible; Googlebot/2.1; +http://www.google.com/bot.html)" 
66.249.65.174 - - [23/Oct/2025:21:06:35 -0700] "GET /zhHant/product/surugaya/I2087401346?campaign_uid=f64d716db5e979ed2f947dbaf4296895b951ae7f HTTP/1.1" 200 22305 "-" "Mozilla/5.0 (Linux; Android 6.0.1; Nexus 5X Build/MMB29P) AppleWebKit/537.36 (KHTML, like Gecko) Chrome/141.0.7390.122 Mobile Safari/537.36 (compatible; Googlebot/2.1; +http://www.google.com/bot.html)" 
66.249.65.174 - - [23/Oct/2025:21:06:36 -0700] "GET /?zhHant/product/surugaya/I2836144757?campaign_uid=f64d716db5e979ed2f947dbaf4296895b951ae7f HTTP/1.1" 200 21460 "-" "Mozilla/5.0 (Linux; Android 6.0.1; Nexus 5X Build/MMB29P) AppleWebKit/537.36 (KHTML, like Gecko) Chrome/141.0.7390.122 Mobile Safari/537.36 (compatible; Googlebot/2.1; +http://www.google.com/bot.html)" 
66.249.65.174 - - [23/Oct/2025:21:06:37 -0700] "GET /?shopping=1171584750 HTTP/1.1" 200 21793 "-" "Mozilla/5.0 (Linux; Android 6.0.1; Nexus 5X Build/MMB29P) AppleWebKit/537.36 (KHTML, like Gecko) Chrome/141.0.7390.122 Mobile Safari/537.36 (compatible; Googlebot/2.1; +http://www.google.com/bot.html)" 
66.249.65.174 - - [23/Oct/2025:21:06:48 -0700] "GET /?shopping=1943706038 HTTP/1.1" 200 25870 "-" "Mozilla/5.0 (Linux; Android 6.0.1; Nexus 5X Build/MMB29P) AppleWebKit/537.36 (KHTML, like Gecko) Chrome/141.0.7390.122 Mobile Safari/537.36 (compatible; GoogleOther)" 
66.249.65.174 - - [23/Oct/2025:21:06:55 -0700] "GET /zhHant/product/surugaya/I2483445928?campaign_uid=f64d716db5e979ed2f947dbaf4296895b951ae7f HTTP/1.1" 200 24399 "-" "Mozilla/5.0 (Linux; Android 6.0.1; Nexus 5X Build/MMB29P) AppleWebKit/537.36 (KHTML, like Gecko) Chrome/141.0.7390.122 Mobile Safari/537.36 (compatible; Googlebot/2.1; +http://www.google.com/bot.html)" 
66.249.65.174 - - [23/Oct/2025:21:06:55 -0700] "GET /product/edit/I700905588 HTTP/1.1" 200 20508 "-" "Mozilla/5.0 (Linux; Android 6.0.1; Nexus 5X Build/MMB29P) AppleWebKit/537.36 (KHTML, like Gecko) Chrome/141.0.7390.122 Mobile Safari/537.36 (compatible; Googlebot/2.1; +http://www.google.com/bot.html)" 
66.249.65.174 - - [23/Oct/2025:21:06:56 -0700] "GET /zhHant/product/surugaya/I3419674591?campaign_uid=f64d716db5e979ed2f947dbaf4296895b951ae7f HTTP/1.1" 200 20908 "-" "Mozilla/5.0 (Linux; Android 6.0.1; Nexus 5X Build/MMB29P) AppleWebKit/537.36 (KHTML, like Gecko) Chrome/141.0.7390.122 Mobile Safari/537.36 (compatible; Googlebot/2.1; +http://www.google.com/bot.html)" 
66.249.65.174 - - [23/Oct/2025:21:06:57 -0700] "GET /product/edit/I1419812002 HTTP/1.1" 200 21064 "-" "Mozilla/5.0 (Linux; Android 6.0.1; Nexus 5X Build/MMB29P) AppleWebKit/537.36 (KHTML, like Gecko) Chrome/141.0.7390.122 Mobile Safari/537.36 (compatible; Googlebot/2.1; +http://www.google.com/bot.html)" 
66.249.65.174 - - [23/Oct/2025:21:07:15 -0700] "GET /?shopping=1774426394 HTTP/1.1" 200 25635 "-" "Mozilla/5.0 (Linux; Android 6.0.1; Nexus 5X Build/MMB29P) AppleWebKit/537.36 (KHTML, like Gecko) Chrome/141.0.7390.122 Mobile Safari/537.36 (compatible; Googlebot/2.1; +http://www.google.com/bot.html)" 
66.249.65.161 - - [23/Oct/2025:21:07:15 -0700] "GET /product/edit/I2332521157 HTTP/1.1" 200 25847 "-" "Mozilla/5.0 (Linux; Android 6.0.1; Nexus 5X Build/MMB29P) AppleWebKit/537.36 (KHTML, like Gecko) Chrome/141.0.7390.122 Mobile Safari/537.36 (compatible; Googlebot/2.1; +http://www.google.com/bot.html)" 
66.249.65.174 - - [23/Oct/2025:21:07:33 -0700] "GET /zhHant/product/surugaya/I2256031621?campaign_uid=f64d716db5e979ed2f947dbaf4296895b951ae7f HTTP/1.1" 200 24164 "-" "Mozilla/5.0 (Linux; Android 6.0.1; Nexus 5X Build/MMB29P) AppleWebKit/537.36 (KHTML, like Gecko) Chrome/141.0.7390.122 Mobile Safari/537.36 (compatible; Googlebot/2.1; +http://www.google.com/bot.html)" 
66.249.65.160 - - [23/Oct/2025:21:07:33 -0700] "GET /product/edit/I1995111975 HTTP/1.1" 200 26316 "-" "Mozilla/5.0 (Linux; Android 6.0.1; Nexus 5X Build/MMB29P) AppleWebKit/537.36 (KHTML, like Gecko) Chrome/141.0.7390.122 Mobile Safari/537.36 (compatible; Googlebot/2.1; +http://www.google.com/bot.html)" 
66.249.65.174 - - [23/Oct/2025:21:07:51 -0700] "GET /product/edit/I170363638 HTTP/1.1" 200 24029 "-" "Mozilla/5.0 (Linux; Android 6.0.1; Nexus 5X Build/MMB29P) AppleWebKit/537.36 (KHTML, like Gecko) Chrome/141.0.7390.122 Mobile Safari/537.36 (compatible; Googlebot/2.1; +http://www.google.com/bot.html)" 
66.249.65.160 - - [23/Oct/2025:21:08:09 -0700] "GET /product/edit/I3798243447 HTTP/1.1" 200 24240 "-" "Mozilla/5.0 (Linux; Android 6.0.1; Nexus 5X Build/MMB29P) AppleWebKit/537.36 (KHTML, like Gecko) Chrome/141.0.7390.122 Mobile Safari/537.36 (compatible; Googlebot/2.1; +http://www.google.com/bot.html)" 
66.249.65.161 - - [23/Oct/2025:21:08:10 -0700] "GET /?shopping=811207934 HTTP/1.1" 200 24857 "-" "Mozilla/5.0 (Linux; Android 6.0.1; Nexus 5X Build/MMB29P) AppleWebKit/537.36 (KHTML, like Gecko) Chrome/141.0.7390.122 Mobile Safari/537.36 (compatible; Googlebot/2.1; +http://www.google.com/bot.html)" 
66.249.65.174 - - [23/Oct/2025:21:08:27 -0700] "GET /?shopping=1426903296 HTTP/1.1" 200 24436 "-" "Mozilla/5.0 (Linux; Android 6.0.1; Nexus 5X Build/MMB29P) AppleWebKit/537.36 (KHTML, like Gecko) Chrome/141.0.7390.122 Mobile Safari/537.36 (compatible; Googlebot/2.1; +http://www.google.com/bot.html)" 
66.249.65.160 - - [23/Oct/2025:21:08:28 -0700] "GET /?shopping=811179118 HTTP/1.1" 200 27382 "-" "Mozilla/5.0 (Linux; Android 6.0.1; Nexus 5X Build/MMB29P) AppleWebKit/537.36 (KHTML, like Gecko) Chrome/141.0.7390.122 Mobile Safari/537.36 (compatible; Googlebot/2.1; +http://www.google.com/bot.html)" 
66.249.65.160 - - [23/Oct/2025:21:08:28 -0700] "GET /product/edit/I3753312911 HTTP/1.1" 200 21002 "-" "Mozilla/5.0 (Linux; Android 6.0.1; Nexus 5X Build/MMB29P) AppleWebKit/537.36 (KHTML, like Gecko) Chrome/141.0.7390.122 Mobile Safari/537.36 (compatible; Googlebot/2.1; +http://www.google.com/bot.html)" 
66.249.65.174 - - [23/Oct/2025:21:08:46 -0700] "GET /product/edit/I1938451972 HTTP/1.1" 200 25418 "-" "Mozilla/5.0 (Linux; Android 6.0.1; Nexus 5X Build/MMB29P) AppleWebKit/537.36 (KHTML, like Gecko) Chrome/141.0.7390.122 Mobile Safari/537.36 (compatible; Googlebot/2.1; +http://www.google.com/bot.html)" 
138.246.253.24 - - [23/Oct/2025:21:08:49 -0700] "GET /robots.txt HTTP/1.1" 301 3822 "-" "Mozilla/5.0 (Windows NT 10.0; Win64; x64) AppleWebKit/537.36 (KHTML, like Gecko) Chrome/103.0.5060.134 Safari/537.36" 
66.249.65.161 - - [23/Oct/2025:21:09:04 -0700] "GET /product/edit/I3391063103 HTTP/1.1" 200 25272 "-" "Mozilla/5.0 (Linux; Android 6.0.1; Nexus 5X Build/MMB29P) AppleWebKit/537.36 (KHTML, like Gecko) Chrome/141.0.7390.122 Mobile Safari/537.36 (compatible; Googlebot/2.1; +http://www.google.com/bot.html)" 
66.249.65.174 - - [23/Oct/2025:21:09:22 -0700] "GET /product/edit/I1446114698 HTTP/1.1" 200 24424 "-" "Mozilla/5.0 (Linux; Android 6.0.1; Nexus 5X Build/MMB29P) AppleWebKit/537.36 (KHTML, like Gecko) Chrome/141.0.7390.122 Mobile Safari/537.36 (compatible; Googlebot/2.1; +http://www.google.com/bot.html)" 
66.249.65.160 - - [23/Oct/2025:21:09:23 -0700] "GET /product/edit/I1918427549 HTTP/1.1" 200 25319 "-" "Mozilla/5.0 (Linux; Android 6.0.1; Nexus 5X Build/MMB29P) AppleWebKit/537.36 (KHTML, like Gecko) Chrome/141.0.7390.122 Mobile Safari/537.36 (compatible; Googlebot/2.1; +http://www.google.com/bot.html)" 
66.249.65.174 - - [23/Oct/2025:21:09:41 -0700] "GET /?shopping=1609767998 HTTP/1.1" 200 23889 "-" "Mozilla/5.0 (Linux; Android 6.0.1; Nexus 5X Build/MMB29P) AppleWebKit/537.36 (KHTML, like Gecko) Chrome/141.0.7390.122 Mobile Safari/537.36 (compatible; Googlebot/2.1; +http://www.google.com/bot.html)" 
66.249.65.174 - - [23/Oct/2025:21:09:58 -0700] "GET /?shopping=117574376 HTTP/1.1" 200 24354 "-" "Mozilla/5.0 (Linux; Android 6.0.1; Nexus 5X Build/MMB29P) AppleWebKit/537.36 (KHTML, like Gecko) Chrome/141.0.7390.122 Mobile Safari/537.36 (compatible; Googlebot/2.1; +http://www.google.com/bot.html)" 
66.249.65.174 - - [23/Oct/2025:21:10:16 -0700] "GET /?shopping=131196514 HTTP/1.1" 200 23976 "-" "Mozilla/5.0 (Linux; Android 6.0.1; Nexus 5X Build/MMB29P) AppleWebKit/537.36 (KHTML, like Gecko) Chrome/141.0.7390.122 Mobile Safari/537.36 (compatible; Googlebot/2.1; +http://www.google.com/bot.html)" 
66.249.65.174 - - [23/Oct/2025:21:10:34 -0700] "GET /?shopping=612406752 HTTP/1.1" 200 24241 "-" "Mozilla/5.0 (Linux; Android 6.0.1; Nexus 5X Build/MMB29P) AppleWebKit/537.36 (KHTML, like Gecko) Chrome/141.0.7390.122 Mobile Safari/537.36 (compatible; Googlebot/2.1; +http://www.google.com/bot.html)" 
66.249.65.174 - - [23/Oct/2025:21:10:35 -0700] "GET /?shopping=658633968 HTTP/1.1" 200 21443 "-" "Mozilla/5.0 (Linux; Android 6.0.1; Nexus 5X Build/MMB29P) AppleWebKit/537.36 (KHTML, like Gecko) Chrome/141.0.7390.122 Mobile Safari/537.36 (compatible; Googlebot/2.1; +http://www.google.com/bot.html)" 
66.249.65.160 - - [23/Oct/2025:21:11:10 -0700] "GET /?shopping=657229712 HTTP/1.1" 200 23521 "-" "Mozilla/5.0 (Linux; Android 6.0.1; Nexus 5X Build/MMB29P) AppleWebKit/537.36 (KHTML, like Gecko) Chrome/141.0.7390.122 Mobile Safari/537.36 (compatible; Googlebot/2.1; +http://www.google.com/bot.html)" 
66.249.65.174 - - [23/Oct/2025:21:11:27 -0700] "GET /?shopping=1436522172 HTTP/1.1" 200 25443 "-" "Mozilla/5.0 (Linux; Android 6.0.1; Nexus 5X Build/MMB29P) AppleWebKit/537.36 (KHTML, like Gecko) Chrome/141.0.7390.122 Mobile Safari/537.36 (compatible; Googlebot/2.1; +http://www.google.com/bot.html)" 
66.249.65.174 - - [23/Oct/2025:21:11:45 -0700] "GET /?shopping=664144806 HTTP/1.1" 200 23355 "-" "Mozilla/5.0 (Linux; Android 6.0.1; Nexus 5X Build/MMB29P) AppleWebKit/537.36 (KHTML, like Gecko) Chrome/141.0.7390.122 Mobile Safari/537.36 (compatible; Googlebot/2.1; +http://www.google.com/bot.html)" 
66.249.65.160 - - [23/Oct/2025:21:12:20 -0700] "GET /?shopping=272530086 HTTP/1.1" 200 23641 "-" "Mozilla/5.0 (Linux; Android 6.0.1; Nexus 5X Build/MMB29P) AppleWebKit/537.36 (KHTML, like Gecko) Chrome/141.0.7390.122 Mobile Safari/537.36 (compatible; Googlebot/2.1; +http://www.google.com/bot.html)" 
66.249.65.174 - - [23/Oct/2025:21:12:38 -0700] "GET /?shopping=108164884 HTTP/1.1" 200 24483 "-" "Mozilla/5.0 (Linux; Android 6.0.1; Nexus 5X Build/MMB29P) AppleWebKit/537.36 (KHTML, like Gecko) Chrome/141.0.7390.122 Mobile Safari/537.36 (compatible; Googlebot/2.1; +http://www.google.com/bot.html)" 
66.249.65.174 - - [23/Oct/2025:21:12:56 -0700] "GET /?shopping=101265044 HTTP/1.1" 200 24180 "-" "Mozilla/5.0 (Linux; Android 6.0.1; Nexus 5X Build/MMB29P) AppleWebKit/537.36 (KHTML, like Gecko) Chrome/141.0.7390.122 Mobile Safari/537.36 (compatible; Googlebot/2.1; +http://www.google.com/bot.html)" 
66.249.65.161 - - [23/Oct/2025:21:13:13 -0700] "GET /?shopping=101269456 HTTP/1.1" 200 23778 "-" "Mozilla/5.0 (Linux; Android 6.0.1; Nexus 5X Build/MMB29P) AppleWebKit/537.36 (KHTML, like Gecko) Chrome/141.0.7390.122 Mobile Safari/537.36 (compatible; Googlebot/2.1; +http://www.google.com/bot.html)" 
66.249.65.160 - - [23/Oct/2025:21:13:48 -0700] "GET /?shopping=1223087274 HTTP/1.1" 200 24512 "-" "Mozilla/5.0 (Linux; Android 6.0.1; Nexus 5X Build/MMB29P) AppleWebKit/537.36 (KHTML, like Gecko) Chrome/141.0.7390.122 Mobile Safari/537.36 (compatible; Googlebot/2.1; +http://www.google.com/bot.html)" 
66.249.65.174 - - [23/Oct/2025:21:14:06 -0700] "GET /?zhHant/product/surugaya/I1387004253?campaign_uid=f64d716db5e979ed2f947dbaf4296895b951ae7f HTTP/1.1" 200 24465 "-" "Mozilla/5.0 (Linux; Android 6.0.1; Nexus 5X Build/MMB29P) AppleWebKit/537.36 (KHTML, like Gecko) Chrome/141.0.7390.122 Mobile Safari/537.36 (compatible; Googlebot/2.1; +http://www.google.com/bot.html)" 
66.249.65.161 - - [23/Oct/2025:21:14:07 -0700] "GET /?shopping=2114980102 HTTP/1.1" 200 25731 "-" "Mozilla/5.0 (Linux; Android 6.0.1; Nexus 5X Build/MMB29P) AppleWebKit/537.36 (KHTML, like Gecko) Chrome/141.0.7390.122 Mobile Safari/537.36 (compatible; Googlebot/2.1; +http://www.google.com/bot.html)" 
66.249.65.174 - - [23/Oct/2025:21:14:24 -0700] "GET /?shopping=1298802414 HTTP/1.1" 200 24701 "-" "Mozilla/5.0 (Linux; Android 6.0.1; Nexus 5X Build/MMB29P) AppleWebKit/537.36 (KHTML, like Gecko) Chrome/141.0.7390.122 Mobile Safari/537.36 (compatible; Googlebot/2.1; +http://www.google.com/bot.html)" 
66.249.65.174 - - [23/Oct/2025:21:14:59 -0700] "GET /?shopping=1298809538 HTTP/1.1" 200 25157 "-" "Mozilla/5.0 (Linux; Android 6.0.1; Nexus 5X Build/MMB29P) AppleWebKit/537.36 (KHTML, like Gecko) Chrome/141.0.7390.122 Mobile Safari/537.36 (compatible; Googlebot/2.1; +http://www.google.com/bot.html)" 
66.249.65.174 - - [23/Oct/2025:21:15:18 -0700] "GET /?shopping=1545767474 HTTP/1.1" 200 24902 "-" "Mozilla/5.0 (Linux; Android 6.0.1; Nexus 5X Build/MMB29P) AppleWebKit/537.36 (KHTML, like Gecko) Chrome/141.0.7390.122 Mobile Safari/537.36 (compatible; Googlebot/2.1; +http://www.google.com/bot.html)" 
66.249.65.174 - - [23/Oct/2025:21:15:18 -0700] "GET /?shopping=2025754060 HTTP/1.1" 200 21224 "-" "Mozilla/5.0 (Linux; Android 6.0.1; Nexus 5X Build/MMB29P) AppleWebKit/537.36 (KHTML, like Gecko) Chrome/141.0.7390.122 Mobile Safari/537.36 (compatible; Googlebot/2.1; +http://www.google.com/bot.html)" 
66.249.65.174 - - [23/Oct/2025:21:15:36 -0700] "GET /?shopping=274183268 HTTP/1.1" 200 25306 "-" "Mozilla/5.0 (Linux; Android 6.0.1; Nexus 5X Build/MMB29P) AppleWebKit/537.36 (KHTML, like Gecko) Chrome/141.0.7390.122 Mobile Safari/537.36 (compatible; Googlebot/2.1; +http://www.google.com/bot.html)" 
66.249.65.174 - - [23/Oct/2025:21:15:54 -0700] "GET /?shopping=904262126 HTTP/1.1" 200 24412 "-" "Mozilla/5.0 (Linux; Android 6.0.1; Nexus 5X Build/MMB29P) AppleWebKit/537.36 (KHTML, like Gecko) Chrome/141.0.7390.122 Mobile Safari/537.36 (compatible; Googlebot/2.1; +http://www.google.com/bot.html)" 
132.148.74.71 - - [23/Oct/2025:21:16:26 -0700] "GET /wp-login.php HTTP/2.0" 200 2133 "-" "Mozilla/5.0 (Windows NT 10.0; WOW64; Trident/7.0; MASMJS; rv:11.0) like Gecko" 
75.119.207.108 - - [23/Oct/2025:21:16:27 -0700] "POST /wp-cron.php?doing_wp_cron=1761279387.4432950019836425781250 HTTP/1.1" 200 3657 "-" "WordPress/6.8.3; https://www.inspirationdigital.com" 
66.249.65.161 - - [23/Oct/2025:21:16:29 -0700] "GET /?shopping=876558960 HTTP/1.1" 200 24394 "-" "Mozilla/5.0 (Linux; Android 6.0.1; Nexus 5X Build/MMB29P) AppleWebKit/537.36 (KHTML, like Gecko) Chrome/141.0.7390.122 Mobile Safari/537.36 (compatible; Googlebot/2.1; +http://www.google.com/bot.html)" 
132.148.74.71 - - [23/Oct/2025:21:16:33 -0700] "POST /wp-login.php HTTP/2.0" 200 2095 "https://www.inspirationdigital.com/wp-login.php" "Mozilla/5.0 (Windows NT 10.0; WOW64; Trident/7.0; MASMJS; rv:11.0) like Gecko" 
66.249.65.174 - - [23/Oct/2025:21:16:46 -0700] "GET /?shopping=2118529978 HTTP/1.1" 200 25122 "-" "Mozilla/5.0 (Linux; Android 6.0.1; Nexus 5X Build/MMB29P) AppleWebKit/537.36 (KHTML, like Gecko) Chrome/141.0.7390.122 Mobile Safari/537.36 (compatible; Googlebot/2.1; +http://www.google.com/bot.html)" 
66.249.65.160 - - [23/Oct/2025:21:17:05 -0700] "GET /?shopping=270678696 HTTP/1.1" 200 23864 "-" "Mozilla/5.0 (Linux; Android 6.0.1; Nexus 5X Build/MMB29P) AppleWebKit/537.36 (KHTML, like Gecko) Chrome/141.0.7390.122 Mobile Safari/537.36 (compatible; Googlebot/2.1; +http://www.google.com/bot.html)" 
66.249.65.174 - - [23/Oct/2025:21:17:22 -0700] "GET /?shopping=591420348 HTTP/1.1" 200 23514 "-" "Mozilla/5.0 (Linux; Android 6.0.1; Nexus 5X Build/MMB29P) AppleWebKit/537.36 (KHTML, like Gecko) Chrome/141.0.7390.122 Mobile Safari/537.36 (compatible; Googlebot/2.1; +http://www.google.com/bot.html)" 
66.249.65.174 - - [23/Oct/2025:21:17:23 -0700] "GET /?shopping=2025785056 HTTP/1.1" 200 23712 "-" "Mozilla/5.0 (Linux; Android 6.0.1; Nexus 5X Build/MMB29P) AppleWebKit/537.36 (KHTML, like Gecko) Chrome/141.0.7390.122 Mobile Safari/537.36 (compatible; Googlebot/2.1; +http://www.google.com/bot.html)" 
66.249.65.160 - - [23/Oct/2025:21:17:24 -0700] "GET /?shopping=1949624524 HTTP/1.1" 200 24797 "-" "Mozilla/5.0 (Linux; Android 6.0.1; Nexus 5X Build/MMB29P) AppleWebKit/537.36 (KHTML, like Gecko) Chrome/141.0.7390.122 Mobile Safari/537.36 (compatible; Googlebot/2.1; +http://www.google.com/bot.html)" 
66.249.65.160 - - [23/Oct/2025:21:17:25 -0700] "GET /?shopping=1522731960 HTTP/1.1" 200 21228 "-" "Mozilla/5.0 (Linux; Android 6.0.1; Nexus 5X Build/MMB29P) AppleWebKit/537.36 (KHTML, like Gecko) Chrome/141.0.7390.122 Mobile Safari/537.36 (compatible; Googlebot/2.1; +http://www.google.com/bot.html)" 
66.249.65.160 - - [23/Oct/2025:21:17:25 -0700] "GET /?shopping=1020316566 HTTP/1.1" 200 21206 "-" "Mozilla/5.0 (Linux; Android 6.0.1; Nexus 5X Build/MMB29P) AppleWebKit/537.36 (KHTML, like Gecko) Chrome/141.0.7390.122 Mobile Safari/537.36 (compatible; Googlebot/2.1; +http://www.google.com/bot.html)" 
66.249.65.160 - - [23/Oct/2025:21:17:26 -0700] "GET /?shopping=726643364 HTTP/1.1" 200 21241 "-" "Mozilla/5.0 (Linux; Android 6.0.1; Nexus 5X Build/MMB29P) AppleWebKit/537.36 (KHTML, like Gecko) Chrome/141.0.7390.122 Mobile Safari/537.36 (compatible; Googlebot/2.1; +http://www.google.com/bot.html)" 
66.249.65.174 - - [23/Oct/2025:21:17:44 -0700] "GET /?shopping=1171621862 HTTP/1.1" 200 24197 "-" "Mozilla/5.0 (Linux; Android 6.0.1; Nexus 5X Build/MMB29P) AppleWebKit/537.36 (KHTML, like Gecko) Chrome/141.0.7390.122 Mobile Safari/537.36 (compatible; Googlebot/2.1; +http://www.google.com/bot.html)" 
66.249.65.161 - - [23/Oct/2025:21:18:02 -0700] "GET /?shopping=306739724 HTTP/1.1" 200 23847 "-" "Mozilla/5.0 (Linux; Android 6.0.1; Nexus 5X Build/MMB29P) AppleWebKit/537.36 (KHTML, like Gecko) Chrome/141.0.7390.122 Mobile Safari/537.36 (compatible; Googlebot/2.1; +http://www.google.com/bot.html)" 
66.249.65.174 - - [23/Oct/2025:21:18:19 -0700] "GET /?shopping=102998474 HTTP/1.1" 200 23447 "-" "Mozilla/5.0 (Linux; Android 6.0.1; Nexus 5X Build/MMB29P) AppleWebKit/537.36 (KHTML, like Gecko) Chrome/141.0.7390.122 Mobile Safari/537.36 (compatible; Googlebot/2.1; +http://www.google.com/bot.html)" 
66.249.65.174 - - [23/Oct/2025:21:18:37 -0700] "GET /?shopping=106467248 HTTP/1.1" 200 24910 "-" "Mozilla/5.0 (Linux; Android 6.0.1; Nexus 5X Build/MMB29P) AppleWebKit/537.36 (KHTML, like Gecko) Chrome/141.0.7390.122 Mobile Safari/537.36 (compatible; Googlebot/2.1; +http://www.google.com/bot.html)" 
66.249.65.174 - - [23/Oct/2025:21:19:12 -0700] "GET /?shopping=47185718 HTTP/1.1" 200 24334 "-" "Mozilla/5.0 (Linux; Android 6.0.1; Nexus 5X Build/MMB29P) AppleWebKit/537.36 (KHTML, like Gecko) Chrome/141.0.7390.122 Mobile Safari/537.36 (compatible; Googlebot/2.1; +http://www.google.com/bot.html)" 
66.249.65.174 - - [23/Oct/2025:21:19:13 -0700] "GET /?shopping=2008138970 HTTP/1.1" 200 22828 "-" "Mozilla/5.0 (Linux; Android 6.0.1; Nexus 5X Build/MMB29P) AppleWebKit/537.36 (KHTML, like Gecko) Chrome/141.0.7390.122 Mobile Safari/537.36 (compatible; Googlebot/2.1; +http://www.google.com/bot.html)" 
66.249.65.160 - - [23/Oct/2025:21:19:14 -0700] "GET /?shopping=612428486 HTTP/1.1" 200 25075 "-" "Mozilla/5.0 (Linux; Android 6.0.1; Nexus 5X Build/MMB29P) AppleWebKit/537.36 (KHTML, like Gecko) Chrome/141.0.7390.122 Mobile Safari/537.36 (compatible; Googlebot/2.1; +http://www.google.com/bot.html)" 
66.249.65.174 - - [23/Oct/2025:21:19:33 -0700] "GET /?shopping=1350870604 HTTP/1.1" 200 25091 "-" "Mozilla/5.0 (Linux; Android 6.0.1; Nexus 5X Build/MMB29P) AppleWebKit/537.36 (KHTML, like Gecko) Chrome/141.0.7390.122 Mobile Safari/537.36 (compatible; Googlebot/2.1; +http://www.google.com/bot.html)" 
15.237.128.172 - - [23/Oct/2025:21:19:34 -0700] "POST /xmlrpc.php HTTP/2.0" 429 351 "-" "Mozilla/5.0 (Windows NT 10.0; WOW64; Trident/7.0; Touch; MALNJS; rv:11.0) like Gecko" 
15.237.128.172 - - [23/Oct/2025:21:19:42 -0700] "POST /xmlrpc.php HTTP/2.0" 429 351 "-" "Mozilla/5.0 (Windows NT 10.0; WOW64; Trident/7.0; Touch; MALNJS; rv:11.0) like Gecko" 
15.237.128.172 - - [23/Oct/2025:21:19:45 -0700] "POST /xmlrpc.php HTTP/2.0" 429 351 "-" "Mozilla/5.0 (Windows NT 10.0; WOW64; Trident/7.0; Touch; MALNJS; rv:11.0) like Gecko" 
66.249.65.174 - - [23/Oct/2025:21:19:50 -0700] "GET /?shopping=406515512 HTTP/1.1" 200 24827 "-" "Mozilla/5.0 (Linux; Android 6.0.1; Nexus 5X Build/MMB29P) AppleWebKit/537.36 (KHTML, like Gecko) Chrome/141.0.7390.122 Mobile Safari/537.36 (compatible; Googlebot/2.1; +http://www.google.com/bot.html)" 
66.249.65.174 - - [23/Oct/2025:21:20:08 -0700] "GET /?shopping=432669572 HTTP/1.1" 200 24451 "-" "Mozilla/5.0 (Linux; Android 6.0.1; Nexus 5X Build/MMB29P) AppleWebKit/537.36 (KHTML, like Gecko) Chrome/141.0.7390.122 Mobile Safari/537.36 (compatible; Googlebot/2.1; +http://www.google.com/bot.html)" 
66.249.65.160 - - [23/Oct/2025:21:20:43 -0700] "GET /?shopping=432633616 HTTP/1.1" 200 24834 "-" "Mozilla/5.0 (Linux; Android 6.0.1; Nexus 5X Build/MMB29P) AppleWebKit/537.36 (KHTML, like Gecko) Chrome/141.0.7390.122 Mobile Safari/537.36 (compatible; Googlebot/2.1; +http://www.google.com/bot.html)" 
66.249.65.161 - - [23/Oct/2025:21:21:01 -0700] "GET /?shopping=130651728 HTTP/1.1" 200 24232 "-" "Mozilla/5.0 (Linux; Android 6.0.1; Nexus 5X Build/MMB29P) AppleWebKit/537.36 (KHTML, like Gecko) Chrome/141.0.7390.122 Mobile Safari/537.36 (compatible; Googlebot/2.1; +http://www.google.com/bot.html)" 
66.249.65.160 - - [23/Oct/2025:21:21:19 -0700] "GET /?shopping=1281082362 HTTP/1.1" 200 25449 "-" "Mozilla/5.0 (Linux; Android 6.0.1; Nexus 5X Build/MMB29P) AppleWebKit/537.36 (KHTML, like Gecko) Chrome/141.0.7390.122 Mobile Safari/537.36 (compatible; Googlebot/2.1; +http://www.google.com/bot.html)" 
66.249.65.174 - - [23/Oct/2025:21:21:37 -0700] "GET /?shopping=1316394094 HTTP/1.1" 200 25721 "-" "Mozilla/5.0 (Linux; Android 6.0.1; Nexus 5X Build/MMB29P) AppleWebKit/537.36 (KHTML, like Gecko) Chrome/141.0.7390.122 Mobile Safari/537.36 (compatible; Googlebot/2.1; +http://www.google.com/bot.html)" 
66.249.65.160 - - [23/Oct/2025:21:22:13 -0700] "GET /?shopping=1316348816 HTTP/1.1" 200 25109 "-" "Mozilla/5.0 (Linux; Android 6.0.1; Nexus 5X Build/MMB29P) AppleWebKit/537.36 (KHTML, like Gecko) Chrome/141.0.7390.122 Mobile Safari/537.36 (compatible; Googlebot/2.1; +http://www.google.com/bot.html)" 
66.249.65.174 - - [23/Oct/2025:21:22:32 -0700] "GET /?shopping=714543664 HTTP/1.1" 200 24502 "-" "Mozilla/5.0 (Linux; Android 6.0.1; Nexus 5X Build/MMB29P) AppleWebKit/537.36 (KHTML, like Gecko) Chrome/141.0.7390.122 Mobile Safari/537.36 (compatible; Googlebot/2.1; +http://www.google.com/bot.html)" 
43.166.244.192 - - [23/Oct/2025:21:22:42 -0700] "GET / HTTP/1.1" 200 8804 "http://www.inspirationdigital.com" "Mozilla/5.0 (iPhone; CPU iPhone OS 13_2_3 like Mac OS X) AppleWebKit/605.1.15 (KHTML, like Gecko) Version/13.0.3 Mobile/15E148 Safari/604.1" 
66.249.65.174 - - [23/Oct/2025:21:22:50 -0700] "GET /?shopping=1789231862 HTTP/1.1" 200 26458 "-" "Mozilla/5.0 (Linux; Android 6.0.1; Nexus 5X Build/MMB29P) AppleWebKit/537.36 (KHTML, like Gecko) Chrome/141.0.7390.122 Mobile Safari/537.36 (compatible; Googlebot/2.1; +http://www.google.com/bot.html)" 
66.249.65.161 - - [23/Oct/2025:21:23:08 -0700] "GET /?shopping=13835454 HTTP/1.1" 200 24924 "-" "Mozilla/5.0 (Linux; Android 6.0.1; Nexus 5X Build/MMB29P) AppleWebKit/537.36 (KHTML, like Gecko) Chrome/141.0.7390.122 Mobile Safari/537.36 (compatible; Googlebot/2.1; +http://www.google.com/bot.html)" 
66.249.65.174 - - [23/Oct/2025:21:23:26 -0700] "GET /?shopping=1032452882 HTTP/1.1" 200 25274 "-" "Mozilla/5.0 (Linux; Android 6.0.1; Nexus 5X Build/MMB29P) AppleWebKit/537.36 (KHTML, like Gecko) Chrome/141.0.7390.122 Mobile Safari/537.36 (compatible; Googlebot/2.1; +http://www.google.com/bot.html)" 
66.249.65.174 - - [23/Oct/2025:21:23:26 -0700] "GET /?shopping=1970890342 HTTP/1.1" 200 22458 "-" "Mozilla/5.0 (Linux; Android 6.0.1; Nexus 5X Build/MMB29P) AppleWebKit/537.36 (KHTML, like Gecko) Chrome/141.0.7390.122 Mobile Safari/537.36 (compatible; Googlebot/2.1; +http://www.google.com/bot.html)" 
66.249.65.174 - - [23/Oct/2025:21:23:27 -0700] "GET /product/edit/I3047870505 HTTP/1.1" 200 21918 "-" "Mozilla/5.0 (Linux; Android 6.0.1; Nexus 5X Build/MMB29P) AppleWebKit/537.36 (KHTML, like Gecko) Chrome/141.0.7390.122 Mobile Safari/537.36 (compatible; Googlebot/2.1; +http://www.google.com/bot.html)" 
66.249.65.174 - - [23/Oct/2025:21:23:45 -0700] "GET /?shopping=1168813150 HTTP/1.1" 200 25541 "-" "Mozilla/5.0 (Linux; Android 6.0.1; Nexus 5X Build/MMB29P) AppleWebKit/537.36 (KHTML, like Gecko) Chrome/141.0.7390.122 Mobile Safari/537.36 (compatible; Googlebot/2.1; +http://www.google.com/bot.html)" 
66.249.65.174 - - [23/Oct/2025:21:24:03 -0700] "GET /?shopping=716680612 HTTP/1.1" 200 24642 "-" "Mozilla/5.0 (Linux; Android 6.0.1; Nexus 5X Build/MMB29P) AppleWebKit/537.36 (KHTML, like Gecko) Chrome/141.0.7390.122 Mobile Safari/537.36 (compatible; Googlebot/2.1; +http://www.google.com/bot.html)" 
66.249.65.174 - - [23/Oct/2025:21:24:20 -0700] "GET /?shopping=835551100 HTTP/1.1" 200 25623 "-" "Mozilla/5.0 (Linux; Android 6.0.1; Nexus 5X Build/MMB29P) AppleWebKit/537.36 (KHTML, like Gecko) Chrome/141.0.7390.122 Mobile Safari/537.36 (compatible; Googlebot/2.1; +http://www.google.com/bot.html)" 
66.249.65.160 - - [23/Oct/2025:21:24:21 -0700] "GET /?shopping=591445780 HTTP/1.1" 200 24132 "-" "Mozilla/5.0 (Linux; Android 6.0.1; Nexus 5X Build/MMB29P) AppleWebKit/537.36 (KHTML, like Gecko) Chrome/141.0.7390.122 Mobile Safari/537.36 (compatible; Googlebot/2.1; +http://www.google.com/bot.html)" 
66.249.65.174 - - [23/Oct/2025:21:24:40 -0700] "GET /?shopping=1433235766 HTTP/1.1" 200 25894 "-" "Mozilla/5.0 (Linux; Android 6.0.1; Nexus 5X Build/MMB29P) AppleWebKit/537.36 (KHTML, like Gecko) Chrome/141.0.7390.122 Mobile Safari/537.36 (compatible; Googlebot/2.1; +http://www.google.com/bot.html)" 
66.249.65.174 - - [23/Oct/2025:21:25:06 -0700] "GET /product/edit/I3784011055 HTTP/1.1" 200 27756 "-" "Mozilla/5.0 (Linux; Android 6.0.1; Nexus 5X Build/MMB29P) AppleWebKit/537.36 (KHTML, like Gecko) Chrome/141.0.7390.122 Mobile Safari/537.36 (compatible; Googlebot/2.1; +http://www.google.com/bot.html)" 
66.249.65.174 - - [23/Oct/2025:21:25:07 -0700] "GET /?shopping=612415910 HTTP/1.1" 200 20884 "-" "Mozilla/5.0 (Linux; Android 6.0.1; Nexus 5X Build/MMB29P) AppleWebKit/537.36 (KHTML, like Gecko) Chrome/141.0.7390.122 Mobile Safari/537.36 (compatible; Googlebot/2.1; +http://www.google.com/bot.html)" 
66.249.65.160 - - [23/Oct/2025:21:25:42 -0700] "GET /product/edit/I720713474 HTTP/1.1" 200 28040 "-" "Mozilla/5.0 (Linux; Android 6.0.1; Nexus 5X Build/MMB29P) AppleWebKit/537.36 (KHTML, like Gecko) Chrome/141.0.7390.122 Mobile Safari/537.36 (compatible; Googlebot/2.1; +http://www.google.com/bot.html)" 
66.249.65.174 - - [23/Oct/2025:21:25:59 -0700] "GET /?zhHant/product/surugaya/I1633088756?campaign_uid=f64d716db5e979ed2f947dbaf4296895b951ae7f HTTP/1.1" 200 24297 "-" "Mozilla/5.0 (Linux; Android 6.0.1; Nexus 5X Build/MMB29P) AppleWebKit/537.36 (KHTML, like Gecko) Chrome/141.0.7390.122 Mobile Safari/537.36 (compatible; Googlebot/2.1; +http://www.google.com/bot.html)" 
66.249.65.174 - - [23/Oct/2025:21:26:01 -0700] "GET /?shopping=658622156 HTTP/1.1" 200 21642 "-" "Mozilla/5.0 (Linux; Android 6.0.1; Nexus 5X Build/MMB29P) AppleWebKit/537.36 (KHTML, like Gecko) Chrome/141.0.7390.122 Mobile Safari/537.36 (compatible; Googlebot/2.1; +http://www.google.com/bot.html)" 
66.249.65.174 - - [23/Oct/2025:21:26:18 -0700] "GET /?shopping=1383373262 HTTP/1.1" 200 24176 "-" "Mozilla/5.0 (Linux; Android 6.0.1; Nexus 5X Build/MMB29P) AppleWebKit/537.36 (KHTML, like Gecko) Chrome/141.0.7390.122 Mobile Safari/537.36 (compatible; Googlebot/2.1; +http://www.google.com/bot.html)" 
66.249.65.174 - - [23/Oct/2025:21:26:36 -0700] "GET /?shopping=134623970 HTTP/1.1" 200 23827 "-" "Mozilla/5.0 (Linux; Android 6.0.1; Nexus 5X Build/MMB29P) AppleWebKit/537.36 (KHTML, like Gecko) Chrome/141.0.7390.122 Mobile Safari/537.36 (compatible; Googlebot/2.1; +http://www.google.com/bot.html)" 
66.249.65.174 - - [23/Oct/2025:21:26:37 -0700] "GET /?shopping=1171577482 HTTP/1.1" 200 21580 "-" "Mozilla/5.0 (Linux; Android 6.0.1; Nexus 5X Build/MMB29P) AppleWebKit/537.36 (KHTML, like Gecko) Chrome/141.0.7390.122 Mobile Safari/537.36 (compatible; Googlebot/2.1; +http://www.google.com/bot.html)" 
66.249.65.174 - - [23/Oct/2025:21:27:12 -0700] "GET /?shopping=134618728 HTTP/1.1" 200 24376 "-" "Mozilla/5.0 (Linux; Android 6.0.1; Nexus 5X Build/MMB29P) AppleWebKit/537.36 (KHTML, like Gecko) Chrome/141.0.7390.122 Mobile Safari/537.36 (compatible; Googlebot/2.1; +http://www.google.com/bot.html)" 
69.167.169.70 - - [23/Oct/2025:21:27:16 -0700] "GET /wp-login.php HTTP/2.0" 429 362 "-" "Mozilla/5.0 (Macintosh; Intel Mac OS X 10_11_6) AppleWebKit/603.3.8 (KHTML, like Gecko) Version/10.1.2 Safari/603.3.8" 
66.249.65.160 - - [23/Oct/2025:21:27:29 -0700] "GET /?shopping=134625690 HTTP/1.1" 200 25915 "-" "Mozilla/5.0 (Linux; Android 6.0.1; Nexus 5X Build/MMB29P) AppleWebKit/537.36 (KHTML, like Gecko) Chrome/141.0.7390.122 Mobile Safari/537.36 (compatible; Googlebot/2.1; +http://www.google.com/bot.html)" 
66.249.65.174 - - [23/Oct/2025:21:27:47 -0700] "GET /?shopping=132937188 HTTP/1.1" 200 25208 "-" "Mozilla/5.0 (Linux; Android 6.0.1; Nexus 5X Build/MMB29P) AppleWebKit/537.36 (KHTML, like Gecko) Chrome/141.0.7390.122 Mobile Safari/537.36 (compatible; Googlebot/2.1; +http://www.google.com/bot.html)" 
69.167.169.70 - - [23/Oct/2025:21:27:54 -0700] "POST /wp-login.php HTTP/2.0" 429 362 "https://www.inspirationdigital.com/wp-login.php" "Mozilla/5.0 (Macintosh; Intel Mac OS X 10_11_6) AppleWebKit/603.3.8 (KHTML, like Gecko) Version/10.1.2 Safari/603.3.8" 
66.249.65.174 - - [23/Oct/2025:21:28:22 -0700] "GET /?shopping=1499786130 HTTP/1.1" 200 26060 "-" "Mozilla/5.0 (Linux; Android 6.0.1; Nexus 5X Build/MMB29P) AppleWebKit/537.36 (KHTML, like Gecko) Chrome/141.0.7390.122 Mobile Safari/537.36 (compatible; Googlebot/2.1; +http://www.google.com/bot.html)" 
66.249.65.174 - - [23/Oct/2025:21:28:40 -0700] "GET /?shopping=1436547426 HTTP/1.1" 200 24455 "-" "Mozilla/5.0 (Linux; Android 6.0.1; Nexus 5X Build/MMB29P) AppleWebKit/537.36 (KHTML, like Gecko) Chrome/141.0.7390.122 Mobile Safari/537.36 (compatible; Googlebot/2.1; +http://www.google.com/bot.html)" 
66.249.65.174 - - [23/Oct/2025:21:28:58 -0700] "GET /?shopping=1837276608 HTTP/1.1" 200 25821 "-" "Mozilla/5.0 (Linux; Android 6.0.1; Nexus 5X Build/MMB29P) AppleWebKit/537.36 (KHTML, like Gecko) Chrome/141.0.7390.122 Mobile Safari/537.36 (compatible; Googlebot/2.1; +http://www.google.com/bot.html)" 
66.249.65.160 - - [23/Oct/2025:21:29:16 -0700] "GET /product/edit/I3652851477 HTTP/1.1" 200 25233 "-" "Mozilla/5.0 (Linux; Android 6.0.1; Nexus 5X Build/MMB29P) AppleWebKit/537.36 (KHTML, like Gecko) Chrome/141.0.7390.122 Mobile Safari/537.36 (compatible; Googlebot/2.1; +http://www.google.com/bot.html)" 
66.249.65.160 - - [23/Oct/2025:21:29:17 -0700] "GET /?shopping=1837276092 HTTP/1.1" 200 21585 "-" "Mozilla/5.0 (Linux; Android 6.0.1; Nexus 5X Build/MMB29P) AppleWebKit/537.36 (KHTML, like Gecko) Chrome/141.0.7390.122 Mobile Safari/537.36 (compatible; Googlebot/2.1; +http://www.google.com/bot.html)" 
66.249.65.160 - - [23/Oct/2025:21:29:51 -0700] "GET /?shopping=1643171370 HTTP/1.1" 200 25121 "-" "Mozilla/5.0 (Linux; Android 6.0.1; Nexus 5X Build/MMB29P) AppleWebKit/537.36 (KHTML, like Gecko) Chrome/141.0.7390.122 Mobile Safari/537.36 (compatible; Googlebot/2.1; +http://www.google.com/bot.html)" 
66.249.65.160 - - [23/Oct/2025:21:30:09 -0700] "GET /?shopping=1434901376 HTTP/1.1" 200 24549 "-" "Mozilla/5.0 (Linux; Android 6.0.1; Nexus 5X Build/MMB29P) AppleWebKit/537.36 (KHTML, like Gecko) Chrome/141.0.7390.122 Mobile Safari/537.36 (compatible; Googlebot/2.1; +http://www.google.com/bot.html)" 
66.249.65.160 - - [23/Oct/2025:21:30:10 -0700] "GET /?shopping=1173300508 HTTP/1.1" 200 23121 "-" "Mozilla/5.0 (Linux; Android 6.0.1; Nexus 5X Build/MMB29P) AppleWebKit/537.36 (KHTML, like Gecko) Chrome/141.0.7390.122 Mobile Safari/537.36 (compatible; Googlebot/2.1; +http://www.google.com/bot.html)" 
66.249.65.160 - - [23/Oct/2025:21:30:10 -0700] "GET /?shopping=1861413448 HTTP/1.1" 200 21979 "-" "Mozilla/5.0 (Linux; Android 6.0.1; Nexus 5X Build/MMB29P) AppleWebKit/537.36 (KHTML, like Gecko) Chrome/141.0.7390.122 Mobile Safari/537.36 (compatible; Googlebot/2.1; +http://www.google.com/bot.html)" 
66.249.65.174 - - [23/Oct/2025:21:30:28 -0700] "GET /?shopping=134665546 HTTP/1.1" 200 23751 "-" "Mozilla/5.0 (Linux; Android 6.0.1; Nexus 5X Build/MMB29P) AppleWebKit/537.36 (KHTML, like Gecko) Chrome/141.0.7390.122 Mobile Safari/537.36 (compatible; Googlebot/2.1; +http://www.google.com/bot.html)" 
66.249.65.160 - - [23/Oct/2025:21:30:29 -0700] "GET /?shopping=549700362 HTTP/1.1" 200 24311 "-" "Mozilla/5.0 (Linux; Android 6.0.1; Nexus 5X Build/MMB29P) AppleWebKit/537.36 (KHTML, like Gecko) Chrome/141.0.7390.122 Mobile Safari/537.36 (compatible; Googlebot/2.1; +http://www.google.com/bot.html)" 
66.249.65.174 - - [23/Oct/2025:21:30:30 -0700] "GET /?shopping=591429490 HTTP/1.1" 200 19958 "-" "Mozilla/5.0 (Linux; Android 6.0.1; Nexus 5X Build/MMB29P) AppleWebKit/537.36 (KHTML, like Gecko) Chrome/141.0.7390.122 Mobile Safari/537.36 (compatible; Googlebot/2.1; +http://www.google.com/bot.html)" 
66.249.65.174 - - [23/Oct/2025:21:30:47 -0700] "GET /?shopping=952396894 HTTP/1.1" 200 27680 "-" "Mozilla/5.0 (Linux; Android 6.0.1; Nexus 5X Build/MMB29P) AppleWebKit/537.36 (KHTML, like Gecko) Chrome/141.0.7390.122 Mobile Safari/537.36 (compatible; Googlebot/2.1; +http://www.google.com/bot.html)" 
66.249.65.174 - - [23/Oct/2025:21:31:22 -0700] "GET /?shopping=1434751146 HTTP/1.1" 200 25749 "-" "Mozilla/5.0 (Linux; Android 6.0.1; Nexus 5X Build/MMB29P) AppleWebKit/537.36 (KHTML, like Gecko) Chrome/141.0.7390.122 Mobile Safari/537.36 (compatible; Googlebot/2.1; +http://www.google.com/bot.html)" 
66.249.65.174 - - [23/Oct/2025:21:31:40 -0700] "GET /?shopping=1434874066 HTTP/1.1" 200 25589 "-" "Mozilla/5.0 (Linux; Android 6.0.1; Nexus 5X Build/MMB29P) AppleWebKit/537.36 (KHTML, like Gecko) Chrome/141.0.7390.122 Mobile Safari/537.36 (compatible; Googlebot/2.1; +http://www.google.com/bot.html)" 
66.249.65.174 - - [23/Oct/2025:21:31:58 -0700] "GET /?shopping=1230798780 HTTP/1.1" 200 24781 "-" "Mozilla/5.0 (Linux; Android 6.0.1; Nexus 5X Build/MMB29P) AppleWebKit/537.36 (KHTML, like Gecko) Chrome/141.0.7390.122 Mobile Safari/537.36 (compatible; Googlebot/2.1; +http://www.google.com/bot.html)" 
66.249.65.161 - - [23/Oct/2025:21:32:34 -0700] "GET /?shopping=1171586632 HTTP/1.1" 200 24262 "-" "Mozilla/5.0 (Linux; Android 6.0.1; Nexus 5X Build/MMB29P) AppleWebKit/537.36 (KHTML, like Gecko) Chrome/141.0.7390.122 Mobile Safari/537.36 (compatible; Googlebot/2.1; +http://www.google.com/bot.html)" 
66.249.65.161 - - [23/Oct/2025:21:32:35 -0700] "GET /?shopping=335907986 HTTP/1.1" 200 21170 "-" "Mozilla/5.0 (Linux; Android 6.0.1; Nexus 5X Build/MMB29P) AppleWebKit/537.36 (KHTML, like Gecko) Chrome/141.0.7390.122 Mobile Safari/537.36 (compatible; Googlebot/2.1; +http://www.google.com/bot.html)" 
66.249.65.161 - - [23/Oct/2025:21:33:01 -0700] "GET /?shopping=593184794 HTTP/1.1" 200 24376 "-" "Mozilla/5.0 (Linux; Android 6.0.1; Nexus 5X Build/MMB29P) AppleWebKit/537.36 (KHTML, like Gecko) Chrome/141.0.7390.122 Mobile Safari/537.36 (compatible; GoogleOther)" 
66.249.65.174 - - [23/Oct/2025:21:33:27 -0700] "GET /?shopping=1175040820 HTTP/1.1" 200 24721 "-" "Mozilla/5.0 (Linux; Android 6.0.1; Nexus 5X Build/MMB29P) AppleWebKit/537.36 (KHTML, like Gecko) Chrome/141.0.7390.122 Mobile Safari/537.36 (compatible; Googlebot/2.1; +http://www.google.com/bot.html)" 
66.249.65.174 - - [23/Oct/2025:21:33:45 -0700] "GET /?shopping=1175039486 HTTP/1.1" 200 25392 "-" "Mozilla/5.0 (Linux; Android 6.0.1; Nexus 5X Build/MMB29P) AppleWebKit/537.36 (KHTML, like Gecko) Chrome/141.0.7390.122 Mobile Safari/537.36 (compatible; Googlebot/2.1; +http://www.google.com/bot.html)" 
66.249.65.174 - - [23/Oct/2025:21:33:45 -0700] "GET /?shopping=811169960 HTTP/1.1" 200 21004 "-" "Mozilla/5.0 (Linux; Android 6.0.1; Nexus 5X Build/MMB29P) AppleWebKit/537.36 (KHTML, like Gecko) Chrome/141.0.7390.122 Mobile Safari/537.36 (compatible; Googlebot/2.1; +http://www.google.com/bot.html)" 
66.249.65.160 - - [23/Oct/2025:21:34:03 -0700] "GET /?shopping=1175055116 HTTP/1.1" 200 24151 "-" "Mozilla/5.0 (Linux; Android 6.0.1; Nexus 5X Build/MMB29P) AppleWebKit/537.36 (KHTML, like Gecko) Chrome/141.0.7390.122 Mobile Safari/537.36 (compatible; Googlebot/2.1; +http://www.google.com/bot.html)" 
66.249.65.160 - - [23/Oct/2025:21:34:21 -0700] "GET /?shopping=1175038826 HTTP/1.1" 200 24281 "-" "Mozilla/5.0 (Linux; Android 6.0.1; Nexus 5X Build/MMB29P) AppleWebKit/537.36 (KHTML, like Gecko) Chrome/141.0.7390.122 Mobile Safari/537.36 (compatible; Googlebot/2.1; +http://www.google.com/bot.html)" 
66.249.65.174 - - [23/Oct/2025:21:34:38 -0700] "GET /?shopping=1175055962 HTTP/1.1" 200 24977 "-" "Mozilla/5.0 (Linux; Android 6.0.1; Nexus 5X Build/MMB29P) AppleWebKit/537.36 (KHTML, like Gecko) Chrome/141.0.7390.122 Mobile Safari/537.36 (compatible; Googlebot/2.1; +http://www.google.com/bot.html)" 
66.249.65.174 - - [23/Oct/2025:21:34:39 -0700] "GET /zhHant/product/surugaya/I2977382331?campaign_uid=f64d716db5e979ed2f947dbaf4296895b951ae7f HTTP/1.1" 200 20480 "-" "Mozilla/5.0 (Linux; Android 6.0.1; Nexus 5X Build/MMB29P) AppleWebKit/537.36 (KHTML, like Gecko) Chrome/141.0.7390.122 Mobile Safari/537.36 (compatible; Googlebot/2.1; +http://www.google.com/bot.html)" 
66.249.65.174 - - [23/Oct/2025:21:34:40 -0700] "GET /zhHant/product/surugaya/I4240788619?campaign_uid=f64d716db5e979ed2f947dbaf4296895b951ae7f HTTP/1.1" 200 22055 "-" "Mozilla/5.0 (Linux; Android 6.0.1; Nexus 5X Build/MMB29P) AppleWebKit/537.36 (KHTML, like Gecko) Chrome/141.0.7390.122 Mobile Safari/537.36 (compatible; Googlebot/2.1; +http://www.google.com/bot.html)" 
66.249.65.174 - - [23/Oct/2025:21:34:58 -0700] "GET /?shopping=1175039648 HTTP/1.1" 200 25283 "-" "Mozilla/5.0 (Linux; Android 6.0.1; Nexus 5X Build/MMB29P) AppleWebKit/537.36 (KHTML, like Gecko) Chrome/141.0.7390.122 Mobile Safari/537.36 (compatible; Googlebot/2.1; +http://www.google.com/bot.html)" 
66.249.65.174 - - [23/Oct/2025:21:35:16 -0700] "GET /?shopping=1175070354 HTTP/1.1" 200 26190 "-" "Mozilla/5.0 (Linux; Android 6.0.1; Nexus 5X Build/MMB29P) AppleWebKit/537.36 (KHTML, like Gecko) Chrome/141.0.7390.122 Mobile Safari/537.36 (compatible; Googlebot/2.1; +http://www.google.com/bot.html)" 
66.249.65.160 - - [23/Oct/2025:21:35:34 -0700] "GET /?shopping=1175036956 HTTP/1.1" 200 24565 "-" "Mozilla/5.0 (Linux; Android 6.0.1; Nexus 5X Build/MMB29P) AppleWebKit/537.36 (KHTML, like Gecko) Chrome/141.0.7390.122 Mobile Safari/537.36 (compatible; Googlebot/2.1; +http://www.google.com/bot.html)" 
