74.208.210.248 - - [22/Oct/2025:07:56:56 -0700] "POST /xmlrpc.php HTTP/2.0" 429 351 "-" "Mozilla/5.0 (Windows NT 10.0; WOW64; Trident/7.0; MALCJS; rv:11.0) like Gecko"
66.249.65.160 - - [22/Oct/2025:07:57:05 -0700] "GET /?shopping=103411328 HTTP/1.1" 200 23344 "-" "Mozilla/5.0 (Linux; Android 6.0.1; Nexus 5X Build/MMB29P) AppleWebKit/537.36 (KHTML, like Gecko) Chrome/141.0.7390.107 Mobile Safari/537.36 (compatible; Googlebot/2.1; +http://www.google.com/bot.html)"
66.249.65.174 - - [22/Oct/2025:07:57:28 -0700] "GET /?shopping=103366238 HTTP/1.1" 200 25714 "-" "Mozilla/5.0 (Linux; Android 6.0.1; Nexus 5X Build/MMB29P) AppleWebKit/537.36 (KHTML, like Gecko) Chrome/141.0.7390.107 Mobile Safari/537.36 (compatible; Googlebot/2.1; +http://www.google.com/bot.html)"
165.227.173.120 - - [22/Oct/2025:07:57:51 -0700] "POST /xmlrpc.php HTTP/2.0" 429 359 "https://www.inspirationdigital.com" "Mozilla/5.0 (Macintosh; Intel Mac OS X 10_15_7; rv:127.0) Gecko/20100101 Firefox/127.0"
66.249.65.174 - - [22/Oct/2025:07:58:14 -0700] "GET /?shopping=2116759790 HTTP/1.1" 200 24889 "-" "Mozilla/5.0 (Linux; Android 6.0.1; Nexus 5X Build/MMB29P) AppleWebKit/537.36 (KHTML, like Gecko) Chrome/141.0.7390.107 Mobile Safari/537.36 (compatible; Googlebot/2.1; +http://www.google.com/bot.html)"
66.249.65.160 - - [22/Oct/2025:07:58:14 -0700] "GET /product/edit/I84616550 HTTP/1.1" 200 23909 "-" "Mozilla/5.0 (Linux; Android 6.0.1; Nexus 5X Build/MMB29P) AppleWebKit/537.36 (KHTML, like Gecko) Chrome/141.0.7390.107 Mobile Safari/537.36 (compatible; Googlebot/2.1; +http://www.google.com/bot.html)"
66.249.65.160 - - [22/Oct/2025:07:58:37 -0700] "GET /?shopping=103415888 HTTP/1.1" 200 23727 "-" "Mozilla/5.0 (Linux; Android 6.0.1; Nexus 5X Build/MMB29P) AppleWebKit/537.36 (KHTML, like Gecko) Chrome/141.0.7390.107 Mobile Safari/537.36 (compatible; Googlebot/2.1; +http://www.google.com/bot.html)"
66.249.65.161 - - [22/Oct/2025:07:59:00 -0700] "GET /?shopping=103391798 HTTP/1.1" 200 24520 "-" "Mozilla/5.0 (Linux; Android 6.0.1; Nexus 5X Build/MMB29P) AppleWebKit/537.36 (KHTML, like Gecko) Chrome/141.0.7390.107 Mobile Safari/537.36 (compatible; Googlebot/2.1; +http://www.google.com/bot.html)"
66.249.65.160 - - [22/Oct/2025:07:59:46 -0700] "GET /?shopping=2116780492 HTTP/1.1" 200 26021 "-" "Mozilla/5.0 (Linux; Android 6.0.1; Nexus 5X Build/MMB29P) AppleWebKit/537.36 (KHTML, like Gecko) Chrome/141.0.7390.107 Mobile Safari/537.36 (compatible; Googlebot/2.1; +http://www.google.com/bot.html)"
66.249.65.160 - - [22/Oct/2025:08:00:09 -0700] "GET /?shopping=103385190 HTTP/1.1" 200 24578 "-" "Mozilla/5.0 (Linux; Android 6.0.1; Nexus 5X Build/MMB29P) AppleWebKit/537.36 (KHTML, like Gecko) Chrome/141.0.7390.107 Mobile Safari/537.36 (compatible; Googlebot/2.1; +http://www.google.com/bot.html)"
66.249.65.160 - - [22/Oct/2025:08:00:42 -0700] "GET /?shopping=1594178650 HTTP/1.1" 200 26132 "-" "Mozilla/5.0 (Linux; Android 6.0.1; Nexus 5X Build/MMB29P) AppleWebKit/537.36 (KHTML, like Gecko) Chrome/141.0.7390.107 Mobile Safari/537.36 (compatible; Googlebot/2.1; +http://www.google.com/bot.html)"
66.249.65.160 - - [22/Oct/2025:08:00:43 -0700] "GET /?shopping=1381339406 HTTP/1.1" 200 20984 "-" "Mozilla/5.0 (Linux; Android 6.0.1; Nexus 5X Build/MMB29P) AppleWebKit/537.36 (KHTML, like Gecko) Chrome/141.0.7390.107 Mobile Safari/537.36 (compatible; Googlebot/2.1; +http://www.google.com/bot.html)"
66.249.65.160 - - [22/Oct/2025:08:01:06 -0700] "GET /?shopping=1594180496 HTTP/1.1" 200 25791 "-" "Mozilla/5.0 (Linux; Android 6.0.1; Nexus 5X Build/MMB29P) AppleWebKit/537.36 (KHTML, like Gecko) Chrome/141.0.7390.107 Mobile Safari/537.36 (compatible; Googlebot/2.1; +http://www.google.com/bot.html)"
66.249.65.160 - - [22/Oct/2025:08:01:07 -0700] "GET /?shopping=1115571470 HTTP/1.1" 200 22374 "-" "Mozilla/5.0 (Linux; Android 6.0.1; Nexus 5X Build/MMB29P) AppleWebKit/537.36 (KHTML, like Gecko) Chrome/141.0.7390.107 Mobile Safari/537.36 (compatible; Googlebot/2.1; +http://www.google.com/bot.html)"
66.249.65.160 - - [22/Oct/2025:08:01:07 -0700] "GET /?shopping=303323948 HTTP/1.1" 200 20688 "-" "Mozilla/5.0 (Linux; Android 6.0.1; Nexus 5X Build/MMB29P) AppleWebKit/537.36 (KHTML, like Gecko) Chrome/141.0.7390.107 Mobile Safari/537.36 (compatible; Googlebot/2.1; +http://www.google.com/bot.html)"
15.235.118.111 - - [22/Oct/2025:08:01:14 -0700] "POST /xmlrpc.php HTTP/2.0" 429 348 "https://www.inspirationdigital.com" "Mozilla/5.0 (Macintosh; Intel Mac OS X 10_15_7) AppleWebKit/537.36 (KHTML, like Gecko) Chrome/113.0.5672.93 Safari/537.36"
66.249.65.174 - - [22/Oct/2025:08:01:53 -0700] "GET /?shopping=1594159496 HTTP/1.1" 200 24840 "-" "Mozilla/5.0 (Linux; Android 6.0.1; Nexus 5X Build/MMB29P) AppleWebKit/537.36 (KHTML, like Gecko) Chrome/141.0.7390.107 Mobile Safari/537.36 (compatible; Googlebot/2.1; +http://www.google.com/bot.html)"
66.249.65.174 - - [22/Oct/2025:08:01:53 -0700] "GET /?shopping=1381259034 HTTP/1.1" 200 22409 "-" "Mozilla/5.0 (Linux; Android 6.0.1; Nexus 5X Build/MMB29P) AppleWebKit/537.36 (KHTML, like Gecko) Chrome/141.0.7390.107 Mobile Safari/537.36 (compatible; Googlebot/2.1; +http://www.google.com/bot.html)"
66.249.65.160 - - [22/Oct/2025:08:01:54 -0700] "GET /?shopping=1167123810 HTTP/1.1" 200 24713 "-" "Mozilla/5.0 (Linux; Android 6.0.1; Nexus 5X Build/MMB29P) AppleWebKit/537.36 (KHTML, like Gecko) Chrome/141.0.7390.107 Mobile Safari/537.36 (compatible; Googlebot/2.1; +http://www.google.com/bot.html)"
66.249.65.161 - - [22/Oct/2025:08:02:17 -0700] "GET /?shopping=1594156954 HTTP/1.1" 200 24659 "-" "Mozilla/5.0 (Linux; Android 6.0.1; Nexus 5X Build/MMB29P) AppleWebKit/537.36 (KHTML, like Gecko) Chrome/141.0.7390.107 Mobile Safari/537.36 (compatible; Googlebot/2.1; +http://www.google.com/bot.html)"
66.249.65.174 - - [22/Oct/2025:08:02:40 -0700] "GET /?shopping=1957100146 HTTP/1.1" 200 24031 "-" "Mozilla/5.0 (Linux; Android 6.0.1; Nexus 5X Build/MMB29P) AppleWebKit/537.36 (KHTML, like Gecko) Chrome/141.0.7390.107 Mobile Safari/537.36 (compatible; Googlebot/2.1; +http://www.google.com/bot.html)"
66.249.65.174 - - [22/Oct/2025:08:02:41 -0700] "GET /?shopping=1594182514 HTTP/1.1" 200 22349 "-" "Mozilla/5.0 (Linux; Android 6.0.1; Nexus 5X Build/MMB29P) AppleWebKit/537.36 (KHTML, like Gecko) Chrome/141.0.7390.107 Mobile Safari/537.36 (compatible; Googlebot/2.1; +http://www.google.com/bot.html)"
66.249.65.161 - - [22/Oct/2025:08:03:26 -0700] "GET /?shopping=1594161692 HTTP/1.1" 200 24438 "-" "Mozilla/5.0 (Linux; Android 6.0.1; Nexus 5X Build/MMB29P) AppleWebKit/537.36 (KHTML, like Gecko) Chrome/141.0.7390.107 Mobile Safari/537.36 (compatible; Googlebot/2.1; +http://www.google.com/bot.html)"
66.249.65.160 - - [22/Oct/2025:08:03:49 -0700] "GET /?shopping=1594153186 HTTP/1.1" 200 27194 "-" "Mozilla/5.0 (Linux; Android 6.0.1; Nexus 5X Build/MMB29P) AppleWebKit/537.36 (KHTML, like Gecko) Chrome/141.0.7390.107 Mobile Safari/537.36 (compatible; Googlebot/2.1; +http://www.google.com/bot.html)"
66.249.65.161 - - [22/Oct/2025:08:04:12 -0700] "GET /?shopping=1594176760 HTTP/1.1" 200 25334 "-" "Mozilla/5.0 (Linux; Android 6.0.1; Nexus 5X Build/MMB29P) AppleWebKit/537.36 (KHTML, like Gecko) Chrome/141.0.7390.107 Mobile Safari/537.36 (compatible; Googlebot/2.1; +http://www.google.com/bot.html)"
89.42.218.162 - - [22/Oct/2025:08:04:46 -0700] "POST /xmlrpc.php HTTP/2.0" 429 348 "https://www.inspirationdigital.com" "Mozilla/5.0 (Windows NT 10.0; Win64; x64) AppleWebKit/537.36 (KHTML, like Gecko) Chrome/113.0.5672.126 Safari/537.36 Edg/113.0.1774.50"
66.249.65.174 - - [22/Oct/2025:08:04:58 -0700] "GET /?shopping=1594155084 HTTP/1.1" 200 24057 "-" "Mozilla/5.0 (Linux; Android 6.0.1; Nexus 5X Build/MMB29P) AppleWebKit/537.36 (KHTML, like Gecko) Chrome/141.0.7390.107 Mobile Safari/537.36 (compatible; Googlebot/2.1; +http://www.google.com/bot.html)"
66.249.65.160 - - [22/Oct/2025:08:05:21 -0700] "GET /?shopping=1100053118 HTTP/1.1" 200 24682 "-" "Mozilla/5.0 (Linux; Android 6.0.1; Nexus 5X Build/MMB29P) AppleWebKit/537.36 (KHTML, like Gecko) Chrome/141.0.7390.107 Mobile Safari/537.36 (compatible; Googlebot/2.1; +http://www.google.com/bot.html)"
66.249.65.174 - - [22/Oct/2025:08:05:21 -0700] "GET /?shopping=1065651752 HTTP/1.1" 200 24021 "-" "Mozilla/5.0 (Linux; Android 6.0.1; Nexus 5X Build/MMB29P) AppleWebKit/537.36 (KHTML, like Gecko) Chrome/141.0.7390.107 Mobile Safari/537.36 (compatible; Googlebot/2.1; +http://www.google.com/bot.html)"
66.249.65.174 - - [22/Oct/2025:08:05:45 -0700] "GET /zhHant/product/surugaya/I942300269?campaign_uid=f64d716db5e979ed2f947dbaf4296895b951ae7f HTTP/1.1" 200 24729 "-" "Mozilla/5.0 (Linux; Android 6.0.1; Nexus 5X Build/MMB29P) AppleWebKit/537.36 (KHTML, like Gecko) Chrome/141.0.7390.107 Mobile Safari/537.36 (compatible; Googlebot/2.1; +http://www.google.com/bot.html)"
66.249.65.160 - - [22/Oct/2025:08:05:45 -0700] "GET /?shopping=1136618762 HTTP/1.1" 200 26313 "-" "Mozilla/5.0 (Linux; Android 6.0.1; Nexus 5X Build/MMB29P) AppleWebKit/537.36 (KHTML, like Gecko) Chrome/141.0.7390.107 Mobile Safari/537.36 (compatible; Googlebot/2.1; +http://www.google.com/bot.html)"
66.249.65.160 - - [22/Oct/2025:08:05:46 -0700] "GET /?shopping=1100060242 HTTP/1.1" 200 20921 "-" "Mozilla/5.0 (Linux; Android 6.0.1; Nexus 5X Build/MMB29P) AppleWebKit/537.36 (KHTML, like Gecko) Chrome/141.0.7390.107 Mobile Safari/537.36 (compatible; Googlebot/2.1; +http://www.google.com/bot.html)"
66.249.65.174 - - [22/Oct/2025:08:06:16 -0700] "GET /?shopping=1100064670 HTTP/1.1" 200 24521 "-" "Mozilla/5.0 (Linux; Android 6.0.1; Nexus 5X Build/MMB29P) AppleWebKit/537.36 (KHTML, like Gecko) Chrome/141.0.7390.107 Mobile Safari/537.36 (compatible; Googlebot/2.1; +http://www.google.com/bot.html)"
66.249.65.174 - - [22/Oct/2025:08:06:48 -0700] "GET /?shopping=1100092772 HTTP/1.1" 200 24962 "-" "Mozilla/5.0 (Linux; Android 6.0.1; Nexus 5X Build/MMB29P) AppleWebKit/537.36 (KHTML, like Gecko) Chrome/141.0.7390.107 Mobile Safari/537.36 (compatible; Googlebot/2.1; +http://www.google.com/bot.html)"
66.249.65.161 - - [22/Oct/2025:08:07:40 -0700] "GET /?shopping=1611329476 HTTP/1.1" 200 24495 "-" "Mozilla/5.0 (Linux; Android 6.0.1; Nexus 5X Build/MMB29P) AppleWebKit/537.36 (KHTML, like Gecko) Chrome/141.0.7390.107 Mobile Safari/537.36 (compatible; GoogleOther)"
66.249.65.160 - - [22/Oct/2025:08:07:41 -0700] "GET /?shopping=1100057530 HTTP/1.1" 200 24910 "-" "Mozilla/5.0 (Linux; Android 6.0.1; Nexus 5X Build/MMB29P) AppleWebKit/537.36 (KHTML, like Gecko) Chrome/141.0.7390.107 Mobile Safari/537.36 (compatible; Googlebot/2.1; +http://www.google.com/bot.html)"
66.249.65.160 - - [22/Oct/2025:08:08:04 -0700] "GET /?shopping=1100066680 HTTP/1.1" 200 25217 "-" "Mozilla/5.0 (Linux; Android 6.0.1; Nexus 5X Build/MMB29P) AppleWebKit/537.36 (KHTML, like Gecko) Chrome/141.0.7390.107 Mobile Safari/537.36 (compatible; Googlebot/2.1; +http://www.google.com/bot.html)"
66.249.65.160 - - [22/Oct/2025:08:08:27 -0700] "GET /?shopping=2124007068 HTTP/1.1" 200 25596 "-" "Mozilla/5.0 (Linux; Android 6.0.1; Nexus 5X Build/MMB29P) AppleWebKit/537.36 (KHTML, like Gecko) Chrome/141.0.7390.107 Mobile Safari/537.36 (compatible; Googlebot/2.1; +http://www.google.com/bot.html)"
66.249.65.174 - - [22/Oct/2025:08:09:12 -0700] "GET /?shopping=2124009602 HTTP/1.1" 200 24658 "-" "Mozilla/5.0 (Linux; Android 6.0.1; Nexus 5X Build/MMB29P) AppleWebKit/537.36 (KHTML, like Gecko) Chrome/141.0.7390.107 Mobile Safari/537.36 (compatible; Googlebot/2.1; +http://www.google.com/bot.html)"
66.249.65.160 - - [22/Oct/2025:08:09:35 -0700] "GET /?shopping=2124011480 HTTP/1.1" 200 24727 "-" "Mozilla/5.0 (Linux; Android 6.0.1; Nexus 5X Build/MMB29P) AppleWebKit/537.36 (KHTML, like Gecko) Chrome/141.0.7390.107 Mobile Safari/537.36 (compatible; Googlebot/2.1; +http://www.google.com/bot.html)"
66.249.65.174 - - [22/Oct/2025:08:09:58 -0700] "GET /?shopping=2124001616 HTTP/1.1" 200 25545 "-" "Mozilla/5.0 (Linux; Android 6.0.1; Nexus 5X Build/MMB29P) AppleWebKit/537.36 (KHTML, like Gecko) Chrome/141.0.7390.107 Mobile Safari/537.36 (compatible; Googlebot/2.1; +http://www.google.com/bot.html)"
66.249.65.174 - - [22/Oct/2025:08:09:59 -0700] "GET /?shopping=1115548750 HTTP/1.1" 200 21331 "-" "Mozilla/5.0 (Linux; Android 6.0.1; Nexus 5X Build/MMB29P) AppleWebKit/537.36 (KHTML, like Gecko) Chrome/141.0.7390.107 Mobile Safari/537.36 (compatible; Googlebot/2.1; +http://www.google.com/bot.html)"
66.249.65.161 - - [22/Oct/2025:08:10:22 -0700] "GET /?zhHant/product/surugaya/I1512116047?campaign_uid=f64d716db5e979ed2f947dbaf4296895b951ae7f HTTP/1.1" 200 26212 "-" "Mozilla/5.0 (Linux; Android 6.0.1; Nexus 5X Build/MMB29P) AppleWebKit/537.36 (KHTML, like Gecko) Chrome/141.0.7390.107 Mobile Safari/537.36 (compatible; Googlebot/2.1; +http://www.google.com/bot.html)"
66.249.65.174 - - [22/Oct/2025:08:10:45 -0700] "GET /?shopping=2124009086 HTTP/1.1" 200 24320 "-" "Mozilla/5.0 (Linux; Android 6.0.1; Nexus 5X Build/MMB29P) AppleWebKit/537.36 (KHTML, like Gecko) Chrome/141.0.7390.107 Mobile Safari/537.36 (compatible; Googlebot/2.1; +http://www.google.com/bot.html)"
66.249.65.174 - - [22/Oct/2025:08:10:45 -0700] "GET /?shopping=2024083230 HTTP/1.1" 200 22641 "-" "Mozilla/5.0 (Linux; Android 6.0.1; Nexus 5X Build/MMB29P) AppleWebKit/537.36 (KHTML, like Gecko) Chrome/141.0.7390.107 Mobile Safari/537.36 (compatible; Googlebot/2.1; +http://www.google.com/bot.html)"
66.249.65.160 - - [22/Oct/2025:08:10:46 -0700] "GET /?shopping=1387337006 HTTP/1.1" 200 23982 "-" "Mozilla/5.0 (Linux; Android 6.0.1; Nexus 5X Build/MMB29P) AppleWebKit/537.36 (KHTML, like Gecko) Chrome/141.0.7390.107 Mobile Safari/537.36 (compatible; Googlebot/2.1; +http://www.google.com/bot.html)"
66.249.65.160 - - [22/Oct/2025:08:11:00 -0700] "GET /?shopping=1115597736 HTTP/1.1" 200 25933 "-" "Mozilla/5.0 (Linux; Android 6.0.1; Nexus 5X Build/MMB29P) AppleWebKit/537.36 (KHTML, like Gecko) Chrome/141.0.7390.107 Mobile Safari/537.36 (compatible; Googlebot/2.1; +http://www.google.com/bot.html)"
66.249.65.160 - - [22/Oct/2025:08:11:29 -0700] "GET /?shopping=1115562610 HTTP/1.1" 200 25694 "-" "Mozilla/5.0 (Linux; Android 6.0.1; Nexus 5X Build/MMB29P) AppleWebKit/537.36 (KHTML, like Gecko) Chrome/141.0.7390.107 Mobile Safari/537.36 (compatible; Googlebot/2.1; +http://www.google.com/bot.html)"
66.249.65.174 - - [22/Oct/2025:08:12:00 -0700] "GET /?shopping=1115583312 HTTP/1.1" 200 24801 "-" "Mozilla/5.0 (Linux; Android 6.0.1; Nexus 5X Build/MMB29P) AppleWebKit/537.36 (KHTML, like Gecko) Chrome/141.0.7390.107 Mobile Safari/537.36 (compatible; Googlebot/2.1; +http://www.google.com/bot.html)"
66.249.65.174 - - [22/Oct/2025:08:12:31 -0700] "GET /?shopping=1115598566 HTTP/1.1" 200 23757 "-" "Mozilla/5.0 (Linux; Android 6.0.1; Nexus 5X Build/MMB29P) AppleWebKit/537.36 (KHTML, like Gecko) Chrome/141.0.7390.107 Mobile Safari/537.36 (compatible; Googlebot/2.1; +http://www.google.com/bot.html)"
66.249.65.174 - - [22/Oct/2025:08:12:54 -0700] "GET /?zhHant/product/surugaya/I1037758618?campaign_uid=f64d716db5e979ed2f947dbaf4296895b951ae7f HTTP/1.1" 200 26475 "-" "Mozilla/5.0 (Linux; Android 6.0.1; Nexus 5X Build/MMB29P) AppleWebKit/537.36 (KHTML, like Gecko) Chrome/141.0.7390.107 Mobile Safari/537.36 (compatible; Googlebot/2.1; +http://www.google.com/bot.html)"
66.249.65.160 - - [22/Oct/2025:08:13:21 -0700] "GET /?shopping=1115545346 HTTP/1.1" 200 25388 "-" "Mozilla/5.0 (Linux; Android 6.0.1; Nexus 5X Build/MMB29P) AppleWebKit/537.36 (KHTML, like Gecko) Chrome/141.0.7390.107 Mobile Safari/537.36 (compatible; Googlebot/2.1; +http://www.google.com/bot.html)"
66.249.65.174 - - [22/Oct/2025:08:13:44 -0700] "GET /?shopping=1115548218 HTTP/1.1" 200 24755 "-" "Mozilla/5.0 (Linux; Android 6.0.1; Nexus 5X Build/MMB29P) AppleWebKit/537.36 (KHTML, like Gecko) Chrome/141.0.7390.107 Mobile Safari/537.36 (compatible; Googlebot/2.1; +http://www.google.com/bot.html)"
66.249.65.160 - - [22/Oct/2025:08:13:45 -0700] "GET /?shopping=1115579576 HTTP/1.1" 200 24839 "-" "Mozilla/5.0 (Linux; Android 6.0.1; Nexus 5X Build/MMB29P) AppleWebKit/537.36 (KHTML, like Gecko) Chrome/141.0.7390.107 Mobile Safari/537.36 (compatible; Googlebot/2.1; +http://www.google.com/bot.html)"
66.249.65.161 - - [22/Oct/2025:08:14:08 -0700] "GET /?shopping=1115575016 HTTP/1.1" 200 28531 "-" "Mozilla/5.0 (Linux; Android 6.0.1; Nexus 5X Build/MMB29P) AppleWebKit/537.36 (KHTML, like Gecko) Chrome/141.0.7390.107 Mobile Safari/537.36 (compatible; Googlebot/2.1; +http://www.google.com/bot.html)"
66.249.65.160 - - [22/Oct/2025:08:14:08 -0700] "GET /?shopping=1505329312 HTTP/1.1" 200 25333 "-" "Mozilla/5.0 (Linux; Android 6.0.1; Nexus 5X Build/MMB29P) AppleWebKit/537.36 (KHTML, like Gecko) Chrome/141.0.7390.107 Mobile Safari/537.36 (compatible; Googlebot/2.1; +http://www.google.com/bot.html)"
66.249.65.160 - - [22/Oct/2025:08:14:54 -0700] "GET /?shopping=1115574310 HTTP/1.1" 200 24712 "-" "Mozilla/5.0 (Linux; Android 6.0.1; Nexus 5X Build/MMB29P) AppleWebKit/537.36 (KHTML, like Gecko) Chrome/141.0.7390.107 Mobile Safari/537.36 (compatible; Googlebot/2.1; +http://www.google.com/bot.html)"
66.249.65.160 - - [22/Oct/2025:08:15:17 -0700] "GET /?shopping=1115560430 HTTP/1.1" 200 26003 "-" "Mozilla/5.0 (Linux; Android 6.0.1; Nexus 5X Build/MMB29P) AppleWebKit/537.36 (KHTML, like Gecko) Chrome/141.0.7390.107 Mobile Safari/537.36 (compatible; Googlebot/2.1; +http://www.google.com/bot.html)"
176.9.111.80 - - [22/Oct/2025:08:15:18 -0700] "POST /xmlrpc.php HTTP/2.0" 429 348 "https://www.inspirationdigital.com" "Mozilla/5.0 (Windows NT 10.0; Win64; x64) AppleWebKit/537.36 (KHTML, like Gecko) Chrome/112.0.5615.138 Safari/537.36"
66.249.65.160 - - [22/Oct/2025:08:15:40 -0700] "GET /?shopping=1115550760 HTTP/1.1" 200 25194 "-" "Mozilla/5.0 (Linux; Android 6.0.1; Nexus 5X Build/MMB29P) AppleWebKit/537.36 (KHTML, like Gecko) Chrome/141.0.7390.107 Mobile Safari/537.36 (compatible; Googlebot/2.1; +http://www.google.com/bot.html)"
66.249.65.161 - - [22/Oct/2025:08:16:25 -0700] "GET /?shopping=1115548016 HTTP/1.1" 200 24240 "-" "Mozilla/5.0 (Linux; Android 6.0.1; Nexus 5X Build/MMB29P) AppleWebKit/537.36 (KHTML, like Gecko) Chrome/141.0.7390.107 Mobile Safari/537.36 (compatible; Googlebot/2.1; +http://www.google.com/bot.html)"
64.38.145.230 - - [22/Oct/2025:08:16:29 -0700] "GET /wp-login.php HTTP/2.0" 429 351 "-" "Mozilla/5.0 (Windows NT 10.0; Win64; x64) AppleWebKit/537.36 (KHTML, like Gecko) Chrome/66.0.3359.181 Safari/537.36"
64.38.145.230 - - [22/Oct/2025:08:16:33 -0700] "POST /wp-login.php HTTP/2.0" 429 278 "https://www.inspirationdigital.com/wp-login.php" "Mozilla/5.0 (Windows NT 10.0; Win64; x64) AppleWebKit/537.36 (KHTML, like Gecko) Chrome/66.0.3359.181 Safari/537.36"
66.249.65.160 - - [22/Oct/2025:08:16:51 -0700] "GET /?shopping=1115576906 HTTP/1.1" 200 25736 "-" "Mozilla/5.0 (Linux; Android 6.0.1; Nexus 5X Build/MMB29P) AppleWebKit/537.36 (KHTML, like Gecko) Chrome/141.0.7390.107 Mobile Safari/537.36 (compatible; Googlebot/2.1; +http://www.google.com/bot.html)"
66.249.65.174 - - [22/Oct/2025:08:16:51 -0700] "GET /?shopping=329927992 HTTP/1.1" 200 25364 "-" "Mozilla/5.0 (Linux; Android 6.0.1; Nexus 5X Build/MMB29P) AppleWebKit/537.36 (KHTML, like Gecko) Chrome/141.0.7390.107 Mobile Safari/537.36 (compatible; Googlebot/2.1; +http://www.google.com/bot.html)"
66.249.65.161 - - [22/Oct/2025:08:17:12 -0700] "GET /?shopping=1115561764 HTTP/1.1" 200 24535 "-" "Mozilla/5.0 (Linux; Android 6.0.1; Nexus 5X Build/MMB29P) AppleWebKit/537.36 (KHTML, like Gecko) Chrome/141.0.7390.107 Mobile Safari/537.36 (compatible; Googlebot/2.1; +http://www.google.com/bot.html)"
66.249.65.160 - - [22/Oct/2025:08:17:44 -0700] "GET /?shopping=1115593146 HTTP/1.1" 200 24064 "-" "Mozilla/5.0 (Linux; Android 6.0.1; Nexus 5X Build/MMB29P) AppleWebKit/537.36 (KHTML, like Gecko) Chrome/141.0.7390.107 Mobile Safari/537.36 (compatible; Googlebot/2.1; +http://www.google.com/bot.html)"
66.249.65.174 - - [22/Oct/2025:08:18:15 -0700] "GET /?shopping=1115587872 HTTP/1.1" 200 24325 "-" "Mozilla/5.0 (Linux; Android 6.0.1; Nexus 5X Build/MMB29P) AppleWebKit/537.36 (KHTML, like Gecko) Chrome/141.0.7390.107 Mobile Safari/537.36 (compatible; Googlebot/2.1; +http://www.google.com/bot.html)"
66.249.65.160 - - [22/Oct/2025:08:18:46 -0700] "GET /?shopping=1115582156 HTTP/1.1" 200 29292 "-" "Mozilla/5.0 (Linux; Android 6.0.1; Nexus 5X Build/MMB29P) AppleWebKit/537.36 (KHTML, like Gecko) Chrome/141.0.7390.107 Mobile Safari/537.36 (compatible; Googlebot/2.1; +http://www.google.com/bot.html)"
15.235.42.56 - - [22/Oct/2025:08:18:47 -0700] "POST /xmlrpc.php HTTP/2.0" 429 340 "https://www.inspirationdigital.com" "Mozilla/5.0 (Macintosh; Intel Mac OS X 14_4_1) AppleWebKit/605.1.15 (KHTML, like Gecko) Version/17.3.1 Safari/605.1.15"
66.249.65.160 - - [22/Oct/2025:08:19:30 -0700] "GET /?shopping=1115595858 HTTP/1.1" 200 25171 "-" "Mozilla/5.0 (Linux; Android 6.0.1; Nexus 5X Build/MMB29P) AppleWebKit/537.36 (KHTML, like Gecko) Chrome/141.0.7390.107 Mobile Safari/537.36 (compatible; Googlebot/2.1; +http://www.google.com/bot.html)"
66.249.65.160 - - [22/Oct/2025:08:19:53 -0700] "GET /?shopping=1115578900 HTTP/1.1" 200 24515 "-" "Mozilla/5.0 (Linux; Android 6.0.1; Nexus 5X Build/MMB29P) AppleWebKit/537.36 (KHTML, like Gecko) Chrome/141.0.7390.107 Mobile Safari/537.36 (compatible; Googlebot/2.1; +http://www.google.com/bot.html)"
66.249.65.160 - - [22/Oct/2025:08:20:16 -0700] "GET /?shopping=1614918502 HTTP/1.1" 200 25120 "-" "Mozilla/5.0 (Linux; Android 6.0.1; Nexus 5X Build/MMB29P) AppleWebKit/537.36 (KHTML, like Gecko) Chrome/141.0.7390.107 Mobile Safari/537.36 (compatible; Googlebot/2.1; +http://www.google.com/bot.html)"
66.249.65.174 - - [22/Oct/2025:08:20:39 -0700] "GET /?shopping=1115574162 HTTP/1.1" 200 26131 "-" "Mozilla/5.0 (Linux; Android 6.0.1; Nexus 5X Build/MMB29P) AppleWebKit/537.36 (KHTML, like Gecko) Chrome/141.0.7390.107 Mobile Safari/537.36 (compatible; Googlebot/2.1; +http://www.google.com/bot.html)"
66.249.65.161 - - [22/Oct/2025:08:21:02 -0700] "GET /?shopping=1115546860 HTTP/1.1" 200 24748 "-" "Mozilla/5.0 (Linux; Android 6.0.1; Nexus 5X Build/MMB29P) AppleWebKit/537.36 (KHTML, like Gecko) Chrome/141.0.7390.107 Mobile Safari/537.36 (compatible; Googlebot/2.1; +http://www.google.com/bot.html)"
66.249.65.174 - - [22/Oct/2025:08:21:25 -0700] "GET /?shopping=1115581466 HTTP/1.1" 200 24979 "-" "Mozilla/5.0 (Linux; Android 6.0.1; Nexus 5X Build/MMB29P) AppleWebKit/537.36 (KHTML, like Gecko) Chrome/141.0.7390.107 Mobile Safari/537.36 (compatible; Googlebot/2.1; +http://www.google.com/bot.html)"
66.249.65.160 - - [22/Oct/2025:08:21:25 -0700] "GET /zhHant/product/surugaya/I1211206419?campaign_uid=f64d716db5e979ed2f947dbaf4296895b951ae7f HTTP/1.1" 200 25079 "-" "Mozilla/5.0 (Linux; Android 6.0.1; Nexus 5X Build/MMB29P) AppleWebKit/537.36 (KHTML, like Gecko) Chrome/141.0.7390.107 Mobile Safari/537.36 (compatible; Googlebot/2.1; +http://www.google.com/bot.html)"
66.249.65.161 - - [22/Oct/2025:08:22:11 -0700] "GET /?shopping=1115557880 HTTP/1.1" 200 25554 "-" "Mozilla/5.0 (Linux; Android 6.0.1; Nexus 5X Build/MMB29P) AppleWebKit/537.36 (KHTML, like Gecko) Chrome/141.0.7390.107 Mobile Safari/537.36 (compatible; Googlebot/2.1; +http://www.google.com/bot.html)"
103.6.198.178 - - [22/Oct/2025:08:22:20 -0700] "POST /xmlrpc.php HTTP/2.0" 429 340 "https://www.inspirationdigital.com" "Mozilla/5.0 (Macintosh; Intel Mac OS X 10_15_7; rv:127.0) Gecko/20100101 Firefox/127.0"
66.249.65.160 - - [22/Oct/2025:08:22:34 -0700] "GET /?shopping=1115569750 HTTP/1.1" 200 24716 "-" "Mozilla/5.0 (Linux; Android 6.0.1; Nexus 5X Build/MMB29P) AppleWebKit/537.36 (KHTML, like Gecko) Chrome/141.0.7390.107 Mobile Safari/537.36 (compatible; Googlebot/2.1; +http://www.google.com/bot.html)"
66.249.65.174 - - [22/Oct/2025:08:22:57 -0700] "GET /?shopping=1115588586 HTTP/1.1" 200 25081 "-" "Mozilla/5.0 (Linux; Android 6.0.1; Nexus 5X Build/MMB29P) AppleWebKit/537.36 (KHTML, like Gecko) Chrome/141.0.7390.107 Mobile Safari/537.36 (compatible; Googlebot/2.1; +http://www.google.com/bot.html)"
66.249.65.174 - - [22/Oct/2025:08:22:57 -0700] "GET /?shopping=579304890 HTTP/1.1" 200 20578 "-" "Mozilla/5.0 (Linux; Android 6.0.1; Nexus 5X Build/MMB29P) AppleWebKit/537.36 (KHTML, like Gecko) Chrome/141.0.7390.107 Mobile Safari/537.36 (compatible; Googlebot/2.1; +http://www.google.com/bot.html)"
165.232.131.12 - - [22/Oct/2025:08:23:00 -0700] "POST /xmlrpc.php HTTP/2.0" 429 351 "-" "Mozilla/5.0 (Windows NT 10.0; WOW64) AppleWebKit/537.36 (KHTML, like Gecko) Chrome/66.0.3359.181 Safari/537.36"
165.232.131.12 - - [22/Oct/2025:08:23:04 -0700] "POST /xmlrpc.php HTTP/2.0" 429 351 "-" "Mozilla/5.0 (Windows NT 10.0; WOW64) AppleWebKit/537.36 (KHTML, like Gecko) Chrome/66.0.3359.181 Safari/537.36"
66.249.65.161 - - [22/Oct/2025:08:23:43 -0700] "GET /?shopping=234533734 HTTP/1.1" 200 23638 "-" "Mozilla/5.0 (Linux; Android 6.0.1; Nexus 5X Build/MMB29P) AppleWebKit/537.36 (KHTML, like Gecko) Chrome/141.0.7390.107 Mobile Safari/537.36 (compatible; Googlebot/2.1; +http://www.google.com/bot.html)"
66.249.65.174 - - [22/Oct/2025:08:23:43 -0700] "GET /?shopping=1115557900 HTTP/1.1" 200 25260 "-" "Mozilla/5.0 (Linux; Android 6.0.1; Nexus 5X Build/MMB29P) AppleWebKit/537.36 (KHTML, like Gecko) Chrome/141.0.7390.107 Mobile Safari/537.36 (compatible; Googlebot/2.1; +http://www.google.com/bot.html)"
66.249.65.160 - - [22/Oct/2025:08:24:06 -0700] "GET /?shopping=1115541446 HTTP/1.1" 200 25615 "-" "Mozilla/5.0 (Linux; Android 6.0.1; Nexus 5X Build/MMB29P) AppleWebKit/537.36 (KHTML, like Gecko) Chrome/141.0.7390.107 Mobile Safari/537.36 (compatible; Googlebot/2.1; +http://www.google.com/bot.html)"
66.249.65.160 - - [22/Oct/2025:08:24:52 -0700] "GET /?shopping=1115565020 HTTP/1.1" 200 23890 "-" "Mozilla/5.0 (Linux; Android 6.0.1; Nexus 5X Build/MMB29P) AppleWebKit/537.36 (KHTML, like Gecko) Chrome/141.0.7390.107 Mobile Safari/537.36 (compatible; Googlebot/2.1; +http://www.google.com/bot.html)"
66.249.65.160 - - [22/Oct/2025:08:24:52 -0700] "GET /?shopping=1381323092 HTTP/1.1" 200 21798 "-" "Mozilla/5.0 (Linux; Android 6.0.1; Nexus 5X Build/MMB29P) AppleWebKit/537.36 (KHTML, like Gecko) Chrome/141.0.7390.107 Mobile Safari/537.36 (compatible; Googlebot/2.1; +http://www.google.com/bot.html)"
66.249.65.160 - - [22/Oct/2025:08:25:15 -0700] "GET /?shopping=1081344890 HTTP/1.1" 200 26183 "-" "Mozilla/5.0 (Linux; Android 6.0.1; Nexus 5X Build/MMB29P) AppleWebKit/537.36 (KHTML, like Gecko) Chrome/141.0.7390.107 Mobile Safari/537.36 (compatible; Googlebot/2.1; +http://www.google.com/bot.html)"
66.249.65.174 - - [22/Oct/2025:08:25:16 -0700] "GET /?shopping=1115546200 HTTP/1.1" 200 24824 "-" "Mozilla/5.0 (Linux; Android 6.0.1; Nexus 5X Build/MMB29P) AppleWebKit/537.36 (KHTML, like Gecko) Chrome/141.0.7390.107 Mobile Safari/537.36 (compatible; Googlebot/2.1; +http://www.google.com/bot.html)"
66.249.65.174 - - [22/Oct/2025:08:25:39 -0700] "GET /?shopping=103375210 HTTP/1.1" 200 26623 "-" "Mozilla/5.0 (Linux; Android 6.0.1; Nexus 5X Build/MMB29P) AppleWebKit/537.36 (KHTML, like Gecko) Chrome/141.0.7390.107 Mobile Safari/537.36 (compatible; Googlebot/2.1; +http://www.google.com/bot.html)"
66.249.65.160 - - [22/Oct/2025:08:26:24 -0700] "GET /?shopping=103398954 HTTP/1.1" 200 24338 "-" "Mozilla/5.0 (Linux; Android 6.0.1; Nexus 5X Build/MMB29P) AppleWebKit/537.36 (KHTML, like Gecko) Chrome/141.0.7390.107 Mobile Safari/537.36 (compatible; Googlebot/2.1; +http://www.google.com/bot.html)"
66.249.65.174 - - [22/Oct/2025:08:26:25 -0700] "GET /zhHant/product/surugaya/I2512981705?campaign_uid=f64d716db5e979ed2f947dbaf4296895b951ae7f HTTP/1.1" 200 23827 "-" "Mozilla/5.0 (Linux; Android 6.0.1; Nexus 5X Build/MMB29P) AppleWebKit/537.36 (KHTML, like Gecko) Chrome/141.0.7390.107 Mobile Safari/537.36 (compatible; Googlebot/2.1; +http://www.google.com/bot.html)"
66.249.65.174 - - [22/Oct/2025:08:26:48 -0700] "GET /?shopping=2116776064 HTTP/1.1" 200 26050 "-" "Mozilla/5.0 (Linux; Android 6.0.1; Nexus 5X Build/MMB29P) AppleWebKit/537.36 (KHTML, like Gecko) Chrome/141.0.7390.107 Mobile Safari/537.36 (compatible; Googlebot/2.1; +http://www.google.com/bot.html)"
66.249.65.174 - - [22/Oct/2025:08:27:11 -0700] "GET /?shopping=103410506 HTTP/1.1" 200 23800 "-" "Mozilla/5.0 (Linux; Android 6.0.1; Nexus 5X Build/MMB29P) AppleWebKit/537.36 (KHTML, like Gecko) Chrome/141.0.7390.107 Mobile Safari/537.36 (compatible; Googlebot/2.1; +http://www.google.com/bot.html)"
66.249.65.174 - - [22/Oct/2025:08:27:57 -0700] "GET /?shopping=1115567554 HTTP/1.1" 200 24472 "-" "Mozilla/5.0 (Linux; Android 6.0.1; Nexus 5X Build/MMB29P) AppleWebKit/537.36 (KHTML, like Gecko) Chrome/141.0.7390.107 Mobile Safari/537.36 (compatible; Googlebot/2.1; +http://www.google.com/bot.html)"
66.249.65.160 - - [22/Oct/2025:08:27:57 -0700] "GET /?shopping=103417774 HTTP/1.1" 200 23355 "-" "Mozilla/5.0 (Linux; Android 6.0.1; Nexus 5X Build/MMB29P) AppleWebKit/537.36 (KHTML, like Gecko) Chrome/141.0.7390.107 Mobile Safari/537.36 (compatible; Googlebot/2.1; +http://www.google.com/bot.html)"
66.249.65.161 - - [22/Oct/2025:08:28:20 -0700] "GET /?shopping=234540890 HTTP/1.1" 200 23988 "-" "Mozilla/5.0 (Linux; Android 6.0.1; Nexus 5X Build/MMB29P) AppleWebKit/537.36 (KHTML, like Gecko) Chrome/141.0.7390.107 Mobile Safari/537.36 (compatible; Googlebot/2.1; +http://www.google.com/bot.html)"
66.249.65.160 - - [22/Oct/2025:08:28:21 -0700] "GET /?shopping=103413176 HTTP/1.1" 200 24367 "-" "Mozilla/5.0 (Linux; Android 6.0.1; Nexus 5X Build/MMB29P) AppleWebKit/537.36 (KHTML, like Gecko) Chrome/141.0.7390.107 Mobile Safari/537.36 (compatible; Googlebot/2.1; +http://www.google.com/bot.html)"
172.192.23.239 - - [22/Oct/2025:08:28:34 -0700] "GET /wp-content/plugins/fix/up.php HTTP/1.1" 429 3861 "-" "Mozilla/5.0 (Windows NT 10.0; Win64; x64) AppleWebKit/537.36 (KHTML, like Gecko) Chrome/85.0.4183.102 Safari/537.36"
66.249.65.160 - - [22/Oct/2025:08:28:40 -0700] "GET /?shopping=103363494 HTTP/1.1" 200 23803 "-" "Mozilla/5.0 (Linux; Android 6.0.1; Nexus 5X Build/MMB29P) AppleWebKit/537.36 (KHTML, like Gecko) Chrome/141.0.7390.107 Mobile Safari/537.36 (compatible; Googlebot/2.1; +http://www.google.com/bot.html)"
66.249.65.174 - - [22/Oct/2025:08:29:11 -0700] "GET /?shopping=103372644 HTTP/1.1" 200 25171 "-" "Mozilla/5.0 (Linux; Android 6.0.1; Nexus 5X Build/MMB29P) AppleWebKit/537.36 (KHTML, like Gecko) Chrome/141.0.7390.107 Mobile Safari/537.36 (compatible; Googlebot/2.1; +http://www.google.com/bot.html)"
185.254.237.174 - - [22/Oct/2025:08:29:20 -0700] "POST /xmlrpc.php HTTP/2.0" 429 348 "https://www.inspirationdigital.com" "Mozilla/5.0 (Windows NT 10.0; Win64; x64) AppleWebKit/537.36 (KHTML, like Gecko) Chrome/115.0.5790.102 Safari/537.36"
66.249.65.174 - - [22/Oct/2025:08:29:43 -0700] "GET /?shopping=2116766196 HTTP/1.1" 200 25073 "-" "Mozilla/5.0 (Linux; Android 6.0.1; Nexus 5X Build/MMB29P) AppleWebKit/537.36 (KHTML, like Gecko) Chrome/141.0.7390.107 Mobile Safari/537.36 (compatible; Googlebot/2.1; +http://www.google.com/bot.html)"
66.249.65.160 - - [22/Oct/2025:08:30:28 -0700] "GET /?shopping=2116778082 HTTP/1.1" 200 24824 "-" "Mozilla/5.0 (Linux; Android 6.0.1; Nexus 5X Build/MMB29P) AppleWebKit/537.36 (KHTML, like Gecko) Chrome/141.0.7390.107 Mobile Safari/537.36 (compatible; Googlebot/2.1; +http://www.google.com/bot.html)"
66.249.65.160 - - [22/Oct/2025:08:30:54 -0700] "GET /zhHant/product/surugaya/I2331190813?campaign_uid=f64d716db5e979ed2f947dbaf4296895b951ae7f HTTP/1.1" 200 25293 "-" "Mozilla/5.0 (Linux; Android 6.0.1; Nexus 5X Build/MMB29P) AppleWebKit/537.36 (KHTML, like Gecko) Chrome/141.0.7390.107 Mobile Safari/537.36 (compatible; Googlebot/2.1; +http://www.google.com/bot.html)"
66.249.65.160 - - [22/Oct/2025:08:30:55 -0700] "GET /?shopping=1117320420 HTTP/1.1" 200 20836 "-" "Mozilla/5.0 (Linux; Android 6.0.1; Nexus 5X Build/MMB29P) AppleWebKit/537.36 (KHTML, like Gecko) Chrome/141.0.7390.107 Mobile Safari/537.36 (compatible; Googlebot/2.1; +http://www.google.com/bot.html)"
66.249.65.160 - - [22/Oct/2025:08:31:16 -0700] "GET /?shopping=1117318938 HTTP/1.1" 200 25386 "-" "Mozilla/5.0 (Linux; Android 6.0.1; Nexus 5X Build/MMB29P) AppleWebKit/537.36 (KHTML, like Gecko) Chrome/141.0.7390.107 Mobile Safari/537.36 (compatible; Googlebot/2.1; +http://www.google.com/bot.html)"
66.249.65.174 - - [22/Oct/2025:08:31:50 -0700] "GET /?shopping=1117298212 HTTP/1.1" 200 25211 "-" "Mozilla/5.0 (Linux; Android 6.0.1; Nexus 5X Build/MMB29P) AppleWebKit/537.36 (KHTML, like Gecko) Chrome/141.0.7390.107 Mobile Safari/537.36 (compatible; Googlebot/2.1; +http://www.google.com/bot.html)"
66.249.65.160 - - [22/Oct/2025:08:31:51 -0700] "GET /?shopping=331644122 HTTP/1.1" 200 24980 "-" "Mozilla/5.0 (Linux; Android 6.0.1; Nexus 5X Build/MMB29P) AppleWebKit/537.36 (KHTML, like Gecko) Chrome/141.0.7390.107 Mobile Safari/537.36 (compatible; Googlebot/2.1; +http://www.google.com/bot.html)"
34.202.83.109 - - [22/Oct/2025:08:32:02 -0700] "POST /xmlrpc.php HTTP/2.0" 429 342 "-" "Mozilla/5.0 (Windows NT 6.1; WOW64) AppleWebKit/537.36 (KHTML, like Gecko) Chrome/67.0.3396.79 Safari/537.36"
66.249.65.161 - - [22/Oct/2025:08:32:15 -0700] "GET /?shopping=1594212056 HTTP/1.1" 200 25291 "-" "Mozilla/5.0 (Linux; Android 6.0.1; Nexus 5X Build/MMB29P) AppleWebKit/537.36 (KHTML, like Gecko) Chrome/141.0.7390.107 Mobile Safari/537.36 (compatible; Googlebot/2.1; +http://www.google.com/bot.html)"
66.249.65.160 - - [22/Oct/2025:08:32:19 -0700] "GET /?shopping=534542142 HTTP/1.1" 200 24114 "-" "Mozilla/5.0 (Linux; Android 6.0.1; Nexus 5X Build/MMB29P) AppleWebKit/537.36 (KHTML, like Gecko) Chrome/141.0.7390.107 Mobile Safari/537.36 (compatible; Googlebot/2.1; +http://www.google.com/bot.html)"
34.202.83.109 - - [22/Oct/2025:08:32:24 -0700] "POST /xmlrpc.php HTTP/2.0" 200 365 "-" "Mozilla/5.0 (Windows NT 6.1; WOW64) AppleWebKit/537.36 (KHTML, like Gecko) Chrome/67.0.3396.79 Safari/537.36"
75.119.207.108 - - [22/Oct/2025:08:32:26 -0700] "POST /wp-cron.php?doing_wp_cron=1761147146.3493590354919433593750 HTTP/1.1" 200 3657 "-" "WordPress/6.8.3; https://www.inspirationdigital.com"
193.231.242.80 - - [22/Oct/2025:08:32:49 -0700] "POST /xmlrpc.php HTTP/2.0" 429 348 "https://www.inspirationdigital.com" "Mozilla/5.0 (Macintosh; Intel Mac OS X 10_15_7) AppleWebKit/537.36 (KHTML, like Gecko) Chrome/112.0.5615.138 Safari/537.36"
66.249.65.160 - - [22/Oct/2025:08:32:50 -0700] "GET /?shopping=534549926 HTTP/1.1" 200 23806 "-" "Mozilla/5.0 (Linux; Android 6.0.1; Nexus 5X Build/MMB29P) AppleWebKit/537.36 (KHTML, like Gecko) Chrome/141.0.7390.107 Mobile Safari/537.36 (compatible; Googlebot/2.1; +http://www.google.com/bot.html)"
66.249.65.174 - - [22/Oct/2025:08:33:21 -0700] "GET /?shopping=534527206 HTTP/1.1" 200 24008 "-" "Mozilla/5.0 (Linux; Android 6.0.1; Nexus 5X Build/MMB29P) AppleWebKit/537.36 (KHTML, like Gecko) Chrome/141.0.7390.107 Mobile Safari/537.36 (compatible; Googlebot/2.1; +http://www.google.com/bot.html)"
66.249.65.161 - - [22/Oct/2025:08:34:10 -0700] "GET /?shopping=534521964 HTTP/1.1" 200 25102 "-" "Mozilla/5.0 (Linux; Android 6.0.1; Nexus 5X Build/MMB29P) AppleWebKit/537.36 (KHTML, like Gecko) Chrome/141.0.7390.107 Mobile Safari/537.36 (compatible; Googlebot/2.1; +http://www.google.com/bot.html)"
66.249.65.174 - - [22/Oct/2025:08:34:33 -0700] "GET /?shopping=534557260 HTTP/1.1" 200 23684 "-" "Mozilla/5.0 (Linux; Android 6.0.1; Nexus 5X Build/MMB29P) AppleWebKit/537.36 (KHTML, like Gecko) Chrome/141.0.7390.107 Mobile Safari/537.36 (compatible; Googlebot/2.1; +http://www.google.com/bot.html)"
66.249.65.160 - - [22/Oct/2025:08:34:33 -0700] "GET /zhHant/product/surugaya/I3352164434?campaign_uid=f64d716db5e979ed2f947dbaf4296895b951ae7f HTTP/1.1" 200 24256 "-" "Mozilla/5.0 (Linux; Android 6.0.1; Nexus 5X Build/MMB29P) AppleWebKit/537.36 (KHTML, like Gecko) Chrome/141.0.7390.107 Mobile Safari/537.36 (compatible; Googlebot/2.1; +http://www.google.com/bot.html)"
18.141.225.240 - - [22/Oct/2025:08:34:48 -0700] "GET / HTTP/1.1" 301 3873 "-" "Mozilla/5.0 (Windows NT 10.0; Win64; x64) AppleWebKit/537.36 (KHTML, like Gecko) Chrome/58.0.3029.110 Safari/537.3"
18.141.225.240 - - [22/Oct/2025:08:34:49 -0700] "GET / HTTP/1.1" 200 8856 "-" "Mozilla/5.0 (Windows NT 10.0; Win64; x64) AppleWebKit/537.36 (KHTML, like Gecko) Chrome/58.0.3029.110 Safari/537.3"
66.249.65.174 - - [22/Oct/2025:08:34:56 -0700] "GET /?shopping=534516550 HTTP/1.1" 200 23986 "-" "Mozilla/5.0 (Linux; Android 6.0.1; Nexus 5X Build/MMB29P) AppleWebKit/537.36 (KHTML, like Gecko) Chrome/141.0.7390.107 Mobile Safari/537.36 (compatible; Googlebot/2.1; +http://www.google.com/bot.html)"
66.249.65.174 - - [22/Oct/2025:08:35:42 -0700] "GET /?shopping=534564350 HTTP/1.1" 200 23797 "-" "Mozilla/5.0 (Linux; Android 6.0.1; Nexus 5X Build/MMB29P) AppleWebKit/537.36 (KHTML, like Gecko) Chrome/141.0.7390.107 Mobile Safari/537.36 (compatible; Googlebot/2.1; +http://www.google.com/bot.html)"
66.249.65.160 - - [22/Oct/2025:08:35:43 -0700] "GET /?shopping=331690586 HTTP/1.1" 200 23443 "-" "Mozilla/5.0 (Linux; Android 6.0.1; Nexus 5X Build/MMB29P) AppleWebKit/537.36 (KHTML, like Gecko) Chrome/141.0.7390.107 Mobile Safari/537.36 (compatible; Googlebot/2.1; +http://www.google.com/bot.html)"
66.249.65.161 - - [22/Oct/2025:08:36:06 -0700] "GET /?shopping=534525700 HTTP/1.1" 200 23421 "-" "Mozilla/5.0 (Linux; Android 6.0.1; Nexus 5X Build/MMB29P) AppleWebKit/537.36 (KHTML, like Gecko) Chrome/141.0.7390.107 Mobile Safari/537.36 (compatible; Googlebot/2.1; +http://www.google.com/bot.html)"
66.249.65.160 - - [22/Oct/2025:08:36:07 -0700] "GET /?shopping=1545725438 HTTP/1.1" 200 24842 "-" "Mozilla/5.0 (Linux; Android 6.0.1; Nexus 5X Build/MMB29P) AppleWebKit/537.36 (KHTML, like Gecko) Chrome/141.0.7390.107 Mobile Safari/537.36 (compatible; Googlebot/2.1; +http://www.google.com/bot.html)"
66.249.65.160 - - [22/Oct/2025:08:36:30 -0700] "GET /?shopping=534542658 HTTP/1.1" 200 24354 "-" "Mozilla/5.0 (Linux; Android 6.0.1; Nexus 5X Build/MMB29P) AppleWebKit/537.36 (KHTML, like Gecko) Chrome/141.0.7390.107 Mobile Safari/537.36 (compatible; Googlebot/2.1; +http://www.google.com/bot.html)"
66.249.65.174 - - [22/Oct/2025:08:36:31 -0700] "GET /?shopping=1980618604 HTTP/1.1" 200 25178 "-" "Mozilla/5.0 (Linux; Android 6.0.1; Nexus 5X Build/MMB29P) AppleWebKit/537.36 (KHTML, like Gecko) Chrome/141.0.7390.107 Mobile Safari/537.36 (compatible; Googlebot/2.1; +http://www.google.com/bot.html)"
66.249.65.174 - - [22/Oct/2025:08:36:31 -0700] "GET /?shopping=534552522 HTTP/1.1" 200 21570 "-" "Mozilla/5.0 (Linux; Android 6.0.1; Nexus 5X Build/MMB29P) AppleWebKit/537.36 (KHTML, like Gecko) Chrome/141.0.7390.107 Mobile Safari/537.36 (compatible; Googlebot/2.1; +http://www.google.com/bot.html)"
66.249.65.174 - - [22/Oct/2025:08:37:00 -0700] "GET /?shopping=534550120 HTTP/1.1" 200 24305 "-" "Mozilla/5.0 (Linux; Android 6.0.1; Nexus 5X Build/MMB29P) AppleWebKit/537.36 (KHTML, like Gecko) Chrome/141.0.7390.107 Mobile Safari/537.36 (compatible; Googlebot/2.1; +http://www.google.com/bot.html)"
66.249.65.174 - - [22/Oct/2025:08:37:31 -0700] "GET /?shopping=534554516 HTTP/1.1" 200 24898 "-" "Mozilla/5.0 (Linux; Android 6.0.1; Nexus 5X Build/MMB29P) AppleWebKit/537.36 (KHTML, like Gecko) Chrome/141.0.7390.107 Mobile Safari/537.36 (compatible; Googlebot/2.1; +http://www.google.com/bot.html)"
66.249.65.174 - - [22/Oct/2025:08:37:40 -0700] "GET /?shopping=1815682152 HTTP/1.1" 200 24807 "-" "Mozilla/5.0 (Linux; Android 6.0.1; Nexus 5X Build/MMB29P) AppleWebKit/537.36 (KHTML, like Gecko) Chrome/141.0.7390.107 Mobile Safari/537.36 (compatible; GoogleOther)"
66.249.65.174 - - [22/Oct/2025:08:38:02 -0700] "GET /?shopping=534561820 HTTP/1.1" 200 23504 "-" "Mozilla/5.0 (Linux; Android 6.0.1; Nexus 5X Build/MMB29P) AppleWebKit/537.36 (KHTML, like Gecko) Chrome/141.0.7390.107 Mobile Safari/537.36 (compatible; Googlebot/2.1; +http://www.google.com/bot.html)"
66.249.65.174 - - [22/Oct/2025:08:38:34 -0700] "GET /?shopping=486136764 HTTP/1.1" 200 24318 "-" "Mozilla/5.0 (Linux; Android 6.0.1; Nexus 5X Build/MMB29P) AppleWebKit/537.36 (KHTML, like Gecko) Chrome/141.0.7390.107 Mobile Safari/537.36 (compatible; Googlebot/2.1; +http://www.google.com/bot.html)"
66.249.65.174 - - [22/Oct/2025:08:39:13 -0700] "GET /?shopping=486130326 HTTP/1.1" 200 24171 "-" "Mozilla/5.0 (Linux; Android 6.0.1; Nexus 5X Build/MMB29P) AppleWebKit/537.36 (KHTML, like Gecko) Chrome/141.0.7390.107 Mobile Safari/537.36 (compatible; Googlebot/2.1; +http://www.google.com/bot.html)"
66.249.65.174 - - [22/Oct/2025:08:39:36 -0700] "GET /?shopping=1876921058 HTTP/1.1" 200 24633 "-" "Mozilla/5.0 (Linux; Android 6.0.1; Nexus 5X Build/MMB29P) AppleWebKit/537.36 (KHTML, like Gecko) Chrome/141.0.7390.107 Mobile Safari/537.36 (compatible; Googlebot/2.1; +http://www.google.com/bot.html)"
66.249.65.160 - - [22/Oct/2025:08:39:37 -0700] "GET /?shopping=486149310 HTTP/1.1" 200 23862 "-" "Mozilla/5.0 (Linux; Android 6.0.1; Nexus 5X Build/MMB29P) AppleWebKit/537.36 (KHTML, like Gecko) Chrome/141.0.7390.107 Mobile Safari/537.36 (compatible; Googlebot/2.1; +http://www.google.com/bot.html)"
186.209.113.106 - - [22/Oct/2025:08:39:49 -0700] "POST /xmlrpc.php HTTP/2.0" 429 348 "https://www.inspirationdigital.com" "Mozilla/5.0 (Macintosh; Intel Mac OS X 10_15_7) AppleWebKit/537.36 (KHTML, like Gecko) Chrome/113.0.5672.93 Safari/537.36"
66.249.65.174 - - [22/Oct/2025:08:39:53 -0700] "GET /?shopping=216175494 HTTP/1.1" 200 23743 "-" "Mozilla/5.0 (Linux; Android 6.0.1; Nexus 5X Build/MMB29P) AppleWebKit/537.36 (KHTML, like Gecko) Chrome/141.0.7390.107 Mobile Safari/537.36 (compatible; Googlebot/2.1; +http://www.google.com/bot.html)"
66.249.65.160 - - [22/Oct/2025:08:40:07 -0700] "GET /?shopping=2116782510 HTTP/1.1" 200 26977 "-" "Mozilla/5.0 (Linux; Android 6.0.1; Nexus 5X Build/MMB29P) AppleWebKit/537.36 (KHTML, like Gecko) Chrome/141.0.7390.107 Mobile Safari/537.36 (compatible; Googlebot/2.1; +http://www.google.com/bot.html)"
66.249.65.160 - - [22/Oct/2025:08:40:39 -0700] "GET /?shopping=2116782672 HTTP/1.1" 200 25996 "-" "Mozilla/5.0 (Linux; Android 6.0.1; Nexus 5X Build/MMB29P) AppleWebKit/537.36 (KHTML, like Gecko) Chrome/141.0.7390.107 Mobile Safari/537.36 (compatible; Googlebot/2.1; +http://www.google.com/bot.html)"
66.249.65.161 - - [22/Oct/2025:08:41:25 -0700] "GET /?shopping=2116758928 HTTP/1.1" 200 25088 "-" "Mozilla/5.0 (Linux; Android 6.0.1; Nexus 5X Build/MMB29P) AppleWebKit/537.36 (KHTML, like Gecko) Chrome/141.0.7390.107 Mobile Safari/537.36 (compatible; Googlebot/2.1; +http://www.google.com/bot.html)"
66.249.65.174 - - [22/Oct/2025:08:41:48 -0700] "GET /?shopping=903068756 HTTP/1.1" 200 24160 "-" "Mozilla/5.0 (Linux; Android 6.0.1; Nexus 5X Build/MMB29P) AppleWebKit/537.36 (KHTML, like Gecko) Chrome/141.0.7390.107 Mobile Safari/537.36 (compatible; Googlebot/2.1; +http://www.google.com/bot.html)"
66.249.65.160 - - [22/Oct/2025:08:42:13 -0700] "GET /?shopping=486131514 HTTP/1.1" 200 23828 "-" "Mozilla/5.0 (Linux; Android 6.0.1; Nexus 5X Build/MMB29P) AppleWebKit/537.36 (KHTML, like Gecko) Chrome/141.0.7390.107 Mobile Safari/537.36 (compatible; Googlebot/2.1; +http://www.google.com/bot.html)"
66.249.65.161 - - [22/Oct/2025:08:42:14 -0700] "GET /?shopping=103370798 HTTP/1.1" 200 25039 "-" "Mozilla/5.0 (Linux; Android 6.0.1; Nexus 5X Build/MMB29P) AppleWebKit/537.36 (KHTML, like Gecko) Chrome/141.0.7390.107 Mobile Safari/537.36 (compatible; Googlebot/2.1; +http://www.google.com/bot.html)"
66.249.65.160 - - [22/Oct/2025:08:42:44 -0700] "GET /?shopping=2116761672 HTTP/1.1" 200 24975 "-" "Mozilla/5.0 (Linux; Android 6.0.1; Nexus 5X Build/MMB29P) AppleWebKit/537.36 (KHTML, like Gecko) Chrome/141.0.7390.107 Mobile Safari/537.36 (compatible; Googlebot/2.1; +http://www.google.com/bot.html)"
34.1.18.26 - - [22/Oct/2025:08:43:04 -0700] "GET / HTTP/2.0" 429 348 "http://www.inspirationdigital.com/" "Mozilla/5.0 (Macintosh; Intel Mac OS X 10_15_7) AppleWebKit/537.36 (KHTML, like Gecko) Chrome/135.0.0.0 Safari/537.36"
34.1.18.26 - - [22/Oct/2025:08:43:04 -0700] "GET / HTTP/2.0" 429 255 "http://inspirationdigital.com/" "Mozilla/5.0 (Macintosh; Intel Mac OS X 10_15_7) AppleWebKit/537.36 (KHTML, like Gecko) Chrome/135.0.0.0 Safari/537.36"
34.1.18.26 - - [22/Oct/2025:08:43:11 -0700] "GET / HTTP/2.0" 429 348 "http://www.inspirationdigital.com/" "Mozilla/5.0 (Macintosh; Intel Mac OS X 10_15_7) AppleWebKit/537.36 (KHTML, like Gecko) Chrome/135.0.0.0 Safari/537.36"
66.249.65.160 - - [22/Oct/2025:08:43:37 -0700] "GET /?shopping=103413346 HTTP/1.1" 200 23696 "-" "Mozilla/5.0 (Linux; Android 6.0.1; Nexus 5X Build/MMB29P) AppleWebKit/537.36 (KHTML, like Gecko) Chrome/141.0.7390.107 Mobile Safari/537.36 (compatible; Googlebot/2.1; +http://www.google.com/bot.html)"
66.249.65.161 - - [22/Oct/2025:08:44:00 -0700] "GET /?shopping=2016905446 HTTP/1.1" 200 26152 "-" "Mozilla/5.0 (Linux; Android 6.0.1; Nexus 5X Build/MMB29P) AppleWebKit/537.36 (KHTML, like Gecko) Chrome/141.0.7390.107 Mobile Safari/537.36 (compatible; Googlebot/2.1; +http://www.google.com/bot.html)"
66.249.65.174 - - [22/Oct/2025:08:44:24 -0700] "GET /?shopping=2016916466 HTTP/1.1" 200 25957 "-" "Mozilla/5.0 (Linux; Android 6.0.1; Nexus 5X Build/MMB29P) AppleWebKit/537.36 (KHTML, like Gecko) Chrome/141.0.7390.107 Mobile Safari/537.36 (compatible; Googlebot/2.1; +http://www.google.com/bot.html)"
66.249.65.160 - - [22/Oct/2025:08:45:09 -0700] "GET /?shopping=2016942590 HTTP/1.1" 200 25551 "-" "Mozilla/5.0 (Linux; Android 6.0.1; Nexus 5X Build/MMB29P) AppleWebKit/537.36 (KHTML, like Gecko) Chrome/141.0.7390.107 Mobile Safari/537.36 (compatible; Googlebot/2.1; +http://www.google.com/bot.html)"
66.249.65.174 - - [22/Oct/2025:08:45:10 -0700] "GET /?shopping=687473340 HTTP/1.1" 200 25739 "-" "Mozilla/5.0 (Linux; Android 6.0.1; Nexus 5X Build/MMB29P) AppleWebKit/537.36 (KHTML, like Gecko) Chrome/141.0.7390.107 Mobile Safari/537.36 (compatible; Googlebot/2.1; +http://www.google.com/bot.html)"
66.249.65.174 - - [22/Oct/2025:08:45:33 -0700] "GET /?shopping=2016935500 HTTP/1.1" 200 25582 "-" "Mozilla/5.0 (Linux; Android 6.0.1; Nexus 5X Build/MMB29P) AppleWebKit/537.36 (KHTML, like Gecko) Chrome/141.0.7390.107 Mobile Safari/537.36 (compatible; Googlebot/2.1; +http://www.google.com/bot.html)"
66.249.65.174 - - [22/Oct/2025:08:45:34 -0700] "GET /?shopping=534519220 HTTP/1.1" 200 21764 "-" "Mozilla/5.0 (Linux; Android 6.0.1; Nexus 5X Build/MMB29P) AppleWebKit/537.36 (KHTML, like Gecko) Chrome/141.0.7390.107 Mobile Safari/537.36 (compatible; Googlebot/2.1; +http://www.google.com/bot.html)"
66.249.65.174 - - [22/Oct/2025:08:45:35 -0700] "GET /?shopping=719817816 HTTP/1.1" 200 21954 "-" "Mozilla/5.0 (Linux; Android 6.0.1; Nexus 5X Build/MMB29P) AppleWebKit/537.36 (KHTML, like Gecko) Chrome/141.0.7390.107 Mobile Safari/537.36 (compatible; Googlebot/2.1; +http://www.google.com/bot.html)"
66.249.65.174 - - [22/Oct/2025:08:45:51 -0700] "GET /?shopping=2016923770 HTTP/1.1" 200 24749 "-" "Mozilla/5.0 (Linux; Android 6.0.1; Nexus 5X Build/MMB29P) AppleWebKit/537.36 (KHTML, like Gecko) Chrome/141.0.7390.107 Mobile Safari/537.36 (compatible; Googlebot/2.1; +http://www.google.com/bot.html)"
66.249.65.161 - - [22/Oct/2025:08:46:22 -0700] "GET /?shopping=2016926350 HTTP/1.1" 200 25711 "-" "Mozilla/5.0 (Linux; Android 6.0.1; Nexus 5X Build/MMB29P) AppleWebKit/537.36 (KHTML, like Gecko) Chrome/141.0.7390.107 Mobile Safari/537.36 (compatible; Googlebot/2.1; +http://www.google.com/bot.html)"
103.26.10.125 - - [22/Oct/2025:08:46:28 -0700] "GET /wp-login.php HTTP/2.0" 429 351 "-" "Mozilla/5.0 (Windows NT 6.1; WOW64; Trident/7.0; NISSC; rv:11.0) like Gecko"
103.26.10.125 - - [22/Oct/2025:08:46:44 -0700] "GET /wp-login.php HTTP/2.0" 429 351 "-" "Mozilla/5.0 (Windows NT 6.1; WOW64; Trident/7.0; NISSC; rv:11.0) like Gecko"
93.108.232.48 - - [22/Oct/2025:08:46:49 -0700] "POST /xmlrpc.php HTTP/2.0" 200 343 "https://www.inspirationdigital.com" "Mozilla/5.0 (Macintosh; Intel Mac OS X 13_3) AppleWebKit/537.36 (KHTML, like Gecko) Chrome/126.0.0.0 Safari/537.36 Edg/126.0.0.0"
75.119.207.108 - - [22/Oct/2025:08:46:49 -0700] "POST /wp-cron.php?doing_wp_cron=1761148009.5560770034790039062500 HTTP/1.1" 200 3657 "-" "WordPress/6.8.3; https://www.inspirationdigital.com"
103.26.10.125 - - [22/Oct/2025:08:46:52 -0700] "POST /wp-login.php HTTP/2.0" 429 278 "https://www.inspirationdigital.com/wp-login.php" "Mozilla/5.0 (Windows NT 6.1; WOW64; Trident/7.0; NISSC; rv:11.0) like Gecko"
66.249.65.160 - - [22/Oct/2025:08:46:54 -0700] "GET /?shopping=835860542 HTTP/1.1" 200 24225 "-" "Mozilla/5.0 (Linux; Android 6.0.1; Nexus 5X Build/MMB29P) AppleWebKit/537.36 (KHTML, like Gecko) Chrome/141.0.7390.107 Mobile Safari/537.36 (compatible; Googlebot/2.1; +http://www.google.com/bot.html)"
66.249.65.174 - - [22/Oct/2025:08:47:25 -0700] "GET /?shopping=2016937518 HTTP/1.1" 200 26707 "-" "Mozilla/5.0 (Linux; Android 6.0.1; Nexus 5X Build/MMB29P) AppleWebKit/537.36 (KHTML, like Gecko) Chrome/141.0.7390.107 Mobile Safari/537.36 (compatible; Googlebot/2.1; +http://www.google.com/bot.html)"
66.249.65.160 - - [22/Oct/2025:08:47:56 -0700] "GET /?shopping=2016895644 HTTP/1.1" 200 25880 "-" "Mozilla/5.0 (Linux; Android 6.0.1; Nexus 5X Build/MMB29P) AppleWebKit/537.36 (KHTML, like Gecko) Chrome/141.0.7390.107 Mobile Safari/537.36 (compatible; Googlebot/2.1; +http://www.google.com/bot.html)"
66.249.65.160 - - [22/Oct/2025:08:48:44 -0700] "GET /?shopping=835830518 HTTP/1.1" 200 25316 "-" "Mozilla/5.0 (Linux; Android 6.0.1; Nexus 5X Build/MMB29P) AppleWebKit/537.36 (KHTML, like Gecko) Chrome/141.0.7390.107 Mobile Safari/537.36 (compatible; Googlebot/2.1; +http://www.google.com/bot.html)"
66.249.65.160 - - [22/Oct/2025:08:49:07 -0700] "GET /?shopping=2016926148 HTTP/1.1" 200 25117 "-" "Mozilla/5.0 (Linux; Android 6.0.1; Nexus 5X Build/MMB29P) AppleWebKit/537.36 (KHTML, like Gecko) Chrome/141.0.7390.107 Mobile Safari/537.36 (compatible; Googlebot/2.1; +http://www.google.com/bot.html)"
