13.75.228.13 - - [20/Nov/2024:15:16:00 -0800] "GET /wp-includes/php-compat/ HTTP/1.1" 404 14644 "www.google.com" "Mozlila/5.0 (Linux; Android 7.0; SM-G892A Bulid/NRD90M; wv) AppleWebKit/537.36 (KHTML, like Gecko) Version/4.0 Chrome/60.0.3112.107 Moblie Safari/537.36" 
13.75.228.13 - - [20/Nov/2024:15:16:03 -0800] "GET /wp-includes/pomo/ HTTP/1.1" 200 696 "www.google.com" "Mozlila/5.0 (Linux; Android 7.0; SM-G892A Bulid/NRD90M; wv) AppleWebKit/537.36 (KHTML, like Gecko) Version/4.0 Chrome/60.0.3112.107 Moblie Safari/537.36" 
13.75.228.13 - - [20/Nov/2024:15:16:06 -0800] "GET /wp-includes/random_compat/ HTTP/1.1" 200 822 "www.google.com" "Mozlila/5.0 (Linux; Android 7.0; SM-G892A Bulid/NRD90M; wv) AppleWebKit/537.36 (KHTML, like Gecko) Version/4.0 Chrome/60.0.3112.107 Moblie Safari/537.36" 
13.75.228.13 - - [20/Nov/2024:15:16:09 -0800] "GET /wp-includes/rest-api/ HTTP/1.1" 200 697 "www.google.com" "Mozlila/5.0 (Linux; Android 7.0; SM-G892A Bulid/NRD90M; wv) AppleWebKit/537.36 (KHTML, like Gecko) Version/4.0 Chrome/60.0.3112.107 Moblie Safari/537.36" 
13.75.228.13 - - [20/Nov/2024:15:16:12 -0800] "GET /wp-includes/rest-api/endpoints/ HTTP/1.1" 301 493 "www.google.com" "Mozlila/5.0 (Linux; Android 7.0; SM-G892A Bulid/NRD90M; wv) AppleWebKit/537.36 (KHTML, like Gecko) Version/4.0 Chrome/60.0.3112.107 Moblie Safari/537.36" 
13.75.228.13 - - [20/Nov/2024:15:16:15 -0800] "GET /wp-includes/rest-api/endpoints/ HTTP/1.1" 404 14644 "www.google.com" "Mozlila/5.0 (Linux; Android 7.0; SM-G892A Bulid/NRD90M; wv) AppleWebKit/537.36 (KHTML, like Gecko) Version/4.0 Chrome/60.0.3112.107 Moblie Safari/537.36" 
13.75.228.13 - - [20/Nov/2024:15:16:20 -0800] "GET /wp-includes/rest-api/fields/ HTTP/1.1" 301 490 "www.google.com" "Mozlila/5.0 (Linux; Android 7.0; SM-G892A Bulid/NRD90M; wv) AppleWebKit/537.36 (KHTML, like Gecko) Version/4.0 Chrome/60.0.3112.107 Moblie Safari/537.36" 
13.75.228.13 - - [20/Nov/2024:15:16:25 -0800] "GET /wp-includes/rest-api/fields/ HTTP/1.1" 404 14644 "www.google.com" "Mozlila/5.0 (Linux; Android 7.0; SM-G892A Bulid/NRD90M; wv) AppleWebKit/537.36 (KHTML, like Gecko) Version/4.0 Chrome/60.0.3112.107 Moblie Safari/537.36" 
13.75.228.13 - - [20/Nov/2024:15:16:28 -0800] "GET /wp-includes/rest-api/search/ HTTP/1.1" 301 493 "www.google.com" "Mozlila/5.0 (Linux; Android 7.0; SM-G892A Bulid/NRD90M; wv) AppleWebKit/537.36 (KHTML, like Gecko) Version/4.0 Chrome/60.0.3112.107 Moblie Safari/537.36" 
13.75.228.13 - - [20/Nov/2024:15:16:31 -0800] "GET /2009/05/08/searchinput-control/ HTTP/1.1" 200 11070 "www.google.com" "Mozlila/5.0 (Linux; Android 7.0; SM-G892A Bulid/NRD90M; wv) AppleWebKit/537.36 (KHTML, like Gecko) Version/4.0 Chrome/60.0.3112.107 Moblie Safari/537.36" 
13.75.228.13 - - [20/Nov/2024:15:16:32 -0800] "GET /wp-includes/sitemaps/ HTTP/1.1" 301 483 "www.google.com" "Mozlila/5.0 (Linux; Android 7.0; SM-G892A Bulid/NRD90M; wv) AppleWebKit/537.36 (KHTML, like Gecko) Version/4.0 Chrome/60.0.3112.107 Moblie Safari/537.36" 
13.75.228.13 - - [20/Nov/2024:15:16:34 -0800] "GET /wp-includes/sitemaps/ HTTP/1.1" 404 14644 "www.google.com" "Mozlila/5.0 (Linux; Android 7.0; SM-G892A Bulid/NRD90M; wv) AppleWebKit/537.36 (KHTML, like Gecko) Version/4.0 Chrome/60.0.3112.107 Moblie Safari/537.36" 
13.75.228.13 - - [20/Nov/2024:15:16:36 -0800] "GET /wp-includes/sitemaps/providers/ HTTP/1.1" 301 493 "www.google.com" "Mozlila/5.0 (Linux; Android 7.0; SM-G892A Bulid/NRD90M; wv) AppleWebKit/537.36 (KHTML, like Gecko) Version/4.0 Chrome/60.0.3112.107 Moblie Safari/537.36" 
13.75.228.13 - - [20/Nov/2024:15:16:38 -0800] "GET /wp-includes/sitemaps/providers/ HTTP/1.1" 404 14644 "www.google.com" "Mozlila/5.0 (Linux; Android 7.0; SM-G892A Bulid/NRD90M; wv) AppleWebKit/537.36 (KHTML, like Gecko) Version/4.0 Chrome/60.0.3112.107 Moblie Safari/537.36" 
13.75.228.13 - - [20/Nov/2024:15:16:41 -0800] "GET /wp-includes/sodium_compat/ HTTP/1.1" 301 488 "www.google.com" "Mozlila/5.0 (Linux; Android 7.0; SM-G892A Bulid/NRD90M; wv) AppleWebKit/537.36 (KHTML, like Gecko) Version/4.0 Chrome/60.0.3112.107 Moblie Safari/537.36" 
13.75.228.13 - - [20/Nov/2024:15:16:44 -0800] "GET /wp-includes/sodium_compat/ HTTP/1.1" 404 14644 "www.google.com" "Mozlila/5.0 (Linux; Android 7.0; SM-G892A Bulid/NRD90M; wv) AppleWebKit/537.36 (KHTML, like Gecko) Version/4.0 Chrome/60.0.3112.107 Moblie Safari/537.36" 
13.75.228.13 - - [20/Nov/2024:15:16:47 -0800] "GET /wp-includes/sodium_compat/src/ HTTP/1.1" 301 509 "www.google.com" "Mozlila/5.0 (Linux; Android 7.0; SM-G892A Bulid/NRD90M; wv) AppleWebKit/537.36 (KHTML, like Gecko) Version/4.0 Chrome/60.0.3112.107 Moblie Safari/537.36" 
13.75.228.13 - - [20/Nov/2024:15:16:50 -0800] "GET /2007/01/29/srccomadobeflexextraswhatdoesitmean/ HTTP/1.1" 200 9243 "www.google.com" "Mozlila/5.0 (Linux; Android 7.0; SM-G892A Bulid/NRD90M; wv) AppleWebKit/537.36 (KHTML, like Gecko) Version/4.0 Chrome/60.0.3112.107 Moblie Safari/537.36" 
13.75.228.13 - - [20/Nov/2024:15:16:53 -0800] "GET /wp-includes/style-engine/ HTTP/1.1" 301 487 "www.google.com" "Mozlila/5.0 (Linux; Android 7.0; SM-G892A Bulid/NRD90M; wv) AppleWebKit/537.36 (KHTML, like Gecko) Version/4.0 Chrome/60.0.3112.107 Moblie Safari/537.36" 
13.75.228.13 - - [20/Nov/2024:15:16:57 -0800] "GET /wp-includes/style-engine/ HTTP/1.1" 404 14644 "www.google.com" "Mozlila/5.0 (Linux; Android 7.0; SM-G892A Bulid/NRD90M; wv) AppleWebKit/537.36 (KHTML, like Gecko) Version/4.0 Chrome/60.0.3112.107 Moblie Safari/537.36" 
13.75.228.13 - - [20/Nov/2024:15:17:01 -0800] "GET /wp-includes/theme-compat/ HTTP/1.1" 200 703 "www.google.com" "Mozlila/5.0 (Linux; Android 7.0; SM-G892A Bulid/NRD90M; wv) AppleWebKit/537.36 (KHTML, like Gecko) Version/4.0 Chrome/60.0.3112.107 Moblie Safari/537.36" 
13.75.228.13 - - [20/Nov/2024:15:17:05 -0800] "GET /wp-includes/theme-compat//comments-popup.php HTTP/1.1" 500 209 "www.google.com" "Mozlila/5.0 (Linux; Android 7.0; SM-G892A Bulid/NRD90M; wv) AppleWebKit/537.36 (KHTML, like Gecko) Version/4.0 Chrome/60.0.3112.107 Moblie Safari/537.36" 
13.75.228.13 - - [20/Nov/2024:15:17:07 -0800] "GET /wp-includes/widgets/ HTTP/1.1" 200 828 "www.google.com" "Mozlila/5.0 (Linux; Android 7.0; SM-G892A Bulid/NRD90M; wv) AppleWebKit/537.36 (KHTML, like Gecko) Version/4.0 Chrome/60.0.3112.107 Moblie Safari/537.36" 
13.75.228.13 - - [20/Nov/2024:15:17:09 -0800] "GET /wp-content/languages/ HTTP/1.1" 301 483 "www.google.com" "Mozlila/5.0 (Linux; Android 7.0; SM-G892A Bulid/NRD90M; wv) AppleWebKit/537.36 (KHTML, like Gecko) Version/4.0 Chrome/60.0.3112.107 Moblie Safari/537.36" 
13.75.228.13 - - [20/Nov/2024:15:17:13 -0800] "GET /wp-content/languages/ HTTP/1.1" 404 14644 "www.google.com" "Mozlila/5.0 (Linux; Android 7.0; SM-G892A Bulid/NRD90M; wv) AppleWebKit/537.36 (KHTML, like Gecko) Version/4.0 Chrome/60.0.3112.107 Moblie Safari/537.36" 
13.75.228.13 - - [20/Nov/2024:15:17:17 -0800] "GET /wp-content/plugins/wp-database/ HTTP/1.1" 301 493 "www.google.com" "Mozlila/5.0 (Linux; Android 7.0; SM-G892A Bulid/NRD90M; wv) AppleWebKit/537.36 (KHTML, like Gecko) Version/4.0 Chrome/60.0.3112.107 Moblie Safari/537.36" 
13.75.228.13 - - [20/Nov/2024:15:17:20 -0800] "GET /wp-content/plugins/wp-database/ HTTP/1.1" 404 14644 "www.google.com" "Mozlila/5.0 (Linux; Android 7.0; SM-G892A Bulid/NRD90M; wv) AppleWebKit/537.36 (KHTML, like Gecko) Version/4.0 Chrome/60.0.3112.107 Moblie Safari/537.36" 
13.75.228.13 - - [20/Nov/2024:15:17:23 -0800] "GET /wp-content/plugins/revslider/public/assets/assets/sources/ HTTP/1.1" 301 520 "www.google.com" "Mozlila/5.0 (Linux; Android 7.0; SM-G892A Bulid/NRD90M; wv) AppleWebKit/537.36 (KHTML, like Gecko) Version/4.0 Chrome/60.0.3112.107 Moblie Safari/537.36" 
13.75.228.13 - - [20/Nov/2024:15:17:26 -0800] "GET /wp-content/plugins/revslider/public/assets/assets/sources/ HTTP/1.1" 404 14644 "www.google.com" "Mozlila/5.0 (Linux; Android 7.0; SM-G892A Bulid/NRD90M; wv) AppleWebKit/537.36 (KHTML, like Gecko) Version/4.0 Chrome/60.0.3112.107 Moblie Safari/537.36" 
13.75.228.13 - - [20/Nov/2024:15:17:28 -0800] "GET /wp-content/plugins/lifterlms-helper/assets/ HTTP/1.1" 301 505 "www.google.com" "Mozlila/5.0 (Linux; Android 7.0; SM-G892A Bulid/NRD90M; wv) AppleWebKit/537.36 (KHTML, like Gecko) Version/4.0 Chrome/60.0.3112.107 Moblie Safari/537.36" 
13.75.228.13 - - [20/Nov/2024:15:17:30 -0800] "GET /wp-content/plugins/lifterlms-helper/assets/ HTTP/1.1" 404 14644 "www.google.com" "Mozlila/5.0 (Linux; Android 7.0; SM-G892A Bulid/NRD90M; wv) AppleWebKit/537.36 (KHTML, like Gecko) Version/4.0 Chrome/60.0.3112.107 Moblie Safari/537.36" 
13.75.228.13 - - [20/Nov/2024:15:17:33 -0800] "GET /wp-includes/js/thickbox/ HTTP/1.1" 200 720 "www.google.com" "Mozlila/5.0 (Linux; Android 7.0; SM-G892A Bulid/NRD90M; wv) AppleWebKit/537.36 (KHTML, like Gecko) Version/4.0 Chrome/60.0.3112.107 Moblie Safari/537.36" 
13.75.228.13 - - [20/Nov/2024:15:17:35 -0800] "GET /wp-content/plugins/download-manager/ HTTP/1.1" 301 498 "www.google.com" "Mozlila/5.0 (Linux; Android 7.0; SM-G892A Bulid/NRD90M; wv) AppleWebKit/537.36 (KHTML, like Gecko) Version/4.0 Chrome/60.0.3112.107 Moblie Safari/537.36" 
13.75.228.13 - - [20/Nov/2024:15:17:36 -0800] "GET /wp-content/plugins/download-manager/ HTTP/1.1" 404 14644 "www.google.com" "Mozlila/5.0 (Linux; Android 7.0; SM-G892A Bulid/NRD90M; wv) AppleWebKit/537.36 (KHTML, like Gecko) Version/4.0 Chrome/60.0.3112.107 Moblie Safari/537.36" 
13.75.228.13 - - [20/Nov/2024:15:17:49 -0800] "GET /wp-content/themes/travelscape/ HTTP/1.1" 429 476 "www.google.com" "Mozlila/5.0 (Linux; Android 7.0; SM-G892A Bulid/NRD90M; wv) AppleWebKit/537.36 (KHTML, like Gecko) Version/4.0 Chrome/60.0.3112.107 Moblie Safari/537.36" 
13.75.228.13 - - [20/Nov/2024:15:17:53 -0800] "GET /wp-content/plugins/duplicator/assets/ HTTP/1.1" 429 486 "www.google.com" "Mozlila/5.0 (Linux; Android 7.0; SM-G892A Bulid/NRD90M; wv) AppleWebKit/537.36 (KHTML, like Gecko) Version/4.0 Chrome/60.0.3112.107 Moblie Safari/537.36" 
13.75.228.13 - - [20/Nov/2024:15:17:56 -0800] "GET /wp-includes/sodium_compat/src/Core32/Curve25519/Ge/ HTTP/1.1" 429 486 "www.google.com" "Mozlila/5.0 (Linux; Android 7.0; SM-G892A Bulid/NRD90M; wv) AppleWebKit/537.36 (KHTML, like Gecko) Version/4.0 Chrome/60.0.3112.107 Moblie Safari/537.36" 
13.75.228.13 - - [20/Nov/2024:15:17:58 -0800] "GET /wp-content/plugins/elementcores/ HTTP/1.1" 429 486 "www.google.com" "Mozlila/5.0 (Linux; Android 7.0; SM-G892A Bulid/NRD90M; wv) AppleWebKit/537.36 (KHTML, like Gecko) Version/4.0 Chrome/60.0.3112.107 Moblie Safari/537.36" 
13.75.228.13 - - [20/Nov/2024:15:18:00 -0800] "GET /wp-content/themes/extol/ HTTP/1.1" 429 486 "www.google.com" "Mozlila/5.0 (Linux; Android 7.0; SM-G892A Bulid/NRD90M; wv) AppleWebKit/537.36 (KHTML, like Gecko) Version/4.0 Chrome/60.0.3112.107 Moblie Safari/537.36" 
13.75.228.13 - - [20/Nov/2024:15:18:04 -0800] "GET /wp-admin/css/colors/blue/ HTTP/1.1" 429 486 "www.google.com" "Mozlila/5.0 (Linux; Android 7.0; SM-G892A Bulid/NRD90M; wv) AppleWebKit/537.36 (KHTML, like Gecko) Version/4.0 Chrome/60.0.3112.107 Moblie Safari/537.36" 
13.75.228.13 - - [20/Nov/2024:15:18:06 -0800] "GET /wp-includes/js/tinymce/skins/lightgray/img/ HTTP/1.1" 429 486 "www.google.com" "Mozlila/5.0 (Linux; Android 7.0; SM-G892A Bulid/NRD90M; wv) AppleWebKit/537.36 (KHTML, like Gecko) Version/4.0 Chrome/60.0.3112.107 Moblie Safari/537.36" 
13.75.228.13 - - [20/Nov/2024:15:18:08 -0800] "GET /wp-content/themes/cay-van-phong/ HTTP/1.1" 429 486 "www.google.com" "Mozlila/5.0 (Linux; Android 7.0; SM-G892A Bulid/NRD90M; wv) AppleWebKit/537.36 (KHTML, like Gecko) Version/4.0 Chrome/60.0.3112.107 Moblie Safari/537.36" 
66.249.79.73 - - [20/Nov/2024:15:18:09 -0800] "GET /tag/domain-registration/ HTTP/1.1" 200 6422 "-" "Mozilla/5.0 (Linux; Android 6.0.1; Nexus 5X Build/MMB29P) AppleWebKit/537.36 (KHTML, like Gecko) Chrome/131.0.6778.69 Mobile Safari/537.36 (compatible; Googlebot/2.1; +http://www.google.com/bot.html)" 
13.75.228.13 - - [20/Nov/2024:15:18:10 -0800] "GET /wp-content/plugins/content-management/ HTTP/1.1" 429 486 "www.google.com" "Mozlila/5.0 (Linux; Android 7.0; SM-G892A Bulid/NRD90M; wv) AppleWebKit/537.36 (KHTML, like Gecko) Version/4.0 Chrome/60.0.3112.107 Moblie Safari/537.36" 
13.75.228.13 - - [20/Nov/2024:15:18:12 -0800] "GET /wp-content/plugins/seo-watcher/ofc/php-ofc-library/ HTTP/1.1" 429 486 "www.google.com" "Mozlila/5.0 (Linux; Android 7.0; SM-G892A Bulid/NRD90M; wv) AppleWebKit/537.36 (KHTML, like Gecko) Version/4.0 Chrome/60.0.3112.107 Moblie Safari/537.36" 
13.75.228.13 - - [20/Nov/2024:15:18:16 -0800] "GET /wp-content/plugins/envato-market/inc/ HTTP/1.1" 429 486 "www.google.com" "Mozlila/5.0 (Linux; Android 7.0; SM-G892A Bulid/NRD90M; wv) AppleWebKit/537.36 (KHTML, like Gecko) Version/4.0 Chrome/60.0.3112.107 Moblie Safari/537.36" 
13.75.228.13 - - [20/Nov/2024:15:18:19 -0800] "GET /wp-admin/css/colors/coffee/ HTTP/1.1" 429 486 "www.google.com" "Mozlila/5.0 (Linux; Android 7.0; SM-G892A Bulid/NRD90M; wv) AppleWebKit/537.36 (KHTML, like Gecko) Version/4.0 Chrome/60.0.3112.107 Moblie Safari/537.36" 
13.75.228.13 - - [20/Nov/2024:15:18:21 -0800] "GET /wp-content/plugins/init-help/ HTTP/1.1" 429 486 "www.google.com" "Mozlila/5.0 (Linux; Android 7.0; SM-G892A Bulid/NRD90M; wv) AppleWebKit/537.36 (KHTML, like Gecko) Version/4.0 Chrome/60.0.3112.107 Moblie Safari/537.36" 
13.75.228.13 - - [20/Nov/2024:15:18:22 -0800] "GET /wp-content/plugins/backup-backup/includes/ HTTP/1.1" 429 486 "www.google.com" "Mozlila/5.0 (Linux; Android 7.0; SM-G892A Bulid/NRD90M; wv) AppleWebKit/537.36 (KHTML, like Gecko) Version/4.0 Chrome/60.0.3112.107 Moblie Safari/537.36" 
223.109.255.153 - - [20/Nov/2024:15:18:43 -0800] "GET / HTTP/1.1" 301 424 "-" "Sogou web spider/4.0(+http://www.sogou.com/docs/help/webmasters.htm#07)" 
223.109.255.153 - - [20/Nov/2024:15:18:44 -0800] "GET / HTTP/1.1" 200 57207 "-" "Sogou web spider/4.0(+http://www.sogou.com/docs/help/webmasters.htm#07)" 
51.222.253.13 - - [20/Nov/2024:15:21:37 -0800] "GET /2013/05/16/how-to-create-a-default-date-range-for-google-search/ HTTP/1.1" 200 10719 "-" "Mozilla/5.0 (compatible; AhrefsBot/7.0; +http://ahrefs.com/robot/)" 
202.8.42.222 - - [20/Nov/2024:15:21:38 -0800] "GET /wp-content/plugins/easy-digital-downloads/templates/edd.min.css?ver=2.5.9 HTTP/1.1" 200 4542 "http://www.theflexguy.com/2013/05/16/how-to-create-a-default-date-range-for-google-search/" "Mozilla/5.0 (compatible; AhrefsBot/7.0; +http://ahrefs.com/robot/)" 
202.8.42.222 - - [20/Nov/2024:15:21:38 -0800] "GET /wp-content/plugins/jetpack/_inc/genericons/genericons/genericons.css?ver=3.1 HTTP/1.1" 200 16754 "http://www.theflexguy.com/2013/05/16/how-to-create-a-default-date-range-for-google-search/" "Mozilla/5.0 (compatible; AhrefsBot/7.0; +http://ahrefs.com/robot/)" 
202.8.42.222 - - [20/Nov/2024:15:21:38 -0800] "GET /wp-content/plugins/jetpack/css/jetpack.css?ver=3.9.10 HTTP/1.1" 200 10760 "http://www.theflexguy.com/2013/05/16/how-to-create-a-default-date-range-for-google-search/" "Mozilla/5.0 (compatible; AhrefsBot/7.0; +http://ahrefs.com/robot/)" 
202.8.42.222 - - [20/Nov/2024:15:21:38 -0800] "GET /wp-content/themes/storefront/style.css?ver=1.6.1 HTTP/1.1" 200 11378 "http://www.theflexguy.com/2013/05/16/how-to-create-a-default-date-range-for-google-search/" "Mozilla/5.0 (compatible; AhrefsBot/7.0; +http://ahrefs.com/robot/)" 
202.8.42.222 - - [20/Nov/2024:15:21:38 -0800] "GET /wp-content/themes/storefront/inc/jetpack/css/jetpack.css?ver=1.6.1 HTTP/1.1" 200 552 "http://www.theflexguy.com/2013/05/16/how-to-create-a-default-date-range-for-google-search/" "Mozilla/5.0 (compatible; AhrefsBot/7.0; +http://ahrefs.com/robot/)" 
202.8.42.222 - - [20/Nov/2024:15:21:38 -0800] "GET /wp-includes/js/jquery/jquery.js?ver=1.11.3 HTTP/1.1" 200 34342 "http://www.theflexguy.com/2013/05/16/how-to-create-a-default-date-range-for-google-search/" "Mozilla/5.0 (compatible; AhrefsBot/7.0; +http://ahrefs.com/robot/)" 
202.8.42.222 - - [20/Nov/2024:15:21:38 -0800] "GET /wp-includes/js/jquery/jquery-migrate.min.js?ver=1.2.1 HTTP/1.1" 200 3515 "http://www.theflexguy.com/2013/05/16/how-to-create-a-default-date-range-for-google-search/" "Mozilla/5.0 (compatible; AhrefsBot/7.0; +http://ahrefs.com/robot/)" 
202.8.42.222 - - [20/Nov/2024:15:21:38 -0800] "GET /wp-content/plugins/jetpack/modules/related-posts/related-posts.js?ver=20150408 HTTP/1.1" 200 2173 "http://www.theflexguy.com/2013/05/16/how-to-create-a-default-date-range-for-google-search/" "Mozilla/5.0 (compatible; AhrefsBot/7.0; +http://ahrefs.com/robot/)" 
202.8.42.222 - - [20/Nov/2024:15:21:38 -0800] "GET /wp-content/plugins/easy-digital-downloads/assets/js/edd-ajax.min.js?ver=2.5.9 HTTP/1.1" 200 2596 "http://www.theflexguy.com/2013/05/16/how-to-create-a-default-date-range-for-google-search/" "Mozilla/5.0 (compatible; AhrefsBot/7.0; +http://ahrefs.com/robot/)" 
202.8.42.222 - - [20/Nov/2024:15:21:38 -0800] "GET /wp-content/plugins/akismet/_inc/form.js?ver=3.1.8 HTTP/1.1" 200 727 "http://www.theflexguy.com/2013/05/16/how-to-create-a-default-date-range-for-google-search/" "Mozilla/5.0 (compatible; AhrefsBot/7.0; +http://ahrefs.com/robot/)" 
202.8.42.222 - - [20/Nov/2024:15:21:38 -0800] "GET /wp-content/plugins/jetpack/modules/photon/photon.js?ver=20130122 HTTP/1.1" 200 1076 "http://www.theflexguy.com/2013/05/16/how-to-create-a-default-date-range-for-google-search/" "Mozilla/5.0 (compatible; AhrefsBot/7.0; +http://ahrefs.com/robot/)" 
202.8.42.222 - - [20/Nov/2024:15:21:38 -0800] "GET /wp-includes/js/wp-embed.min.js?ver=4.4.33 HTTP/1.1" 200 1180 "http://www.theflexguy.com/2013/05/16/how-to-create-a-default-date-range-for-google-search/" "Mozilla/5.0 (compatible; AhrefsBot/7.0; +http://ahrefs.com/robot/)" 
202.8.42.222 - - [20/Nov/2024:15:21:38 -0800] "GET /wp-includes/js/wp-emoji-release.min.js?ver=4.4.33 HTTP/1.1" 200 7389 "http://www.theflexguy.com/2013/05/16/how-to-create-a-default-date-range-for-google-search/" "Mozilla/5.0 (compatible; AhrefsBot/7.0; +http://ahrefs.com/robot/)" 
202.8.42.222 - - [20/Nov/2024:15:21:38 -0800] "GET /wp-content/themes/storefront/js/skip-link-focus-fix.min.js?ver=20130115 HTTP/1.1" 200 670 "http://www.theflexguy.com/2013/05/16/how-to-create-a-default-date-range-for-google-search/" "Mozilla/5.0 (compatible; AhrefsBot/7.0; +http://ahrefs.com/robot/)" 
202.8.42.222 - - [20/Nov/2024:15:21:38 -0800] "GET /wp-content/plugins/jetpack/modules/sharedaddy/sharing.js?ver=3.9.10 HTTP/1.1" 200 4515 "http://www.theflexguy.com/2013/05/16/how-to-create-a-default-date-range-for-google-search/" "Mozilla/5.0 (compatible; AhrefsBot/7.0; +http://ahrefs.com/robot/)" 
202.8.42.222 - - [20/Nov/2024:15:21:38 -0800] "GET /wp-content/themes/storefront/js/navigation.min.js?ver=20120206 HTTP/1.1" 200 820 "http://www.theflexguy.com/2013/05/16/how-to-create-a-default-date-range-for-google-search/" "Mozilla/5.0 (compatible; AhrefsBot/7.0; +http://ahrefs.com/robot/)" 
202.8.42.222 - - [20/Nov/2024:15:21:38 -0800] "GET /wp-content/themes/storefront/fonts/fontawesome/fontawesome-webfont.woff2?v= HTTP/1.1" 200 67002 "http://www.theflexguy.com/wp-content/themes/storefront/style.css?ver=1.6.1" "Mozilla/5.0 (compatible; AhrefsBot/7.0; +http://ahrefs.com/robot/)" 
202.8.42.222 - - [20/Nov/2024:15:21:38 -0800] "GET /2013/05/16/how-to-create-a-default-date-range-for-google-search/?relatedposts=1 HTTP/1.1" 200 2221 "http://www.theflexguy.com/2013/05/16/how-to-create-a-default-date-range-for-google-search/" "Mozilla/5.0 (compatible; AhrefsBot/7.0; +http://ahrefs.com/robot/)" 
51.222.253.13 - - [20/Nov/2024:15:22:04 -0800] "GET /wp-includes/js/wp-emoji-release.min.js?ver=4.4.33 HTTP/1.1" 200 7368 "-" "Mozilla/5.0 (compatible; AhrefsBot/7.0; +http://ahrefs.com/robot/)" 
66.249.79.72 - - [20/Nov/2024:15:25:00 -0800] "GET /page/3/ HTTP/1.1" 200 12969 "-" "Mozilla/5.0 (Linux; Android 6.0.1; Nexus 5X Build/MMB29P) AppleWebKit/537.36 (KHTML, like Gecko) Chrome/131.0.6778.69 Mobile Safari/537.36 (compatible; Googlebot/2.1; +http://www.google.com/bot.html)" 
66.249.79.71 - - [20/Nov/2024:15:25:06 -0800] "GET /tag/hosting/ HTTP/1.1" 200 6422 "-" "Mozilla/5.0 (Linux; Android 6.0.1; Nexus 5X Build/MMB29P) AppleWebKit/537.36 (KHTML, like Gecko) Chrome/131.0.6778.69 Mobile Safari/537.36 (compatible; Googlebot/2.1; +http://www.google.com/bot.html)" 
3.236.183.209 - - [20/Nov/2024:15:26:25 -0800] "GET /category/performance/feed/ HTTP/1.1" 304 403 "https://www.google.com/" "Mozilla/5.0 (Windows NT 10.0; Win64; x64) AppleWebKit/537.36 (KHTML, like Gecko) Chrome/80.0.3987.122 Safari/537.36" 
75.119.202.163 - - [20/Nov/2024:15:26:26 -0800] "POST /wp-cron.php?doing_wp_cron=1732145186.2749989032745361328125 HTTP/1.0" 200 371 "-" "WordPress/4.4.33; http://www.theflexguy.com" 
66.249.79.73 - - [20/Nov/2024:15:27:09 -0800] "GET /2007/11/14/future-of-flex-components/ HTTP/1.1" 200 8624 "-" "Mozilla/5.0 (Linux; Android 6.0.1; Nexus 5X Build/MMB29P) AppleWebKit/537.36 (KHTML, like Gecko) Chrome/131.0.6778.69 Mobile Safari/537.36 (compatible; Googlebot/2.1; +http://www.google.com/bot.html)" 
51.222.253.20 - - [20/Nov/2024:15:33:12 -0800] "GET /2007/07/18/adobe-in-the-drivers-seat/ HTTP/1.1" 200 9095 "-" "Mozilla/5.0 (compatible; AhrefsBot/7.0; +http://ahrefs.com/robot/)" 
75.119.202.163 - - [20/Nov/2024:15:33:12 -0800] "POST /wp-cron.php?doing_wp_cron=1732145592.6256749629974365234375 HTTP/1.0" 200 371 "-" "WordPress/4.4.33; http://www.theflexguy.com" 
223.109.252.171 - - [20/Nov/2024:15:36:19 -0800] "GET / HTTP/1.1" 200 57271 "-" "Sogou web spider/4.0(+http://www.sogou.com/docs/help/webmasters.htm#07)" 
51.222.253.11 - - [20/Nov/2024:15:44:39 -0800] "GET /2009/03/30/bugquash-in-review/ HTTP/1.1" 200 10020 "-" "Mozilla/5.0 (compatible; AhrefsBot/7.0; +http://ahrefs.com/robot/)" 
51.222.253.3 - - [20/Nov/2024:15:54:41 -0800] "GET /2007/01/24/recipes-for-success/ HTTP/1.1" 200 8686 "-" "Mozilla/5.0 (compatible; AhrefsBot/7.0; +http://ahrefs.com/robot/)" 
75.119.202.163 - - [20/Nov/2024:15:54:42 -0800] "POST /wp-cron.php?doing_wp_cron=1732146882.1080260276794433593750 HTTP/1.0" 200 371 "-" "WordPress/4.4.33; http://www.theflexguy.com" 
51.222.253.7 - - [20/Nov/2024:16:05:12 -0800] "GET /2008/04/28/now-that-flex-3-is-out/ HTTP/1.1" 200 9199 "-" "Mozilla/5.0 (compatible; AhrefsBot/7.0; +http://ahrefs.com/robot/)" 
75.119.202.163 - - [20/Nov/2024:16:05:12 -0800] "POST /wp-cron.php?doing_wp_cron=1732147512.6156079769134521484375 HTTP/1.0" 200 371 "-" "WordPress/4.4.33; http://www.theflexguy.com" 
170.254.162.16 - - [20/Nov/2024:16:06:01 -0800] "GET http://www.theflexguy.com/2007/03/03/htmltext-editor-v20/ HTTP/1.1" 404 14708 "-" "Mozilla/5.0 (Macintosh; Intel Mac OS X 10_13_6) AppleWebKit/537.36 (KHTML, like Gecko) Chrome/80.0.3987.132 Safari/537.36" 
3.82.26.215 - - [20/Nov/2024:16:22:12 -0800] "GET /category/random/feed/ HTTP/1.1" 304 403 "https://www.google.com/" "Mozilla/5.0 (Windows NT 10.0; Win64; x64) AppleWebKit/537.36 (KHTML, like Gecko) Chrome/80.0.3987.122 Safari/537.36 Edg/80.0.361.62" 
66.249.79.73 - - [20/Nov/2024:16:30:20 -0800] "GET /robots.txt HTTP/1.1" 200 644 "-" "Mozilla/5.0 (compatible; Googlebot/2.1; +http://www.google.com/bot.html)" 
75.119.202.163 - - [20/Nov/2024:16:30:21 -0800] "POST /wp-cron.php?doing_wp_cron=1732149020.9947969913482666015625 HTTP/1.0" 200 371 "-" "WordPress/4.4.33; http://www.theflexguy.com" 
66.249.79.71 - - [20/Nov/2024:16:30:22 -0800] "GET /2007/02/02/time-to-clean-the-windows/ HTTP/1.1" 200 8306 "-" "Mozilla/5.0 (Linux; Android 6.0.1; Nexus 5X Build/MMB29P) AppleWebKit/537.36 (KHTML, like Gecko) Chrome/131.0.6778.69 Mobile Safari/537.36 (compatible; Googlebot/2.1; +http://www.google.com/bot.html)" 
66.249.79.71 - - [20/Nov/2024:16:30:24 -0800] "GET /wp-content/plugins/easy-digital-downloads/assets/js/edd-ajax.min.js?ver=2.5.9 HTTP/1.1" 200 2596 "http://www.theflexguy.com/2007/02/02/time-to-clean-the-windows/" "Mozilla/5.0 (Linux; Android 6.0.1; Nexus 5X Build/MMB29P) AppleWebKit/537.36 (KHTML, like Gecko) Chrome/130.0.6723.116 Mobile Safari/537.36 (compatible; Googlebot/2.1; +http://www.google.com/bot.html)" 
66.249.79.72 - - [20/Nov/2024:16:30:25 -0800] "GET /wp-content/plugins/akismet/_inc/form.js?ver=3.1.8 HTTP/1.1" 200 750 "http://www.theflexguy.com/2007/02/02/time-to-clean-the-windows/" "Mozilla/5.0 (Linux; Android 6.0.1; Nexus 5X Build/MMB29P) AppleWebKit/537.36 (KHTML, like Gecko) Chrome/130.0.6723.116 Mobile Safari/537.36 (compatible; Googlebot/2.1; +http://www.google.com/bot.html)" 
66.249.79.71 - - [20/Nov/2024:16:30:26 -0800] "GET /wp-content/plugins/jetpack/modules/related-posts/related-posts.js?ver=20150408 HTTP/1.1" 200 2173 "http://www.theflexguy.com/2007/02/02/time-to-clean-the-windows/" "Mozilla/5.0 (Linux; Android 6.0.1; Nexus 5X Build/MMB29P) AppleWebKit/537.36 (KHTML, like Gecko) Chrome/130.0.6723.116 Mobile Safari/537.36 (compatible; Googlebot/2.1; +http://www.google.com/bot.html)" 
66.249.79.71 - - [20/Nov/2024:16:30:27 -0800] "GET /2007/02/02/time-to-clean-the-windows/?relatedposts=1 HTTP/1.1" 200 2336 "http://www.theflexguy.com/2007/02/02/time-to-clean-the-windows/" "Mozilla/5.0 (Linux; Android 6.0.1; Nexus 5X Build/MMB29P) AppleWebKit/537.36 (KHTML, like Gecko) Chrome/130.0.6723.116 Mobile Safari/537.36 (compatible; Googlebot/2.1; +http://www.google.com/bot.html)" 
192.145.215.92 - - [20/Nov/2024:16:32:21 -0800] "GET http://www.theflexguy.com/2008/01/16/flash-a-flex-the-chemicals-between-us/ HTTP/1.1" 404 14708 "-" "Mozilla/5.0 (Windows NT 6.1; WOW64) AppleWebKit/537.36 (KHTML, like Gecko) Chrome/94.0.4606.81 Safari/537.36" 
66.249.79.71 - - [20/Nov/2024:16:37:35 -0800] "GET /shop/ HTTP/1.1" 200 6063 "-" "Mozilla/5.0 (Linux; Android 6.0.1; Nexus 5X Build/MMB29P) AppleWebKit/537.36 (KHTML, like Gecko) Chrome/131.0.6778.69 Mobile Safari/537.36 (compatible; Googlebot/2.1; +http://www.google.com/bot.html)" 
23.80.151.246 - - [20/Nov/2024:16:41:04 -0800] "GET /2011/06/17/some-thoughts-on-caching/ HTTP/1.1" 200 9920 "-" "Mozilla/5.0 (X11; Linux i686) AppleWebKit/537.36 (KHTML, like Gecko) Chrome/114.0.0.0 Safari/537.36 Vivaldi/5.3.2679.68" 
23.80.151.246 - - [20/Nov/2024:16:41:05 -0800] "POST /wp-comments-post.php HTTP/1.1" 200 390 "http://www.theflexguy.com/2011/06/17/some-thoughts-on-caching/" "Mozilla/5.0 (X11; Linux i686) AppleWebKit/537.36 (KHTML, like Gecko) Chrome/114.0.0.0 Safari/537.36 Vivaldi/5.3.2679.68" 
3.94.102.101 - - [20/Nov/2024:16:45:09 -0800] "GET /category/uncategorized/feed/ HTTP/1.1" 304 403 "https://www.google.com/" "Mozilla/5.0 (Windows NT 10.0; Win64; x64) AppleWebKit/537.36 (KHTML, like Gecko) Chrome/76.0.3809.100 Safari/537.36" 
157.245.100.75 - - [20/Nov/2024:16:45:17 -0800] "GET /page/2/ HTTP/1.1" 200 13236 "-" "Mozilla/5.0 (X11; Fedora; Linux x86_64; rv:114.0) Gecko/20100101 Firefox/114.0" 
66.249.79.71 - - [20/Nov/2024:17:07:06 -0800] "GET /tag/skin/feed/ HTTP/1.1" 200 4775 "-" "Mozilla/5.0 (Linux; Android 6.0.1; Nexus 5X Build/MMB29P) AppleWebKit/537.36 (KHTML, like Gecko) Chrome/131.0.6778.69 Mobile Safari/537.36 (compatible; Googlebot/2.1; +http://www.google.com/bot.html)" 
75.119.202.163 - - [20/Nov/2024:17:07:06 -0800] "POST /wp-cron.php?doing_wp_cron=1732151226.5494439601898193359375 HTTP/1.0" 200 371 "-" "WordPress/4.4.33; http://www.theflexguy.com" 
66.249.79.72 - - [20/Nov/2024:17:07:59 -0800] "GET /tag/cs4/feed/ HTTP/1.1" 200 4777 "-" "Mozilla/5.0 (Linux; Android 6.0.1; Nexus 5X Build/MMB29P) AppleWebKit/537.36 (KHTML, like Gecko) Chrome/131.0.6778.69 Mobile Safari/537.36 (compatible; Googlebot/2.1; +http://www.google.com/bot.html)" 
66.249.79.73 - - [20/Nov/2024:17:16:02 -0800] "GET /tag/uicomponent/feed/ HTTP/1.1" 200 3471 "-" "Mozilla/5.0 (Linux; Android 6.0.1; Nexus 5X Build/MMB29P) AppleWebKit/537.36 (KHTML, like Gecko) Chrome/131.0.6778.69 Mobile Safari/537.36 (compatible; Googlebot/2.1; +http://www.google.com/bot.html)" 
45.138.74.176 - - [20/Nov/2024:17:20:43 -0800] "GET / HTTP/1.1" 301 417 "-" "Mozilla/5.0 (X11; Ubuntu; Linux i686 on x86_64; rv:50.0) Gecko/20100101 Firefox/50.0" 
45.138.74.176 - - [20/Nov/2024:17:20:44 -0800] "GET / HTTP/1.1" 200 15325 "-" "Mozilla/5.0 (X11; Ubuntu; Linux i686 on x86_64; rv:50.0) Gecko/20100101 Firefox/50.0" 
45.138.74.176 - - [20/Nov/2024:17:20:45 -0800] "GET /?author=1 HTTP/1.1" 301 332 "http://www.theflexguy.com/" "Mozilla/5.0 (X11; Ubuntu; Linux i686 on x86_64; rv:50.0) Gecko/20100101 Firefox/50.0" 
45.138.74.176 - - [20/Nov/2024:17:20:45 -0800] "GET /author/admin/ HTTP/1.1" 200 15065 "http://www.theflexguy.com/" "Mozilla/5.0 (X11; Ubuntu; Linux i686 on x86_64; rv:50.0) Gecko/20100101 Firefox/50.0" 
45.138.74.176 - - [20/Nov/2024:17:20:47 -0800] "POST /wp-admin/admin-ajax.php HTTP/1.1" 200 260 "http://www.theflexguy.com/author/admin/" "Mozilla/5.0 (X11; Ubuntu; Linux i686 on x86_64; rv:50.0) Gecko/20100101 Firefox/50.0" 
45.138.74.176 - - [20/Nov/2024:17:20:48 -0800] "GET /wp-login.php HTTP/1.1" 200 2466 "http://www.theflexguy.com/wp-admin/admin-ajax.php" "Mozilla/5.0 (X11; Ubuntu; Linux i686 on x86_64; rv:50.0) Gecko/20100101 Firefox/50.0" 
45.138.74.176 - - [20/Nov/2024:17:20:58 -0800] "POST /wp-login.php HTTP/1.1" 500 4422 "http://www.theflexguy.com/wp-login.php" "Mozilla/5.0 (X11; Ubuntu; Linux i686 on x86_64; rv:50.0) Gecko/20100101 Firefox/50.0" 
45.138.74.176 - - [20/Nov/2024:17:20:59 -0800] "GET /wp-admin/plugins.php HTTP/1.1" 302 425 "http://www.theflexguy.com/wp-login.php" "Mozilla/5.0 (X11; Ubuntu; Linux i686 on x86_64; rv:50.0) Gecko/20100101 Firefox/50.0" 
45.138.74.176 - - [20/Nov/2024:17:20:59 -0800] "GET /wp-login.php?redirect_to=http%3A%2F%2Fwww.theflexguy.com%2Fwp-admin%2Fplugins.php&reauth=1 HTTP/1.1" 200 4235 "http://www.theflexguy.com/wp-login.php" "Mozilla/5.0 (X11; Ubuntu; Linux i686 on x86_64; rv:50.0) Gecko/20100101 Firefox/50.0" 
66.249.79.71 - - [20/Nov/2024:17:22:01 -0800] "GET /2007/01/18/flex-certification-now-available/ HTTP/1.1" 200 8446 "-" "Mozilla/5.0 (Linux; Android 6.0.1; Nexus 5X Build/MMB29P) AppleWebKit/537.36 (KHTML, like Gecko) Chrome/131.0.6778.69 Mobile Safari/537.36 (compatible; Googlebot/2.1; +http://www.google.com/bot.html)" 
66.249.79.72 - - [20/Nov/2024:17:22:15 -0800] "GET /2007/01/18/when-christophe-coenraets-speaks-we-listen/ HTTP/1.1" 200 9359 "-" "Mozilla/5.0 (Linux; Android 6.0.1; Nexus 5X Build/MMB29P) AppleWebKit/537.36 (KHTML, like Gecko) Chrome/131.0.6778.69 Mobile Safari/537.36 (compatible; Googlebot/2.1; +http://www.google.com/bot.html)" 
77.75.77.36 - - [20/Nov/2024:17:57:49 -0800] "GET /category/flex4/ HTTP/1.1" 200 7796 "-" "Mozilla/5.0 (compatible; SeznamBot/4.0; +http://napoveda.seznam.cz/seznambot-intro/)" 
75.119.202.163 - - [20/Nov/2024:17:57:49 -0800] "POST /wp-cron.php?doing_wp_cron=1732154269.9031560420989990234375 HTTP/1.0" 200 371 "-" "WordPress/4.4.33; http://www.theflexguy.com" 
37.139.53.247 - - [20/Nov/2024:18:13:11 -0800] "GET /category/flex/ HTTP/1.0" 200 51854 "http://www.theflexguy.com/category/flex/" "Mozilla/5.0 (Windows NT 6.2; Win64; x64) AppleWebKit/537.36 (KHTML, like Gecko) Chrome/103.0.0.0 Safari/537.36" 
37.139.53.247 - - [20/Nov/2024:18:13:12 -0800] "GET /2011/06/18/more-thoughts-on-caching-in-flex/ HTTP/1.0" 200 34935 "http://www.theflexguy.com/2011/06/18/more-thoughts-on-caching-in-flex/" "Mozilla/5.0 (Windows NT 6.2; Win64; x64) AppleWebKit/537.36 (KHTML, like Gecko) Chrome/103.0.0.0 Safari/537.36" 
37.139.53.247 - - [20/Nov/2024:18:13:13 -0800] "POST /wp-comments-post.php HTTP/1.0" 200 353 "http://www.theflexguy.com/2011/06/18/more-thoughts-on-caching-in-flex/" "Mozilla/5.0 (Windows NT 6.2; Win64; x64) AppleWebKit/537.36 (KHTML, like Gecko) Chrome/103.0.0.0 Safari/537.36" 
223.109.252.189 - - [20/Nov/2024:18:22:37 -0800] "GET / HTTP/1.1" 301 424 "-" "Sogou web spider/4.0(+http://www.sogou.com/docs/help/webmasters.htm#07)" 
223.109.252.189 - - [20/Nov/2024:18:22:39 -0800] "GET / HTTP/1.1" 200 57207 "-" "Sogou web spider/4.0(+http://www.sogou.com/docs/help/webmasters.htm#07)" 
35.175.111.17 - - [20/Nov/2024:18:30:05 -0800] "GET /category/flex/feed/ HTTP/1.1" 304 403 "https://www.google.com/" "Mozilla/5.0 (Macintosh; Intel Mac OS X 10_13_6) AppleWebKit/537.36 (KHTML, like Gecko) Chrome/80.0.3987.122 Safari/537.36" 
66.249.79.71 - - [20/Nov/2024:19:03:46 -0800] "GET /robots.txt HTTP/1.1" 200 644 "-" "Mozilla/5.0 (compatible; Googlebot/2.1; +http://www.google.com/bot.html)" 
66.249.79.73 - - [20/Nov/2024:19:03:48 -0800] "GET / HTTP/1.1" 200 15369 "-" "Mozilla/5.0 (compatible; Googlebot/2.1; +http://www.google.com/bot.html)" 
75.119.202.163 - - [20/Nov/2024:19:03:46 -0800] "POST /wp-cron.php?doing_wp_cron=1732158226.9480080604553222656250 HTTP/1.0" 200 371 "-" "WordPress/4.4.33; http://www.theflexguy.com" 
66.249.79.73 - - [20/Nov/2024:19:03:48 -0800] "GET / HTTP/1.1" 200 15346 "-" "Mozilla/5.0 (Linux; Android 6.0.1; Nexus 5X Build/MMB29P) AppleWebKit/537.36 (KHTML, like Gecko) Chrome/99.0.4844.84 Mobile Safari/537.36 (compatible; Googlebot/2.1; +http://www.google.com/bot.html)" 
168.205.101.56 - - [20/Nov/2024:19:20:04 -0800] "GET http://www.theflexguy.com/2007/01/18/when-christophe-coenraets-speaks-we-listen/ HTTP/1.1" 404 14708 "-" "Mozilla/5.0 (Macintosh; Intel Mac OS X 10_15_4) AppleWebKit/537.36 (KHTML, like Gecko) Chrome/98.0.4758.80 Safari/537.36" 
66.249.79.71 - - [20/Nov/2024:19:23:15 -0800] "GET /2007/01/29/srccomadobeflexextraswhatdoesitmean/ HTTP/1.1" 200 9118 "-" "Mozilla/5.0 (Linux; Android 6.0.1; Nexus 5X Build/MMB29P) AppleWebKit/537.36 (KHTML, like Gecko) Chrome/131.0.6778.69 Mobile Safari/537.36 (compatible; Googlebot/2.1; +http://www.google.com/bot.html)" 
66.249.79.72 - - [20/Nov/2024:19:25:09 -0800] "GET /2007/01/24/recipes-for-success/ HTTP/1.1" 200 8738 "-" "Mozilla/5.0 (Linux; Android 6.0.1; Nexus 5X Build/MMB29P) AppleWebKit/537.36 (KHTML, like Gecko) Chrome/131.0.6778.69 Mobile Safari/537.36 (compatible; Googlebot/2.1; +http://www.google.com/bot.html)" 
66.249.79.69 - - [20/Nov/2024:19:33:01 -0800] "GET /2007/01/14/to-start-with/ HTTP/1.1" 200 8386 "-" "Mozilla/5.0 (Linux; Android 6.0.1; Nexus 5X Build/MMB29P) AppleWebKit/537.36 (KHTML, like Gecko) Chrome/131.0.6778.69 Mobile Safari/537.36 (compatible; Googlebot/2.1; +http://www.google.com/bot.html)" 
95.108.213.250 - - [20/Nov/2024:19:36:58 -0800] "GET /robots.txt HTTP/1.1" 200 682 "-" "Mozilla/5.0 (compatible; YandexBot/3.0; +http://yandex.com/bots)" 
213.180.203.189 - - [20/Nov/2024:19:36:59 -0800] "GET /checkout-2/transaction-failed/ HTTP/1.1" 200 6072 "-" "Mozilla/5.0 (compatible; YandexBot/3.0; +http://yandex.com/bots)" 
51.222.253.17 - - [20/Nov/2024:19:40:07 -0800] "GET /2010/11/10/dont-forget-the-down-state/ HTTP/1.1" 200 9257 "-" "Mozilla/5.0 (compatible; AhrefsBot/7.0; +http://ahrefs.com/robot/)" 
51.222.253.19 - - [20/Nov/2024:19:40:09 -0800] "GET /wp-content/plugins/jetpack/modules/related-posts/related-posts.js?ver=20150408 HTTP/1.1" 200 2152 "-" "Mozilla/5.0 (compatible; AhrefsBot/7.0; +http://ahrefs.com/robot/)" 
66.249.79.69 - - [20/Nov/2024:19:42:15 -0800] "GET /page/tools/QingHttpService/ HTTP/1.1" 404 14708 "-" "Mozilla/5.0 (Linux; Android 6.0.1; Nexus 5X Build/MMB29P) AppleWebKit/537.36 (KHTML, like Gecko) Chrome/131.0.6778.69 Mobile Safari/537.36 (compatible; Googlebot/2.1; +http://www.google.com/bot.html)" 
66.249.79.72 - - [20/Nov/2024:19:50:10 -0800] "GET /page/tools/htmlTextEditor2008 HTTP/1.1" 404 14708 "-" "Mozilla/5.0 (Linux; Android 6.0.1; Nexus 5X Build/MMB29P) AppleWebKit/537.36 (KHTML, like Gecko) Chrome/131.0.6778.69 Mobile Safari/537.36 (compatible; Googlebot/2.1; +http://www.google.com/bot.html)" 
66.249.79.70 - - [20/Nov/2024:19:51:21 -0800] "GET /category/web-apps/feed/ HTTP/1.1" 200 1949 "-" "Mozilla/5.0 (Linux; Android 6.0.1; Nexus 5X Build/MMB29P) AppleWebKit/537.36 (KHTML, like Gecko) Chrome/131.0.6778.69 Mobile Safari/537.36 (compatible; Googlebot/2.1; +http://www.google.com/bot.html)" 
44.211.22.244 - - [20/Nov/2024:19:58:05 -0800] "GET /feed/ HTTP/1.1" 304 403 "https://www.google.com/" "Mozilla/5.0 (Macintosh; Intel Mac OS X 10_15) AppleWebKit/605.1.15 (KHTML, like Gecko) Version/13.0.5 Safari/605.1.15" 
75.119.202.163 - - [20/Nov/2024:19:58:06 -0800] "POST /wp-cron.php?doing_wp_cron=1732161486.0641610622406005859375 HTTP/1.0" 200 371 "-" "WordPress/4.4.33; http://www.theflexguy.com" 
51.222.253.9 - - [20/Nov/2024:20:01:33 -0800] "GET /2007/01/17/dhl-service-tracker/feed/ HTTP/1.1" 200 1127 "-" "Mozilla/5.0 (compatible; AhrefsBot/7.0; +http://ahrefs.com/robot/)" 
220.181.51.92 - - [20/Nov/2024:20:02:56 -0800] "GET / HTTP/1.1" 301 424 "-" "Mozilla/5.0 (Windows NT 10.0; WOW64) AppleWebKit/537.36 (KHTML, like Gecko) Chrome/48.0.2564.116 Safari/537.36" 
220.181.51.85 - - [20/Nov/2024:20:02:57 -0800] "GET / HTTP/1.1" 200 15268 "-" "Mozilla/5.0 (Windows NT 10.0; WOW64) AppleWebKit/537.36 (KHTML, like Gecko) Chrome/48.0.2564.116 Safari/537.36" 
220.181.51.116 - - [20/Nov/2024:20:02:57 -0800] "GET /robots.txt HTTP/1.1" 200 607 "-" "Mozilla/5.0 (Windows NT 10.0; WOW64) AppleWebKit/537.36 (KHTML, like Gecko) Chrome/48.0.2564.116 Safari/537.36" 
52.201.220.48 - - [20/Nov/2024:20:04:05 -0800] "GET /feed/atom/ HTTP/1.1" 304 403 "https://www.google.com/" "Mozilla/5.0 (Windows NT 6.1) AppleWebKit/537.36 (KHTML, like Gecko) Chrome/80.0.3987.132 Safari/537.36" 
75.119.202.163 - - [20/Nov/2024:20:04:05 -0800] "POST /wp-cron.php?doing_wp_cron=1732161845.2555000782012939453125 HTTP/1.0" 200 371 "-" "WordPress/4.4.33; http://www.theflexguy.com" 
66.249.79.69 - - [20/Nov/2024:20:22:27 -0800] "GET /robots.txt HTTP/1.1" 200 644 "-" "Mozilla/5.0 (compatible; Googlebot/2.1; +http://www.google.com/bot.html)" 
66.249.79.70 - - [20/Nov/2024:20:22:28 -0800] "GET /2007/10/30/drupal-meet-flex/feed/ HTTP/1.1" 200 1162 "-" "Mozilla/5.0 (Linux; Android 6.0.1; Nexus 5X Build/MMB29P) AppleWebKit/537.36 (KHTML, like Gecko) Chrome/131.0.6778.69 Mobile Safari/537.36 (compatible; Googlebot/2.1; +http://www.google.com/bot.html)" 
3.235.18.157 - - [20/Nov/2024:20:25:10 -0800] "GET /category/desktop-apps/feed/ HTTP/1.1" 304 403 "https://www.google.com/" "Mozilla/5.0 (Windows NT 10.0; Win64; x64) AppleWebKit/537.36 (KHTML, like Gecko) Chrome/78.0.3904.108 Safari/537.36" 
213.180.203.90 - - [20/Nov/2024:20:26:52 -0800] "GET /robots.txt HTTP/1.1" 200 682 "-" "Mozilla/5.0 (compatible; YandexBot/3.0; +http://yandex.com/bots)" 
95.108.213.246 - - [20/Nov/2024:20:26:54 -0800] "GET /checkout-2/purchase-history/ HTTP/1.1" 200 5937 "-" "Mozilla/5.0 (compatible; YandexBot/3.0; +http://yandex.com/bots)" 
51.222.253.3 - - [20/Nov/2024:20:30:14 -0800] "GET /2007/11/09/custom-flex-folder-icon/ HTTP/1.1" 200 8468 "-" "Mozilla/5.0 (compatible; AhrefsBot/7.0; +http://ahrefs.com/robot/)" 
51.222.253.13 - - [20/Nov/2024:20:30:17 -0800] "GET /2007/11/09/wp-content/uploads/2007/11/fxfolder.gif HTTP/1.1" 404 14664 "-" "Mozilla/5.0 (compatible; AhrefsBot/7.0; +http://ahrefs.com/robot/)" 
52.167.144.166 - - [20/Nov/2024:20:36:00 -0800] "GET /checkout-2/purchase-confirmation/ HTTP/1.1" 200 6067 "-" "Mozilla/5.0 AppleWebKit/537.36 (KHTML, like Gecko; compatible; bingbot/2.0; +http://www.bing.com/bingbot.htm) Chrome/116.0.1938.76 Safari/537.36" 
223.109.255.159 - - [20/Nov/2024:20:40:27 -0800] "GET / HTTP/1.1" 200 57271 "-" "Sogou web spider/4.0(+http://www.sogou.com/docs/help/webmasters.htm#07)" 
51.222.253.13 - - [20/Nov/2024:20:40:43 -0800] "GET /2007/01/17/dhl-service-tracker/ HTTP/1.1" 200 9158 "-" "Mozilla/5.0 (compatible; AhrefsBot/7.0; +http://ahrefs.com/robot/)" 
37.59.21.100 - - [20/Nov/2024:20:42:57 -0800] "GET /2011/06/18/more-thoughts-on-caching-in-flex/feed/ HTTP/1.1" 429 439 "-" "Mozilla/5.0 (X11; Linux i686) AppleWebKit/537.36 (KHTML, like Gecko) Chrome/30.0.1599.66 Safari/537.36" 
51.222.253.16 - - [20/Nov/2024:20:53:30 -0800] "GET /2007/04/27/flex-will-go-open-source/feed/ HTTP/1.1" 200 1130 "-" "Mozilla/5.0 (compatible; AhrefsBot/7.0; +http://ahrefs.com/robot/)" 
75.119.202.163 - - [20/Nov/2024:20:53:31 -0800] "POST /wp-cron.php?doing_wp_cron=1732164811.6380898952484130859375 HTTP/1.0" 200 371 "-" "WordPress/4.4.33; http://www.theflexguy.com" 
8.29.198.26 - - [20/Nov/2024:20:58:18 -0800] "GET /feed/rss HTTP/1.1" 301 527 "-" "Feedly/1.0 (+http://www.feedly.com/fetcher.html; 1 subscribers; )" 
8.29.198.26 - - [20/Nov/2024:20:58:19 -0800] "GET /feed/ HTTP/1.1" 200 13430 "-" "Feedly/1.0 (+http://www.feedly.com/fetcher.html; 1 subscribers; )" 
75.119.202.163 - - [20/Nov/2024:20:58:18 -0800] "POST /wp-cron.php?doing_wp_cron=1732165098.6406419277191162109375 HTTP/1.0" 200 371 "-" "WordPress/4.4.33; http://www.theflexguy.com" 
51.222.253.6 - - [20/Nov/2024:21:04:09 -0800] "GET /2007/11/14/future-of-flex-components/ HTTP/1.1" 200 8483 "-" "Mozilla/5.0 (compatible; AhrefsBot/7.0; +http://ahrefs.com/robot/)" 
75.119.202.163 - - [20/Nov/2024:21:04:10 -0800] "POST /wp-cron.php?doing_wp_cron=1732165450.3739950656890869140625 HTTP/1.0" 200 371 "-" "WordPress/4.4.33; http://www.theflexguy.com" 
51.222.253.17 - - [20/Nov/2024:21:25:30 -0800] "GET /2008/09/18/blueprint-code-manager/ HTTP/1.1" 200 8108 "-" "Mozilla/5.0 (compatible; AhrefsBot/7.0; +http://ahrefs.com/robot/)" 
51.222.253.18 - - [20/Nov/2024:21:34:14 -0800] "GET /2009/08/09/runaway-arraycollections/ HTTP/1.1" 200 8841 "-" "Mozilla/5.0 (compatible; AhrefsBot/7.0; +http://ahrefs.com/robot/)" 
66.249.79.71 - - [20/Nov/2024:21:38:09 -0800] "GET /robots.txt HTTP/1.1" 200 644 "-" "Mozilla/5.0 (compatible; Googlebot/2.1; +http://www.google.com/bot.html)" 
66.249.79.71 - - [20/Nov/2024:21:38:10 -0800] "GET /2008/08/26/about-marty/feed/ HTTP/1.1" 200 1136 "-" "Mozilla/5.0 (Linux; Android 6.0.1; Nexus 5X Build/MMB29P) AppleWebKit/537.36 (KHTML, like Gecko) Chrome/131.0.6778.69 Mobile Safari/537.36 (compatible; Googlebot/2.1; +http://www.google.com/bot.html)" 
66.249.79.69 - - [20/Nov/2024:21:43:23 -0800] "GET /2009/01/20/inauguration-via-flash/feed/ HTTP/1.1" 200 1168 "-" "Mozilla/5.0 (Linux; Android 6.0.1; Nexus 5X Build/MMB29P) AppleWebKit/537.36 (KHTML, like Gecko) Chrome/131.0.6778.69 Mobile Safari/537.36 (compatible; Googlebot/2.1; +http://www.google.com/bot.html)" 
66.249.79.71 - - [20/Nov/2024:21:48:05 -0800] "GET /author/adminwp/page/2/index.php?option=com_alfcontact&Itemid=53 HTTP/1.1" 301 516 "-" "Mozilla/5.0 (Linux; Android 6.0.1; Nexus 5X Build/MMB29P) AppleWebKit/537.36 (KHTML, like Gecko) Chrome/131.0.6778.69 Mobile Safari/537.36 (compatible; Googlebot/2.1; +http://www.google.com/bot.html)" 
66.249.79.70 - - [20/Nov/2024:21:48:10 -0800] "GET /author/adminwp/page/2/?option=com_alfcontact&Itemid=53 HTTP/1.1" 200 13234 "-" "Mozilla/5.0 (Linux; Android 6.0.1; Nexus 5X Build/MMB29P) AppleWebKit/537.36 (KHTML, like Gecko) Chrome/131.0.6778.69 Mobile Safari/537.36 (compatible; Googlebot/2.1; +http://www.google.com/bot.html)" 
180.102.110.141 - - [20/Nov/2024:21:52:41 -0800] "GET / HTTP/1.1" 301 424 "-" "Sogou web spider/4.0(+http://www.sogou.com/docs/help/webmasters.htm#07)" 
180.102.110.141 - - [20/Nov/2024:21:52:42 -0800] "GET / HTTP/1.1" 200 57207 "-" "Sogou web spider/4.0(+http://www.sogou.com/docs/help/webmasters.htm#07)" 
66.249.79.71 - - [20/Nov/2024:22:00:00 -0800] "GET /2009/03/30/bugquash-in-review/ HTTP/1.1" 200 10067 "-" "Mozilla/5.0 (Linux; Android 6.0.1; Nexus 5X Build/MMB29P) AppleWebKit/537.36 (KHTML, like Gecko) Chrome/131.0.6778.69 Mobile Safari/537.36 (compatible; Googlebot/2.1; +http://www.google.com/bot.html)" 
75.119.202.163 - - [20/Nov/2024:22:00:01 -0800] "POST /wp-cron.php?doing_wp_cron=1732168801.4932959079742431640625 HTTP/1.0" 200 371 "-" "WordPress/4.4.33; http://www.theflexguy.com" 
66.249.79.69 - - [20/Nov/2024:22:00:11 -0800] "GET /2009/03/18/fund-meter-09-now-available/feed/ HTTP/1.1" 200 1181 "-" "Mozilla/5.0 (Linux; Android 6.0.1; Nexus 5X Build/MMB29P) AppleWebKit/537.36 (KHTML, like Gecko) Chrome/131.0.6778.69 Mobile Safari/537.36 (compatible; Googlebot/2.1; +http://www.google.com/bot.html)" 
51.222.253.4 - - [20/Nov/2024:22:00:58 -0800] "GET /page/7/?option=com_content&view=category&layout=blog&id=39&Itemid=55 HTTP/1.1" 200 10150 "-" "Mozilla/5.0 (compatible; AhrefsBot/7.0; +http://ahrefs.com/robot/)" 
66.249.79.69 - - [20/Nov/2024:22:00:59 -0800] "GET /2009/05/08/searchinput-control/feed/ HTTP/1.1" 200 1167 "-" "Mozilla/5.0 (Linux; Android 6.0.1; Nexus 5X Build/MMB29P) AppleWebKit/537.36 (KHTML, like Gecko) Chrome/131.0.6778.69 Mobile Safari/537.36 (compatible; Googlebot/2.1; +http://www.google.com/bot.html)" 
112.86.225.59 - - [20/Nov/2024:22:13:40 -0800] "GET / HTTP/1.1" 200 15332 "-" "Sogou web spider/4.0(+http://www.sogou.com/docs/help/webmasters.htm#07)" 
75.119.202.163 - - [20/Nov/2024:22:13:41 -0800] "POST /wp-cron.php?doing_wp_cron=1732169620.9683129787445068359375 HTTP/1.0" 200 371 "-" "WordPress/4.4.33; http://www.theflexguy.com" 
65.108.100.186 - - [20/Nov/2024:22:16:56 -0800] "GET / HTTP/1.1" 301 461 "-" "Mozilla/5.0 (Linux; Android 14) AppleWebKit/537.36 (KHTML, like Gecko) Chrome/124.0.6367.54 Mobile Safari/537.36" 
65.108.100.186 - - [20/Nov/2024:22:16:57 -0800] "GET / HTTP/1.1" 200 15369 "http://theflexguy.com/" "Mozilla/5.0 (Linux; Android 14) AppleWebKit/537.36 (KHTML, like Gecko) Chrome/124.0.6367.54 Mobile Safari/537.36" 
65.108.100.186 - - [20/Nov/2024:22:16:58 -0800] "GET /about/ HTTP/1.1" 200 7452 "http://www.theflexguy.com/" "Mozilla/5.0 (Linux; Android 14) AppleWebKit/537.36 (KHTML, like Gecko) Chrome/124.0.6367.54 Mobile Safari/537.36" 
51.222.253.15 - - [20/Nov/2024:22:21:15 -0800] "GET /my-account/ HTTP/1.1" 200 5822 "-" "Mozilla/5.0 (compatible; AhrefsBot/7.0; +http://ahrefs.com/robot/)" 
51.222.253.10 - - [20/Nov/2024:22:39:01 -0800] "GET /cart/ HTTP/1.1" 200 5813 "-" "Mozilla/5.0 (compatible; AhrefsBot/7.0; +http://ahrefs.com/robot/)" 
66.249.79.70 - - [20/Nov/2024:22:44:31 -0800] "GET /robots.txt HTTP/1.1" 200 644 "-" "Mozilla/5.0 (compatible; Googlebot/2.1; +http://www.google.com/bot.html)" 
66.249.79.69 - - [20/Nov/2024:22:44:31 -0800] "GET /category/jenkins/feed/ HTTP/1.1" 200 3600 "-" "Mozilla/5.0 (Linux; Android 6.0.1; Nexus 5X Build/MMB29P) AppleWebKit/537.36 (KHTML, like Gecko) Chrome/131.0.6778.69 Mobile Safari/537.36 (compatible; Googlebot/2.1; +http://www.google.com/bot.html)" 
51.222.253.19 - - [20/Nov/2024:22:47:32 -0800] "GET /2008/10/27/see-you-at-max/ HTTP/1.1" 200 8563 "-" "Mozilla/5.0 (compatible; AhrefsBot/7.0; +http://ahrefs.com/robot/)" 
44.200.116.69 - - [20/Nov/2024:22:49:43 -0800] "GET / HTTP/1.1" 301 311 "-" "Mozilla/5.0 (Macintosh; Intel Mac OS X 10_15_7) AppleWebKit/537.36 (KHTML, like Gecko) Chrome/129.0.0.0 Safari/537.36" 
44.200.116.69 - - [20/Nov/2024:22:49:49 -0800] "GET / HTTP/1.1" 200 15219 "-" "Mozilla/5.0 (Macintosh; Intel Mac OS X 10_15_7) AppleWebKit/537.36 (KHTML, like Gecko) Chrome/129.0.0.0 Safari/537.36" 
51.222.253.12 - - [20/Nov/2024:22:56:06 -0800] "GET /author/admin/ HTTP/1.1" 200 15163 "-" "Mozilla/5.0 (compatible; AhrefsBot/7.0; +http://ahrefs.com/robot/)" 
75.119.202.163 - - [20/Nov/2024:22:56:07 -0800] "POST /wp-cron.php?doing_wp_cron=1732172166.9986131191253662109375 HTTP/1.0" 200 371 "-" "WordPress/4.4.33; http://www.theflexguy.com" 
51.222.253.2 - - [20/Nov/2024:23:04:57 -0800] "GET /2009/01/20/inauguration-via-flash/feed/ HTTP/1.1" 200 1124 "-" "Mozilla/5.0 (compatible; AhrefsBot/7.0; +http://ahrefs.com/robot/)" 
170.106.72.93 - - [20/Nov/2024:23:09:20 -0800] "GET / HTTP/1.1" 200 15332 "-" "Mozilla/5.0 (iPhone; CPU iPhone OS 13_2_3 like Mac OS X) AppleWebKit/605.1.15 (KHTML, like Gecko) Version/13.0.3 Mobile/15E148 Safari/604.1" 
3.237.60.68 - - [20/Nov/2024:23:11:05 -0800] "GET /category/flex4/feed/ HTTP/1.1" 304 403 "https://www.google.com/" "Mozilla/5.0 (Windows NT 10.0; Win64; x64; rv:72.0) Gecko/20100101 Firefox/72.0" 
66.249.79.69 - - [20/Nov/2024:23:11:47 -0800] "GET /2011/05/24/arraycollection-uses-your-sort/trackback/ HTTP/1.1" 302 652 "-" "Mozilla/5.0 (Linux; Android 6.0.1; Nexus 5X Build/MMB29P) AppleWebKit/537.36 (KHTML, like Gecko) Chrome/131.0.6778.69 Mobile Safari/537.36 (compatible; Googlebot/2.1; +http://www.google.com/bot.html)" 
66.249.79.69 - - [20/Nov/2024:23:11:49 -0800] "GET /2011/05/24/arraycollection-uses-your-sort/ HTTP/1.1" 200 9336 "-" "Mozilla/5.0 (Linux; Android 6.0.1; Nexus 5X Build/MMB29P) AppleWebKit/537.36 (KHTML, like Gecko) Chrome/131.0.6778.69 Mobile Safari/537.36 (compatible; Googlebot/2.1; +http://www.google.com/bot.html)" 
66.249.79.72 - - [20/Nov/2024:23:11:50 -0800] "GET /wp-content/plugins/easy-digital-downloads/assets/js/edd-ajax.min.js?ver=2.5.9 HTTP/1.1" 200 2619 "http://www.theflexguy.com/2011/05/24/arraycollection-uses-your-sort/" "Mozilla/5.0 (Linux; Android 6.0.1; Nexus 5X Build/MMB29P) AppleWebKit/537.36 (KHTML, like Gecko) Chrome/130.0.6723.116 Mobile Safari/537.36 (compatible; Googlebot/2.1; +http://www.google.com/bot.html)" 
66.249.79.70 - - [20/Nov/2024:23:11:51 -0800] "GET /2011/05/24/arraycollection-uses-your-sort/?relatedposts=1 HTTP/1.1" 200 2443 "http://www.theflexguy.com/2011/05/24/arraycollection-uses-your-sort/" "Mozilla/5.0 (Linux; Android 6.0.1; Nexus 5X Build/MMB29P) AppleWebKit/537.36 (KHTML, like Gecko) Chrome/130.0.6723.116 Mobile Safari/537.36 (compatible; Googlebot/2.1; +http://www.google.com/bot.html)" 
51.222.253.16 - - [20/Nov/2024:23:13:29 -0800] "GET /robots.txt HTTP/1.1" 200 600 "-" "Mozilla/5.0 (compatible; AhrefsBot/7.0; +http://ahrefs.com/robot/)" 
75.119.202.163 - - [20/Nov/2024:23:13:29 -0800] "POST /wp-cron.php?doing_wp_cron=1732173209.5783450603485107421875 HTTP/1.0" 200 371 "-" "WordPress/4.4.33; http://www.theflexguy.com" 
51.222.253.20 - - [20/Nov/2024:23:13:32 -0800] "GET /page/5/?option=com_alfcontact&Itemid=53 HTTP/1.1" 200 13881 "-" "Mozilla/5.0 (compatible; AhrefsBot/7.0; +http://ahrefs.com/robot/)" 
51.222.253.13 - - [20/Nov/2024:23:13:34 -0800] "GET /page/wp-content/uploads/2008/01/seattlesw.jpg HTTP/1.1" 404 14664 "-" "Mozilla/5.0 (compatible; AhrefsBot/7.0; +http://ahrefs.com/robot/)" 
51.222.253.4 - - [20/Nov/2024:23:13:35 -0800] "GET /page/wp-content/uploads/2007/12/workinhard.gif HTTP/1.1" 404 14664 "-" "Mozilla/5.0 (compatible; AhrefsBot/7.0; +http://ahrefs.com/robot/)" 
