57.141.7.11 - - [21/Nov/2024:10:43:58 -0800] "GET /2007/06/11/the-air-up-there/ HTTP/1.1" 429 487 "-" "meta-externalagent/1.1 (+https://developers.facebook.com/docs/sharing/webmasters/crawler)" 
51.222.253.5 - - [21/Nov/2024:10:47:00 -0800] "GET /2008/08/27/rokbox-test/ HTTP/1.1" 200 7940 "-" "Mozilla/5.0 (compatible; AhrefsBot/7.0; +http://ahrefs.com/robot/)" 
57.141.7.24 - - [21/Nov/2024:10:47:40 -0800] "GET /2012/08/14/sourcemate-code-bookmarks/ HTTP/1.1" 429 487 "-" "meta-externalagent/1.1 (+https://developers.facebook.com/docs/sharing/webmasters/crawler)" 
57.141.7.19 - - [21/Nov/2024:10:48:22 -0800] "GET /category/flex/page/3/ HTTP/1.1" 429 487 "-" "meta-externalagent/1.1 (+https://developers.facebook.com/docs/sharing/webmasters/crawler)" 
57.141.7.1 - - [21/Nov/2024:10:48:50 -0800] "GET /category/flex/page/7/ HTTP/1.1" 429 486 "-" "meta-externalagent/1.1 (+https://developers.facebook.com/docs/sharing/webmasters/crawler)" 
57.141.7.30 - - [21/Nov/2024:10:48:55 -0800] "GET /category/flex/page/6/ HTTP/1.1" 429 486 "-" "meta-externalagent/1.1 (+https://developers.facebook.com/docs/sharing/webmasters/crawler)" 
176.227.240.39 - - [21/Nov/2024:10:49:43 -0800] "GET / HTTP/1.1" 301 417 "-" "Mozilla/5.0 (Windows NT 10.0; WOW64; x64) AppleWebKit/537.36 (KHTML, like Gecko) Chrome/84.0.4147.105 Safari/537.36 OPR/70.0.3728.95" 
57.141.7.26 - - [21/Nov/2024:10:49:56 -0800] "GET /page/2/?option=com_content&view=article&id=105%3Abugquash-in-review&catid=35%3Amarty HTTP/1.1" 429 487 "-" "meta-externalagent/1.1 (+https://developers.facebook.com/docs/sharing/webmasters/crawler)" 
57.141.7.25 - - [21/Nov/2024:10:50:33 -0800] "GET /page/4/?option=com_content&view=category&layout=blog&id=39&Itemid=55 HTTP/1.1" 429 487 "-" "meta-externalagent/1.1 (+https://developers.facebook.com/docs/sharing/webmasters/crawler)" 
57.141.7.28 - - [21/Nov/2024:10:50:47 -0800] "GET /2008/01/16/flash-a-flex-the-chemicals-between-us/ HTTP/1.1" 429 487 "-" "meta-externalagent/1.1 (+https://developers.facebook.com/docs/sharing/webmasters/crawler)" 
57.141.7.26 - - [21/Nov/2024:10:51:58 -0800] "GET /2008/09/17/mls-csv2kml-beta-1/?option=com_alfcontact&Itemid=53 HTTP/1.1" 429 487 "-" "meta-externalagent/1.1 (+https://developers.facebook.com/docs/sharing/webmasters/crawler)" 
57.141.7.2 - - [21/Nov/2024:10:53:12 -0800] "GET /2008/01/28/skillbit-is-born/ HTTP/1.1" 429 486 "-" "meta-externalagent/1.1 (+https://developers.facebook.com/docs/sharing/webmasters/crawler)" 
57.141.7.30 - - [21/Nov/2024:10:55:47 -0800] "GET /page/6/?option=com_content&view=article&id=94%3Ahtmltext-editor-now-on-air&catid=39%3Adesktop-apps&Itemid=11 HTTP/1.1" 429 486 "-" "meta-externalagent/1.1 (+https://developers.facebook.com/docs/sharing/webmasters/crawler)" 
57.141.7.9 - - [21/Nov/2024:10:57:24 -0800] "GET /2008/01/01/htmltext-editor-2008-now-available/ HTTP/1.1" 429 486 "-" "meta-externalagent/1.1 (+https://developers.facebook.com/docs/sharing/webmasters/crawler)" 
57.141.7.8 - - [21/Nov/2024:10:58:30 -0800] "GET /category/web-apps/ HTTP/1.1" 429 486 "-" "meta-externalagent/1.1 (+https://developers.facebook.com/docs/sharing/webmasters/crawler)" 
57.141.7.24 - - [21/Nov/2024:11:02:48 -0800] "GET /tag/skinning/ HTTP/1.1" 429 487 "-" "meta-externalagent/1.1 (+https://developers.facebook.com/docs/sharing/webmasters/crawler)" 
57.141.7.17 - - [21/Nov/2024:11:03:55 -0800] "GET /?option=com_content&view=article&id=94%3Ahtmltext-editor-now-on-air&catid=39%3Adesktop-apps&Itemid=11 HTTP/1.1" 429 486 "-" "meta-externalagent/1.1 (+https://developers.facebook.com/docs/sharing/webmasters/crawler)" 
57.141.7.6 - - [21/Nov/2024:11:06:54 -0800] "GET /page/7/ HTTP/1.1" 429 487 "-" "meta-externalagent/1.1 (+https://developers.facebook.com/docs/sharing/webmasters/crawler)" 
14.153.234.237 - - [21/Nov/2024:11:07:45 -0800] "GET /robots.txt HTTP/1.1" 200 607 "-" "Mozilla/5.0 (Windows NT 10.0; WOW64) AppleWebKit/537.36 (KHTML, like Gecko) Chrome/69.0.3757.118 UBrowser/6.2.3964.2 Safari/537.36" 
75.119.202.163 - - [21/Nov/2024:11:07:45 -0800] "POST /wp-cron.php?doing_wp_cron=1732216065.7238540649414062500000 HTTP/1.0" 200 371 "-" "WordPress/4.4.33; http://www.theflexguy.com" 
57.141.7.26 - - [21/Nov/2024:11:08:12 -0800] "GET /2007/04/27/flex-will-go-open-source/ HTTP/1.1" 429 487 "-" "meta-externalagent/1.1 (+https://developers.facebook.com/docs/sharing/webmasters/crawler)" 
57.141.7.20 - - [21/Nov/2024:11:09:18 -0800] "GET /2009/01/20/inauguration-via-flash/ HTTP/1.1" 429 487 "-" "meta-externalagent/1.1 (+https://developers.facebook.com/docs/sharing/webmasters/crawler)" 
57.141.7.4 - - [21/Nov/2024:11:11:42 -0800] "GET /2008/09/11/htmltext-editor/ HTTP/1.1" 429 487 "-" "meta-externalagent/1.1 (+https://developers.facebook.com/docs/sharing/webmasters/crawler)" 
23.23.104.107 - - [21/Nov/2024:11:12:38 -0800] "GET /page/tools/QingHttpService/ HTTP/1.1" 404 14671 "-" "Mozilla/5.0 (Macintosh; Intel Mac OS X 10_10_1) AppleWebKit/600.2.5 (KHTML, like Gecko) Version/8.0.2 Safari/600.2.5 (Amazonbot/0.1; +https://developer.amazon.com/support/amazonbot)" 
75.119.202.163 - - [21/Nov/2024:11:12:39 -0800] "POST /wp-cron.php?doing_wp_cron=1732216359.3149449825286865234375 HTTP/1.0" 200 371 "-" "WordPress/4.4.33; http://www.theflexguy.com" 
57.141.7.2 - - [21/Nov/2024:11:12:49 -0800] "GET /2007/05/10/actionscript-cheat-sheets/ HTTP/1.1" 429 486 "-" "meta-externalagent/1.1 (+https://developers.facebook.com/docs/sharing/webmasters/crawler)" 
54.36.148.251 - - [21/Nov/2024:11:13:32 -0800] "GET /robots.txt HTTP/1.1" 200 600 "-" "Mozilla/5.0 (compatible; AhrefsBot/7.0; +http://ahrefs.com/robot/)" 
75.119.202.163 - - [21/Nov/2024:11:13:32 -0800] "POST /wp-cron.php?doing_wp_cron=1732216412.0700149536132812500000 HTTP/1.0" 200 371 "-" "WordPress/4.4.33; http://www.theflexguy.com" 
57.141.7.4 - - [21/Nov/2024:11:13:35 -0800] "GET /category/authors/ HTTP/1.1" 429 487 "-" "meta-externalagent/1.1 (+https://developers.facebook.com/docs/sharing/webmasters/crawler)" 
57.141.7.9 - - [21/Nov/2024:11:18:27 -0800] "GET /author/admin/ HTTP/1.1" 429 486 "-" "meta-externalagent/1.1 (+https://developers.facebook.com/docs/sharing/webmasters/crawler)" 
182.42.111.156 - - [21/Nov/2024:11:23:31 -0800] "GET / HTTP/1.1" 429 449 "-" "Mozilla/5.0 (iPhone; CPU iPhone OS 13_2_3 like Mac OS X) AppleWebKit/605.1.15 (KHTML, like Gecko) Version/13.0.3 Mobile/15E148 Safari/604.1" 
57.141.7.19 - - [21/Nov/2024:11:26:38 -0800] "GET /page/4/?option=com_content&view=article&id=105%3Abugquash-in-review&catid=35%3Amarty HTTP/1.1" 429 487 "-" "meta-externalagent/1.1 (+https://developers.facebook.com/docs/sharing/webmasters/crawler)" 
57.141.7.16 - - [21/Nov/2024:11:27:44 -0800] "GET /page/8/?option=com_content&view=article&id=94%3Ahtmltext-editor-now-on-air&catid=39%3Adesktop-apps&Itemid=11 HTTP/1.1" 429 487 "-" "meta-externalagent/1.1 (+https://developers.facebook.com/docs/sharing/webmasters/crawler)" 
57.141.7.21 - - [21/Nov/2024:11:27:50 -0800] "GET /tag/domain-registration/ HTTP/1.1" 429 487 "-" "meta-externalagent/1.1 (+https://developers.facebook.com/docs/sharing/webmasters/crawler)" 
57.141.7.6 - - [21/Nov/2024:11:28:57 -0800] "GET /page/8/?option=com_content&view=category&layout=blog&id=39&Itemid=55 HTTP/1.1" 429 487 "-" "meta-externalagent/1.1 (+https://developers.facebook.com/docs/sharing/webmasters/crawler)" 
57.141.7.24 - - [21/Nov/2024:11:30:47 -0800] "GET /tag/commitproperties/ HTTP/1.1" 429 487 "-" "meta-externalagent/1.1 (+https://developers.facebook.com/docs/sharing/webmasters/crawler)" 
57.141.7.5 - - [21/Nov/2024:11:34:21 -0800] "GET /2010/01/05/new-year-improved-site/ HTTP/1.1" 429 487 "-" "meta-externalagent/1.1 (+https://developers.facebook.com/docs/sharing/webmasters/crawler)" 
57.141.7.4 - - [21/Nov/2024:11:35:28 -0800] "GET /2007/10/30/drupal-meet-flex/ HTTP/1.1" 429 487 "-" "meta-externalagent/1.1 (+https://developers.facebook.com/docs/sharing/webmasters/crawler)" 
57.141.7.18 - - [21/Nov/2024:11:36:30 -0800] "GET /page/4/ HTTP/1.1" 429 487 "-" "meta-externalagent/1.1 (+https://developers.facebook.com/docs/sharing/webmasters/crawler)" 
57.141.7.1 - - [21/Nov/2024:11:37:36 -0800] "GET /2007/01/16/modules-documentation-update/ HTTP/1.1" 429 487 "-" "meta-externalagent/1.1 (+https://developers.facebook.com/docs/sharing/webmasters/crawler)" 
57.141.7.6 - - [21/Nov/2024:11:41:39 -0800] "GET /page/5/?option=com_alfcontact&Itemid=53 HTTP/1.1" 429 487 "-" "meta-externalagent/1.1 (+https://developers.facebook.com/docs/sharing/webmasters/crawler)" 
57.141.7.2 - - [21/Nov/2024:11:42:46 -0800] "GET /2008/08/26/about-marty/ HTTP/1.1" 429 487 "-" "meta-externalagent/1.1 (+https://developers.facebook.com/docs/sharing/webmasters/crawler)" 
57.141.7.15 - - [21/Nov/2024:11:43:52 -0800] "GET /2009/03/20/removing-column-header-sort-lines/ HTTP/1.1" 429 486 "-" "meta-externalagent/1.1 (+https://developers.facebook.com/docs/sharing/webmasters/crawler)" 
57.141.7.26 - - [21/Nov/2024:11:45:37 -0800] "GET /tag/createchildren/ HTTP/1.1" 429 487 "-" "meta-externalagent/1.1 (+https://developers.facebook.com/docs/sharing/webmasters/crawler)" 
57.141.7.12 - - [21/Nov/2024:11:46:44 -0800] "GET /2007/03/03/htmltext-editor-v20/ HTTP/1.1" 429 487 "-" "meta-externalagent/1.1 (+https://developers.facebook.com/docs/sharing/webmasters/crawler)" 
51.222.253.20 - - [21/Nov/2024:11:46:57 -0800] "GET /tag/debugging/feed/ HTTP/1.1" 200 2420 "-" "Mozilla/5.0 (compatible; AhrefsBot/7.0; +http://ahrefs.com/robot/)" 
98.83.221.234 - - [21/Nov/2024:11:47:22 -0800] "GET /category/flex4/feed/ HTTP/1.1" 304 403 "https://www.google.com/" "Mozilla/5.0 (Windows NT 10.0; Win64; x64; rv:72.0) Gecko/20100101 Firefox/72.0" 
57.141.7.27 - - [21/Nov/2024:11:47:51 -0800] "GET /2010/11/10/dont-forget-the-down-state/ HTTP/1.1" 429 487 "-" "meta-externalagent/1.1 (+https://developers.facebook.com/docs/sharing/webmasters/crawler)" 
57.141.7.6 - - [21/Nov/2024:11:49:12 -0800] "GET /2007/08/15/360-flex-conference-update/ HTTP/1.1" 429 487 "-" "meta-externalagent/1.1 (+https://developers.facebook.com/docs/sharing/webmasters/crawler)" 
57.141.7.19 - - [21/Nov/2024:11:52:25 -0800] "GET /tag/cs4/ HTTP/1.1" 429 487 "-" "meta-externalagent/1.1 (+https://developers.facebook.com/docs/sharing/webmasters/crawler)" 
57.141.7.4 - - [21/Nov/2024:11:53:31 -0800] "GET /2013/05/16/how-to-create-a-default-date-range-for-google-search/ HTTP/1.1" 429 487 "-" "meta-externalagent/1.1 (+https://developers.facebook.com/docs/sharing/webmasters/crawler)" 
57.141.7.4 - - [21/Nov/2024:11:56:43 -0800] "GET /tag/skins/ HTTP/1.1" 429 487 "-" "meta-externalagent/1.1 (+https://developers.facebook.com/docs/sharing/webmasters/crawler)" 
57.141.7.16 - - [21/Nov/2024:11:57:50 -0800] "GET /tag/dreamhost/ HTTP/1.1" 429 487 "-" "meta-externalagent/1.1 (+https://developers.facebook.com/docs/sharing/webmasters/crawler)" 
57.141.7.24 - - [21/Nov/2024:11:58:53 -0800] "GET /2009/01/16/skinning-with-fireworks/ HTTP/1.1" 429 487 "-" "meta-externalagent/1.1 (+https://developers.facebook.com/docs/sharing/webmasters/crawler)" 
57.141.7.11 - - [21/Nov/2024:12:00:00 -0800] "GET /2008/09/17/mls-csv2kml-beta-1/ HTTP/1.1" 429 487 "-" "meta-externalagent/1.1 (+https://developers.facebook.com/docs/sharing/webmasters/crawler)" 
57.141.7.18 - - [21/Nov/2024:12:01:06 -0800] "GET /2008/01/09/january-the-longest-month-so-far-this-year/ HTTP/1.1" 429 487 "-" "meta-externalagent/1.1 (+https://developers.facebook.com/docs/sharing/webmasters/crawler)" 
57.141.7.8 - - [21/Nov/2024:12:02:13 -0800] "GET /author/admin/page/2/ HTTP/1.1" 429 486 "-" "meta-externalagent/1.1 (+https://developers.facebook.com/docs/sharing/webmasters/crawler)" 
57.141.7.15 - - [21/Nov/2024:12:03:19 -0800] "GET /tag/api/ HTTP/1.1" 429 486 "-" "meta-externalagent/1.1 (+https://developers.facebook.com/docs/sharing/webmasters/crawler)" 
57.141.7.16 - - [21/Nov/2024:12:03:33 -0800] "GET /tag/caching/ HTTP/1.1" 429 487 "-" "meta-externalagent/1.1 (+https://developers.facebook.com/docs/sharing/webmasters/crawler)" 
51.222.253.18 - - [21/Nov/2024:12:04:45 -0800] "GET /tag/contains/ HTTP/1.1" 200 6507 "-" "Mozilla/5.0 (compatible; AhrefsBot/7.0; +http://ahrefs.com/robot/)" 
75.119.202.163 - - [21/Nov/2024:12:04:46 -0800] "POST /wp-cron.php?doing_wp_cron=1732219486.3765718936920166015625 HTTP/1.0" 200 371 "-" "WordPress/4.4.33; http://www.theflexguy.com" 
57.141.7.10 - - [21/Nov/2024:12:04:55 -0800] "GET /author/adminwp/page/7/?option=com_alfcontact&Itemid=53 HTTP/1.1" 429 487 "-" "meta-externalagent/1.1 (+https://developers.facebook.com/docs/sharing/webmasters/crawler)" 
57.141.7.18 - - [21/Nov/2024:12:06:03 -0800] "GET /2009/08/09/runaway-arraycollections/ HTTP/1.1" 429 487 "-" "meta-externalagent/1.1 (+https://developers.facebook.com/docs/sharing/webmasters/crawler)" 
57.141.7.2 - - [21/Nov/2024:12:06:29 -0800] "GET /page/7/?option=com_content&view=article&id=105%3Abugquash-in-review&catid=35%3Amarty HTTP/1.1" 429 487 "-" "meta-externalagent/1.1 (+https://developers.facebook.com/docs/sharing/webmasters/crawler)" 
112.102.126.120 - - [21/Nov/2024:12:07:18 -0800] "GET /shop/ HTTP/1.1" 200 5861 "-" "Opera/9.50.(X11; Linux x86_64; bn-BD) Presto/2.9.190 Version/10.00" 
57.141.7.25 - - [21/Nov/2024:12:07:35 -0800] "GET /2008/10/27/see-you-at-max/ HTTP/1.1" 429 487 "-" "meta-externalagent/1.1 (+https://developers.facebook.com/docs/sharing/webmasters/crawler)" 
57.141.7.13 - - [21/Nov/2024:12:07:52 -0800] "GET /2008/08/27/looking-good/ HTTP/1.1" 429 487 "-" "meta-externalagent/1.1 (+https://developers.facebook.com/docs/sharing/webmasters/crawler)" 
57.141.7.9 - - [21/Nov/2024:12:09:17 -0800] "GET /2007/01/24/recipes-for-success/ HTTP/1.1" 429 487 "-" "meta-externalagent/1.1 (+https://developers.facebook.com/docs/sharing/webmasters/crawler)" 
57.141.7.5 - - [21/Nov/2024:12:10:24 -0800] "GET /tag/lines/ HTTP/1.1" 429 487 "-" "meta-externalagent/1.1 (+https://developers.facebook.com/docs/sharing/webmasters/crawler)" 
57.141.7.13 - - [21/Nov/2024:12:11:31 -0800] "GET /category/jenkins/ HTTP/1.1" 429 487 "-" "meta-externalagent/1.1 (+https://developers.facebook.com/docs/sharing/webmasters/crawler)" 
57.141.7.11 - - [21/Nov/2024:12:12:38 -0800] "GET /2008/09/08/tutoring/ HTTP/1.1" 429 487 "-" "meta-externalagent/1.1 (+https://developers.facebook.com/docs/sharing/webmasters/crawler)" 
57.141.7.17 - - [21/Nov/2024:12:13:17 -0800] "GET /tag/performance-2/ HTTP/1.1" 429 487 "-" "meta-externalagent/1.1 (+https://developers.facebook.com/docs/sharing/webmasters/crawler)" 
57.141.7.20 - - [21/Nov/2024:12:14:23 -0800] "GET /2009/05/08/bugquash-improvements/ HTTP/1.1" 429 487 "-" "meta-externalagent/1.1 (+https://developers.facebook.com/docs/sharing/webmasters/crawler)" 
57.141.7.14 - - [21/Nov/2024:12:15:30 -0800] "GET /2011/05/24/arraycollection-uses-your-sort/comment-page-1/ HTTP/1.1" 429 487 "-" "meta-externalagent/1.1 (+https://developers.facebook.com/docs/sharing/webmasters/crawler)" 
57.141.7.27 - - [21/Nov/2024:12:16:29 -0800] "GET /tag/header/ HTTP/1.1" 429 487 "-" "meta-externalagent/1.1 (+https://developers.facebook.com/docs/sharing/webmasters/crawler)" 
57.141.7.5 - - [21/Nov/2024:12:18:36 -0800] "GET /page/8/?option=com_content&view=article&id=105%3Abugquash-in-review&catid=35%3Amarty HTTP/1.1" 429 487 "-" "meta-externalagent/1.1 (+https://developers.facebook.com/docs/sharing/webmasters/crawler)" 
57.141.7.14 - - [21/Nov/2024:12:19:42 -0800] "GET /tag/updatedisplaylist/ HTTP/1.1" 429 487 "-" "meta-externalagent/1.1 (+https://developers.facebook.com/docs/sharing/webmasters/crawler)" 
57.141.7.10 - - [21/Nov/2024:12:21:45 -0800] "GET /2007/02/02/time-to-clean-the-windows/ HTTP/1.1" 429 487 "-" "meta-externalagent/1.1 (+https://developers.facebook.com/docs/sharing/webmasters/crawler)" 
57.141.7.28 - - [21/Nov/2024:12:22:52 -0800] "GET /2009/01/26/windows-media-to-flash/ HTTP/1.1" 429 487 "-" "meta-externalagent/1.1 (+https://developers.facebook.com/docs/sharing/webmasters/crawler)" 
57.141.7.3 - - [21/Nov/2024:12:23:59 -0800] "GET /2008/04/30/the-open-screen-project-is-announced/ HTTP/1.1" 429 487 "-" "meta-externalagent/1.1 (+https://developers.facebook.com/docs/sharing/webmasters/crawler)" 
57.141.7.4 - - [21/Nov/2024:12:24:34 -0800] "GET /2007/11/01/lists-how-i-love-thee/ HTTP/1.1" 429 488 "-" "meta-externalagent/1.1 (+https://developers.facebook.com/docs/sharing/webmasters/crawler)" 
57.141.7.6 - - [21/Nov/2024:12:25:41 -0800] "GET /2008/09/18/blueprint-code-manager/ HTTP/1.1" 429 487 "-" "meta-externalagent/1.1 (+https://developers.facebook.com/docs/sharing/webmasters/crawler)" 
57.141.7.8 - - [21/Nov/2024:12:26:42 -0800] "GET /2007/01/29/srccomadobeflexextraswhatdoesitmean/ HTTP/1.1" 429 486 "-" "meta-externalagent/1.1 (+https://developers.facebook.com/docs/sharing/webmasters/crawler)" 
57.141.7.10 - - [21/Nov/2024:12:27:49 -0800] "GET /2011/05/24/arraycollection-uses-your-sort/ HTTP/1.1" 429 487 "-" "meta-externalagent/1.1 (+https://developers.facebook.com/docs/sharing/webmasters/crawler)" 
170.0.127.203 - - [21/Nov/2024:12:27:56 -0800] "GET http://www.theflexguy.com/2007/06/14/when-the-cats-away/ HTTP/1.1" 404 14708 "-" "Mozilla/5.0 (Macintosh; Intel Mac OS X 10_12_6) AppleWebKit/537.36 (KHTML, like Gecko) Chrome/79.0.3945.130 Safari/537.36" 
75.119.202.163 - - [21/Nov/2024:12:27:57 -0800] "POST /wp-cron.php?doing_wp_cron=1732220876.9807050228118896484375 HTTP/1.0" 200 371 "-" "WordPress/4.4.33; http://www.theflexguy.com" 
57.141.7.17 - - [21/Nov/2024:12:28:57 -0800] "GET /2007/02/09/the-future-of-java-a-flex/ HTTP/1.1" 429 487 "-" "meta-externalagent/1.1 (+https://developers.facebook.com/docs/sharing/webmasters/crawler)" 
107.20.25.33 - - [21/Nov/2024:12:29:50 -0800] "GET /page/4/tools/htmlTextEditor2008 HTTP/1.1" 404 14671 "-" "Mozilla/5.0 (Macintosh; Intel Mac OS X 10_10_1) AppleWebKit/600.2.5 (KHTML, like Gecko) Version/8.0.2 Safari/600.2.5 (Amazonbot/0.1; +https://developer.amazon.com/support/amazonbot)" 
57.141.7.4 - - [21/Nov/2024:12:30:04 -0800] "GET /2008/09/18/beanstalk/ HTTP/1.1" 429 488 "-" "meta-externalagent/1.1 (+https://developers.facebook.com/docs/sharing/webmasters/crawler)" 
57.141.7.13 - - [21/Nov/2024:12:31:11 -0800] "GET /page/6/?option=com_content&view=article&id=105%3Abugquash-in-review&catid=35%3Amarty HTTP/1.1" 429 487 "-" "meta-externalagent/1.1 (+https://developers.facebook.com/docs/sharing/webmasters/crawler)" 
57.141.7.13 - - [21/Nov/2024:12:32:17 -0800] "GET /page/6/ HTTP/1.1" 429 487 "-" "meta-externalagent/1.1 (+https://developers.facebook.com/docs/sharing/webmasters/crawler)" 
111.68.1.162 - - [21/Nov/2024:12:33:48 -0800] "GET /e/install/index.php?enews=setdb&f=4 HTTP/1.1" 429 486 "-" "Mozilla/5.0 (Windows NT 10.0; WOW64; rv:48.0) Gecko/20100101 Firefox/48.0" 
111.68.1.162 - - [21/Nov/2024:12:33:48 -0800] "GET /e/123/index.php?enews=setdb&f=4 HTTP/1.1" 429 486 "-" "Mozilla/5.0 (Windows NT 10.0; WOW64; rv:48.0) Gecko/20100101 Firefox/48.0" 
57.141.7.10 - - [21/Nov/2024:12:34:02 -0800] "GET /tag/contains/ HTTP/1.1" 429 487 "-" "meta-externalagent/1.1 (+https://developers.facebook.com/docs/sharing/webmasters/crawler)" 
57.141.7.5 - - [21/Nov/2024:12:35:09 -0800] "GET /2008/07/01/we-fear-change/ HTTP/1.1" 429 487 "-" "meta-externalagent/1.1 (+https://developers.facebook.com/docs/sharing/webmasters/crawler)" 
57.141.7.1 - - [21/Nov/2024:12:36:09 -0800] "GET /2007/04/11/new-flexorg/ HTTP/1.1" 429 487 "-" "meta-externalagent/1.1 (+https://developers.facebook.com/docs/sharing/webmasters/crawler)" 
57.141.7.12 - - [21/Nov/2024:12:37:47 -0800] "GET /about/ HTTP/1.1" 429 487 "-" "meta-externalagent/1.1 (+https://developers.facebook.com/docs/sharing/webmasters/crawler)" 
57.141.7.24 - - [21/Nov/2024:12:38:53 -0800] "GET /author/adminwp/page/6/ HTTP/1.1" 429 487 "-" "meta-externalagent/1.1 (+https://developers.facebook.com/docs/sharing/webmasters/crawler)" 
57.141.7.25 - - [21/Nov/2024:12:39:41 -0800] "GET /?option=com_content&view=article&id=105:bugquash-in-review&catid=35:marty HTTP/1.1" 429 487 "-" "meta-externalagent/1.1 (+https://developers.facebook.com/docs/sharing/webmasters/crawler)" 
57.141.7.9 - - [21/Nov/2024:12:40:48 -0800] "GET /page/5/ HTTP/1.1" 429 487 "-" "meta-externalagent/1.1 (+https://developers.facebook.com/docs/sharing/webmasters/crawler)" 
57.141.7.5 - - [21/Nov/2024:12:41:06 -0800] "GET /tag/flex/ HTTP/1.1" 429 488 "-" "meta-externalagent/1.1 (+https://developers.facebook.com/docs/sharing/webmasters/crawler)" 
57.141.7.29 - - [21/Nov/2024:12:42:12 -0800] "GET /category/uncategorized/ HTTP/1.1" 429 487 "-" "meta-externalagent/1.1 (+https://developers.facebook.com/docs/sharing/webmasters/crawler)" 
57.141.7.20 - - [21/Nov/2024:12:43:02 -0800] "GET /tag/skin/ HTTP/1.1" 429 487 "-" "meta-externalagent/1.1 (+https://developers.facebook.com/docs/sharing/webmasters/crawler)" 
57.141.7.19 - - [21/Nov/2024:12:45:19 -0800] "GET /2007/12/12/working-hard-to-improve/ HTTP/1.1" 429 487 "-" "meta-externalagent/1.1 (+https://developers.facebook.com/docs/sharing/webmasters/crawler)" 
57.141.7.1 - - [21/Nov/2024:12:46:26 -0800] "GET /2008/12/22/why-i-switched-to-dreamhost/?option=com_alfcontact&Itemid=53 HTTP/1.1" 429 487 "-" "meta-externalagent/1.1 (+https://developers.facebook.com/docs/sharing/webmasters/crawler)" 
57.141.7.21 - - [21/Nov/2024:12:47:26 -0800] "GET /2007/01/18/flex-certification-now-available/ HTTP/1.1" 429 487 "-" "meta-externalagent/1.1 (+https://developers.facebook.com/docs/sharing/webmasters/crawler)" 
57.141.7.15 - - [21/Nov/2024:12:48:32 -0800] "GET /page/2/ HTTP/1.1" 429 487 "-" "meta-externalagent/1.1 (+https://developers.facebook.com/docs/sharing/webmasters/crawler)" 
57.141.7.1 - - [21/Nov/2024:12:49:38 -0800] "GET /category/performance/ HTTP/1.1" 429 487 "-" "meta-externalagent/1.1 (+https://developers.facebook.com/docs/sharing/webmasters/crawler)" 
57.141.7.12 - - [21/Nov/2024:12:51:14 -0800] "GET /2014/11/18/xml-attribute-comparing-utility/ HTTP/1.1" 429 487 "-" "meta-externalagent/1.1 (+https://developers.facebook.com/docs/sharing/webmasters/crawler)" 
223.109.252.207 - - [21/Nov/2024:12:51:23 -0800] "GET / HTTP/1.1" 301 424 "-" "Sogou web spider/4.0(+http://www.sogou.com/docs/help/webmasters.htm#07)" 
223.109.252.207 - - [21/Nov/2024:12:51:24 -0800] "GET / HTTP/1.1" 200 15268 "-" "Sogou web spider/4.0(+http://www.sogou.com/docs/help/webmasters.htm#07)" 
57.141.7.10 - - [21/Nov/2024:12:55:25 -0800] "GET /2007/08/16/i-have-other-interests/ HTTP/1.1" 429 487 "-" "meta-externalagent/1.1 (+https://developers.facebook.com/docs/sharing/webmasters/crawler)" 
51.222.253.17 - - [21/Nov/2024:12:56:08 -0800] "GET /page/2/?option=com_content&view=article&id=94&Itemid=11 HTTP/1.1" 200 13234 "-" "Mozilla/5.0 (compatible; AhrefsBot/7.0; +http://ahrefs.com/robot/)" 
75.119.202.163 - - [21/Nov/2024:12:56:09 -0800] "POST /wp-cron.php?doing_wp_cron=1732222569.0358829498291015625000 HTTP/1.0" 200 371 "-" "WordPress/4.4.33; http://www.theflexguy.com" 
57.141.7.12 - - [21/Nov/2024:12:56:32 -0800] "GET /2009/03/18/fund-meter-09-now-available/ HTTP/1.1" 429 487 "-" "meta-externalagent/1.1 (+https://developers.facebook.com/docs/sharing/webmasters/crawler)" 
57.141.7.24 - - [21/Nov/2024:13:04:27 -0800] "GET /category/flex/page/4/ HTTP/1.1" 429 487 "-" "meta-externalagent/1.1 (+https://developers.facebook.com/docs/sharing/webmasters/crawler)" 
57.141.7.24 - - [21/Nov/2024:13:05:33 -0800] "GET /tag/sort/ HTTP/1.1" 429 487 "-" "meta-externalagent/1.1 (+https://developers.facebook.com/docs/sharing/webmasters/crawler)" 
57.141.7.20 - - [21/Nov/2024:13:07:14 -0800] "GET /2007/04/17/flash-cs3-released/ HTTP/1.1" 429 487 "-" "meta-externalagent/1.1 (+https://developers.facebook.com/docs/sharing/webmasters/crawler)" 
57.141.7.20 - - [21/Nov/2024:13:08:48 -0800] "GET /2009/02/19/flex-bugquash-is-happening/ HTTP/1.1" 429 487 "-" "meta-externalagent/1.1 (+https://developers.facebook.com/docs/sharing/webmasters/crawler)" 
51.222.253.8 - - [21/Nov/2024:13:12:04 -0800] "GET /2010/01/05/new-year-improved-site/ HTTP/1.1" 200 8934 "-" "Mozilla/5.0 (compatible; AhrefsBot/7.0; +http://ahrefs.com/robot/)" 
75.119.202.163 - - [21/Nov/2024:13:12:04 -0800] "POST /wp-cron.php?doing_wp_cron=1732223524.5266540050506591796875 HTTP/1.0" 200 371 "-" "WordPress/4.4.33; http://www.theflexguy.com" 
180.102.110.170 - - [21/Nov/2024:13:12:30 -0800] "GET / HTTP/1.1" 200 15332 "-" "Sogou web spider/4.0(+http://www.sogou.com/docs/help/webmasters.htm#07)" 
66.249.79.72 - - [21/Nov/2024:13:13:01 -0800] "GET /robots.txt HTTP/1.1" 200 644 "-" "Mozilla/5.0 (compatible; Googlebot/2.1; +http://www.google.com/bot.html)" 
66.249.79.72 - - [21/Nov/2024:13:13:01 -0800] "GET /2008/10/23/htmltext-editor-now-on-air/ HTTP/1.1" 200 8707 "-" "Mozilla/5.0 (Linux; Android 6.0.1; Nexus 5X Build/MMB29P) AppleWebKit/537.36 (KHTML, like Gecko) Chrome/131.0.6778.85 Mobile Safari/537.36 (compatible; Googlebot/2.1; +http://www.google.com/bot.html)" 
57.141.7.20 - - [21/Nov/2024:13:17:00 -0800] "GET /2007/04/11/so-much-time-so-little-talk/ HTTP/1.1" 429 487 "-" "meta-externalagent/1.1 (+https://developers.facebook.com/docs/sharing/webmasters/crawler)" 
57.141.7.2 - - [21/Nov/2024:13:18:07 -0800] "GET /2007/11/09/custom-flex-folder-icon/ HTTP/1.1" 429 487 "-" "meta-externalagent/1.1 (+https://developers.facebook.com/docs/sharing/webmasters/crawler)" 
57.141.7.24 - - [21/Nov/2024:13:19:15 -0800] "GET /category/random/ HTTP/1.1" 429 487 "-" "meta-externalagent/1.1 (+https://developers.facebook.com/docs/sharing/webmasters/crawler)" 
65.108.13.173 - - [21/Nov/2024:13:21:59 -0800] "GET /2014/11/18/xml-attribute-comparing-utility/ HTTP/1.0" 200 28992 "http://www.theflexguy.com/2014/11/18/xml-attribute-comparing-utility/" "Mozilla/5.0 (Windows NT 10.0.0; Win64; x64; ) AppleWebKit/537.36 (KHTML, like Gecko) Chrome/124.0.6367.63 Chrome/124.0.6367.63 Not-A.Brand/99  Safari/537.36" 
65.108.13.173 - - [21/Nov/2024:13:22:00 -0800] "POST /wp-comments-post.php HTTP/1.0" 200 353 "http://www.theflexguy.com/2014/11/18/xml-attribute-comparing-utility/" "Mozilla/5.0 (Windows NT 10.0.0; Win64; x64; ) AppleWebKit/537.36 (KHTML, like Gecko) Chrome/124.0.6367.63 Chrome/124.0.6367.63 Not-A.Brand/99  Safari/537.36" 
57.141.7.16 - - [21/Nov/2024:13:22:55 -0800] "GET /tag/uicomponent/ HTTP/1.1" 429 487 "-" "meta-externalagent/1.1 (+https://developers.facebook.com/docs/sharing/webmasters/crawler)" 
57.141.7.9 - - [21/Nov/2024:13:24:01 -0800] "GET /2007/08/17/move-over-bacon/ HTTP/1.1" 429 487 "-" "meta-externalagent/1.1 (+https://developers.facebook.com/docs/sharing/webmasters/crawler)" 
51.222.253.5 - - [21/Nov/2024:13:28:25 -0800] "GET /2013/06/09/adding-bookmarks-in-flash-builder/feed/ HTTP/1.1" 200 1139 "-" "Mozilla/5.0 (compatible; AhrefsBot/7.0; +http://ahrefs.com/robot/)" 
75.119.202.163 - - [21/Nov/2024:13:28:26 -0800] "POST /wp-cron.php?doing_wp_cron=1732224506.0580930709838867187500 HTTP/1.0" 200 371 "-" "WordPress/4.4.33; http://www.theflexguy.com" 
45.138.74.176 - - [21/Nov/2024:13:42:21 -0800] "GET / HTTP/1.1" 301 417 "-" "Mozilla/5.0 (X11; Linux x86_64; rv:50.0) Gecko/20100101 Firefox/50.0" 
45.138.74.176 - - [21/Nov/2024:13:42:23 -0800] "GET / HTTP/1.1" 200 15325 "-" "Mozilla/5.0 (X11; Linux x86_64; rv:50.0) Gecko/20100101 Firefox/50.0" 
45.138.74.176 - - [21/Nov/2024:13:43:33 -0800] "GET /?author=1 HTTP/1.1" 301 366 "http://www.theflexguy.com/" "Mozilla/5.0 (X11; Linux x86_64; rv:50.0) Gecko/20100101 Firefox/50.0" 
45.138.74.176 - - [21/Nov/2024:13:43:33 -0800] "GET /author/admin/ HTTP/1.1" 200 15065 "http://www.theflexguy.com/" "Mozilla/5.0 (X11; Linux x86_64; rv:50.0) Gecko/20100101 Firefox/50.0" 
45.138.74.176 - - [21/Nov/2024:13:43:34 -0800] "POST /wp-admin/admin-ajax.php HTTP/1.1" 200 260 "http://www.theflexguy.com/author/admin/" "Mozilla/5.0 (X11; Linux x86_64; rv:50.0) Gecko/20100101 Firefox/50.0" 
45.138.74.176 - - [21/Nov/2024:13:43:35 -0800] "GET /wp-login.php HTTP/1.1" 200 2467 "http://www.theflexguy.com/wp-admin/admin-ajax.php" "Mozilla/5.0 (X11; Linux x86_64; rv:50.0) Gecko/20100101 Firefox/50.0" 
45.138.74.176 - - [21/Nov/2024:13:43:36 -0800] "POST /wp-login.php HTTP/1.1" 500 4400 "http://www.theflexguy.com/wp-login.php" "Mozilla/5.0 (X11; Linux x86_64; rv:50.0) Gecko/20100101 Firefox/50.0" 
45.138.74.176 - - [21/Nov/2024:13:43:37 -0800] "GET /wp-admin/plugins.php HTTP/1.1" 302 425 "http://www.theflexguy.com/wp-login.php" "Mozilla/5.0 (X11; Linux x86_64; rv:50.0) Gecko/20100101 Firefox/50.0" 
45.138.74.176 - - [21/Nov/2024:13:43:37 -0800] "GET /wp-login.php?redirect_to=http%3A%2F%2Fwww.theflexguy.com%2Fwp-admin%2Fplugins.php&reauth=1 HTTP/1.1" 200 4232 "http://www.theflexguy.com/wp-login.php" "Mozilla/5.0 (X11; Linux x86_64; rv:50.0) Gecko/20100101 Firefox/50.0" 
5.255.231.86 - - [21/Nov/2024:13:51:39 -0800] "GET /robots.txt HTTP/1.1" 200 682 "-" "Mozilla/5.0 (compatible; YandexBot/3.0; +http://yandex.com/bots)" 
87.250.224.46 - - [21/Nov/2024:13:51:41 -0800] "GET /tag/skinning/ HTTP/1.1" 200 6275 "-" "Mozilla/5.0 (compatible; YandexBot/3.0; +http://yandex.com/bots)" 
139.5.200.2 - - [21/Nov/2024:13:59:33 -0800] "GET /login.php?s=Admin/login HTTP/1.1" 429 486 "-" "Mozilla/5.0 (Windows NT 10.0; WOW64; rv:48.0) Gecko/20100101 Firefox/48.0" 
51.222.253.4 - - [21/Nov/2024:14:06:06 -0800] "GET /page/6/?option=com_content&view=article&id=94&Itemid=11 HTTP/1.1" 200 13867 "-" "Mozilla/5.0 (compatible; AhrefsBot/7.0; +http://ahrefs.com/robot/)" 
75.119.202.163 - - [21/Nov/2024:14:06:06 -0800] "POST /wp-cron.php?doing_wp_cron=1732226766.6186180114746093750000 HTTP/1.0" 200 371 "-" "WordPress/4.4.33; http://www.theflexguy.com" 
192.0.118.81 - - [21/Nov/2024:14:10:56 -0800] "GET /wp-content/uploads/2012/08/SourceMateTaskTags.jpg HTTP/1.1" 200 42409 "-" "Photon/1.0" 
51.222.253.14 - - [21/Nov/2024:14:24:31 -0800] "GET /2011/06/17/some-thoughts-on-caching/feed/ HTTP/1.1" 200 1137 "-" "Mozilla/5.0 (compatible; AhrefsBot/7.0; +http://ahrefs.com/robot/)" 
75.119.202.163 - - [21/Nov/2024:14:24:32 -0800] "POST /wp-cron.php?doing_wp_cron=1732227872.2906260490417480468750 HTTP/1.0" 200 371 "-" "WordPress/4.4.33; http://www.theflexguy.com" 
81.100.108.1 - - [21/Nov/2024:14:29:32 -0800] "GET /2013/05/16/how-to-create-a-default-date-range-for-google-search/ HTTP/1.1" 200 10590 "-" "Mozilla/5.0 (Macintosh; Intel Mac OS X 10_15_7) AppleWebKit/605.1.15 (KHTML, like Gecko)" 
75.119.202.163 - - [21/Nov/2024:14:29:32 -0800] "POST /wp-cron.php?doing_wp_cron=1732228172.6600029468536376953125 HTTP/1.0" 200 371 "-" "WordPress/4.4.33; http://www.theflexguy.com" 
81.100.108.1 - - [21/Nov/2024:14:29:34 -0800] "GET /favicon.ico HTTP/1.1" 200 391 "-" "Safari/20619.2.8.11.10 CFNetwork/1568.200.51 Darwin/24.1.0" 
81.100.108.1 - - [21/Nov/2024:14:29:34 -0800] "GET /favicon.ico HTTP/1.1" 200 368 "-" "Safari/20619.2.8.11.10 CFNetwork/1568.200.51 Darwin/24.1.0" 
179.97.91.214 - - [21/Nov/2024:14:34:55 -0800] "GET http://www.theflexguy.com/2008/07/01/we-fear-change/ HTTP/1.1" 404 14708 "-" "Mozilla/5.0 (Windows NT 6.1) AppleWebKit/537.36 (KHTML, like Gecko) Chrome/84.0.4147.140 Safari/537.36" 
51.222.253.7 - - [21/Nov/2024:14:38:22 -0800] "GET /2007/03/03/htmltext-editor-v20/ HTTP/1.1" 200 8775 "-" "Mozilla/5.0 (compatible; AhrefsBot/7.0; +http://ahrefs.com/robot/)" 
87.120.127.163 - - [21/Nov/2024:14:47:29 -0800] "GET /wp-includes/index.php HTTP/1.1" 429 486 "-" "Mozlila/5.0 (Linux; Android 7.0; SM-G892A Bulid/NRD90M; wv) AppleWebKit/537.36 (KHTML, like Gecko) Version/4.0 Chrome/60.0.3112.107 Moblie Safari/537.36" 
87.120.127.163 - - [21/Nov/2024:14:47:34 -0800] "GET /wp-includes/html-api/index.php HTTP/1.1" 429 486 "-" "Mozlila/5.0 (Linux; Android 7.0; SM-G892A Bulid/NRD90M; wv) AppleWebKit/537.36 (KHTML, like Gecko) Version/4.0 Chrome/60.0.3112.107 Moblie Safari/537.36" 
87.120.127.163 - - [21/Nov/2024:14:47:38 -0800] "GET /wp-includes/ID3/index.php HTTP/1.1" 429 486 "-" "Mozlila/5.0 (Linux; Android 7.0; SM-G892A Bulid/NRD90M; wv) AppleWebKit/537.36 (KHTML, like Gecko) Version/4.0 Chrome/60.0.3112.107 Moblie Safari/537.36" 
87.120.127.163 - - [21/Nov/2024:14:47:51 -0800] "GET /wp-includes/IXR/index.php HTTP/1.1" 429 486 "-" "Mozlila/5.0 (Linux; Android 7.0; SM-G892A Bulid/NRD90M; wv) AppleWebKit/537.36 (KHTML, like Gecko) Version/4.0 Chrome/60.0.3112.107 Moblie Safari/537.36" 
87.120.127.163 - - [21/Nov/2024:14:47:59 -0800] "GET /wp-includes/PHPMailer/index.php HTTP/1.1" 429 486 "-" "Mozlila/5.0 (Linux; Android 7.0; SM-G892A Bulid/NRD90M; wv) AppleWebKit/537.36 (KHTML, like Gecko) Version/4.0 Chrome/60.0.3112.107 Moblie Safari/537.36" 
87.120.127.163 - - [21/Nov/2024:14:48:03 -0800] "GET /wp-content/plugins/index.php HTTP/1.1" 429 486 "-" "Mozlila/5.0 (Linux; Android 7.0; SM-G892A Bulid/NRD90M; wv) AppleWebKit/537.36 (KHTML, like Gecko) Version/4.0 Chrome/60.0.3112.107 Moblie Safari/537.36" 
87.120.127.163 - - [21/Nov/2024:14:48:15 -0800] "GET /wp-includes/Requests/index.php HTTP/1.1" 429 486 "-" "Mozlila/5.0 (Linux; Android 7.0; SM-G892A Bulid/NRD90M; wv) AppleWebKit/537.36 (KHTML, like Gecko) Version/4.0 Chrome/60.0.3112.107 Moblie Safari/537.36" 
87.120.127.163 - - [21/Nov/2024:14:48:16 -0800] "GET /wp-includes/Requests/Auth/index.php HTTP/1.1" 429 486 "-" "Mozlila/5.0 (Linux; Android 7.0; SM-G892A Bulid/NRD90M; wv) AppleWebKit/537.36 (KHTML, like Gecko) Version/4.0 Chrome/60.0.3112.107 Moblie Safari/537.36" 
87.120.127.163 - - [21/Nov/2024:14:48:20 -0800] "GET /wp-includes/Requests/Cookie/index.php HTTP/1.1" 429 486 "-" "Mozlila/5.0 (Linux; Android 7.0; SM-G892A Bulid/NRD90M; wv) AppleWebKit/537.36 (KHTML, like Gecko) Version/4.0 Chrome/60.0.3112.107 Moblie Safari/537.36" 
87.120.127.163 - - [21/Nov/2024:14:48:30 -0800] "GET /wp-includes/Requests/Exception/index.php HTTP/1.1" 429 486 "-" "Mozlila/5.0 (Linux; Android 7.0; SM-G892A Bulid/NRD90M; wv) AppleWebKit/537.36 (KHTML, like Gecko) Version/4.0 Chrome/60.0.3112.107 Moblie Safari/537.36" 
87.120.127.163 - - [21/Nov/2024:14:48:37 -0800] "GET /wp-includes/Requests/Exception/HTTP/index.php HTTP/1.1" 429 486 "-" "Mozlila/5.0 (Linux; Android 7.0; SM-G892A Bulid/NRD90M; wv) AppleWebKit/537.36 (KHTML, like Gecko) Version/4.0 Chrome/60.0.3112.107 Moblie Safari/537.36" 
87.120.127.163 - - [21/Nov/2024:14:48:55 -0800] "GET /wp-includes/Requests/Exception/Transport/index.php HTTP/1.1" 429 486 "-" "Mozlila/5.0 (Linux; Android 7.0; SM-G892A Bulid/NRD90M; wv) AppleWebKit/537.36 (KHTML, like Gecko) Version/4.0 Chrome/60.0.3112.107 Moblie Safari/537.36" 
87.120.127.163 - - [21/Nov/2024:14:49:04 -0800] "GET /wp-includes/Requests/Proxy/index.php HTTP/1.1" 429 486 "-" "Mozlila/5.0 (Linux; Android 7.0; SM-G892A Bulid/NRD90M; wv) AppleWebKit/537.36 (KHTML, like Gecko) Version/4.0 Chrome/60.0.3112.107 Moblie Safari/537.36" 
87.120.127.163 - - [21/Nov/2024:14:49:08 -0800] "GET /wp-includes/Requests/Response/index.php HTTP/1.1" 429 486 "-" "Mozlila/5.0 (Linux; Android 7.0; SM-G892A Bulid/NRD90M; wv) AppleWebKit/537.36 (KHTML, like Gecko) Version/4.0 Chrome/60.0.3112.107 Moblie Safari/537.36" 
87.120.127.163 - - [21/Nov/2024:14:49:11 -0800] "GET /wp-includes/Requests/Transport/index.php HTTP/1.1" 429 486 "-" "Mozlila/5.0 (Linux; Android 7.0; SM-G892A Bulid/NRD90M; wv) AppleWebKit/537.36 (KHTML, like Gecko) Version/4.0 Chrome/60.0.3112.107 Moblie Safari/537.36" 
87.120.127.163 - - [21/Nov/2024:14:49:15 -0800] "GET /wp-includes/Requests/Utility/index.php HTTP/1.1" 429 486 "-" "Mozlila/5.0 (Linux; Android 7.0; SM-G892A Bulid/NRD90M; wv) AppleWebKit/537.36 (KHTML, like Gecko) Version/4.0 Chrome/60.0.3112.107 Moblie Safari/537.36" 
87.120.127.163 - - [21/Nov/2024:14:49:18 -0800] "GET /wp-includes/SimplePie/index.php HTTP/1.1" 429 486 "-" "Mozlila/5.0 (Linux; Android 7.0; SM-G892A Bulid/NRD90M; wv) AppleWebKit/537.36 (KHTML, like Gecko) Version/4.0 Chrome/60.0.3112.107 Moblie Safari/537.36" 
87.120.127.163 - - [21/Nov/2024:14:49:23 -0800] "GET /wp-includes/SimplePie/Cache/index.php HTTP/1.1" 429 486 "-" "Mozlila/5.0 (Linux; Android 7.0; SM-G892A Bulid/NRD90M; wv) AppleWebKit/537.36 (KHTML, like Gecko) Version/4.0 Chrome/60.0.3112.107 Moblie Safari/537.36" 
87.120.127.163 - - [21/Nov/2024:14:49:29 -0800] "GET /wp-includes/SimplePie/Content/Type/index.php HTTP/1.1" 429 486 "-" "Mozlila/5.0 (Linux; Android 7.0; SM-G892A Bulid/NRD90M; wv) AppleWebKit/537.36 (KHTML, like Gecko) Version/4.0 Chrome/60.0.3112.107 Moblie Safari/537.36" 
87.120.127.163 - - [21/Nov/2024:14:49:41 -0800] "GET /wp-includes/SimplePie/Decode/HTML/index.php HTTP/1.1" 429 486 "-" "Mozlila/5.0 (Linux; Android 7.0; SM-G892A Bulid/NRD90M; wv) AppleWebKit/537.36 (KHTML, like Gecko) Version/4.0 Chrome/60.0.3112.107 Moblie Safari/537.36" 
87.120.127.163 - - [21/Nov/2024:14:49:49 -0800] "GET /wp-includes/SimplePie/HTTP/index.php HTTP/1.1" 429 486 "-" "Mozlila/5.0 (Linux; Android 7.0; SM-G892A Bulid/NRD90M; wv) AppleWebKit/537.36 (KHTML, like Gecko) Version/4.0 Chrome/60.0.3112.107 Moblie Safari/537.36" 
87.120.127.163 - - [21/Nov/2024:14:49:55 -0800] "GET /wp-includes/SimplePie/Net/index.php HTTP/1.1" 429 486 "-" "Mozlila/5.0 (Linux; Android 7.0; SM-G892A Bulid/NRD90M; wv) AppleWebKit/537.36 (KHTML, like Gecko) Version/4.0 Chrome/60.0.3112.107 Moblie Safari/537.36" 
87.120.127.163 - - [21/Nov/2024:14:50:01 -0800] "GET /wp-includes/SimplePie/Parse/index.php HTTP/1.1" 301 490 "-" "Mozlila/5.0 (Linux; Android 7.0; SM-G892A Bulid/NRD90M; wv) AppleWebKit/537.36 (KHTML, like Gecko) Version/4.0 Chrome/60.0.3112.107 Moblie Safari/537.36" 
87.120.127.163 - - [21/Nov/2024:14:50:03 -0800] "GET /wp-includes/SimplePie/Parse/ HTTP/1.1" 429 436 "-" "Mozlila/5.0 (Linux; Android 7.0; SM-G892A Bulid/NRD90M; wv) AppleWebKit/537.36 (KHTML, like Gecko) Version/4.0 Chrome/60.0.3112.107 Moblie Safari/537.36" 
87.120.127.163 - - [21/Nov/2024:14:50:18 -0800] "GET /wp-includes/SimplePie/XML/Declaration/index.php HTTP/1.1" 429 486 "-" "Mozlila/5.0 (Linux; Android 7.0; SM-G892A Bulid/NRD90M; wv) AppleWebKit/537.36 (KHTML, like Gecko) Version/4.0 Chrome/60.0.3112.107 Moblie Safari/537.36" 
87.120.127.163 - - [21/Nov/2024:14:50:26 -0800] "GET /wp-includes/Text/index.php HTTP/1.1" 429 486 "-" "Mozlila/5.0 (Linux; Android 7.0; SM-G892A Bulid/NRD90M; wv) AppleWebKit/537.36 (KHTML, like Gecko) Version/4.0 Chrome/60.0.3112.107 Moblie Safari/537.36" 
87.120.127.163 - - [21/Nov/2024:14:50:36 -0800] "GET /wp-includes/Text/Diff/index.php HTTP/1.1" 429 486 "-" "Mozlila/5.0 (Linux; Android 7.0; SM-G892A Bulid/NRD90M; wv) AppleWebKit/537.36 (KHTML, like Gecko) Version/4.0 Chrome/60.0.3112.107 Moblie Safari/537.36" 
66.249.79.73 - - [21/Nov/2024:14:50:40 -0800] "GET /robots.txt HTTP/1.1" 200 644 "-" "Mozilla/5.0 (compatible; Googlebot/2.1; +http://www.google.com/bot.html)" 
66.249.79.72 - - [21/Nov/2024:14:50:40 -0800] "GET /category/uncategorized/feed/ HTTP/1.1" 200 4459 "-" "Mozilla/5.0 (Linux; Android 6.0.1; Nexus 5X Build/MMB29P) AppleWebKit/537.36 (KHTML, like Gecko) Chrome/131.0.6778.69 Mobile Safari/537.36 (compatible; Googlebot/2.1; +http://www.google.com/bot.html)" 
87.120.127.163 - - [21/Nov/2024:14:50:41 -0800] "GET /wp-includes/Text/Diff/Engine/index.php HTTP/1.1" 429 486 "-" "Mozlila/5.0 (Linux; Android 7.0; SM-G892A Bulid/NRD90M; wv) AppleWebKit/537.36 (KHTML, like Gecko) Version/4.0 Chrome/60.0.3112.107 Moblie Safari/537.36" 
87.120.127.163 - - [21/Nov/2024:14:50:57 -0800] "GET /wp-includes/Text/Diff/Renderer/index.php HTTP/1.1" 429 486 "-" "Mozlila/5.0 (Linux; Android 7.0; SM-G892A Bulid/NRD90M; wv) AppleWebKit/537.36 (KHTML, like Gecko) Version/4.0 Chrome/60.0.3112.107 Moblie Safari/537.36" 
87.120.127.163 - - [21/Nov/2024:14:51:07 -0800] "GET /wp-includes/assets/index.php HTTP/1.1" 429 486 "-" "Mozlila/5.0 (Linux; Android 7.0; SM-G892A Bulid/NRD90M; wv) AppleWebKit/537.36 (KHTML, like Gecko) Version/4.0 Chrome/60.0.3112.107 Moblie Safari/537.36" 
87.120.127.163 - - [21/Nov/2024:14:51:14 -0800] "GET /wp-includes/block-patterns/index.php HTTP/1.1" 429 486 "-" "Mozlila/5.0 (Linux; Android 7.0; SM-G892A Bulid/NRD90M; wv) AppleWebKit/537.36 (KHTML, like Gecko) Version/4.0 Chrome/60.0.3112.107 Moblie Safari/537.36" 
87.120.127.163 - - [21/Nov/2024:14:51:21 -0800] "GET /wp-includes/block-supports/index.php HTTP/1.1" 429 486 "-" "Mozlila/5.0 (Linux; Android 7.0; SM-G892A Bulid/NRD90M; wv) AppleWebKit/537.36 (KHTML, like Gecko) Version/4.0 Chrome/60.0.3112.107 Moblie Safari/537.36" 
87.120.127.163 - - [21/Nov/2024:14:51:23 -0800] "GET /wp-includes/blocks/index.php HTTP/1.1" 429 486 "-" "Mozlila/5.0 (Linux; Android 7.0; SM-G892A Bulid/NRD90M; wv) AppleWebKit/537.36 (KHTML, like Gecko) Version/4.0 Chrome/60.0.3112.107 Moblie Safari/537.36" 
87.120.127.163 - - [21/Nov/2024:14:51:34 -0800] "GET /wp-includes/blocks/archives/index.php HTTP/1.1" 429 486 "-" "Mozlila/5.0 (Linux; Android 7.0; SM-G892A Bulid/NRD90M; wv) AppleWebKit/537.36 (KHTML, like Gecko) Version/4.0 Chrome/60.0.3112.107 Moblie Safari/537.36" 
87.120.127.163 - - [21/Nov/2024:14:51:48 -0800] "GET /wp-includes/blocks/audio/index.php HTTP/1.1" 429 486 "-" "Mozlila/5.0 (Linux; Android 7.0; SM-G892A Bulid/NRD90M; wv) AppleWebKit/537.36 (KHTML, like Gecko) Version/4.0 Chrome/60.0.3112.107 Moblie Safari/537.36" 
51.222.253.19 - - [21/Nov/2024:14:51:54 -0800] "GET /category/random/ HTTP/1.1" 200 6952 "-" "Mozilla/5.0 (compatible; AhrefsBot/7.0; +http://ahrefs.com/robot/)" 
87.120.127.163 - - [21/Nov/2024:14:52:02 -0800] "GET /wp-includes/blocks/block/index.php HTTP/1.1" 429 486 "-" "Mozlila/5.0 (Linux; Android 7.0; SM-G892A Bulid/NRD90M; wv) AppleWebKit/537.36 (KHTML, like Gecko) Version/4.0 Chrome/60.0.3112.107 Moblie Safari/537.36" 
87.120.127.163 - - [21/Nov/2024:14:52:06 -0800] "GET /wp-includes/blocks/button/index.php HTTP/1.1" 429 486 "-" "Mozlila/5.0 (Linux; Android 7.0; SM-G892A Bulid/NRD90M; wv) AppleWebKit/537.36 (KHTML, like Gecko) Version/4.0 Chrome/60.0.3112.107 Moblie Safari/537.36" 
87.120.127.163 - - [21/Nov/2024:14:52:16 -0800] "GET /wp-includes/blocks/buttons/index.php HTTP/1.1" 429 486 "-" "Mozlila/5.0 (Linux; Android 7.0; SM-G892A Bulid/NRD90M; wv) AppleWebKit/537.36 (KHTML, like Gecko) Version/4.0 Chrome/60.0.3112.107 Moblie Safari/537.36" 
87.120.127.163 - - [21/Nov/2024:14:52:29 -0800] "GET /wp-includes/blocks/calendar/index.php HTTP/1.1" 429 486 "-" "Mozlila/5.0 (Linux; Android 7.0; SM-G892A Bulid/NRD90M; wv) AppleWebKit/537.36 (KHTML, like Gecko) Version/4.0 Chrome/60.0.3112.107 Moblie Safari/537.36" 
87.120.127.163 - - [21/Nov/2024:14:52:34 -0800] "GET /wp-includes/blocks/categories/index.php HTTP/1.1" 429 486 "-" "Mozlila/5.0 (Linux; Android 7.0; SM-G892A Bulid/NRD90M; wv) AppleWebKit/537.36 (KHTML, like Gecko) Version/4.0 Chrome/60.0.3112.107 Moblie Safari/537.36" 
87.120.127.163 - - [21/Nov/2024:14:52:43 -0800] "GET /wp-includes/blocks/code/index.php HTTP/1.1" 429 486 "-" "Mozlila/5.0 (Linux; Android 7.0; SM-G892A Bulid/NRD90M; wv) AppleWebKit/537.36 (KHTML, like Gecko) Version/4.0 Chrome/60.0.3112.107 Moblie Safari/537.36" 
87.120.127.163 - - [21/Nov/2024:14:52:46 -0800] "GET /wp-includes/blocks/column/index.php HTTP/1.1" 429 486 "-" "Mozlila/5.0 (Linux; Android 7.0; SM-G892A Bulid/NRD90M; wv) AppleWebKit/537.36 (KHTML, like Gecko) Version/4.0 Chrome/60.0.3112.107 Moblie Safari/537.36" 
87.120.127.163 - - [21/Nov/2024:14:52:49 -0800] "GET /wp-includes/blocks/columns/index.php HTTP/1.1" 429 486 "-" "Mozlila/5.0 (Linux; Android 7.0; SM-G892A Bulid/NRD90M; wv) AppleWebKit/537.36 (KHTML, like Gecko) Version/4.0 Chrome/60.0.3112.107 Moblie Safari/537.36" 
87.120.127.163 - - [21/Nov/2024:14:52:53 -0800] "GET /wp-includes/blocks/cover/index.php HTTP/1.1" 429 486 "-" "Mozlila/5.0 (Linux; Android 7.0; SM-G892A Bulid/NRD90M; wv) AppleWebKit/537.36 (KHTML, like Gecko) Version/4.0 Chrome/60.0.3112.107 Moblie Safari/537.36" 
87.120.127.163 - - [21/Nov/2024:14:53:10 -0800] "GET /wp-includes/blocks/embed/index.php HTTP/1.1" 429 486 "-" "Mozlila/5.0 (Linux; Android 7.0; SM-G892A Bulid/NRD90M; wv) AppleWebKit/537.36 (KHTML, like Gecko) Version/4.0 Chrome/60.0.3112.107 Moblie Safari/537.36" 
87.120.127.163 - - [21/Nov/2024:14:53:22 -0800] "GET /wp-includes/blocks/file/index.php HTTP/1.1" 429 486 "-" "Mozlila/5.0 (Linux; Android 7.0; SM-G892A Bulid/NRD90M; wv) AppleWebKit/537.36 (KHTML, like Gecko) Version/4.0 Chrome/60.0.3112.107 Moblie Safari/537.36" 
87.120.127.163 - - [21/Nov/2024:14:53:30 -0800] "GET /wp-includes/blocks/freeform/index.php HTTP/1.1" 429 486 "-" "Mozlila/5.0 (Linux; Android 7.0; SM-G892A Bulid/NRD90M; wv) AppleWebKit/537.36 (KHTML, like Gecko) Version/4.0 Chrome/60.0.3112.107 Moblie Safari/537.36" 
87.120.127.163 - - [21/Nov/2024:14:53:44 -0800] "GET /wp-includes/blocks/gallery/index.php HTTP/1.1" 429 486 "-" "Mozlila/5.0 (Linux; Android 7.0; SM-G892A Bulid/NRD90M; wv) AppleWebKit/537.36 (KHTML, like Gecko) Version/4.0 Chrome/60.0.3112.107 Moblie Safari/537.36" 
87.120.127.163 - - [21/Nov/2024:14:53:57 -0800] "GET /wp-includes/blocks/group/index.php HTTP/1.1" 429 486 "-" "Mozlila/5.0 (Linux; Android 7.0; SM-G892A Bulid/NRD90M; wv) AppleWebKit/537.36 (KHTML, like Gecko) Version/4.0 Chrome/60.0.3112.107 Moblie Safari/537.36" 
87.120.127.163 - - [21/Nov/2024:14:54:11 -0800] "GET /wp-includes/blocks/heading/index.php HTTP/1.1" 429 486 "-" "Mozlila/5.0 (Linux; Android 7.0; SM-G892A Bulid/NRD90M; wv) AppleWebKit/537.36 (KHTML, like Gecko) Version/4.0 Chrome/60.0.3112.107 Moblie Safari/537.36" 
87.120.127.163 - - [21/Nov/2024:14:54:16 -0800] "GET /wp-includes/blocks/html/index.php HTTP/1.1" 429 486 "-" "Mozlila/5.0 (Linux; Android 7.0; SM-G892A Bulid/NRD90M; wv) AppleWebKit/537.36 (KHTML, like Gecko) Version/4.0 Chrome/60.0.3112.107 Moblie Safari/537.36" 
87.120.127.163 - - [21/Nov/2024:14:54:19 -0800] "GET /wp-includes/blocks/image/index.php HTTP/1.1" 429 486 "-" "Mozlila/5.0 (Linux; Android 7.0; SM-G892A Bulid/NRD90M; wv) AppleWebKit/537.36 (KHTML, like Gecko) Version/4.0 Chrome/60.0.3112.107 Moblie Safari/537.36" 
87.120.127.163 - - [21/Nov/2024:14:54:27 -0800] "GET /wp-includes/blocks/latest-comments/index.php HTTP/1.1" 429 486 "-" "Mozlila/5.0 (Linux; Android 7.0; SM-G892A Bulid/NRD90M; wv) AppleWebKit/537.36 (KHTML, like Gecko) Version/4.0 Chrome/60.0.3112.107 Moblie Safari/537.36" 
87.120.127.163 - - [21/Nov/2024:14:54:27 -0800] "GET /wp-includes/blocks/latest-posts/index.php HTTP/1.1" 429 486 "-" "Mozlila/5.0 (Linux; Android 7.0; SM-G892A Bulid/NRD90M; wv) AppleWebKit/537.36 (KHTML, like Gecko) Version/4.0 Chrome/60.0.3112.107 Moblie Safari/537.36" 
87.120.127.163 - - [21/Nov/2024:14:54:30 -0800] "GET /wp-includes/blocks/legacy-widget/index.php HTTP/1.1" 429 486 "-" "Mozlila/5.0 (Linux; Android 7.0; SM-G892A Bulid/NRD90M; wv) AppleWebKit/537.36 (KHTML, like Gecko) Version/4.0 Chrome/60.0.3112.107 Moblie Safari/537.36" 
87.120.127.163 - - [21/Nov/2024:14:54:34 -0800] "GET /wp-includes/blocks/list/index.php HTTP/1.1" 429 486 "-" "Mozlila/5.0 (Linux; Android 7.0; SM-G892A Bulid/NRD90M; wv) AppleWebKit/537.36 (KHTML, like Gecko) Version/4.0 Chrome/60.0.3112.107 Moblie Safari/537.36" 
87.120.127.163 - - [21/Nov/2024:14:54:46 -0800] "GET /wp-includes/blocks/loginout/index.php HTTP/1.1" 429 486 "-" "Mozlila/5.0 (Linux; Android 7.0; SM-G892A Bulid/NRD90M; wv) AppleWebKit/537.36 (KHTML, like Gecko) Version/4.0 Chrome/60.0.3112.107 Moblie Safari/537.36" 
87.120.127.163 - - [21/Nov/2024:14:55:00 -0800] "GET /wp-includes/blocks/media-text/index.php HTTP/1.1" 429 486 "-" "Mozlila/5.0 (Linux; Android 7.0; SM-G892A Bulid/NRD90M; wv) AppleWebKit/537.36 (KHTML, like Gecko) Version/4.0 Chrome/60.0.3112.107 Moblie Safari/537.36" 
87.120.127.163 - - [21/Nov/2024:14:55:17 -0800] "GET /wp-includes/blocks/missing/index.php HTTP/1.1" 429 486 "-" "Mozlila/5.0 (Linux; Android 7.0; SM-G892A Bulid/NRD90M; wv) AppleWebKit/537.36 (KHTML, like Gecko) Version/4.0 Chrome/60.0.3112.107 Moblie Safari/537.36" 
87.120.127.163 - - [21/Nov/2024:14:55:27 -0800] "GET /wp-includes/blocks/more/index.php HTTP/1.1" 429 486 "-" "Mozlila/5.0 (Linux; Android 7.0; SM-G892A Bulid/NRD90M; wv) AppleWebKit/537.36 (KHTML, like Gecko) Version/4.0 Chrome/60.0.3112.107 Moblie Safari/537.36" 
87.120.127.163 - - [21/Nov/2024:14:55:35 -0800] "GET /wp-includes/blocks/nextpage/index.php HTTP/1.1" 429 486 "-" "Mozlila/5.0 (Linux; Android 7.0; SM-G892A Bulid/NRD90M; wv) AppleWebKit/537.36 (KHTML, like Gecko) Version/4.0 Chrome/60.0.3112.107 Moblie Safari/537.36" 
87.120.127.163 - - [21/Nov/2024:14:55:38 -0800] "GET /wp-includes/blocks/page-list/index.php HTTP/1.1" 429 486 "-" "Mozlila/5.0 (Linux; Android 7.0; SM-G892A Bulid/NRD90M; wv) AppleWebKit/537.36 (KHTML, like Gecko) Version/4.0 Chrome/60.0.3112.107 Moblie Safari/537.36" 
87.120.127.163 - - [21/Nov/2024:14:55:46 -0800] "GET /wp-includes/blocks/paragraph/index.php HTTP/1.1" 429 486 "-" "Mozlila/5.0 (Linux; Android 7.0; SM-G892A Bulid/NRD90M; wv) AppleWebKit/537.36 (KHTML, like Gecko) Version/4.0 Chrome/60.0.3112.107 Moblie Safari/537.36" 
87.120.127.163 - - [21/Nov/2024:14:56:04 -0800] "GET /wp-includes/blocks/post-content/index.php HTTP/1.1" 429 486 "-" "Mozlila/5.0 (Linux; Android 7.0; SM-G892A Bulid/NRD90M; wv) AppleWebKit/537.36 (KHTML, like Gecko) Version/4.0 Chrome/60.0.3112.107 Moblie Safari/537.36" 
87.120.127.163 - - [21/Nov/2024:14:56:14 -0800] "GET /wp-includes/blocks/post-date/index.php HTTP/1.1" 429 486 "-" "Mozlila/5.0 (Linux; Android 7.0; SM-G892A Bulid/NRD90M; wv) AppleWebKit/537.36 (KHTML, like Gecko) Version/4.0 Chrome/60.0.3112.107 Moblie Safari/537.36" 
87.120.127.163 - - [21/Nov/2024:14:56:25 -0800] "GET /wp-includes/blocks/post-excerpt/index.php HTTP/1.1" 429 486 "-" "Mozlila/5.0 (Linux; Android 7.0; SM-G892A Bulid/NRD90M; wv) AppleWebKit/537.36 (KHTML, like Gecko) Version/4.0 Chrome/60.0.3112.107 Moblie Safari/537.36" 
87.120.127.163 - - [21/Nov/2024:14:56:32 -0800] "GET /wp-includes/blocks/post-featured-image/index.php HTTP/1.1" 429 486 "-" "Mozlila/5.0 (Linux; Android 7.0; SM-G892A Bulid/NRD90M; wv) AppleWebKit/537.36 (KHTML, like Gecko) Version/4.0 Chrome/60.0.3112.107 Moblie Safari/537.36" 
