HEX
Server: Apache
System: Linux pdx1-shared-a1-38 6.6.104-grsec-jammy+ #3 SMP Tue Sep 16 00:28:11 UTC 2025 x86_64
User: mmickelson (3396398)
PHP: 8.1.31
Disabled: NONE
Upload Files
File: /home/mmickelson/logs/theflexguy.com/http.12994171.bak/access.log.2011-08-10
75.119.204.73 - - [10/Aug/2011:00:39:54 -0700] "POST /wp-cron.php?doing_wp_cron HTTP/1.0" 200 158 "-" "WordPress/3.2.1; http://www.theflexguy.com" 
91.195.118.65 - - [10/Aug/2011:00:39:53 -0700] "GET /feed/rss HTTP/1.0" 200 376 "-" "MagpieRSS/0.7 (+http://magpierss.sf.net; No cache)" 
91.195.118.65 - - [10/Aug/2011:00:39:55 -0700] "GET /feed/rss/ HTTP/1.0" 200 2709 "-" "MagpieRSS/0.7 (+http://magpierss.sf.net; No cache)" 
91.195.118.65 - - [10/Aug/2011:00:39:55 -0700] "GET /?feed=rss2 HTTP/1.0" 200 372 "-" "MagpieRSS/0.7 (+http://magpierss.sf.net; No cache)" 
91.195.118.65 - - [10/Aug/2011:00:39:56 -0700] "GET /feed/ HTTP/1.0" 200 14316 "-" "MagpieRSS/0.7 (+http://magpierss.sf.net; No cache)" 
174.37.205.68 - - [10/Aug/2011:00:42:15 -0700] "GET / HTTP/1.1" 200 321 "-" "Mozilla/5.0 (X11; U; Linux x86_64; en-US; rv:1.9.0.19; aggregator:Spinn3r (Spinn3r 3.1); http://spinn3r.com/robot) Gecko/2010040121 Firefox/3.0.19" 
174.37.205.68 - - [10/Aug/2011:00:42:16 -0700] "GET / HTTP/1.1" 200 4825 "-" "Mozilla/5.0 (X11; U; Linux x86_64; en-US; rv:1.9.0.19; aggregator:Spinn3r (Spinn3r 3.1); http://spinn3r.com/robot) Gecko/2010040121 Firefox/3.0.19" 
209.85.238.213 - - [10/Aug/2011:00:43:51 -0700] "GET /index.php?option=com_idoblog&view=idoblog&Itemid=54&format=feed&type=rss HTTP/1.1" 200 421 "-" "Feedfetcher-Google; (+http://www.google.com/feedfetcher.html; 1 subscribers; feed-id=7080376364330259190)" 
209.85.238.213 - - [10/Aug/2011:00:43:52 -0700] "GET /?option=com_idoblog&view=idoblog&Itemid=54&format=feed&type=rss HTTP/1.1" 200 5179 "-" "Feedfetcher-Google; (+http://www.google.com/feedfetcher.html; 1 subscribers; feed-id=7080376364330259190)" 
69.171.224.246 - - [10/Aug/2011:00:45:45 -0700] "GET /files/headerBanner.jpg HTTP/1.0" 200 153221 "-" "facebookplatform/1.0 (+http://developers.facebook.com)" 
66.160.192.50 - - [10/Aug/2011:00:51:04 -0700] "HEAD /files/headerBanner.jpg HTTP/1.1" 200 283 "-" "Mozilla/5.0 (Macintosh; U; Intel Mac OS X 10.5; en-US; rv:1.9.0.7) Gecko/2009021906 Firefox/3.0.7" 
209.85.238.73 - - [10/Aug/2011:00:51:04 -0700] "GET /index.php?format=feed&type=rss HTTP/1.1" 200 379 "-" "Feedfetcher-Google; (+http://www.google.com/feedfetcher.html; 4 subscribers; feed-id=6887443542408518203)" 
209.85.238.213 - - [10/Aug/2011:00:51:05 -0700] "GET /?format=feed&type=rss HTTP/1.1" 200 5153 "-" "Feedfetcher-Google; (+http://www.google.com/feedfetcher.html; 4 subscribers; feed-id=6887443542408518203)" 
89.202.163.174 - - [10/Aug/2011:00:58:14 -0700] "GET /index.php?format=feed&type=rss HTTP/1.0" 200 23052 "-" "Desktop Sidebar v1.05.116.0" 
75.119.204.73 - - [10/Aug/2011:01:00:30 -0700] "POST /wp-cron.php?doing_wp_cron HTTP/1.0" 200 158 "-" "WordPress/3.2.1; http://www.theflexguy.com" 
65.52.110.146 - - [10/Aug/2011:01:00:29 -0700] "GET /robots.txt HTTP/1.1" 200 305 "-" "Mozilla/5.0 (compatible; bingbot/2.0; +http://www.bing.com/bingbot.htm)" 
65.52.110.146 - - [10/Aug/2011:01:01:21 -0700] "GET /2011/05/24/arraycollection-uses-your-sort/ HTTP/1.1" 200 5279 "-" "Mozilla/5.0 (compatible; bingbot/2.0; +http://www.bing.com/bingbot.htm)" 
209.85.238.213 - - [10/Aug/2011:01:01:24 -0700] "GET /feed/ HTTP/1.1" 200 194 "-" "Feedfetcher-Google; (+http://www.google.com/feedfetcher.html; 4 subscribers; feed-id=17450445626559736511)" 
75.119.204.73 - - [10/Aug/2011:01:02:14 -0700] "POST /wp-cron.php?doing_wp_cron HTTP/1.0" 200 158 "-" "WordPress/3.2.1; http://www.theflexguy.com" 
192.150.14.130 - - [10/Aug/2011:01:02:13 -0700] "HEAD /?feed=rss2 HTTP/1.1" 200 353 "-" "Adobe Feeds" 
66.249.67.164 - - [10/Aug/2011:01:04:03 -0700] "GET /2008/07/01/swfs-are-now-searchable/ HTTP/1.1" 200 4860 "-" "Mozilla/5.0 (compatible; Googlebot/2.1; +http://www.google.com/bot.html)" 
174.36.228.156 - - [10/Aug/2011:01:04:26 -0700] "GET /feed/atom/ HTTP/1.1" 200 143 "-" "Mozilla/5.0 (X11; U; Linux x86_64; en-US; rv:1.9.0.19; aggregator:Spinn3r (Spinn3r 3.1); http://spinn3r.com/robot) Gecko/2010040121 Firefox/3.0.19" 
209.85.238.213 - - [10/Aug/2011:01:04:45 -0700] "GET /feed/rss HTTP/1.1" 200 413 "-" "Feedfetcher-Google; (+http://www.google.com/feedfetcher.html; 5 subscribers; feed-id=8282921309701812955)" 
209.85.238.213 - - [10/Aug/2011:01:04:45 -0700] "GET /feed/rss/ HTTP/1.1" 200 2741 "-" "Feedfetcher-Google; (+http://www.google.com/feedfetcher.html; 5 subscribers; feed-id=8282921309701812955)" 
188.66.79.237 - - [10/Aug/2011:01:04:56 -0700] "GET /feed/ HTTP/1.1" 200 194 "-" "Microsoft Office/14.0 (Windows NT 6.1; Microsoft Outlook 14.0.5128; Pro; ms-office; MSOffice 14)" 
66.220.158.251 - - [10/Aug/2011:01:07:24 -0700] "GET /files/headerBanner.jpg HTTP/1.0" 200 153221 "-" "facebookplatform/1.0 (+http://developers.facebook.com)" 
174.37.205.92 - - [10/Aug/2011:01:12:21 -0700] "GET / HTTP/1.1" 200 321 "-" "Mozilla/5.0 (X11; U; Linux x86_64; en-US; rv:1.9.0.19; aggregator:Spinn3r (Spinn3r 3.1); http://spinn3r.com/robot) Gecko/2010040121 Firefox/3.0.19" 
174.37.205.92 - - [10/Aug/2011:01:12:22 -0700] "GET / HTTP/1.1" 200 4825 "-" "Mozilla/5.0 (X11; U; Linux x86_64; en-US; rv:1.9.0.19; aggregator:Spinn3r (Spinn3r 3.1); http://spinn3r.com/robot) Gecko/2010040121 Firefox/3.0.19" 
61.135.249.62 - - [10/Aug/2011:01:12:22 -0700] "GET / HTTP/1.1" 200 4806 "-" "Mozilla/5.0 (compatible; YodaoBot/1.0; http://www.yodao.com/help/webmaster/spider/; )" 
174.136.26.114 - - [10/Aug/2011:01:12:36 -0700] "GET /2008/08/27/looking-good/ HTTP/1.0" 200 4658 "-" "Nutraspace/Nutch-1.2 (www.nutraspace.com)" 
75.119.204.73 - - [10/Aug/2011:01:23:54 -0700] "POST /wp-cron.php?doing_wp_cron HTTP/1.0" 200 158 "-" "WordPress/3.2.1; http://www.theflexguy.com" 
76.74.170.204 - - [10/Aug/2011:01:23:54 -0700] "GET /feed/ HTTP/1.1" 200 14404 "-" "ColdFusion" 
89.182.102.250 - - [10/Aug/2011:01:24:06 -0700] "GET /files/headerBanner.jpg HTTP/1.1" 200 153258 "http://fdt.powerflasher.com/blog/category/events/fdt4-tour/" "Mozilla/5.0 (Macintosh; Intel Mac OS X 10.6; rv:5.0.1) Gecko/20100101 Firefox/5.0.1" 
65.52.108.14 - - [10/Aug/2011:01:24:12 -0700] "GET /robots.txt HTTP/1.1" 200 305 "-" "Mozilla/5.0 (compatible; bingbot/2.0; +http://www.bing.com/bingbot.htm)" 
65.52.108.14 - - [10/Aug/2011:01:24:50 -0700] "GET /2008/10/23/htmltext-editor-now-on-air/ HTTP/1.1" 200 4805 "-" "Mozilla/5.0 (compatible; bingbot/2.0; +http://www.bing.com/bingbot.htm)" 
66.249.67.164 - - [10/Aug/2011:01:25:01 -0700] "GET /tag/header/ HTTP/1.1" 200 2913 "-" "Mozilla/5.0 (compatible; Googlebot/2.1; +http://www.google.com/bot.html)" 
209.85.238.213 - - [10/Aug/2011:01:26:34 -0700] "GET /index.php?format=feed&type=atom HTTP/1.1" 200 380 "-" "Feedfetcher-Google; (+http://www.google.com/feedfetcher.html; 1 subscribers; feed-id=2021327347742680309)" 
209.85.238.213 - - [10/Aug/2011:01:26:35 -0700] "GET /?format=feed&type=atom HTTP/1.1" 200 5152 "-" "Feedfetcher-Google; (+http://www.google.com/feedfetcher.html; 1 subscribers; feed-id=2021327347742680309)" 
209.85.238.213 - - [10/Aug/2011:01:30:51 -0700] "GET /?feed=rss2 HTTP/1.1" 200 409 "-" "Feedfetcher-Google; (+http://www.google.com/feedfetcher.html; 21 subscribers; feed-id=6047012421983505584)" 
209.85.238.213 - - [10/Aug/2011:01:30:52 -0700] "GET /feed/ HTTP/1.1" 200 14399 "-" "Feedfetcher-Google; (+http://www.google.com/feedfetcher.html; 21 subscribers; feed-id=6047012421983505584)" 
87.234.42.202 - - [10/Aug/2011:01:31:33 -0700] "GET / HTTP/1.1" 200 5134 "-" "Reeder/1010.19.00 CFNetwork/520.0.13 Darwin/11.0.0 (x86_64) (MacBookPro6%2C2)" 
87.234.42.202 - - [10/Aug/2011:01:31:34 -0700] "GET /favicon.ico HTTP/1.1" 200 275 "-" "Reeder/1010.19.00 CFNetwork/520.0.13 Darwin/11.0.0 (x86_64) (MacBookPro6%2C2)" 
87.234.42.202 - - [10/Aug/2011:01:31:35 -0700] "GET / HTTP/1.1" 200 4987 "-" "Reeder/1010.19.00 CFNetwork/520.0.13 Darwin/11.0.0 (x86_64) (MacBookPro6%2C2)" 
87.234.42.202 - - [10/Aug/2011:01:31:35 -0700] "GET /apple-touch-icon.png HTTP/1.1" 200 2524 "-" "Reeder/1010.19.00 CFNetwork/520.0.13 Darwin/11.0.0 (x86_64) (MacBookPro6%2C2)" 
87.234.42.202 - - [10/Aug/2011:01:31:36 -0700] "GET /apple-touch-icon-precomposed.png HTTP/1.1" 200 2524 "-" "Reeder/1010.19.00 CFNetwork/520.0.13 Darwin/11.0.0 (x86_64) (MacBookPro6%2C2)" 
174.37.205.68 - - [10/Aug/2011:01:34:37 -0700] "GET /feed/atom/ HTTP/1.1" 200 143 "-" "Mozilla/5.0 (X11; U; Linux x86_64; en-US; rv:1.9.0.19; aggregator:Spinn3r (Spinn3r 3.1); http://spinn3r.com/robot) Gecko/2010040121 Firefox/3.0.19" 
221.189.3.250 - - [10/Aug/2011:01:36:17 -0700] "GET /files/headerBanner.jpg HTTP/1.1" 200 153258 "http://fdt.powerflasher.com/blog/" "Mozilla/5.0 (Macintosh; Intel Mac OS X 10_6_8) AppleWebKit/535.1 (KHTML, like Gecko) Chrome/13.0.782.112 Safari/535.1" 
67.195.112.254 - - [10/Aug/2011:01:36:56 -0700] "GET /2010/01/05/new-year-improved-site/ HTTP/1.0" 200 5104 "-" "Mozilla/5.0 (compatible; Yahoo! Slurp; http://help.yahoo.com/help/us/ysearch/slurp)" 
173.234.210.251 - - [10/Aug/2011:01:40:45 -0700] "POST /2009/01/24/code-formatter/trackback HTTP/1.0" 200 357 "http://www.theflexguy.com/2009/01/24/code-formatter/" "Mozilla/5.0 (Windows; U; Windows NT 5.1; de; rv:1.9.1.3) Gecko/20090824 Firefox/3.5.3 (.NET CLR 3.5.30729)" 
173.234.210.251 - - [10/Aug/2011:01:40:46 -0700] "GET /2009/01/24/code-formatter/ HTTP/1.0" 200 25017 "http://www.theflexguy.com/2009/01/24/code-formatter/" "Mozilla/5.0 (Windows; U; Windows NT 5.1; de; rv:1.9.1.3) Gecko/20090824 Firefox/3.5.3 (.NET CLR 3.5.30729)" 
75.119.204.73 - - [10/Aug/2011:01:41:22 -0700] "POST /wp-cron.php?doing_wp_cron HTTP/1.0" 200 158 "-" "WordPress/3.2.1; http://www.theflexguy.com" 
157.55.18.9 - - [10/Aug/2011:01:41:21 -0700] "GET /category/flex4/ HTTP/1.1" 200 2842 "-" "Mozilla/5.0 (compatible; bingbot/2.0; +http://www.bing.com/bingbot.htm)" 
174.37.205.92 - - [10/Aug/2011:01:42:29 -0700] "GET / HTTP/1.1" 200 321 "-" "Mozilla/5.0 (X11; U; Linux x86_64; en-US; rv:1.9.0.19; aggregator:Spinn3r (Spinn3r 3.1); http://spinn3r.com/robot) Gecko/2010040121 Firefox/3.0.19" 
174.37.205.92 - - [10/Aug/2011:01:42:30 -0700] "GET / HTTP/1.1" 200 4951 "-" "Mozilla/5.0 (X11; U; Linux x86_64; en-US; rv:1.9.0.19; aggregator:Spinn3r (Spinn3r 3.1); http://spinn3r.com/robot) Gecko/2010040121 Firefox/3.0.19" 
209.85.238.213 - - [10/Aug/2011:01:44:49 -0700] "GET /index.php?option=com_content&view=category&layout=blog&id=35&Itemid=54&format=feed&type=rss HTTP/1.1" 200 440 "-" "Feedfetcher-Google; (+http://www.google.com/feedfetcher.html; 1 subscribers; feed-id=9816647088266946374)" 
209.85.238.213 - - [10/Aug/2011:01:44:51 -0700] "GET /?option=com_content&view=category&layout=blog&id=35&Itemid=54&format=feed&type=rss HTTP/1.1" 200 5192 "-" "Feedfetcher-Google; (+http://www.google.com/feedfetcher.html; 1 subscribers; feed-id=9816647088266946374)" 
174.37.154.78 - - [10/Aug/2011:01:48:31 -0700] "GET /feed/atom HTTP/1.0" 200 194 "-" "Gist Server" 
209.85.238.73 - - [10/Aug/2011:01:51:14 -0700] "GET /index.php?format=feed&type=rss HTTP/1.1" 200 379 "-" "Feedfetcher-Google; (+http://www.google.com/feedfetcher.html; 4 subscribers; feed-id=6887443542408518203)" 
209.85.238.213 - - [10/Aug/2011:01:51:15 -0700] "GET /?format=feed&type=rss HTTP/1.1" 200 5137 "-" "Feedfetcher-Google; (+http://www.google.com/feedfetcher.html; 4 subscribers; feed-id=6887443542408518203)" 
76.74.170.204 - - [10/Aug/2011:01:51:44 -0700] "GET /feed/ HTTP/1.1" 200 14400 "-" "ColdFusion" 
209.85.238.213 - - [10/Aug/2011:01:52:34 -0700] "GET /feed/ HTTP/1.1" 200 14400 "-" "Feedfetcher-Google; (+http://www.google.com/feedfetcher.html; 4 subscribers; feed-id=17450445626559736511)" 
66.249.67.164 - - [10/Aug/2011:01:56:28 -0700] "GET /2009/08/09/four-considerations-for-custom-components/ HTTP/1.1" 200 6248 "-" "Mozilla/5.0 (compatible; Googlebot/2.1; +http://www.google.com/bot.html)" 
89.202.163.174 - - [10/Aug/2011:01:58:19 -0700] "GET /index.php?format=feed&type=rss HTTP/1.0" 200 23052 "-" "Desktop Sidebar v1.05.116.0" 
174.36.228.156 - - [10/Aug/2011:02:04:44 -0700] "GET /feed/atom/ HTTP/1.1" 200 143 "-" "Mozilla/5.0 (X11; U; Linux x86_64; en-US; rv:1.9.0.19; aggregator:Spinn3r (Spinn3r 3.1); http://spinn3r.com/robot) Gecko/2010040121 Firefox/3.0.19" 
209.85.238.213 - - [10/Aug/2011:02:08:05 -0700] "GET /feed/rss HTTP/1.1" 200 413 "-" "Feedfetcher-Google; (+http://www.google.com/feedfetcher.html; 5 subscribers; feed-id=8282921309701812955)" 
209.85.238.213 - - [10/Aug/2011:02:08:06 -0700] "GET /feed/rss/ HTTP/1.1" 200 193 "-" "Feedfetcher-Google; (+http://www.google.com/feedfetcher.html; 5 subscribers; feed-id=8282921309701812955)" 
76.74.170.204 - - [10/Aug/2011:02:08:12 -0700] "GET /feed/ HTTP/1.1" 200 14400 "-" "ColdFusion" 
75.119.204.73 - - [10/Aug/2011:02:12:36 -0700] "POST /wp-cron.php?doing_wp_cron HTTP/1.0" 200 158 "-" "WordPress/3.2.1; http://www.theflexguy.com" 
174.37.205.68 - - [10/Aug/2011:02:12:36 -0700] "GET / HTTP/1.1" 200 321 "-" "Mozilla/5.0 (X11; U; Linux x86_64; en-US; rv:1.9.0.19; aggregator:Spinn3r (Spinn3r 3.1); http://spinn3r.com/robot) Gecko/2010040121 Firefox/3.0.19" 
174.37.205.68 - - [10/Aug/2011:02:12:37 -0700] "GET / HTTP/1.1" 200 4951 "-" "Mozilla/5.0 (X11; U; Linux x86_64; en-US; rv:1.9.0.19; aggregator:Spinn3r (Spinn3r 3.1); http://spinn3r.com/robot) Gecko/2010040121 Firefox/3.0.19" 
66.249.72.4 - - [10/Aug/2011:02:17:27 -0700] "GET /2011/06/17/some-thoughts-on-caching/trackback/ HTTP/1.1" 200 451 "-" "Mozilla/5.0 (compatible; Googlebot/2.1; +http://www.google.com/bot.html)" 
66.249.67.164 - - [10/Aug/2011:02:17:28 -0700] "GET /2011/06/17/some-thoughts-on-caching/ HTTP/1.1" 200 5858 "-" "Mozilla/5.0 (compatible; Googlebot/2.1; +http://www.google.com/bot.html)" 
94.42.88.114 - - [10/Aug/2011:02:23:33 -0700] "GET /files/headerBanner.jpg HTTP/1.1" 200 153258 "http://fdt.powerflasher.com/blog/" "Mozilla/5.0 (Windows; U; Windows NT 6.0; pl; rv:1.9.2.18) Gecko/20110614 BTRS26718 Firefox/3.6.18 ( .NET CLR 3.5.30729; .NET4.0E)" 
209.85.238.213 - - [10/Aug/2011:02:23:41 -0700] "GET /?feed=rss2 HTTP/1.1" 200 409 "-" "Feedfetcher-Google; (+http://www.google.com/feedfetcher.html; 21 subscribers; feed-id=6047012421983505584)" 
209.85.238.213 - - [10/Aug/2011:02:23:42 -0700] "GET /feed/ HTTP/1.1" 200 14399 "-" "Feedfetcher-Google; (+http://www.google.com/feedfetcher.html; 21 subscribers; feed-id=6047012421983505584)" 
75.119.204.73 - - [10/Aug/2011:02:34:49 -0700] "POST /wp-cron.php?doing_wp_cron HTTP/1.0" 200 158 "-" "WordPress/3.2.1; http://www.theflexguy.com" 
173.192.238.34 - - [10/Aug/2011:02:34:49 -0700] "GET /feed/atom/ HTTP/1.1" 200 143 "-" "Mozilla/5.0 (X11; U; Linux x86_64; en-US; rv:1.9.0.19; aggregator:Spinn3r (Spinn3r 3.1); http://spinn3r.com/robot) Gecko/2010040121 Firefox/3.0.19" 
188.66.79.237 - - [10/Aug/2011:02:35:09 -0700] "GET /feed/ HTTP/1.1" 200 194 "-" "Microsoft Office/14.0 (Windows NT 6.1; Microsoft Outlook 14.0.5128; Pro; ms-office; MSOffice 14)" 
95.108.158.238 - - [10/Aug/2011:02:36:26 -0700] "GET /wp-includes/images/smilies/icon_wink.gif HTTP/1.1" 304 172 "-" "Mozilla/5.0 (compatible; YandexImages/3.0; +http://yandex.com/bots)" 
75.119.204.73 - - [10/Aug/2011:02:38:26 -0700] "POST /wp-cron.php?doing_wp_cron HTTP/1.0" 200 158 "-" "WordPress/3.2.1; http://www.theflexguy.com" 
66.249.67.164 - - [10/Aug/2011:02:38:25 -0700] "GET /category/random/ HTTP/1.1" 200 2810 "-" "Mozilla/5.0 (compatible; Googlebot/2.1; +http://www.google.com/bot.html)" 
173.192.238.34 - - [10/Aug/2011:02:42:41 -0700] "GET / HTTP/1.1" 200 321 "-" "Mozilla/5.0 (X11; U; Linux x86_64; en-US; rv:1.9.0.19; aggregator:Spinn3r (Spinn3r 3.1); http://spinn3r.com/robot) Gecko/2010040121 Firefox/3.0.19" 
173.192.238.34 - - [10/Aug/2011:02:42:42 -0700] "GET / HTTP/1.1" 200 4825 "-" "Mozilla/5.0 (X11; U; Linux x86_64; en-US; rv:1.9.0.19; aggregator:Spinn3r (Spinn3r 3.1); http://spinn3r.com/robot) Gecko/2010040121 Firefox/3.0.19" 
76.74.170.204 - - [10/Aug/2011:02:44:12 -0700] "GET /feed/ HTTP/1.1" 200 14406 "-" "ColdFusion" 
66.249.67.164 - - [10/Aug/2011:02:48:54 -0700] "GET /page/2/?option=com_content&view=article&id=74:so-much-time-so-little-talk&catid=35:marty&Itemid=54 HTTP/1.1" 200 5067 "-" "Mozilla/5.0 (compatible; Googlebot/2.1; +http://www.google.com/bot.html)" 
209.85.238.73 - - [10/Aug/2011:02:51:24 -0700] "GET /index.php?format=feed&type=rss HTTP/1.1" 200 379 "-" "Feedfetcher-Google; (+http://www.google.com/feedfetcher.html; 4 subscribers; feed-id=6887443542408518203)" 
209.85.238.213 - - [10/Aug/2011:02:51:29 -0700] "GET /?format=feed&type=rss HTTP/1.1" 200 5153 "-" "Feedfetcher-Google; (+http://www.google.com/feedfetcher.html; 4 subscribers; feed-id=6887443542408518203)" 
209.85.238.213 - - [10/Aug/2011:02:55:24 -0700] "GET /feed/ HTTP/1.1" 200 14402 "-" "Feedfetcher-Google; (+http://www.google.com/feedfetcher.html; 4 subscribers; feed-id=17450445626559736511)" 
75.119.204.73 - - [10/Aug/2011:02:57:37 -0700] "POST /wp-cron.php?doing_wp_cron HTTP/1.0" 200 158 "-" "WordPress/3.2.1; http://www.theflexguy.com" 
85.17.90.129 - - [10/Aug/2011:02:57:36 -0700] "GET /?feed=rss2 HTTP/1.0" 200 372 "-" "MagpieRSS/0.7 (+http://magpierss.sf.net; No cache)" 
85.17.90.129 - - [10/Aug/2011:02:57:37 -0700] "GET /feed/ HTTP/1.0" 200 14316 "-" "MagpieRSS/0.7 (+http://magpierss.sf.net; No cache)" 
89.202.163.174 - - [10/Aug/2011:02:58:23 -0700] "GET /index.php?format=feed&type=rss HTTP/1.0" 200 23052 "-" "Desktop Sidebar v1.05.116.0" 
38.99.98.9 - - [10/Aug/2011:03:02:17 -0700] "GET /robots.txt HTTP/1.1" 200 300 "-" "Mozilla/5.0 (compatible; ScoutJet; +http://www.scoutjet.com/)" 
38.99.98.9 - - [10/Aug/2011:03:02:18 -0700] "GET / HTTP/1.1" 200 5097 "-" "Mozilla/5.0 (compatible; ScoutJet; +http://www.scoutjet.com/)" 
77.250.244.143 - - [10/Aug/2011:03:02:28 -0700] "GET /files/headerBanner.jpg HTTP/1.1" 200 153258 "http://fdt.powerflasher.com/blog/" "Mozilla/5.0 (Windows NT 6.1; WOW64; rv:5.0.1) Gecko/20100101 Firefox/5.0.1" 
75.119.204.73 - - [10/Aug/2011:03:03:08 -0700] "POST /wp-cron.php?doing_wp_cron HTTP/1.0" 200 158 "-" "WordPress/3.2.1; http://www.theflexguy.com" 
192.150.14.130 - - [10/Aug/2011:03:03:07 -0700] "HEAD /?feed=rss2 HTTP/1.1" 200 353 "-" "Adobe Feeds" 
174.36.228.156 - - [10/Aug/2011:03:04:53 -0700] "GET /feed/atom/ HTTP/1.1" 200 143 "-" "Mozilla/5.0 (X11; U; Linux x86_64; en-US; rv:1.9.0.19; aggregator:Spinn3r (Spinn3r 3.1); http://spinn3r.com/robot) Gecko/2010040121 Firefox/3.0.19" 
61.135.249.8 - - [10/Aug/2011:03:08:14 -0700] "GET / HTTP/1.1" 200 4932 "-" "Mozilla/5.0 (compatible; YodaoBot/1.0; http://www.yodao.com/help/webmaster/spider/; )" 
209.85.238.213 - - [10/Aug/2011:03:09:05 -0700] "GET /feed/rss HTTP/1.1" 200 413 "-" "Feedfetcher-Google; (+http://www.google.com/feedfetcher.html; 5 subscribers; feed-id=8282921309701812955)" 
209.85.238.213 - - [10/Aug/2011:03:09:06 -0700] "GET /feed/rss/ HTTP/1.1" 200 2744 "-" "Feedfetcher-Google; (+http://www.google.com/feedfetcher.html; 5 subscribers; feed-id=8282921309701812955)" 
174.136.26.114 - - [10/Aug/2011:03:12:01 -0700] "GET /2009/01/24/code-formatter/ HTTP/1.0" 200 6838 "-" "Nutraspace/Nutch-1.2 (www.nutraspace.com)" 
174.36.228.156 - - [10/Aug/2011:03:12:47 -0700] "GET / HTTP/1.1" 200 321 "-" "Mozilla/5.0 (X11; U; Linux x86_64; en-US; rv:1.9.0.19; aggregator:Spinn3r (Spinn3r 3.1); http://spinn3r.com/robot) Gecko/2010040121 Firefox/3.0.19" 
174.36.228.156 - - [10/Aug/2011:03:12:48 -0700] "GET / HTTP/1.1" 200 4951 "-" "Mozilla/5.0 (X11; U; Linux x86_64; en-US; rv:1.9.0.19; aggregator:Spinn3r (Spinn3r 3.1); http://spinn3r.com/robot) Gecko/2010040121 Firefox/3.0.19" 
207.46.204.179 - - [10/Aug/2011:03:14:37 -0700] "GET /robots.txt HTTP/1.1" 200 305 "-" "Mozilla/5.0 (compatible; bingbot/2.0; +http://www.bing.com/bingbot.htm)" 
213.203.242.220 - - [10/Aug/2011:03:15:19 -0700] "GET /files/headerBanner.jpg HTTP/1.1" 200 153258 "http://fdt.powerflasher.com/blog/" "Mozilla/5.0 (Macintosh; Intel Mac OS X 10_6_5) AppleWebKit/535.1 (KHTML, like Gecko) Chrome/13.0.782.112 Safari/535.1" 
76.74.170.204 - - [10/Aug/2011:03:16:43 -0700] "GET /feed/ HTTP/1.1" 200 14402 "-" "ColdFusion" 
219.239.34.56 - - [10/Aug/2011:03:17:51 -0700] "GET /feed/rss/ HTTP/1.1" 200 6212 "-" "Xianguo.com 1 Subscribers" 
123.126.50.69 - - [10/Aug/2011:03:20:52 -0700] "GET /2009/02/19/flex-bugquash-is-happening/ HTTP/1.1" 200 4745 "-" "Sogou web spider/4.0(+http://www.sogou.com/docs/help/webmasters.htm#07)" 
116.71.160.182 - - [10/Aug/2011:03:25:00 -0700] "GET /files/headerBanner.jpg HTTP/1.1" 200 63000 "http://www.google.com.pk/imgres?q=header+images&hl=en&biw=1024&bih=677&gbv=2&tbm=isch&tbnid=dPEsOQ7CmMXPzM:&imgrefurl=http://fdt.powerflasher.com/blog/&docid=BaG7E4fduaOBzM&w=920&h=191&ei=b1xCTseLIYOx8QOQq5DMCQ&zoom=1&chk=sbg&iact=rc&dur=402&page=40&tbnh=80&tbnw=245&start=610&ndsp=17&ved=1t:429,r:8,s:610&tx=163&ty=42" "Mozilla/5.0 (Windows NT 5.1) AppleWebKit/534.30 (KHTML, like Gecko) Chrome/12.0.742.122 Safari/534.30" 
116.71.160.182 - - [10/Aug/2011:03:25:02 -0700] "GET /files/headerBanner.jpg HTTP/1.1" 206 333 "http://www.google.com.pk/imgres?q=header+images&hl=en&biw=1024&bih=677&gbv=2&tbm=isch&tbnid=dPEsOQ7CmMXPzM:&imgrefurl=http://fdt.powerflasher.com/blog/&docid=BaG7E4fduaOBzM&w=920&h=191&ei=b1xCTseLIYOx8QOQq5DMCQ&zoom=1&chk=sbg&iact=rc&dur=402&page=40&tbnh=80&tbnw=245&start=610&ndsp=17&ved=1t:429,r:8,s:610&tx=163&ty=42" "Mozilla/5.0 (Windows NT 5.1) AppleWebKit/534.30 (KHTML, like Gecko) Chrome/12.0.742.122 Safari/534.30" 
116.71.160.182 - - [10/Aug/2011:03:25:02 -0700] "GET /files/headerBanner.jpg HTTP/1.1" 206 131195 "http://www.google.com.pk/imgres?q=header+images&hl=en&biw=1024&bih=677&gbv=2&tbm=isch&tbnid=dPEsOQ7CmMXPzM:&imgrefurl=http://fdt.powerflasher.com/blog/&docid=BaG7E4fduaOBzM&w=920&h=191&ei=b1xCTseLIYOx8QOQq5DMCQ&zoom=1&chk=sbg&iact=rc&dur=402&page=40&tbnh=80&tbnw=245&start=610&ndsp=17&ved=1t:429,r:8,s:610&tx=163&ty=42" "Mozilla/5.0 (Windows NT 5.1) AppleWebKit/534.30 (KHTML, like Gecko) Chrome/12.0.742.122 Safari/534.30" 
116.71.160.182 - - [10/Aug/2011:03:25:06 -0700] "GET /favicon.ico HTTP/1.1" 200 275 "-" "Mozilla/5.0 (Windows NT 5.1) AppleWebKit/534.30 (KHTML, like Gecko) Chrome/12.0.742.122 Safari/534.30" 
209.85.238.213 - - [10/Aug/2011:03:25:51 -0700] "GET /?feed=rss2 HTTP/1.1" 200 409 "-" "Feedfetcher-Google; (+http://www.google.com/feedfetcher.html; 21 subscribers; feed-id=6047012421983505584)" 
209.85.238.213 - - [10/Aug/2011:03:25:52 -0700] "GET /feed/ HTTP/1.1" 200 14401 "-" "Feedfetcher-Google; (+http://www.google.com/feedfetcher.html; 21 subscribers; feed-id=6047012421983505584)" 
75.119.204.73 - - [10/Aug/2011:03:29:44 -0700] "POST /wp-cron.php?doing_wp_cron HTTP/1.0" 200 158 "-" "WordPress/3.2.1; http://www.theflexguy.com" 
174.37.154.78 - - [10/Aug/2011:03:29:43 -0700] "GET /feed/atom HTTP/1.0" 200 194 "-" "Gist Server" 
123.126.50.69 - - [10/Aug/2011:03:31:05 -0700] "GET /2008/09/18/blueprint-code-manager/ HTTP/1.1" 200 4203 "-" "Sogou web spider/4.0(+http://www.sogou.com/docs/help/webmasters.htm#07)" 
174.37.205.68 - - [10/Aug/2011:03:35:09 -0700] "GET /feed/atom/ HTTP/1.1" 200 143 "-" "Mozilla/5.0 (X11; U; Linux x86_64; en-US; rv:1.9.0.19; aggregator:Spinn3r (Spinn3r 3.1); http://spinn3r.com/robot) Gecko/2010040121 Firefox/3.0.19" 
188.66.79.237 - - [10/Aug/2011:03:35:26 -0700] "GET /feed/ HTTP/1.1" 200 14402 "-" "Microsoft Office/14.0 (Windows NT 6.1; Microsoft Outlook 14.0.5128; Pro; ms-office; MSOffice 14)" 
95.108.154.252 - - [10/Aug/2011:03:39:20 -0700] "GET /about/ HTTP/1.1" 200 3952 "-" "Mozilla/5.0 (compatible; YandexBot/3.0; +http://yandex.com/bots)" 
173.192.238.34 - - [10/Aug/2011:03:42:56 -0700] "GET / HTTP/1.1" 200 321 "-" "Mozilla/5.0 (X11; U; Linux x86_64; en-US; rv:1.9.0.19; aggregator:Spinn3r (Spinn3r 3.1); http://spinn3r.com/robot) Gecko/2010040121 Firefox/3.0.19" 
173.192.238.34 - - [10/Aug/2011:03:42:56 -0700] "GET / HTTP/1.1" 200 4951 "-" "Mozilla/5.0 (X11; U; Linux x86_64; en-US; rv:1.9.0.19; aggregator:Spinn3r (Spinn3r 3.1); http://spinn3r.com/robot) Gecko/2010040121 Firefox/3.0.19" 
209.85.238.213 - - [10/Aug/2011:03:44:01 -0700] "GET /index.php?option=com_idoblog&view=idoblog&Itemid=54&format=feed&type=rss HTTP/1.1" 200 421 "-" "Feedfetcher-Google; (+http://www.google.com/feedfetcher.html; 1 subscribers; feed-id=7080376364330259190)" 
209.85.238.213 - - [10/Aug/2011:03:44:02 -0700] "GET /?option=com_idoblog&view=idoblog&Itemid=54&format=feed&type=rss HTTP/1.1" 200 5179 "-" "Feedfetcher-Google; (+http://www.google.com/feedfetcher.html; 1 subscribers; feed-id=7080376364330259190)" 
75.119.204.73 - - [10/Aug/2011:03:44:19 -0700] "POST /wp-cron.php?doing_wp_cron HTTP/1.0" 200 158 "-" "WordPress/3.2.1; http://www.theflexguy.com" 
95.108.158.238 - - [10/Aug/2011:03:44:19 -0700] "GET /images/stories/FlexFormatterIcons.png HTTP/1.1" 200 8447 "-" "Mozilla/5.0 (compatible; YandexImages/3.0; +http://yandex.com/bots)" 
95.108.214.16 - - [10/Aug/2011:03:50:01 -0700] "GET /feed/ HTTP/1.1" 200 143 "-" "Mozilla/5.0 (compatible; YandexBlogs/0.99; robot; B; +http://yandex.com/bots) 1 readers" 
209.85.238.73 - - [10/Aug/2011:03:51:34 -0700] "GET /index.php?format=feed&type=rss HTTP/1.1" 200 379 "-" "Feedfetcher-Google; (+http://www.google.com/feedfetcher.html; 4 subscribers; feed-id=6887443542408518203)" 
209.85.238.213 - - [10/Aug/2011:03:51:35 -0700] "GET /?format=feed&type=rss HTTP/1.1" 200 5137 "-" "Feedfetcher-Google; (+http://www.google.com/feedfetcher.html; 4 subscribers; feed-id=6887443542408518203)" 
89.202.163.174 - - [10/Aug/2011:03:58:26 -0700] "GET /index.php?format=feed&type=rss HTTP/1.0" 200 23052 "-" "Desktop Sidebar v1.05.116.0" 
209.85.238.213 - - [10/Aug/2011:03:59:24 -0700] "GET /feed/ HTTP/1.1" 200 14406 "-" "Feedfetcher-Google; (+http://www.google.com/feedfetcher.html; 4 subscribers; feed-id=17450445626559736511)" 
76.74.170.204 - - [10/Aug/2011:04:00:42 -0700] "GET /feed/ HTTP/1.1" 200 14402 "-" "ColdFusion" 
75.119.204.73 - - [10/Aug/2011:04:03:06 -0700] "POST /wp-cron.php?doing_wp_cron HTTP/1.0" 200 158 "-" "WordPress/3.2.1; http://www.theflexguy.com" 
209.85.238.213 - - [10/Aug/2011:04:03:05 -0700] "GET /feed/rss HTTP/1.1" 200 413 "-" "Feedfetcher-Google; (+http://www.google.com/feedfetcher.html; 5 subscribers; feed-id=8282921309701812955)" 
209.85.238.213 - - [10/Aug/2011:04:03:06 -0700] "GET /feed/rss/ HTTP/1.1" 200 2740 "-" "Feedfetcher-Google; (+http://www.google.com/feedfetcher.html; 5 subscribers; feed-id=8282921309701812955)" 
207.46.12.236 - - [10/Aug/2011:04:04:36 -0700] "GET /robots.txt HTTP/1.1" 200 305 "-" "Mozilla/5.0 (compatible; bingbot/2.0; +http://www.bing.com/bingbot.htm)" 
69.63.190.248 - - [10/Aug/2011:04:05:09 -0700] "GET /files/headerBanner.jpg HTTP/1.0" 200 153221 "-" "facebookplatform/1.0 (+http://developers.facebook.com)" 
173.192.238.48 - - [10/Aug/2011:04:05:16 -0700] "GET /feed/atom/ HTTP/1.1" 200 143 "-" "Mozilla/5.0 (X11; U; Linux x86_64; en-US; rv:1.9.0.19; aggregator:Spinn3r (Spinn3r 3.1); http://spinn3r.com/robot) Gecko/2010040121 Firefox/3.0.19" 
207.46.12.236 - - [10/Aug/2011:04:05:20 -0700] "GET /tag/custom/ HTTP/1.1" 200 2947 "-" "Mozilla/5.0 (compatible; bingbot/2.0; +http://www.bing.com/bingbot.htm)" 
66.249.67.164 - - [10/Aug/2011:04:12:48 -0700] "GET /tag/createchildren/ HTTP/1.1" 200 2948 "-" "Mozilla/5.0 (compatible; Googlebot/2.1; +http://www.google.com/bot.html)" 
174.37.205.68 - - [10/Aug/2011:04:13:00 -0700] "GET / HTTP/1.1" 200 321 "-" "Mozilla/5.0 (X11; U; Linux x86_64; en-US; rv:1.9.0.19; aggregator:Spinn3r (Spinn3r 3.1); http://spinn3r.com/robot) Gecko/2010040121 Firefox/3.0.19" 
174.37.205.68 - - [10/Aug/2011:04:13:01 -0700] "GET / HTTP/1.1" 200 4825 "-" "Mozilla/5.0 (X11; U; Linux x86_64; en-US; rv:1.9.0.19; aggregator:Spinn3r (Spinn3r 3.1); http://spinn3r.com/robot) Gecko/2010040121 Firefox/3.0.19" 
207.46.204.235 - - [10/Aug/2011:04:13:21 -0700] "GET /2009/08/09/runaway-arraycollections/feed/ HTTP/1.1" 200 882 "-" "Mozilla/5.0 (compatible; bingbot/2.0; +http://www.bing.com/bingbot.htm)" 
67.195.112.254 - - [10/Aug/2011:04:16:50 -0700] "GET /2008/01/16/wp-content/uploads/2008/01/flash-flex-the-chemicals-between-us.pdf HTTP/1.0" 200 2455 "-" "Mozilla/5.0 (compatible; Yahoo! Slurp; http://help.yahoo.com/help/us/ysearch/slurp)" 
67.195.112.254 - - [10/Aug/2011:04:16:51 -0700] "GET /wp-content/themes/uchilla1.0/style.css HTTP/1.0" 304 137 "http://www.theflexguy.com/2008/01/16/wp-content/uploads/2008/01/flash-flex-the-chemicals-between-us.pdf" "Mozilla/5.0 (compatible; Yahoo! Slurp; http://help.yahoo.com/help/us/ysearch/slurp)" 
67.195.112.254 - - [10/Aug/2011:04:16:51 -0700] "GET /wp-content/themes/uchilla1.0/print.css HTTP/1.0" 304 135 "http://www.theflexguy.com/2008/01/16/wp-content/uploads/2008/01/flash-flex-the-chemicals-between-us.pdf" "Mozilla/5.0 (compatible; Yahoo! Slurp; http://help.yahoo.com/help/us/ysearch/slurp)" 
67.195.112.254 - - [10/Aug/2011:04:16:51 -0700] "GET /wp-content/plugins/flickrpress/style.css?ver=3.2.1 HTTP/1.0" 304 136 "http://www.theflexguy.com/2008/01/16/wp-content/uploads/2008/01/flash-flex-the-chemicals-between-us.pdf" "Mozilla/5.0 (compatible; Yahoo! Slurp; http://help.yahoo.com/help/us/ysearch/slurp)" 
209.85.238.213 - - [10/Aug/2011:04:19:31 -0700] "GET /?feed=rss2 HTTP/1.1" 200 409 "-" "Feedfetcher-Google; (+http://www.google.com/feedfetcher.html; 21 subscribers; feed-id=6047012421983505584)" 
209.85.238.213 - - [10/Aug/2011:04:19:32 -0700] "GET /feed/ HTTP/1.1" 200 14401 "-" "Feedfetcher-Google; (+http://www.google.com/feedfetcher.html; 21 subscribers; feed-id=6047012421983505584)" 
220.221.158.200 - - [10/Aug/2011:04:22:47 -0700] "GET /tools/htmlTextEditor2008/ HTTP/1.1" 200 1967 "-" "Mozilla/5.0 (compatible; MSIE 9.0; Windows NT 6.1; WOW64; Trident/5.0)" 
220.221.158.200 - - [10/Aug/2011:04:22:47 -0700] "GET /tools/htmlTextEditor2008/AC_OETags.js HTTP/1.1" 200 8083 "http://www.theflexguy.com/tools/htmlTextEditor2008/" "Mozilla/5.0 (compatible; MSIE 9.0; Windows NT 6.1; WOW64; Trident/5.0)" 
220.221.158.200 - - [10/Aug/2011:04:22:47 -0700] "GET /tools/htmlTextEditor2008/history/history.css HTTP/1.1" 200 641 "http://www.theflexguy.com/tools/htmlTextEditor2008/" "Mozilla/5.0 (compatible; MSIE 9.0; Windows NT 6.1; WOW64; Trident/5.0)" 
220.221.158.200 - - [10/Aug/2011:04:22:47 -0700] "GET /tools/htmlTextEditor2008/history/history.js HTTP/1.1" 200 23389 "http://www.theflexguy.com/tools/htmlTextEditor2008/" "Mozilla/5.0 (compatible; MSIE 9.0; Windows NT 6.1; WOW64; Trident/5.0)" 
220.221.158.200 - - [10/Aug/2011:04:22:48 -0700] "GET /tools/htmlTextEditor2008/AC_OETags.js HTTP/1.1" 200 8084 "http://www.theflexguy.com/tools/htmlTextEditor2008/" "Mozilla/5.0 (compatible; MSIE 9.0; Windows NT 6.1; WOW64; Trident/5.0)" 
220.221.158.200 - - [10/Aug/2011:04:22:48 -0700] "GET /tools/htmlTextEditor2008/history/history.js HTTP/1.1" 200 23389 "http://www.theflexguy.com/tools/htmlTextEditor2008/" "Mozilla/5.0 (compatible; MSIE 9.0; Windows NT 6.1; WOW64; Trident/5.0)" 
220.221.158.200 - - [10/Aug/2011:04:22:48 -0700] "GET /tools/htmlTextEditor2008/history/history.css HTTP/1.1" 200 641 "http://www.theflexguy.com/tools/htmlTextEditor2008/" "Mozilla/5.0 (compatible; MSIE 9.0; Windows NT 6.1; WOW64; Trident/5.0)" 
220.221.158.200 - - [10/Aug/2011:04:22:48 -0700] "GET /tools/htmlTextEditor2008/htmlTextEditor.swf HTTP/1.1" 200 303670 "http://www.theflexguy.com/tools/htmlTextEditor2008/" "Mozilla/5.0 (compatible; MSIE 9.0; Windows NT 6.1; WOW64; Trident/5.0)" 
220.221.158.200 - - [10/Aug/2011:04:22:53 -0700] "GET /favicon.ico HTTP/1.1" 200 276 "-" "Mozilla/5.0 (compatible; MSIE 9.0; Windows NT 6.1; WOW64; Trident/5.0)" 
220.221.158.200 - - [10/Aug/2011:04:22:53 -0700] "GET /tools/htmlTextEditor2008/img/envelope.png HTTP/1.1" 200 679 "http://www.theflexguy.com/tools/htmlTextEditor2008/htmlTextEditor.swf" "Mozilla/5.0 (compatible; MSIE 9.0; Windows NT 6.1; WOW64; Trident/5.0)" 
220.221.158.200 - - [10/Aug/2011:04:22:53 -0700] "GET /tools/htmlTextEditor2008/img/help.png HTTP/1.1" 200 1063 "http://www.theflexguy.com/tools/htmlTextEditor2008/htmlTextEditor.swf" "Mozilla/5.0 (compatible; MSIE 9.0; Windows NT 6.1; WOW64; Trident/5.0)" 
75.119.204.73 - - [10/Aug/2011:04:23:16 -0700] "POST /wp-cron.php?doing_wp_cron HTTP/1.0" 200 158 "-" "WordPress/3.2.1; http://www.theflexguy.com" 
66.249.67.164 - - [10/Aug/2011:04:23:15 -0700] "GET /2010/01/05/new-year-improved-site/trackback/ HTTP/1.1" 200 449 "-" "Mozilla/5.0 (compatible; Googlebot/2.1; +http://www.google.com/bot.html)" 
66.249.67.164 - - [10/Aug/2011:04:23:17 -0700] "GET /2010/01/05/new-year-improved-site/ HTTP/1.1" 200 5074 "-" "Mozilla/5.0 (compatible; Googlebot/2.1; +http://www.google.com/bot.html)" 
209.85.238.213 - - [10/Aug/2011:04:26:43 -0700] "GET /index.php?format=feed&type=atom HTTP/1.1" 200 380 "-" "Feedfetcher-Google; (+http://www.google.com/feedfetcher.html; 1 subscribers; feed-id=2021327347742680309)" 
209.85.238.213 - - [10/Aug/2011:04:26:44 -0700] "GET /?format=feed&type=atom HTTP/1.1" 200 5152 "-" "Feedfetcher-Google; (+http://www.google.com/feedfetcher.html; 1 subscribers; feed-id=2021327347742680309)" 
77.42.244.85 - - [10/Aug/2011:04:27:26 -0700] "GET /files/headerBanner.jpg HTTP/1.1" 200 153258 "http://fdt.powerflasher.com/blog/" "Mozilla/5.0 (Macintosh; U; Intel Mac OS X 10_6_7; en-us) AppleWebKit/533.21.1 (KHTML, like Gecko) Version/5.0.5 Safari/533.21.1" 
174.37.205.92 - - [10/Aug/2011:04:35:23 -0700] "GET /feed/atom/ HTTP/1.1" 200 143 "-" "Mozilla/5.0 (X11; U; Linux x86_64; en-US; rv:1.9.0.19; aggregator:Spinn3r (Spinn3r 3.1); http://spinn3r.com/robot) Gecko/2010040121 Firefox/3.0.19" 
188.66.79.237 - - [10/Aug/2011:04:35:50 -0700] "GET /feed/ HTTP/1.1" 200 14402 "-" "Microsoft Office/14.0 (Windows NT 6.1; Microsoft Outlook 14.0.5128; Pro; ms-office; MSOffice 14)" 
82.56.177.120 - - [10/Aug/2011:04:37:26 -0700] "GET /files/headerBanner.jpg HTTP/1.1" 304 175 "http://fdt.powerflasher.com/blog/" "Mozilla/4.0 (compatible; MSIE 8.0; Windows NT 5.1; Trident/4.0; GTB7.1; .NET CLR 2.0.50727; .NET CLR 3.0.04506.30; .NET CLR 3.0.04506.648; .NET CLR 3.0.4506.2152; .NET CLR 3.5.30729)" 
91.195.118.65 - - [10/Aug/2011:04:37:46 -0700] "GET /feed/rss HTTP/1.0" 200 376 "-" "MagpieRSS/0.7 (+http://magpierss.sf.net; No cache)" 
91.195.118.65 - - [10/Aug/2011:04:37:47 -0700] "GET /feed/rss/ HTTP/1.0" 200 2708 "-" "MagpieRSS/0.7 (+http://magpierss.sf.net; No cache)" 
91.195.118.65 - - [10/Aug/2011:04:37:49 -0700] "GET /?feed=rss2 HTTP/1.0" 200 372 "-" "MagpieRSS/0.7 (+http://magpierss.sf.net; No cache)" 
91.195.118.65 - - [10/Aug/2011:04:37:50 -0700] "GET /feed/ HTTP/1.0" 200 14316 "-" "MagpieRSS/0.7 (+http://magpierss.sf.net; No cache)" 
75.119.204.73 - - [10/Aug/2011:04:39:11 -0700] "POST /wp-cron.php?doing_wp_cron HTTP/1.0" 200 158 "-" "WordPress/3.2.1; http://www.theflexguy.com" 
201.50.106.112 - - [10/Aug/2011:04:39:11 -0700] "GET / HTTP/1.1" 200 23064 "-" "Mozilla/4.0 (compatible; MSIE 5.0; Windows NT)" 
194.114.62.70 - - [10/Aug/2011:04:39:57 -0700] "GET /files/headerBanner.jpg HTTP/1.1" 200 153221 "-" "Mozilla/4.0 (compatible;)" 
173.192.238.44 - - [10/Aug/2011:04:43:12 -0700] "GET / HTTP/1.1" 200 321 "-" "Mozilla/5.0 (X11; U; Linux x86_64; en-US; rv:1.9.0.19; aggregator:Spinn3r (Spinn3r 3.1); http://spinn3r.com/robot) Gecko/2010040121 Firefox/3.0.19" 
173.192.238.44 - - [10/Aug/2011:04:43:13 -0700] "GET / HTTP/1.1" 200 4950 "-" "Mozilla/5.0 (X11; U; Linux x86_64; en-US; rv:1.9.0.19; aggregator:Spinn3r (Spinn3r 3.1); http://spinn3r.com/robot) Gecko/2010040121 Firefox/3.0.19" 
66.249.67.164 - - [10/Aug/2011:04:44:13 -0700] "GET /2008/02/14/a-self-queueing-httpservice-component/ HTTP/1.1" 200 4979 "-" "Mozilla/5.0 (compatible; Googlebot/2.1; +http://www.google.com/bot.html)" 
209.85.238.213 - - [10/Aug/2011:04:44:59 -0700] "GET /index.php?option=com_content&view=category&layout=blog&id=35&Itemid=54&format=feed&type=rss HTTP/1.1" 200 440 "-" "Feedfetcher-Google; (+http://www.google.com/feedfetcher.html; 1 subscribers; feed-id=9816647088266946374)" 
209.85.238.213 - - [10/Aug/2011:04:45:01 -0700] "GET /?option=com_content&view=category&layout=blog&id=35&Itemid=54&format=feed&type=rss HTTP/1.1" 200 5191 "-" "Feedfetcher-Google; (+http://www.google.com/feedfetcher.html; 1 subscribers; feed-id=9816647088266946374)" 
76.74.170.204 - - [10/Aug/2011:04:49:58 -0700] "GET /feed/ HTTP/1.1" 200 14402 "-" "ColdFusion" 
209.85.238.73 - - [10/Aug/2011:04:51:44 -0700] "GET /index.php?format=feed&type=rss HTTP/1.1" 200 379 "-" "Feedfetcher-Google; (+http://www.google.com/feedfetcher.html; 4 subscribers; feed-id=6887443542408518203)" 
209.85.238.213 - - [10/Aug/2011:04:51:45 -0700] "GET /?format=feed&type=rss HTTP/1.1" 200 5153 "-" "Feedfetcher-Google; (+http://www.google.com/feedfetcher.html; 4 subscribers; feed-id=6887443542408518203)" 
75.119.204.73 - - [10/Aug/2011:04:52:22 -0700] "POST /wp-cron.php?doing_wp_cron HTTP/1.0" 200 158 "-" "WordPress/3.2.1; http://www.theflexguy.com" 
109.230.217.137 - - [10/Aug/2011:04:52:21 -0700] "GET /2009/03/20/removing-column-header-sort-lines/ HTTP/1.0" 200 17859 "http://iGif.com" "Mozilla/5.0 (Windows; U; Windows NT 6.1; en-US) AppleWebKit/532.2 (KHTML, like Gecko) Chrome/4.0.221.7 Safari/532.2" 
109.230.217.137 - - [10/Aug/2011:04:52:46 -0700] "POST /wp-comments-post.php HTTP/1.0" 200 367 "http://www.theflexguy.com" "Mozilla/5.0 (Windows; U; Windows NT 6.1; en-US) AppleWebKit/532.2 (KHTML, like Gecko) Chrome/4.0.221.7 Safari/532.2" 
174.136.26.114 - - [10/Aug/2011:04:56:11 -0700] "GET /wp-includes/js/jquery/jquery.js?ver=1.4.4 HTTP/1.0" 200 91646 "-" "Nutraspace/Nutch-1.2 (www.nutraspace.com)" 
89.202.163.174 - - [10/Aug/2011:04:58:55 -0700] "GET /index.php?format=feed&type=rss HTTP/1.0" 200 23052 "-" "Desktop Sidebar v1.05.116.0" 
124.115.4.205 - - [10/Aug/2011:04:59:35 -0700] "GET / HTTP/1.1" 200 358 "-" "Sosospider+(+http://help.soso.com/webspider.htm)" 
184.154.48.82 - - [10/Aug/2011:05:02:02 -0700] "GET /robots.txt HTTP/1.0" 200 229 "-" "Mozilla/5.0 (compatible; MJ12bot/v1.4.0; http://www.majestic12.co.uk/bot.php?+)" 
184.154.48.82 - - [10/Aug/2011:05:02:04 -0700] "GET /index.php?option=com_content&view=article&id=94&Itemid=11 HTTP/1.0" 200 369 "-" "Mozilla/5.0 (compatible; MJ12bot/v1.4.0; http://www.majestic12.co.uk/bot.php?+)" 
184.154.48.82 - - [10/Aug/2011:05:02:06 -0700] "GET /?option=com_content&view=article&id=94&Itemid=11 HTTP/1.0" 200 22780 "-" "Mozilla/5.0 (compatible; MJ12bot/v1.4.0; http://www.majestic12.co.uk/bot.php?+)" 
184.154.48.82 - - [10/Aug/2011:05:02:09 -0700] "GET /index.php?option=com_content&view=article&id=94:htmltext-editor-now-on-air&catid=39:desktop-apps&Itemid=11 HTTP/1.0" 200 418 "-" "Mozilla/5.0 (compatible; MJ12bot/v1.4.0; http://www.majestic12.co.uk/bot.php?+)" 
184.154.48.82 - - [10/Aug/2011:05:02:11 -0700] "GET /?option=com_content&view=article&id=94:htmltext-editor-now-on-air&catid=39:desktop-apps&Itemid=11 HTTP/1.0" 200 22838 "-" "Mozilla/5.0 (compatible; MJ12bot/v1.4.0; http://www.majestic12.co.uk/bot.php?+)" 
184.154.48.82 - - [10/Aug/2011:05:02:13 -0700] "GET /index.php?option=com_content&view=category&layout=blog&id=39&Itemid=55 HTTP/1.0" 200 382 "-" "Mozilla/5.0 (compatible; MJ12bot/v1.4.0; http://www.majestic12.co.uk/bot.php?+)" 
184.154.48.82 - - [10/Aug/2011:05:02:14 -0700] "GET /?option=com_content&view=category&layout=blog&id=39&Itemid=55 HTTP/1.0" 200 22798 "-" "Mozilla/5.0 (compatible; MJ12bot/v1.4.0; http://www.majestic12.co.uk/bot.php?+)" 
123.125.71.96 - - [10/Aug/2011:05:03:15 -0700] "GET / HTTP/1.1" 200 4950 "-" "Mozilla/5.0 (compatible; Baiduspider/2.0; +http://www.baidu.com/search/spider.html)" 
192.150.14.130 - - [10/Aug/2011:05:03:21 -0700] "HEAD /?feed=rss2 HTTP/1.1" 200 353 "-" "Adobe Feeds" 
75.119.204.73 - - [10/Aug/2011:05:05:30 -0700] "POST /wp-cron.php?doing_wp_cron HTTP/1.0" 200 158 "-" "WordPress/3.2.1; http://www.theflexguy.com" 
173.192.238.34 - - [10/Aug/2011:05:05:29 -0700] "GET /feed/atom/ HTTP/1.1" 200 143 "-" "Mozilla/5.0 (X11; U; Linux x86_64; en-US; rv:1.9.0.19; aggregator:Spinn3r (Spinn3r 3.1); http://spinn3r.com/robot) Gecko/2010040121 Firefox/3.0.19" 
209.85.238.213 - - [10/Aug/2011:05:08:04 -0700] "GET /feed/ HTTP/1.1" 200 194 "-" "Feedfetcher-Google; (+http://www.google.com/feedfetcher.html; 4 subscribers; feed-id=17450445626559736511)" 
209.85.238.213 - - [10/Aug/2011:05:08:35 -0700] "GET /feed/rss HTTP/1.1" 200 413 "-" "Feedfetcher-Google; (+http://www.google.com/feedfetcher.html; 5 subscribers; feed-id=8282921309701812955)" 
209.85.238.213 - - [10/Aug/2011:05:08:35 -0700] "GET /feed/rss/ HTTP/1.1" 200 2740 "-" "Feedfetcher-Google; (+http://www.google.com/feedfetcher.html; 5 subscribers; feed-id=8282921309701812955)" 
209.85.238.213 - - [10/Aug/2011:05:11:31 -0700] "GET /?feed=rss2 HTTP/1.1" 200 409 "-" "Feedfetcher-Google; (+http://www.google.com/feedfetcher.html; 21 subscribers; feed-id=6047012421983505584)" 
209.85.238.213 - - [10/Aug/2011:05:11:32 -0700] "GET /feed/ HTTP/1.1" 200 193 "-" "Feedfetcher-Google; (+http://www.google.com/feedfetcher.html; 21 subscribers; feed-id=6047012421983505584)" 
173.192.238.48 - - [10/Aug/2011:05:13:19 -0700] "GET / HTTP/1.1" 200 321 "-" "Mozilla/5.0 (X11; U; Linux x86_64; en-US; rv:1.9.0.19; aggregator:Spinn3r (Spinn3r 3.1); http://spinn3r.com/robot) Gecko/2010040121 Firefox/3.0.19" 
173.192.238.48 - - [10/Aug/2011:05:13:20 -0700] "GET / HTTP/1.1" 200 4950 "-" "Mozilla/5.0 (X11; U; Linux x86_64; en-US; rv:1.9.0.19; aggregator:Spinn3r (Spinn3r 3.1); http://spinn3r.com/robot) Gecko/2010040121 Firefox/3.0.19" 
217.50.53.55 - - [10/Aug/2011:05:13:37 -0700] "GET /files/headerBanner.jpg HTTP/1.1" 200 69120 "-" "Mozilla/5.0 (Macintosh; Intel Mac OS X 10_6_8) AppleWebKit/534.50 (KHTML, like Gecko)" 
89.139.2.157 - - [10/Aug/2011:05:15:38 -0700] "GET /files/headerBanner.jpg HTTP/1.1" 200 153258 "http://fdt.powerflasher.com/blog/" "Mozilla/5.0 (Windows NT 5.1; rv:5.0) Gecko/20100101 Firefox/5.0" 
207.46.195.231 - - [10/Aug/2011:05:20:06 -0700] "GET /robots.txt HTTP/1.1" 200 305 "-" "Mozilla/5.0 (compatible; bingbot/2.0; +http://www.bing.com/bingbot.htm)" 
207.46.195.231 - - [10/Aug/2011:05:20:50 -0700] "GET /2010/02/15/air-on-android/feed/ HTTP/1.1" 200 875 "-" "Mozilla/5.0 (compatible; bingbot/2.0; +http://www.bing.com/bingbot.htm)" 
174.136.26.114 - - [10/Aug/2011:05:20:55 -0700] "GET /xmlrpc.php?rsd HTTP/1.0" 200 506 "-" "Nutraspace/Nutch-1.2 (www.nutraspace.com)" 
174.136.26.114 - - [10/Aug/2011:05:25:58 -0700] "GET /2009/05/12/chat-widget/ HTTP/1.0" 200 4551 "-" "Nutraspace/Nutch-1.2 (www.nutraspace.com)" 
75.119.204.73 - - [10/Aug/2011:05:26:23 -0700] "POST /wp-cron.php?doing_wp_cron HTTP/1.0" 200 158 "-" "WordPress/3.2.1; http://www.theflexguy.com" 
67.195.112.254 - - [10/Aug/2011:05:26:22 -0700] "GET /category/desktop-apps/feed/ HTTP/1.0" 200 4040 "-" "Mozilla/5.0 (compatible; Yahoo! Slurp; http://help.yahoo.com/help/us/ysearch/slurp)" 
75.71.5.45 - - [10/Aug/2011:05:32:55 -0700] "GET /favicon.ico HTTP/1.1" 200 220 "-" "NewzCrawler/1.8 (compatible; MSIE 6.00; Newz Crawler 1.8; http://www.newzcrawler.com/ )" 
75.71.5.45 - - [10/Aug/2011:05:32:56 -0700] "GET /feed/rss/ HTTP/1.1" 200 2685 "-" "NewzCrawler/1.8 (compatible; MSIE 6.00; Newz Crawler 1.8; http://www.newzcrawler.com/ )" 
124.115.4.191 - - [10/Aug/2011:05:33:15 -0700] "GET / HTTP/1.1" 200 4987 "-" "Sosospider+(+http://help.soso.com/webspider.htm)" 
66.249.67.164 - - [10/Aug/2011:05:35:22 -0700] "GET /2008/02/14/tools/QingHttpService/ HTTP/1.1" 200 2492 "-" "Mozilla/5.0 (compatible; Googlebot/2.1; +http://www.google.com/bot.html)" 
174.36.228.156 - - [10/Aug/2011:05:35:33 -0700] "GET /feed/atom/ HTTP/1.1" 200 143 "-" "Mozilla/5.0 (X11; U; Linux x86_64; en-US; rv:1.9.0.19; aggregator:Spinn3r (Spinn3r 3.1); http://spinn3r.com/robot) Gecko/2010040121 Firefox/3.0.19" 
188.66.79.237 - - [10/Aug/2011:05:36:08 -0700] "GET /feed/ HTTP/1.1" 200 194 "-" "Microsoft Office/14.0 (Windows NT 6.1; Microsoft Outlook 14.0.5128; Pro; ms-office; MSOffice 14)" 
61.135.249.63 - - [10/Aug/2011:05:41:18 -0700] "GET / HTTP/1.1" 200 4931 "-" "Mozilla/5.0 (compatible; YodaoBot/1.0; http://www.yodao.com/help/webmaster/spider/; )" 
75.119.204.73 - - [10/Aug/2011:05:43:25 -0700] "POST /wp-cron.php?doing_wp_cron HTTP/1.0" 200 158 "-" "WordPress/3.2.1; http://www.theflexguy.com" 
174.36.228.156 - - [10/Aug/2011:05:43:25 -0700] "GET / HTTP/1.1" 200 321 "-" "Mozilla/5.0 (X11; U; Linux x86_64; en-US; rv:1.9.0.19; aggregator:Spinn3r (Spinn3r 3.1); http://spinn3r.com/robot) Gecko/2010040121 Firefox/3.0.19" 
174.36.228.156 - - [10/Aug/2011:05:43:26 -0700] "GET / HTTP/1.1" 200 4825 "-" "Mozilla/5.0 (X11; U; Linux x86_64; en-US; rv:1.9.0.19; aggregator:Spinn3r (Spinn3r 3.1); http://spinn3r.com/robot) Gecko/2010040121 Firefox/3.0.19" 
174.136.26.114 - - [10/Aug/2011:05:43:29 -0700] "GET /wp-content/plugins/flickrpress/style.css?ver=3.1.3 HTTP/1.0" 200 2255 "-" "Nutraspace/Nutch-1.2 (www.nutraspace.com)" 
38.101.148.126 - - [10/Aug/2011:05:43:42 -0700] "GET /robots.txt HTTP/1.1" 200 293 "-" "Mozilla/5.0 (compatible; discobot/1.1; +http://discoveryengine.com/discobot.html)" 
82.56.177.120 - - [10/Aug/2011:05:43:54 -0700] "GET /files/headerBanner.jpg HTTP/1.1" 304 175 "http://fdt.powerflasher.com/blog/" "Mozilla/4.0 (compatible; MSIE 8.0; Windows NT 5.1; Trident/4.0; GTB7.1; .NET CLR 2.0.50727; .NET CLR 3.0.04506.30; .NET CLR 3.0.04506.648; .NET CLR 3.0.4506.2152; .NET CLR 3.5.30729)" 
38.101.148.126 - - [10/Aug/2011:05:46:41 -0700] "GET /robots.txt HTTP/1.1" 200 293 "-" "Mozilla/5.0 (compatible; discobot/1.1; +http://discoveryengine.com/discobot.html)" 
67.195.112.254 - - [10/Aug/2011:05:48:18 -0700] "GET /2009/08/09/runaway-arraycollections/feed/ HTTP/1.0" 200 845 "-" "Mozilla/5.0 (compatible; Yahoo! Slurp; http://help.yahoo.com/help/us/ysearch/slurp)" 
69.171.242.247 - - [10/Aug/2011:05:51:53 -0700] "GET /files/headerBanner.jpg HTTP/1.1" 200 153202 "-" "facebookplatform/1.0 (+http://developers.facebook.com)" 
209.85.238.73 - - [10/Aug/2011:05:51:54 -0700] "GET /index.php?format=feed&type=rss HTTP/1.1" 200 379 "-" "Feedfetcher-Google; (+http://www.google.com/feedfetcher.html; 4 subscribers; feed-id=6887443542408518203)" 
209.85.238.213 - - [10/Aug/2011:05:51:55 -0700] "GET /?format=feed&type=rss HTTP/1.1" 200 5137 "-" "Feedfetcher-Google; (+http://www.google.com/feedfetcher.html; 4 subscribers; feed-id=6887443542408518203)" 
87.142.136.129 - - [10/Aug/2011:05:54:41 -0700] "GET /files/headerBanner.jpg HTTP/1.1" 200 153258 "http://fdt.powerflasher.com/blog/" "Mozilla/5.0 (Macintosh; U; Intel Mac OS X 10_6_8; de-de) AppleWebKit/533.21.1 (KHTML, like Gecko) Version/5.0.5 Safari/533.21.1" 
1.202.219.1 - - [10/Aug/2011:05:57:30 -0700] "GET /robots.txt HTTP/1.0" 200 236 "-" "Mozilla/5.0 ()" 
1.202.219.1 - - [10/Aug/2011:05:57:34 -0700] "GET /2007/12/12/wp-content/uploads/2007/12/workinhard.gif HTTP/1.0" 200 8362 "-" "JikeSpider Mozilla/5.0 (compatible; JikeSpider; +http://shoulu.jike.com/spider.html)" 
87.142.136.129 - - [10/Aug/2011:05:57:37 -0700] "GET /files/headerBanner.jpg HTTP/1.1" 200 153258 "http://fdt.powerflasher.com/blog/" "Mozilla/5.0 (Macintosh; U; Intel Mac OS X 10_6_8; de-de) AppleWebKit/533.21.1 (KHTML, like Gecko) Version/5.0.5 Safari/533.21.1" 
89.202.163.174 - - [10/Aug/2011:05:58:57 -0700] "GET /index.php?format=feed&type=rss HTTP/1.0" 200 23052 "-" "Desktop Sidebar v1.05.116.0" 
75.119.204.73 - - [10/Aug/2011:06:01:47 -0700] "POST /wp-cron.php?doing_wp_cron HTTP/1.0" 200 158 "-" "WordPress/3.2.1; http://www.theflexguy.com" 
76.74.170.204 - - [10/Aug/2011:06:01:46 -0700] "GET /feed/ HTTP/1.1" 200 14409 "-" "ColdFusion" 
173.192.238.44 - - [10/Aug/2011:06:05:41 -0700] "GET /feed/atom/ HTTP/1.1" 200 143 "-" "Mozilla/5.0 (X11; U; Linux x86_64; en-US; rv:1.9.0.19; aggregator:Spinn3r (Spinn3r 3.1); http://spinn3r.com/robot) Gecko/2010040121 Firefox/3.0.19" 
173.234.116.117 - - [10/Aug/2011:06:06:38 -0700] "GET /2009/05/12/chat-widget/ HTTP/1.0" 200 13764 "http://bramystalowe.com.pl/ogrodzenia-z-siatki/" "Mozilla/5.0 (Windows; U; Windows NT 6.1; en-GB; rv:1.9.1.3) Gecko/20090824 Firefox/3.5.3" 
173.234.116.117 - - [10/Aug/2011:06:06:42 -0700] "POST /wp-comments-post.php HTTP/1.0" 200 367 "http://www.theflexguy.com" "Mozilla/5.0 (Windows; U; Windows NT 6.1; en-GB; rv:1.9.1.3) Gecko/20090824 Firefox/3.5.3" 
46.4.54.5 - - [10/Aug/2011:06:09:36 -0700] "GET / HTTP/1.1" 200 5134 "" "Mozilla/5.0 (Windows; U; Windows NT 6.1; en-US; rv:1.9.2.13) Gecko/20101203 Firefox/3.6.13" 
46.4.54.5 - - [10/Aug/2011:06:09:38 -0700] "GET /wp-trackback.php HTTP/1.1" 200 578 "" "Mozilla/5.0 (Windows; U; Windows NT 6.1; en-US; rv:1.9.2.13) Gecko/20101203 Firefox/3.6.13" 
46.4.54.5 - - [10/Aug/2011:06:09:38 -0700] "GET / HTTP/1.1" 200 4988 "" "Mozilla/5.0 (Windows; U; Windows NT 6.1; en-US; rv:1.9.2.13) Gecko/20101203 Firefox/3.6.13" 
46.4.54.5 - - [10/Aug/2011:06:09:39 -0700] "GET / HTTP/1.1" 200 4988 "" "Mozilla/5.0 (Windows; U; Windows NT 6.1; en-US; rv:1.9.2.13) Gecko/20101203 Firefox/3.6.13" 
46.4.54.5 - - [10/Aug/2011:06:09:39 -0700] "GET /feed HTTP/1.1" 200 408 "" "Mozilla/5.0 (Windows; U; Windows NT 6.1; en-US; rv:1.9.2.13) Gecko/20101203 Firefox/3.6.13" 
46.4.54.5 - - [10/Aug/2011:06:09:39 -0700] "GET /feed/ HTTP/1.1" 200 14404 "http://www.theflexguy.com/feed" "Mozilla/5.0 (Windows; U; Windows NT 6.1; en-US; rv:1.9.2.13) Gecko/20101203 Firefox/3.6.13" 
46.4.54.5 - - [10/Aug/2011:06:09:40 -0700] "GET /2011/06/18/more-thoughts-on-caching-in-flex/ HTTP/1.1" 200 6602 "http://www.theflexguy.com/feed" "Mozilla/5.0 (Windows; U; Windows NT 6.1; en-US; rv:1.9.2.13) Gecko/20101203 Firefox/3.6.13" 
75.119.204.73 - - [10/Aug/2011:06:09:58 -0700] "POST /wp-cron.php?doing_wp_cron HTTP/1.0" 200 158 "-" "WordPress/3.2.1; http://www.theflexguy.com" 
124.115.0.142 - - [10/Aug/2011:06:09:57 -0700] "GET /index.php?catid=39:desktop-apps&id=94:htmltext-editor-now-on-air&Itemid=11&option=com_content&view=article HTTP/1.1" 200 455 "-" "Sosospider+(+http://help.soso.com/webspider.htm)" 
