124.115.0.142 - - [10/Aug/2011:06:09:59 -0700] "GET /?catid=39:desktop-apps&id=94:htmltext-editor-now-on-air&Itemid=11&option=com_content&view=article HTTP/1.1" 200 4935 "-" "Sosospider+(+http://help.soso.com/webspider.htm)" 
209.85.238.213 - - [10/Aug/2011:06:12:24 -0700] "GET /feed/ HTTP/1.1" 200 14405 "-" "Feedfetcher-Google; (+http://www.google.com/feedfetcher.html; 4 subscribers; feed-id=17450445626559736511)" 
76.74.170.204 - - [10/Aug/2011:06:12:44 -0700] "GET /feed/ HTTP/1.1" 200 14405 "-" "ColdFusion" 
83.208.25.13 - - [10/Aug/2011:06:13:09 -0700] "GET /files/headerBanner.jpg HTTP/1.1" 200 153258 "http://fdt.powerflasher.com/blog/" "Mozilla/5.0 (Windows NT 6.1) AppleWebKit/535.1 (KHTML, like Gecko) Chrome/13.0.782.112 Safari/535.1" 
174.37.205.68 - - [10/Aug/2011:06:13:38 -0700] "GET / HTTP/1.1" 200 321 "-" "Mozilla/5.0 (X11; U; Linux x86_64; en-US; rv:1.9.0.19; aggregator:Spinn3r (Spinn3r 3.1); http://spinn3r.com/robot) Gecko/2010040121 Firefox/3.0.19" 
174.37.205.68 - - [10/Aug/2011:06:13:39 -0700] "GET / HTTP/1.1" 200 4952 "-" "Mozilla/5.0 (X11; U; Linux x86_64; en-US; rv:1.9.0.19; aggregator:Spinn3r (Spinn3r 3.1); http://spinn3r.com/robot) Gecko/2010040121 Firefox/3.0.19" 
95.108.154.252 - - [10/Aug/2011:06:13:52 -0700] "GET /2007/11/14/future-of-flex-components/ HTTP/1.1" 200 4843 "-" "Mozilla/5.0 (compatible; YandexBot/3.0; +http://yandex.com/bots)" 
209.85.238.213 - - [10/Aug/2011:06:14:01 -0700] "GET /?feed=rss2 HTTP/1.1" 200 409 "-" "Feedfetcher-Google; (+http://www.google.com/feedfetcher.html; 21 subscribers; feed-id=6047012421983505584)" 
209.85.238.213 - - [10/Aug/2011:06:14:01 -0700] "GET /feed/ HTTP/1.1" 200 14404 "-" "Feedfetcher-Google; (+http://www.google.com/feedfetcher.html; 21 subscribers; feed-id=6047012421983505584)" 
209.85.238.213 - - [10/Aug/2011:06:18:15 -0700] "GET /feed/rss HTTP/1.1" 200 413 "-" "Feedfetcher-Google; (+http://www.google.com/feedfetcher.html; 5 subscribers; feed-id=8282921309701812955)" 
209.85.238.213 - - [10/Aug/2011:06:18:16 -0700] "GET /feed/rss/ HTTP/1.1" 200 193 "-" "Feedfetcher-Google; (+http://www.google.com/feedfetcher.html; 5 subscribers; feed-id=8282921309701812955)" 
188.82.209.207 - - [10/Aug/2011:06:19:21 -0700] "GET /files/headerBanner.jpg HTTP/1.1" 200 153258 "http://fdt.powerflasher.com/blog/" "Mozilla/5.0 (Macintosh; Intel Mac OS X 10_7_0) AppleWebKit/535.1 (KHTML, like Gecko) Chrome/13.0.782.109 Safari/535.1" 
125.6.162.3 - - [10/Aug/2011:06:22:17 -0700] "GET /feed/ HTTP/1.1" 200 56705 "-" "Fastladder FeedFetcher/0.01 (http://fastladder.com/; 1 subscriber)" 
65.52.108.148 - - [10/Aug/2011:06:30:54 -0700] "GET /robots.txt HTTP/1.1" 200 305 "-" "Mozilla/5.0 (compatible; bingbot/2.0; +http://www.bing.com/bingbot.htm)" 
81.144.248.66 - - [10/Aug/2011:06:34:20 -0700] "GET /files/headerBanner.jpg HTTP/1.1" 200 153258 "http://fdt.powerflasher.com/blog/" "Mozilla/5.0 (Macintosh; Intel Mac OS X 10_7) AppleWebKit/534.48.3 (KHTML, like Gecko) Version/5.1 Safari/534.48.3" 
123.125.71.106 - - [10/Aug/2011:06:34:21 -0700] "GET / HTTP/1.1" 200 276 "-" "Mozilla/5.0 (compatible; Baiduspider/2.0; +http://www.baidu.com/search/spider.html)" 
220.181.108.182 - - [10/Aug/2011:06:35:03 -0700] "GET / HTTP/1.1" 200 276 "-" "Mozilla/5.0 (compatible; Baiduspider/2.0; +http://www.baidu.com/search/spider.html)" 
174.37.205.92 - - [10/Aug/2011:06:35:44 -0700] "GET /feed/atom/ HTTP/1.1" 200 143 "-" "Mozilla/5.0 (X11; U; Linux x86_64; en-US; rv:1.9.0.19; aggregator:Spinn3r (Spinn3r 3.1); http://spinn3r.com/robot) Gecko/2010040121 Firefox/3.0.19" 
81.10.152.182 - - [10/Aug/2011:06:40:47 -0700] "GET /files/headerBanner.jpg HTTP/1.1" 200 153258 "http://fdt.powerflasher.com/blog/?s=haxe" "Mozilla/5.0 (Macintosh; Intel Mac OS X 10_6_8) AppleWebKit/534.50 (KHTML, like Gecko) Version/5.1 Safari/534.50" 
174.37.205.92 - - [10/Aug/2011:06:43:59 -0700] "GET / HTTP/1.1" 200 321 "-" "Mozilla/5.0 (X11; U; Linux x86_64; en-US; rv:1.9.0.19; aggregator:Spinn3r (Spinn3r 3.1); http://spinn3r.com/robot) Gecko/2010040121 Firefox/3.0.19" 
174.37.205.92 - - [10/Aug/2011:06:44:00 -0700] "GET / HTTP/1.1" 200 4952 "-" "Mozilla/5.0 (X11; U; Linux x86_64; en-US; rv:1.9.0.19; aggregator:Spinn3r (Spinn3r 3.1); http://spinn3r.com/robot) Gecko/2010040121 Firefox/3.0.19" 
209.85.238.213 - - [10/Aug/2011:06:44:11 -0700] "GET /index.php?option=com_idoblog&view=idoblog&Itemid=54&format=feed&type=rss HTTP/1.1" 200 421 "-" "Feedfetcher-Google; (+http://www.google.com/feedfetcher.html; 1 subscribers; feed-id=7080376364330259190)" 
209.85.238.213 - - [10/Aug/2011:06:44:12 -0700] "GET /?option=com_idoblog&view=idoblog&Itemid=54&format=feed&type=rss HTTP/1.1" 200 5178 "-" "Feedfetcher-Google; (+http://www.google.com/feedfetcher.html; 1 subscribers; feed-id=7080376364330259190)" 
87.234.199.178 - - [10/Aug/2011:06:44:39 -0700] "GET /files/headerBanner.jpg HTTP/1.1" 200 153258 "http://fdt.powerflasher.com/blog/" "Mozilla/4.0 (compatible; MSIE 8.0; Windows NT 5.1; Trident/4.0; Mozilla/4.0 (compatible; MSIE 6.0; Windows NT 5.1; SV1) ; .NET CLR 2.0.50727; .NET CLR 3.0.04506.648; .NET CLR 3.5.21022)" 
209.85.228.80 - - [10/Aug/2011:06:52:01 -0700] "GET /feed/ HTTP/1.1" 200 14349 "-" "Feedfetcher-Google; (+http://www.google.com/feedfetcher.html; feed-id=17450445626559736511)" 
75.119.204.73 - - [10/Aug/2011:06:52:05 -0700] "POST /wp-cron.php?doing_wp_cron HTTP/1.0" 200 158 "-" "WordPress/3.2.1; http://www.theflexguy.com" 
209.85.238.73 - - [10/Aug/2011:06:52:04 -0700] "GET /index.php?format=feed&type=rss HTTP/1.1" 200 379 "-" "Feedfetcher-Google; (+http://www.google.com/feedfetcher.html; 4 subscribers; feed-id=6887443542408518203)" 
209.85.238.213 - - [10/Aug/2011:06:52:06 -0700] "GET /?format=feed&type=rss HTTP/1.1" 200 5153 "-" "Feedfetcher-Google; (+http://www.google.com/feedfetcher.html; 4 subscribers; feed-id=6887443542408518203)" 
67.195.112.254 - - [10/Aug/2011:06:53:56 -0700] "GET /?p=105 HTTP/1.0" 200 352 "-" "Mozilla/5.0 (compatible; Yahoo! Slurp; http://help.yahoo.com/help/us/ysearch/slurp)" 
67.195.112.254 - - [10/Aug/2011:06:53:58 -0700] "GET /2009/05/08/searchinput-control/ HTTP/1.0" 200 6914 "-" "Mozilla/5.0 (compatible; Yahoo! Slurp; http://help.yahoo.com/help/us/ysearch/slurp)" 
67.195.112.254 - - [10/Aug/2011:06:53:59 -0700] "GET /wp-content/themes/uchilla1.0/style.css HTTP/1.0" 304 137 "http://www.theflexguy.com/2009/05/08/searchinput-control/" "Mozilla/5.0 (compatible; Yahoo! Slurp; http://help.yahoo.com/help/us/ysearch/slurp)" 
67.195.112.254 - - [10/Aug/2011:06:53:59 -0700] "GET /wp-content/themes/uchilla1.0/print.css HTTP/1.0" 304 135 "http://www.theflexguy.com/2009/05/08/searchinput-control/" "Mozilla/5.0 (compatible; Yahoo! Slurp; http://help.yahoo.com/help/us/ysearch/slurp)" 
67.195.112.254 - - [10/Aug/2011:06:53:59 -0700] "GET /wp-content/plugins/flickrpress/style.css?ver=3.2.1 HTTP/1.0" 304 136 "http://www.theflexguy.com/2009/05/08/searchinput-control/" "Mozilla/5.0 (compatible; Yahoo! Slurp; http://help.yahoo.com/help/us/ysearch/slurp)" 
89.202.163.174 - - [10/Aug/2011:06:59:00 -0700] "GET /index.php?format=feed&type=rss HTTP/1.0" 200 23052 "-" "Desktop Sidebar v1.05.116.0" 
85.17.90.129 - - [10/Aug/2011:06:59:17 -0700] "GET /?feed=rss2 HTTP/1.0" 200 372 "-" "MagpieRSS/0.7 (+http://magpierss.sf.net; No cache)" 
85.17.90.129 - - [10/Aug/2011:06:59:18 -0700] "GET /feed/ HTTP/1.0" 200 14319 "-" "MagpieRSS/0.7 (+http://magpierss.sf.net; No cache)" 
208.80.194.29 - - [10/Aug/2011:06:59:22 -0700] "GET / HTTP/1.0" 200 283 "-" "Mozilla/4.0 (compatible; MSIE 6.0; Windows NT 5.1; SV1; SIMBAR={931C2065-22A9-4ac6-8995-B53B1B349EB3})" 
208.80.194.29 - - [10/Aug/2011:06:59:23 -0700] "GET / HTTP/1.0" 200 22909 "-" "Mozilla/4.0 (compatible; MSIE 6.0; Windows NT 5.1; Q312461; Cox High Speed Internet Customer; SV1; .NET CLR 1.1.4322)" 
209.85.238.213 - - [10/Aug/2011:07:03:04 -0700] "GET /feed/ HTTP/1.1" 200 14405 "-" "Feedfetcher-Google; (+http://www.google.com/feedfetcher.html; 4 subscribers; feed-id=17450445626559736511)" 
75.119.204.73 - - [10/Aug/2011:07:04:25 -0700] "POST /wp-cron.php?doing_wp_cron HTTP/1.0" 200 158 "-" "WordPress/3.2.1; http://www.theflexguy.com" 
192.150.14.130 - - [10/Aug/2011:07:04:24 -0700] "HEAD /?feed=rss2 HTTP/1.1" 200 353 "-" "Adobe Feeds" 
174.36.228.156 - - [10/Aug/2011:07:05:51 -0700] "GET /feed/atom/ HTTP/1.1" 200 143 "-" "Mozilla/5.0 (X11; U; Linux x86_64; en-US; rv:1.9.0.19; aggregator:Spinn3r (Spinn3r 3.1); http://spinn3r.com/robot) Gecko/2010040121 Firefox/3.0.19" 
188.66.79.237 - - [10/Aug/2011:07:06:14 -0700] "GET /feed/ HTTP/1.1" 200 194 "-" "Microsoft Office/14.0 (Windows NT 6.1; Microsoft Outlook 14.0.5128; Pro; ms-office; MSOffice 14)" 
174.136.26.114 - - [10/Aug/2011:07:06:58 -0700] "GET /2007/12/ HTTP/1.0" 200 3094 "-" "Nutraspace/Nutch-1.2 (www.nutraspace.com)" 
38.99.98.9 - - [10/Aug/2011:07:07:14 -0700] "GET /robots.txt HTTP/1.1" 200 300 "-" "Mozilla/5.0 (compatible; ScoutJet; +http://www.scoutjet.com/)" 
38.99.98.9 - - [10/Aug/2011:07:07:14 -0700] "GET / HTTP/1.1" 200 4952 "-" "Mozilla/5.0 (compatible; ScoutJet; +http://www.scoutjet.com/)" 
209.85.238.213 - - [10/Aug/2011:07:10:11 -0700] "GET /?feed=rss2 HTTP/1.1" 200 409 "-" "Feedfetcher-Google; (+http://www.google.com/feedfetcher.html; 21 subscribers; feed-id=6047012421983505584)" 
209.85.238.213 - - [10/Aug/2011:07:10:12 -0700] "GET /feed/ HTTP/1.1" 200 14404 "-" "Feedfetcher-Google; (+http://www.google.com/feedfetcher.html; 21 subscribers; feed-id=6047012421983505584)" 
75.119.204.73 - - [10/Aug/2011:07:10:36 -0700] "POST /wp-cron.php?doing_wp_cron HTTP/1.0" 200 158 "-" "WordPress/3.2.1; http://www.theflexguy.com" 
209.85.238.213 - - [10/Aug/2011:07:10:35 -0700] "GET /feed/rss HTTP/1.1" 200 413 "-" "Feedfetcher-Google; (+http://www.google.com/feedfetcher.html; 5 subscribers; feed-id=8282921309701812955)" 
209.85.238.213 - - [10/Aug/2011:07:10:37 -0700] "GET /feed/rss/ HTTP/1.1" 200 2744 "-" "Feedfetcher-Google; (+http://www.google.com/feedfetcher.html; 5 subscribers; feed-id=8282921309701812955)" 
76.74.170.204 - - [10/Aug/2011:07:12:15 -0700] "GET /feed/ HTTP/1.1" 200 14401 "-" "ColdFusion" 
109.193.255.196 - - [10/Aug/2011:07:13:37 -0700] "GET /files/headerBanner.jpg HTTP/1.1" 200 153258 "http://www.google.de/reader/view/" "Mozilla/5.0 (Macintosh; Intel Mac OS X 10_7_0) AppleWebKit/535.1 (KHTML, like Gecko) Chrome/13.0.782.112 Safari/535.1" 
173.192.238.44 - - [10/Aug/2011:07:14:07 -0700] "GET / HTTP/1.1" 200 321 "-" "Mozilla/5.0 (X11; U; Linux x86_64; en-US; rv:1.9.0.19; aggregator:Spinn3r (Spinn3r 3.1); http://spinn3r.com/robot) Gecko/2010040121 Firefox/3.0.19" 
173.192.238.44 - - [10/Aug/2011:07:14:08 -0700] "GET / HTTP/1.1" 200 4825 "-" "Mozilla/5.0 (X11; U; Linux x86_64; en-US; rv:1.9.0.19; aggregator:Spinn3r (Spinn3r 3.1); http://spinn3r.com/robot) Gecko/2010040121 Firefox/3.0.19" 
61.135.249.184 - - [10/Aug/2011:07:14:13 -0700] "GET / HTTP/1.1" 200 4806 "-" "Mozilla/5.0 (compatible; YodaoBot/1.0; http://www.yodao.com/help/webmaster/spider/; )" 
67.226.128.161 - - [10/Aug/2011:07:16:03 -0700] "GET /files/headerBanner.jpg HTTP/1.1" 200 153258 "http://fdt.powerflasher.com/blog/" "Mozilla/4.0 (compatible; MSIE 8.0; Windows NT 5.1; Trident/4.0; .NET CLR 1.0.3705)" 
67.195.112.254 - - [10/Aug/2011:07:22:57 -0700] "GET /2007/01/18/when-christophe-coenraets-speaks-we-listen/ HTTP/1.0" 200 5324 "-" "Mozilla/5.0 (compatible; Yahoo! Slurp; http://help.yahoo.com/help/us/ysearch/slurp)" 
124.115.6.17 - - [10/Aug/2011:07:24:18 -0700] "GET /robots.txt HTTP/1.1" 200 330 "-" "Sosospider+(+http://help.soso.com/webspider.htm)" 
209.85.238.213 - - [10/Aug/2011:07:26:53 -0700] "GET /index.php?format=feed&type=atom HTTP/1.1" 200 380 "-" "Feedfetcher-Google; (+http://www.google.com/feedfetcher.html; 1 subscribers; feed-id=2021327347742680309)" 
209.85.238.213 - - [10/Aug/2011:07:26:55 -0700] "GET /?format=feed&type=atom HTTP/1.1" 200 5152 "-" "Feedfetcher-Google; (+http://www.google.com/feedfetcher.html; 1 subscribers; feed-id=2021327347742680309)" 
219.239.34.56 - - [10/Aug/2011:07:29:13 -0700] "GET /feed/rss/ HTTP/1.1" 200 6212 "-" "Xianguo.com 1 Subscribers" 
66.220.158.245 - - [10/Aug/2011:07:29:51 -0700] "GET /files/headerBanner.jpg HTTP/1.0" 200 153221 "-" "facebookplatform/1.0 (+http://developers.facebook.com)" 
62.109.86.88 - - [10/Aug/2011:07:30:33 -0700] "GET /files/headerBanner.jpg HTTP/1.1" 200 153258 "http://fdt.powerflasher.com/blog/" "Mozilla/5.0 (Windows NT 6.1; WOW64) AppleWebKit/535.1 (KHTML, like Gecko) Chrome/13.0.782.107 Safari/535.1" 
75.119.204.73 - - [10/Aug/2011:07:31:59 -0700] "POST /wp-cron.php?doing_wp_cron HTTP/1.0" 200 158 "-" "WordPress/3.2.1; http://www.theflexguy.com" 
66.249.67.164 - - [10/Aug/2011:07:31:58 -0700] "GET /2009/05/12/chat-widget/trackback/ HTTP/1.1" 200 438 "-" "Mozilla/5.0 (compatible; Googlebot/2.1; +http://www.google.com/bot.html)" 
66.249.67.164 - - [10/Aug/2011:07:32:00 -0700] "GET /2009/05/12/chat-widget/ HTTP/1.1" 200 4321 "-" "Mozilla/5.0 (compatible; Googlebot/2.1; +http://www.google.com/bot.html)" 
173.192.238.48 - - [10/Aug/2011:07:35:55 -0700] "GET /feed/atom/ HTTP/1.1" 200 143 "-" "Mozilla/5.0 (X11; U; Linux x86_64; en-US; rv:1.9.0.19; aggregator:Spinn3r (Spinn3r 3.1); http://spinn3r.com/robot) Gecko/2010040121 Firefox/3.0.19" 
87.142.136.129 - - [10/Aug/2011:07:35:56 -0700] "GET /files/headerBanner.jpg HTTP/1.1" 200 153258 "http://fdt.powerflasher.com/blog/" "Mozilla/5.0 (Macintosh; U; Intel Mac OS X 10_6_8; de-de) AppleWebKit/533.21.1 (KHTML, like Gecko) Version/5.0.5 Safari/533.21.1" 
87.142.136.129 - - [10/Aug/2011:07:36:51 -0700] "GET /files/headerBanner.jpg HTTP/1.1" 200 153258 "http://fdt.powerflasher.com/blog/" "Mozilla/5.0 (Macintosh; U; Intel Mac OS X 10_6_8; de-de) AppleWebKit/533.21.1 (KHTML, like Gecko) Version/5.0.5 Safari/533.21.1" 
95.108.154.252 - - [10/Aug/2011:07:42:45 -0700] "GET /2011/06/18/more-thoughts-on-caching-in-flex/ HTTP/1.1" 200 6287 "-" "Mozilla/5.0 (compatible; YandexBot/3.0; +http://yandex.com/bots)" 
174.37.154.78 - - [10/Aug/2011:07:43:34 -0700] "GET /feed/atom HTTP/1.0" 200 194 "-" "Gist Server" 
75.119.204.73 - - [10/Aug/2011:07:44:19 -0700] "POST /wp-cron.php?doing_wp_cron HTTP/1.0" 200 158 "-" "WordPress/3.2.1; http://www.theflexguy.com" 
174.37.205.92 - - [10/Aug/2011:07:44:18 -0700] "GET / HTTP/1.1" 200 321 "-" "Mozilla/5.0 (X11; U; Linux x86_64; en-US; rv:1.9.0.19; aggregator:Spinn3r (Spinn3r 3.1); http://spinn3r.com/robot) Gecko/2010040121 Firefox/3.0.19" 
174.37.205.92 - - [10/Aug/2011:07:44:20 -0700] "GET / HTTP/1.1" 200 4825 "-" "Mozilla/5.0 (X11; U; Linux x86_64; en-US; rv:1.9.0.19; aggregator:Spinn3r (Spinn3r 3.1); http://spinn3r.com/robot) Gecko/2010040121 Firefox/3.0.19" 
209.85.238.213 - - [10/Aug/2011:07:45:09 -0700] "GET /index.php?option=com_content&view=category&layout=blog&id=35&Itemid=54&format=feed&type=rss HTTP/1.1" 200 440 "-" "Feedfetcher-Google; (+http://www.google.com/feedfetcher.html; 1 subscribers; feed-id=9816647088266946374)" 
209.85.238.213 - - [10/Aug/2011:07:45:10 -0700] "GET /?option=com_content&view=category&layout=blog&id=35&Itemid=54&format=feed&type=rss HTTP/1.1" 200 5191 "-" "Feedfetcher-Google; (+http://www.google.com/feedfetcher.html; 1 subscribers; feed-id=9816647088266946374)" 
89.139.2.157 - - [10/Aug/2011:07:47:06 -0700] "GET /files/headerBanner.jpg HTTP/1.1" 200 153258 "http://fdt.powerflasher.com/blog/" "Mozilla/5.0 (Windows NT 5.1; rv:5.0) Gecko/20100101 Firefox/5.0" 
209.85.238.73 - - [10/Aug/2011:07:52:14 -0700] "GET /index.php?format=feed&type=rss HTTP/1.1" 200 379 "-" "Feedfetcher-Google; (+http://www.google.com/feedfetcher.html; 4 subscribers; feed-id=6887443542408518203)" 
209.85.238.213 - - [10/Aug/2011:07:52:15 -0700] "GET /?format=feed&type=rss HTTP/1.1" 200 5137 "-" "Feedfetcher-Google; (+http://www.google.com/feedfetcher.html; 4 subscribers; feed-id=6887443542408518203)" 
208.80.194.36 - - [10/Aug/2011:07:52:49 -0700] "GET /index.php HTTP/1.0" 200 276 "-" "Mozilla/4.0 (compatible; MSIE 7.0; America Online Browser 1.1; Windows NT 5.1; YPC 3.2.0; .NET CLR 1.1.4322; SpamBlockerUtility 4.8.0)" 
208.80.194.36 - - [10/Aug/2011:07:52:49 -0700] "GET / HTTP/1.0" 200 23042 "-" "Mozilla/4.0 (compatible; MSIE 7.0; Windows NT 5.1; FunWebProducts; Wanadoo 6.2; .NET CLR 1.1.4322; HbTools 4.8.4)" 
209.85.238.213 - - [10/Aug/2011:07:53:44 -0700] "GET /feed/ HTTP/1.1" 200 14401 "-" "Feedfetcher-Google; (+http://www.google.com/feedfetcher.html; 4 subscribers; feed-id=17450445626559736511)" 
208.88.108.190 - - [10/Aug/2011:07:58:40 -0700] "GET /files/headerBanner.jpg HTTP/1.1" 200 153258 "http://fdt.powerflasher.com/blog/" "Mozilla/5.0 (Windows NT 6.1; WOW64; rv:5.0) Gecko/20100101 Firefox/5.0" 
89.202.163.174 - - [10/Aug/2011:07:59:03 -0700] "GET /index.php?format=feed&type=rss HTTP/1.0" 200 23052 "-" "Desktop Sidebar v1.05.116.0" 
76.74.170.204 - - [10/Aug/2011:08:02:56 -0700] "GET /feed/ HTTP/1.1" 200 14401 "-" "ColdFusion" 
76.74.170.204 - - [10/Aug/2011:08:04:47 -0700] "GET /feed/ HTTP/1.1" 200 14401 "-" "ColdFusion" 
174.36.228.156 - - [10/Aug/2011:08:06:00 -0700] "GET /feed/atom/ HTTP/1.1" 200 143 "-" "Mozilla/5.0 (X11; U; Linux x86_64; en-US; rv:1.9.0.19; aggregator:Spinn3r (Spinn3r 3.1); http://spinn3r.com/robot) Gecko/2010040121 Firefox/3.0.19" 
188.66.79.237 - - [10/Aug/2011:08:06:34 -0700] "GET /feed/ HTTP/1.1" 200 14401 "-" "Microsoft Office/14.0 (Windows NT 6.1; Microsoft Outlook 14.0.5128; Pro; ms-office; MSOffice 14)" 
209.85.238.213 - - [10/Aug/2011:08:06:55 -0700] "GET /feed/rss HTTP/1.1" 200 413 "-" "Feedfetcher-Google; (+http://www.google.com/feedfetcher.html; 5 subscribers; feed-id=8282921309701812955)" 
209.85.238.213 - - [10/Aug/2011:08:06:56 -0700] "GET /feed/rss/ HTTP/1.1" 200 2740 "-" "Feedfetcher-Google; (+http://www.google.com/feedfetcher.html; 5 subscribers; feed-id=8282921309701812955)" 
62.112.80.25 - - [10/Aug/2011:08:08:37 -0700] "GET /files/headerBanner.jpg HTTP/1.1" 200 153258 "http://fdt.powerflasher.de/blog/" "Mozilla/5.0 (Macintosh; Intel Mac OS X 10.7; rv:5.0.1) Gecko/20100101 Firefox/5.0.1" 
169.228.179.109 - - [10/Aug/2011:08:11:19 -0700] "GET /files/headerBanner.jpg HTTP/1.1" 200 153258 "http://fdt.powerflasher.com/blog/" "Mozilla/5.0 (Macintosh; U; Intel Mac OS X 10_6_8; en-us) AppleWebKit/533.21.1 (KHTML, like Gecko) Version/5.0.5 Safari/533.21.1" 
75.119.204.73 - - [10/Aug/2011:08:12:41 -0700] "POST /wp-cron.php?doing_wp_cron HTTP/1.0" 200 158 "-" "WordPress/3.2.1; http://www.theflexguy.com" 
209.85.238.213 - - [10/Aug/2011:08:12:41 -0700] "GET /?feed=rss2 HTTP/1.1" 200 409 "-" "Feedfetcher-Google; (+http://www.google.com/feedfetcher.html; 21 subscribers; feed-id=6047012421983505584)" 
209.85.238.213 - - [10/Aug/2011:08:12:42 -0700] "GET /feed/ HTTP/1.1" 200 193 "-" "Feedfetcher-Google; (+http://www.google.com/feedfetcher.html; 21 subscribers; feed-id=6047012421983505584)" 
173.192.238.34 - - [10/Aug/2011:08:14:27 -0700] "GET / HTTP/1.1" 200 321 "-" "Mozilla/5.0 (X11; U; Linux x86_64; en-US; rv:1.9.0.19; aggregator:Spinn3r (Spinn3r 3.1); http://spinn3r.com/robot) Gecko/2010040121 Firefox/3.0.19" 
173.192.238.34 - - [10/Aug/2011:08:14:27 -0700] "GET / HTTP/1.1" 200 4951 "-" "Mozilla/5.0 (X11; U; Linux x86_64; en-US; rv:1.9.0.19; aggregator:Spinn3r (Spinn3r 3.1); http://spinn3r.com/robot) Gecko/2010040121 Firefox/3.0.19" 
190.253.189.91 - - [10/Aug/2011:08:14:32 -0700] "GET /files/headerBanner.jpg HTTP/1.1" 200 153258 "http://fdt.powerflasher.com/blog/category/community/" "Mozilla/5.0 (Windows NT 5.1) AppleWebKit/535.1 (KHTML, like Gecko) Chrome/13.0.782.112 Safari/535.1" 
65.52.58.205 - - [10/Aug/2011:08:14:46 -0700] "GET /feed/ HTTP/1.1" 200 14373 "-" "NewsGatorOnline/2.0 (http://www.newsgator.com; 1 subscribers)" 
190.253.189.91 - - [10/Aug/2011:08:14:57 -0700] "GET /files/headerBanner.jpg HTTP/1.1" 206 335 "http://fdt.powerflasher.com/blog/category/community/" "Mozilla/5.0 (Windows NT 5.1) AppleWebKit/535.1 (KHTML, like Gecko) Chrome/13.0.782.112 Safari/535.1" 
190.253.189.91 - - [10/Aug/2011:08:14:57 -0700] "GET /files/headerBanner.jpg HTTP/1.1" 206 37800 "http://fdt.powerflasher.com/blog/category/community/" "Mozilla/5.0 (Windows NT 5.1) AppleWebKit/535.1 (KHTML, like Gecko) Chrome/13.0.782.112 Safari/535.1" 
200.54.161.82 - - [10/Aug/2011:08:21:28 -0700] "GET /files/headerBanner.jpg HTTP/1.1" 200 153258 "http://fdt.powerflasher.com/blog/" "Mozilla/5.0 (Windows NT 5.1) AppleWebKit/535.1 (KHTML, like Gecko) Chrome/13.0.782.112 Safari/535.1" 
66.210.173.2 - - [10/Aug/2011:08:22:44 -0700] "GET /files/headerBanner.jpg HTTP/1.1" 200 153258 "http://fdt.powerflasher.com/blog/" "Mozilla/5.0 (Windows NT 6.1) AppleWebKit/535.1 (KHTML, like Gecko) Chrome/13.0.782.107 Safari/535.1" 
95.108.147.185 - - [10/Aug/2011:08:32:34 -0700] "GET /feed/ HTTP/1.1" 200 56705 "-" "Mozilla/5.0 (compatible; YandexBlogs/0.99; robot; B; +http://yandex.com/bots) 1 readers" 
76.74.170.204 - - [10/Aug/2011:08:33:13 -0700] "GET /feed/ HTTP/1.1" 200 14406 "-" "ColdFusion" 
193.105.210.44 - - [10/Aug/2011:08:35:29 -0700] "GET /2010/01/05/new-year-improved-site/ HTTP/1.0" 200 16231 "http://www.theflexguy.com/2010/01/05/new-year-improved-site/" "Mozilla/4.0 (compatible; MSIE 6.0; America Online Browser 1.1; rev1.2; Windows NT 5.1; SV1; .NET CLR 1.1.4322)" 
193.105.210.44 - - [10/Aug/2011:08:35:36 -0700] "POST /wp-comments-post.php HTTP/1.0" 200 402 "http://www.theflexguy.com/2010/01/05/new-year-improved-site/" "Mozilla/4.0 (compatible; MSIE 6.0; America Online Browser 1.1; rev1.2; Windows NT 5.1; SV1; .NET CLR 1.1.4322)" 
193.105.210.44 - - [10/Aug/2011:08:35:37 -0700] "GET /2010/01/05/new-year-improved-site/ HTTP/1.0" 200 16041 "http://www.theflexguy.com/2010/01/05/new-year-improved-site/" "Mozilla/4.0 (compatible; MSIE 6.0; America Online Browser 1.1; rev1.2; Windows NT 5.1; SV1; .NET CLR 1.1.4322)" 
75.119.204.73 - - [10/Aug/2011:08:36:05 -0700] "POST /wp-cron.php?doing_wp_cron HTTP/1.0" 200 158 "-" "WordPress/3.2.1; http://www.theflexguy.com" 
174.36.228.156 - - [10/Aug/2011:08:36:05 -0700] "GET /feed/atom/ HTTP/1.1" 200 143 "-" "Mozilla/5.0 (X11; U; Linux x86_64; en-US; rv:1.9.0.19; aggregator:Spinn3r (Spinn3r 3.1); http://spinn3r.com/robot) Gecko/2010040121 Firefox/3.0.19" 
91.195.118.65 - - [10/Aug/2011:08:41:14 -0700] "GET /feed/rss HTTP/1.0" 200 376 "-" "MagpieRSS/0.7 (+http://magpierss.sf.net; No cache)" 
91.195.118.65 - - [10/Aug/2011:08:41:16 -0700] "GET /feed/rss/ HTTP/1.0" 200 2707 "-" "MagpieRSS/0.7 (+http://magpierss.sf.net; No cache)" 
91.195.118.65 - - [10/Aug/2011:08:41:18 -0700] "GET /?feed=rss2 HTTP/1.0" 200 372 "-" "MagpieRSS/0.7 (+http://magpierss.sf.net; No cache)" 
91.195.118.65 - - [10/Aug/2011:08:41:18 -0700] "GET /feed/ HTTP/1.0" 200 14320 "-" "MagpieRSS/0.7 (+http://magpierss.sf.net; No cache)" 
184.3.232.26 - - [10/Aug/2011:08:41:31 -0700] "GET /files/headerBanner.jpg HTTP/1.1" 200 153258 "http://fdt.powerflasher.com/blog/" "Mozilla/4.0 (compatible; MSIE 8.0; Windows NT 6.0; WOW64; Trident/4.0; GTB7.1; SLCC1; .NET CLR 2.0.50727; Media Center PC 5.0; .NET CLR 3.5.21022; .NET CLR 3.5.30729; .NET CLR 3.0.30729)" 
95.108.158.238 - - [10/Aug/2011:08:42:35 -0700] "GET /2008/01/16/wp-content/uploads/2008/01/bushoncomputer.jpg HTTP/1.1" 200 8447 "-" "Mozilla/5.0 (compatible; YandexImages/3.0; +http://yandex.com/bots)" 
174.37.205.92 - - [10/Aug/2011:08:44:31 -0700] "GET / HTTP/1.1" 200 321 "-" "Mozilla/5.0 (X11; U; Linux x86_64; en-US; rv:1.9.0.19; aggregator:Spinn3r (Spinn3r 3.1); http://spinn3r.com/robot) Gecko/2010040121 Firefox/3.0.19" 
174.37.205.92 - - [10/Aug/2011:08:44:32 -0700] "GET / HTTP/1.1" 200 4951 "-" "Mozilla/5.0 (X11; U; Linux x86_64; en-US; rv:1.9.0.19; aggregator:Spinn3r (Spinn3r 3.1); http://spinn3r.com/robot) Gecko/2010040121 Firefox/3.0.19" 
95.108.154.252 - - [10/Aug/2011:08:47:05 -0700] "GET /?option=com_content&view=article&id=94&Itemid=11&fontstyle=f-larger HTTP/1.1" 200 4909 "-" "Mozilla/5.0 (compatible; YandexBot/3.0; +http://yandex.com/bots)" 
95.108.154.252 - - [10/Aug/2011:08:47:08 -0700] "GET /?option=com_content&Itemid=54&catid=35&id=51&lang=en&view=article&fontstyle=f-larger HTTP/1.1" 200 4924 "-" "Mozilla/5.0 (compatible; YandexBot/3.0; +http://yandex.com/bots)" 
95.108.154.252 - - [10/Aug/2011:08:47:12 -0700] "GET /?option=com_alfcontact&lang=en&fontstyle=f-larger HTTP/1.1" 200 4898 "-" "Mozilla/5.0 (compatible; YandexBot/3.0; +http://yandex.com/bots)" 
95.108.154.252 - - [10/Aug/2011:08:47:16 -0700] "GET /2007/04/11/new-flexorg/ HTTP/1.1" 200 4460 "-" "Mozilla/5.0 (compatible; YandexBot/3.0; +http://yandex.com/bots)" 
82.241.208.181 - - [10/Aug/2011:08:49:19 -0700] "GET /files/headerBanner.jpg HTTP/1.1" 200 153258 "http://fdt.powerflasher.com/blog/" "Mozilla/5.0 (X11; Linux x86_64; rv:5.0) Gecko/20100101 Firefox/5.0" 
209.85.238.213 - - [10/Aug/2011:08:50:04 -0700] "GET /feed/ HTTP/1.1" 200 14406 "-" "Feedfetcher-Google; (+http://www.google.com/feedfetcher.html; 4 subscribers; feed-id=17450445626559736511)" 
209.85.238.73 - - [10/Aug/2011:08:52:24 -0700] "GET /index.php?format=feed&type=rss HTTP/1.1" 200 379 "-" "Feedfetcher-Google; (+http://www.google.com/feedfetcher.html; 4 subscribers; feed-id=6887443542408518203)" 
209.85.238.213 - - [10/Aug/2011:08:52:25 -0700] "GET /?format=feed&type=rss HTTP/1.1" 200 5152 "-" "Feedfetcher-Google; (+http://www.google.com/feedfetcher.html; 4 subscribers; feed-id=6887443542408518203)" 
75.119.204.73 - - [10/Aug/2011:08:53:56 -0700] "POST /wp-cron.php?doing_wp_cron HTTP/1.0" 200 158 "-" "WordPress/3.2.1; http://www.theflexguy.com" 
65.52.110.49 - - [10/Aug/2011:08:53:55 -0700] "GET /robots.txt HTTP/1.1" 200 305 "-" "Mozilla/5.0 (compatible; bingbot/2.0; +http://www.bing.com/bingbot.htm)" 
65.52.110.49 - - [10/Aug/2011:08:55:20 -0700] "GET /2008/10/27/see-you-at-max/ HTTP/1.1" 200 4704 "-" "Mozilla/5.0 (compatible; bingbot/2.0; +http://www.bing.com/bingbot.htm)" 
89.202.163.174 - - [10/Aug/2011:08:59:07 -0700] "GET /index.php?format=feed&type=rss HTTP/1.0" 200 23052 "-" "Desktop Sidebar v1.05.116.0" 
209.85.238.213 - - [10/Aug/2011:09:01:45 -0700] "GET /feed/rss HTTP/1.1" 200 413 "-" "Feedfetcher-Google; (+http://www.google.com/feedfetcher.html; 5 subscribers; feed-id=8282921309701812955)" 
209.85.238.213 - - [10/Aug/2011:09:01:46 -0700] "GET /feed/rss/ HTTP/1.1" 200 2739 "-" "Feedfetcher-Google; (+http://www.google.com/feedfetcher.html; 5 subscribers; feed-id=8282921309701812955)" 
76.74.170.204 - - [10/Aug/2011:09:03:17 -0700] "GET /feed/ HTTP/1.1" 200 14406 "-" "ColdFusion" 
192.150.14.130 - - [10/Aug/2011:09:03:55 -0700] "HEAD /?feed=rss2 HTTP/1.1" 200 353 "-" "Adobe Feeds" 
75.119.204.73 - - [10/Aug/2011:09:06:13 -0700] "POST /wp-cron.php?doing_wp_cron HTTP/1.0" 200 158 "-" "WordPress/3.2.1; http://www.theflexguy.com" 
173.192.238.48 - - [10/Aug/2011:09:06:12 -0700] "GET /feed/atom/ HTTP/1.1" 200 143 "-" "Mozilla/5.0 (X11; U; Linux x86_64; en-US; rv:1.9.0.19; aggregator:Spinn3r (Spinn3r 3.1); http://spinn3r.com/robot) Gecko/2010040121 Firefox/3.0.19" 
209.85.238.213 - - [10/Aug/2011:09:06:21 -0700] "GET /?feed=rss2 HTTP/1.1" 200 409 "-" "Feedfetcher-Google; (+http://www.google.com/feedfetcher.html; 21 subscribers; feed-id=6047012421983505584)" 
209.85.238.213 - - [10/Aug/2011:09:06:22 -0700] "GET /feed/ HTTP/1.1" 200 14405 "-" "Feedfetcher-Google; (+http://www.google.com/feedfetcher.html; 21 subscribers; feed-id=6047012421983505584)" 
67.195.112.254 - - [10/Aug/2011:09:07:28 -0700] "GET /robots.txt HTTP/1.0" 200 293 "-" "Mozilla/5.0 (compatible; Yahoo! Slurp; http://help.yahoo.com/help/us/ysearch/slurp)" 
67.195.112.254 - - [10/Aug/2011:09:07:29 -0700] "GET /2008/07/01/swfs-are-now-searchable/ HTTP/1.0" 200 4602 "-" "Mozilla/5.0 (compatible; Yahoo! Slurp; http://help.yahoo.com/help/us/ysearch/slurp)" 
67.195.112.254 - - [10/Aug/2011:09:07:31 -0700] "GET /wp-content/themes/uchilla1.0/style.css HTTP/1.0" 304 137 "http://www.theflexguy.com/2008/07/01/swfs-are-now-searchable/" "Mozilla/5.0 (compatible; Yahoo! Slurp; http://help.yahoo.com/help/us/ysearch/slurp)" 
67.195.112.254 - - [10/Aug/2011:09:07:31 -0700] "GET /wp-content/themes/uchilla1.0/print.css HTTP/1.0" 304 135 "http://www.theflexguy.com/2008/07/01/swfs-are-now-searchable/" "Mozilla/5.0 (compatible; Yahoo! Slurp; http://help.yahoo.com/help/us/ysearch/slurp)" 
67.195.112.254 - - [10/Aug/2011:09:07:31 -0700] "GET /wp-content/plugins/flickrpress/style.css?ver=3.2.1 HTTP/1.0" 304 136 "http://www.theflexguy.com/2008/07/01/swfs-are-now-searchable/" "Mozilla/5.0 (compatible; Yahoo! Slurp; http://help.yahoo.com/help/us/ysearch/slurp)" 
76.74.170.204 - - [10/Aug/2011:09:08:30 -0700] "GET /feed/ HTTP/1.1" 200 14406 "-" "ColdFusion" 
67.195.113.243 - - [10/Aug/2011:09:09:24 -0700] "GET /robots.txt HTTP/1.0" 200 293 "-" "Mozilla/5.0 (compatible; Yahoo! Slurp; http://help.yahoo.com/help/us/ysearch/slurp)" 
67.195.113.243 - - [10/Aug/2011:09:09:26 -0700] "GET / HTTP/1.0" 200 321 "-" "Mozilla/5.0 (compatible; Yahoo! Slurp; http://help.yahoo.com/help/us/ysearch/slurp)" 
67.195.112.254 - - [10/Aug/2011:09:09:28 -0700] "GET / HTTP/1.0" 200 4825 "-" "Mozilla/5.0 (compatible; Yahoo! Slurp; http://help.yahoo.com/help/us/ysearch/slurp)" 
69.125.118.200 - - [10/Aug/2011:09:10:26 -0700] "GET /files/headerBanner.jpg HTTP/1.1" 200 153258 "http://fdt.powerflasher.com/blog/" "Mozilla/5.0 (Windows NT 6.1; WOW64) AppleWebKit/535.1 (KHTML, like Gecko) Chrome/13.0.782.112 Safari/535.1" 
194.121.90.163 - - [10/Aug/2011:09:13:45 -0700] "GET /files/headerBanner.jpg HTTP/1.1" 200 153258 "-" "Mozilla/4.0 (compatible;)" 
173.192.238.44 - - [10/Aug/2011:09:14:38 -0700] "GET / HTTP/1.1" 200 321 "-" "Mozilla/5.0 (X11; U; Linux x86_64; en-US; rv:1.9.0.19; aggregator:Spinn3r (Spinn3r 3.1); http://spinn3r.com/robot) Gecko/2010040121 Firefox/3.0.19" 
173.192.238.44 - - [10/Aug/2011:09:14:40 -0700] "GET / HTTP/1.1" 200 4825 "-" "Mozilla/5.0 (X11; U; Linux x86_64; en-US; rv:1.9.0.19; aggregator:Spinn3r (Spinn3r 3.1); http://spinn3r.com/robot) Gecko/2010040121 Firefox/3.0.19" 
221.183.16.140 - - [10/Aug/2011:09:18:10 -0700] "GET /2010/01/05/new-year-improved-site/ HTTP/1.1" 200 5191 "http://theflexguy.com/index.php?option=com_content&view=article&id=94&itemid=11" "Mozilla/5.0 (compatible; MSIE 9.0; Windows NT 6.1; Trident/5.0)" 
207.46.199.40 - - [10/Aug/2011:09:24:09 -0700] "GET /robots.txt HTTP/1.1" 200 305 "-" "Mozilla/5.0 (compatible; bingbot/2.0; +http://www.bing.com/bingbot.htm)" 
207.46.199.40 - - [10/Aug/2011:09:25:25 -0700] "GET /2007/03.aspx HTTP/1.1" 200 2492 "-" "Mozilla/5.0 (compatible; bingbot/2.0; +http://www.bing.com/bingbot.htm)" 
69.125.118.200 - - [10/Aug/2011:09:26:30 -0700] "GET /files/headerBanner.jpg HTTP/1.1" 200 153258 "http://fdt.powerflasher.com/blog/" "Mozilla/5.0 (Windows NT 6.1; WOW64) AppleWebKit/535.1 (KHTML, like Gecko) Chrome/13.0.782.112 Safari/535.1" 
65.52.108.59 - - [10/Aug/2011:09:28:50 -0700] "GET /index.php?option=com_content&view=article&id=100:code-formatter&catid=35:marty&Itemid=54 HTTP/1.1" 200 437 "-" "Mozilla/5.0 (compatible; bingbot/2.0; +http://www.bing.com/bingbot.htm)" 
174.36.228.156 - - [10/Aug/2011:09:36:17 -0700] "GET /feed/atom/ HTTP/1.1" 200 143 "-" "Mozilla/5.0 (X11; U; Linux x86_64; en-US; rv:1.9.0.19; aggregator:Spinn3r (Spinn3r 3.1); http://spinn3r.com/robot) Gecko/2010040121 Firefox/3.0.19" 
67.195.112.254 - - [10/Aug/2011:09:36:21 -0700] "GET /xmlrpc.php HTTP/1.0" 200 244 "-" "Mozilla/5.0 (compatible; Yahoo! Slurp; http://help.yahoo.com/help/us/ysearch/slurp)" 
76.74.170.204 - - [10/Aug/2011:09:37:35 -0700] "GET /feed/ HTTP/1.1" 200 14406 "-" "ColdFusion" 
174.136.26.114 - - [10/Aug/2011:09:38:41 -0700] "GET /2008/01/09/january-the-longest-month-so-far-this-year/ HTTP/1.0" 200 5095 "-" "Nutraspace/Nutch-1.2 (www.nutraspace.com)" 
75.119.204.73 - - [10/Aug/2011:09:44:22 -0700] "POST /wp-cron.php?doing_wp_cron HTTP/1.0" 200 158 "-" "WordPress/3.2.1; http://www.theflexguy.com" 
209.85.238.213 - - [10/Aug/2011:09:44:21 -0700] "GET /index.php?option=com_idoblog&view=idoblog&Itemid=54&format=feed&type=rss HTTP/1.1" 200 421 "-" "Feedfetcher-Google; (+http://www.google.com/feedfetcher.html; 1 subscribers; feed-id=7080376364330259190)" 
209.85.238.213 - - [10/Aug/2011:09:44:24 -0700] "GET /?option=com_idoblog&view=idoblog&Itemid=54&format=feed&type=rss HTTP/1.1" 200 5179 "-" "Feedfetcher-Google; (+http://www.google.com/feedfetcher.html; 1 subscribers; feed-id=7080376364330259190)" 
174.36.228.156 - - [10/Aug/2011:09:44:50 -0700] "GET / HTTP/1.1" 200 321 "-" "Mozilla/5.0 (X11; U; Linux x86_64; en-US; rv:1.9.0.19; aggregator:Spinn3r (Spinn3r 3.1); http://spinn3r.com/robot) Gecko/2010040121 Firefox/3.0.19" 
174.36.228.156 - - [10/Aug/2011:09:44:51 -0700] "GET / HTTP/1.1" 200 4825 "-" "Mozilla/5.0 (X11; U; Linux x86_64; en-US; rv:1.9.0.19; aggregator:Spinn3r (Spinn3r 3.1); http://spinn3r.com/robot) Gecko/2010040121 Firefox/3.0.19" 
61.135.249.97 - - [10/Aug/2011:09:45:12 -0700] "GET / HTTP/1.1" 200 4806 "-" "Mozilla/5.0 (compatible; YodaoBot/1.0; http://www.yodao.com/help/webmaster/spider/; )" 
77.251.157.8 - - [10/Aug/2011:09:51:08 -0700] "GET /files/headerBanner.jpg HTTP/1.1" 200 153258 "http://fdt.powerflasher.com/blog/" "Mozilla/5.0 (compatible; MSIE 9.0; Windows NT 6.1; WOW64; Trident/5.0)" 
209.85.238.73 - - [10/Aug/2011:09:52:34 -0700] "GET /index.php?format=feed&type=rss HTTP/1.1" 200 379 "-" "Feedfetcher-Google; (+http://www.google.com/feedfetcher.html; 4 subscribers; feed-id=6887443542408518203)" 
209.85.238.213 - - [10/Aug/2011:09:52:35 -0700] "GET /?format=feed&type=rss HTTP/1.1" 200 5136 "-" "Feedfetcher-Google; (+http://www.google.com/feedfetcher.html; 4 subscribers; feed-id=6887443542408518203)" 
174.136.26.114 - - [10/Aug/2011:09:53:14 -0700] "GET /2008/01/28/skillbit-is-born/ HTTP/1.0" 200 6456 "-" "Nutraspace/Nutch-1.2 (www.nutraspace.com)" 
209.85.224.90 - - [10/Aug/2011:09:53:32 -0700] "GET /favicon.ico HTTP/1.1" 200 220 "-" "-" 
78.43.4.206 - - [10/Aug/2011:09:55:24 -0700] "GET /files/headerBanner.jpg HTTP/1.1" 200 153258 "http://fdt.powerflasher.com/blog/" "Mozilla/5.0 (Macintosh; Intel Mac OS X 10_7_0) AppleWebKit/535.1 (KHTML, like Gecko) Chrome/15.0.847.0 Safari/535.1" 
75.119.204.73 - - [10/Aug/2011:09:56:55 -0700] "POST /wp-cron.php?doing_wp_cron HTTP/1.0" 200 158 "-" "WordPress/3.2.1; http://www.theflexguy.com" 
209.85.238.213 - - [10/Aug/2011:09:56:54 -0700] "GET /feed/ HTTP/1.1" 200 194 "-" "Feedfetcher-Google; (+http://www.google.com/feedfetcher.html; 4 subscribers; feed-id=17450445626559736511)" 
209.85.238.213 - - [10/Aug/2011:09:58:05 -0700] "GET /feed/rss HTTP/1.1" 200 413 "-" "Feedfetcher-Google; (+http://www.google.com/feedfetcher.html; 5 subscribers; feed-id=8282921309701812955)" 
209.85.238.213 - - [10/Aug/2011:09:58:07 -0700] "GET /feed/rss/ HTTP/1.1" 200 193 "-" "Feedfetcher-Google; (+http://www.google.com/feedfetcher.html; 5 subscribers; feed-id=8282921309701812955)" 
174.136.26.114 - - [10/Aug/2011:10:02:17 -0700] "GET /2009/03/30/bugquash-in-review/ HTTP/1.0" 200 6119 "-" "Nutraspace/Nutch-1.2 (www.nutraspace.com)" 
174.36.228.156 - - [10/Aug/2011:10:06:22 -0700] "GET /feed/atom/ HTTP/1.1" 200 143 "-" "Mozilla/5.0 (X11; U; Linux x86_64; en-US; rv:1.9.0.19; aggregator:Spinn3r (Spinn3r 3.1); http://spinn3r.com/robot) Gecko/2010040121 Firefox/3.0.19" 
76.74.170.204 - - [10/Aug/2011:10:11:49 -0700] "GET /feed/ HTTP/1.1" 200 14410 "-" "ColdFusion" 
75.119.204.73 - - [10/Aug/2011:10:12:30 -0700] "POST /wp-cron.php?doing_wp_cron HTTP/1.0" 200 158 "-" "WordPress/3.2.1; http://www.theflexguy.com" 
174.37.154.78 - - [10/Aug/2011:10:12:30 -0700] "GET /feed/atom HTTP/1.0" 200 194 "-" "Gist Server" 
209.85.238.213 - - [10/Aug/2011:10:14:41 -0700] "GET /?feed=rss2 HTTP/1.1" 200 409 "-" "Feedfetcher-Google; (+http://www.google.com/feedfetcher.html; 21 subscribers; feed-id=6047012421983505584)" 
209.85.238.213 - - [10/Aug/2011:10:14:42 -0700] "GET /feed/ HTTP/1.1" 200 14405 "-" "Feedfetcher-Google; (+http://www.google.com/feedfetcher.html; 21 subscribers; feed-id=6047012421983505584)" 
174.37.205.68 - - [10/Aug/2011:10:15:01 -0700] "GET / HTTP/1.1" 200 321 "-" "Mozilla/5.0 (X11; U; Linux x86_64; en-US; rv:1.9.0.19; aggregator:Spinn3r (Spinn3r 3.1); http://spinn3r.com/robot) Gecko/2010040121 Firefox/3.0.19" 
174.37.205.68 - - [10/Aug/2011:10:15:02 -0700] "GET / HTTP/1.1" 200 4825 "-" "Mozilla/5.0 (X11; U; Linux x86_64; en-US; rv:1.9.0.19; aggregator:Spinn3r (Spinn3r 3.1); http://spinn3r.com/robot) Gecko/2010040121 Firefox/3.0.19" 
219.239.34.56 - - [10/Aug/2011:10:20:12 -0700] "GET /feed/rss/ HTTP/1.1" 200 194 "-" "Xianguo.com 1 Subscribers" 
61.92.251.38 - - [10/Aug/2011:10:22:25 -0700] "GET / HTTP/1.1" 200 5133 "http://www.chikaradev.com/" "Mozilla/4.0 (compatible; MSIE 8.0; Windows NT 6.1; WOW64; Trident/4.0; GTB7.0; SLCC2; .NET CLR 2.0.50727; .NET CLR 3.5.30729; .NET CLR 3.0.30729; Media Center PC 6.0; InfoPath.3; .NET4.0C; .NET4.0E)" 
61.92.251.38 - - [10/Aug/2011:10:22:33 -0700] "GET /wp-content/themes/uchilla1.0/style.css HTTP/1.1" 200 11271 "http://www.theflexguy.com/" "Mozilla/4.0 (compatible; MSIE 8.0; Windows NT 6.1; WOW64; Trident/4.0; GTB7.0; SLCC2; .NET CLR 2.0.50727; .NET CLR 3.5.30729; .NET CLR 3.0.30729; Media Center PC 6.0; InfoPath.3; .NET4.0C; .NET4.0E)" 
61.92.251.38 - - [10/Aug/2011:10:22:33 -0700] "GET /wp-content/themes/uchilla1.0/print.css HTTP/1.1" 200 525 "http://www.theflexguy.com/" "Mozilla/4.0 (compatible; MSIE 8.0; Windows NT 6.1; WOW64; Trident/4.0; GTB7.0; SLCC2; .NET CLR 2.0.50727; .NET CLR 3.5.30729; .NET CLR 3.0.30729; Media Center PC 6.0; InfoPath.3; .NET4.0C; .NET4.0E)" 
61.92.251.38 - - [10/Aug/2011:10:22:33 -0700] "GET /wp-includes/js/l10n.js?ver=20101110 HTTP/1.1" 200 598 "http://www.theflexguy.com/" "Mozilla/4.0 (compatible; MSIE 8.0; Windows NT 6.1; WOW64; Trident/4.0; GTB7.0; SLCC2; .NET CLR 2.0.50727; .NET CLR 3.5.30729; .NET CLR 3.0.30729; Media Center PC 6.0; InfoPath.3; .NET4.0C; .NET4.0E)" 
61.92.251.38 - - [10/Aug/2011:10:22:33 -0700] "GET /wp-content/plugins/flickrpress/style.css?ver=3.2.1 HTTP/1.1" 200 2292 "http://www.theflexguy.com/" "Mozilla/4.0 (compatible; MSIE 8.0; Windows NT 6.1; WOW64; Trident/4.0; GTB7.0; SLCC2; .NET CLR 2.0.50727; .NET CLR 3.5.30729; .NET CLR 3.0.30729; Media Center PC 6.0; InfoPath.3; .NET4.0C; .NET4.0E)" 
61.92.251.38 - - [10/Aug/2011:10:22:33 -0700] "GET /wp-content/plugins/flickrpress/flickr.js?ver=3.2.1 HTTP/1.1" 200 2241 "http://www.theflexguy.com/" "Mozilla/4.0 (compatible; MSIE 8.0; Windows NT 6.1; WOW64; Trident/4.0; GTB7.0; SLCC2; .NET CLR 2.0.50727; .NET CLR 3.5.30729; .NET CLR 3.0.30729; Media Center PC 6.0; InfoPath.3; .NET4.0C; .NET4.0E)" 
61.92.251.38 - - [10/Aug/2011:10:22:33 -0700] "GET /wp-includes/js/jquery/jquery.js?ver=1.6.1 HTTP/1.1" 200 91657 "http://www.theflexguy.com/" "Mozilla/4.0 (compatible; MSIE 8.0; Windows NT 6.1; WOW64; Trident/4.0; GTB7.0; SLCC2; .NET CLR 2.0.50727; .NET CLR 3.5.30729; .NET CLR 3.0.30729; Media Center PC 6.0; InfoPath.3; .NET4.0C; .NET4.0E)" 
61.92.251.38 - - [10/Aug/2011:10:22:35 -0700] "GET /wp-content/uploads/2010/11/CartoonMarty128.png HTTP/1.1" 200 15448 "http://www.theflexguy.com/" "Mozilla/4.0 (compatible; MSIE 8.0; Windows NT 6.1; WOW64; Trident/4.0; GTB7.0; SLCC2; .NET CLR 2.0.50727; .NET CLR 3.5.30729; .NET CLR 3.0.30729; Media Center PC 6.0; InfoPath.3; .NET4.0C; .NET4.0E)" 
61.92.251.38 - - [10/Aug/2011:10:22:36 -0700] "GET /wp-content/themes/uchilla1.0/images/contBg.jpg HTTP/1.1" 200 7375 "http://www.theflexguy.com/" "Mozilla/4.0 (compatible; MSIE 8.0; Windows NT 6.1; WOW64; Trident/4.0; GTB7.0; SLCC2; .NET CLR 2.0.50727; .NET CLR 3.5.30729; .NET CLR 3.0.30729; Media Center PC 6.0; InfoPath.3; .NET4.0C; .NET4.0E)" 
61.92.251.38 - - [10/Aug/2011:10:22:36 -0700] "GET /wp-content/themes/uchilla1.0/images/dateBg.jpg HTTP/1.1" 200 2279 "http://www.theflexguy.com/" "Mozilla/4.0 (compatible; MSIE 8.0; Windows NT 6.1; WOW64; Trident/4.0; GTB7.0; SLCC2; .NET CLR 2.0.50727; .NET CLR 3.5.30729; .NET CLR 3.0.30729; Media Center PC 6.0; InfoPath.3; .NET4.0C; .NET4.0E)" 
61.92.251.38 - - [10/Aug/2011:10:22:36 -0700] "GET /wp-content/themes/uchilla1.0/images/sidebarLine.jpg HTTP/1.1" 200 955 "http://www.theflexguy.com/" "Mozilla/4.0 (compatible; MSIE 8.0; Windows NT 6.1; WOW64; Trident/4.0; GTB7.0; SLCC2; .NET CLR 2.0.50727; .NET CLR 3.5.30729; .NET CLR 3.0.30729; Media Center PC 6.0; InfoPath.3; .NET4.0C; .NET4.0E)" 
61.92.251.38 - - [10/Aug/2011:10:22:36 -0700] "GET /wp-content/themes/uchilla1.0/images/backgrounds/striped_dark.jpg HTTP/1.1" 200 9857 "http://www.theflexguy.com/" "Mozilla/4.0 (compatible; MSIE 8.0; Windows NT 6.1; WOW64; Trident/4.0; GTB7.0; SLCC2; .NET CLR 2.0.50727; .NET CLR 3.5.30729; .NET CLR 3.0.30729; Media Center PC 6.0; InfoPath.3; .NET4.0C; .NET4.0E)" 
61.92.251.38 - - [10/Aug/2011:10:22:36 -0700] "GET /wp-content/themes/uchilla1.0/images/sidebarBullet.jpg HTTP/1.1" 200 992 "http://www.theflexguy.com/" "Mozilla/4.0 (compatible; MSIE 8.0; Windows NT 6.1; WOW64; Trident/4.0; GTB7.0; SLCC2; .NET CLR 2.0.50727; .NET CLR 3.5.30729; .NET CLR 3.0.30729; Media Center PC 6.0; InfoPath.3; .NET4.0C; .NET4.0E)" 
61.92.251.38 - - [10/Aug/2011:10:22:39 -0700] "GET /favicon.ico HTTP/1.1" 200 276 "-" "Mozilla/4.0 (compatible; MSIE 8.0; Windows NT 6.1; WOW64; Trident/4.0; GTB7.0; SLCC2; .NET CLR 2.0.50727; .NET CLR 3.5.30729; .NET CLR 3.0.30729; Media Center PC 6.0; InfoPath.3; .NET4.0C; .NET4.0E)" 
75.119.204.73 - - [10/Aug/2011:10:27:04 -0700] "POST /wp-cron.php?doing_wp_cron HTTP/1.0" 200 158 "-" "WordPress/3.2.1; http://www.theflexguy.com" 
209.85.238.213 - - [10/Aug/2011:10:27:03 -0700] "GET /index.php?format=feed&type=atom HTTP/1.1" 200 380 "-" "Feedfetcher-Google; (+http://www.google.com/feedfetcher.html; 1 subscribers; feed-id=2021327347742680309)" 
209.85.238.213 - - [10/Aug/2011:10:27:06 -0700] "GET /?format=feed&type=atom HTTP/1.1" 200 5152 "-" "Feedfetcher-Google; (+http://www.google.com/feedfetcher.html; 1 subscribers; feed-id=2021327347742680309)" 
173.192.238.44 - - [10/Aug/2011:10:36:27 -0700] "GET /feed/atom/ HTTP/1.1" 200 143 "-" "Mozilla/5.0 (X11; U; Linux x86_64; en-US; rv:1.9.0.19; aggregator:Spinn3r (Spinn3r 3.1); http://spinn3r.com/robot) Gecko/2010040121 Firefox/3.0.19" 
178.40.193.28 - - [10/Aug/2011:10:37:24 -0700] "GET /files/headerBanner.jpg HTTP/1.1" 200 153258 "http://translate.googleusercontent.com/translate_c?hl=sk&prev=/search%3Fq%3Dfdt%26hl%3Dsk%26biw%3D1280%26bih%3D675%26prmd%3Divns&rurl=translate.google.sk&sl=en&u=http://fdt.powerflasher.com/blog/&usg=ALkJrhjThTiUfJqEQ18Up9qI710NSHThxA" "Mozilla/5.0 (Windows NT 6.1; WOW64) AppleWebKit/535.1 (KHTML, like Gecko) Chrome/13.0.782.112 Safari/535.1" 
173.192.238.34 - - [10/Aug/2011:10:45:06 -0700] "GET / HTTP/1.1" 200 321 "-" "Mozilla/5.0 (X11; U; Linux x86_64; en-US; rv:1.9.0.19; aggregator:Spinn3r (Spinn3r 3.1); http://spinn3r.com/robot) Gecko/2010040121 Firefox/3.0.19" 
173.192.238.34 - - [10/Aug/2011:10:45:09 -0700] "GET / HTTP/1.1" 200 4951 "-" "Mozilla/5.0 (X11; U; Linux x86_64; en-US; rv:1.9.0.19; aggregator:Spinn3r (Spinn3r 3.1); http://spinn3r.com/robot) Gecko/2010040121 Firefox/3.0.19" 
209.85.238.213 - - [10/Aug/2011:10:45:19 -0700] "GET /index.php?option=com_content&view=category&layout=blog&id=35&Itemid=54&format=feed&type=rss HTTP/1.1" 200 440 "-" "Feedfetcher-Google; (+http://www.google.com/feedfetcher.html; 1 subscribers; feed-id=9816647088266946374)" 
209.85.238.213 - - [10/Aug/2011:10:45:21 -0700] "GET /?option=com_content&view=category&layout=blog&id=35&Itemid=54&format=feed&type=rss HTTP/1.1" 200 5191 "-" "Feedfetcher-Google; (+http://www.google.com/feedfetcher.html; 1 subscribers; feed-id=9816647088266946374)" 
75.119.204.73 - - [10/Aug/2011:10:46:19 -0700] "POST /wp-cron.php?doing_wp_cron HTTP/1.0" 200 158 "-" "WordPress/3.2.1; http://www.theflexguy.com" 
123.126.50.69 - - [10/Aug/2011:10:46:18 -0700] "GET /2009/03/20/removing-column-header-sort-lines/ HTTP/1.1" 200 5457 "-" "Sogou web spider/4.0(+http://www.sogou.com/docs/help/webmasters.htm#07)" 
67.195.112.254 - - [10/Aug/2011:10:47:38 -0700] "GET /2008/04/30/the-open-screen-project-is-announced/ HTTP/1.0" 200 5014 "-" "Mozilla/5.0 (compatible; Yahoo! Slurp; http://help.yahoo.com/help/us/ysearch/slurp)" 
38.101.148.126 - - [10/Aug/2011:10:48:55 -0700] "GET /robots.txt HTTP/1.1" 200 293 "-" "Mozilla/5.0 (compatible; discobot/1.1; +http://discoveryengine.com/discobot.html)" 
89.229.10.55 - - [10/Aug/2011:10:49:18 -0700] "GET /feed/ HTTP/1.1" 200 14350 "-" "Feedreader 3.14 (Powered by Newsbrain)" 
65.52.110.35 - - [10/Aug/2011:10:51:53 -0700] "GET /robots.txt HTTP/1.1" 200 305 "-" "Mozilla/5.0 (compatible; bingbot/2.0; +http://www.bing.com/bingbot.htm)" 
38.101.148.126 - - [10/Aug/2011:10:51:53 -0700] "GET /robots.txt HTTP/1.1" 200 293 "-" "Mozilla/5.0 (compatible; discobot/1.1; +http://discoveryengine.com/discobot.html)" 
209.85.238.73 - - [10/Aug/2011:10:52:44 -0700] "GET /index.php?format=feed&type=rss HTTP/1.1" 200 379 "-" "Feedfetcher-Google; (+http://www.google.com/feedfetcher.html; 4 subscribers; feed-id=6887443542408518203)" 
209.85.238.213 - - [10/Aug/2011:10:52:45 -0700] "GET /?format=feed&type=rss HTTP/1.1" 200 5153 "-" "Feedfetcher-Google; (+http://www.google.com/feedfetcher.html; 4 subscribers; feed-id=6887443542408518203)" 
65.52.110.35 - - [10/Aug/2011:10:52:58 -0700] "GET /apps/htmlTextEditor/index.html HTTP/1.1" 200 1937 "-" "Mozilla/5.0 (compatible; bingbot/2.0; +http://www.bing.com/bingbot.htm)" 
65.52.110.35 - - [10/Aug/2011:10:52:58 -0700] "GET /apps/htmlTextEditor/AIRInstallBadge.swf HTTP/1.1" 200 28011 "-" "Mozilla/5.0 (compatible; bingbot/2.0; +http://www.bing.com/bingbot.htm)" 
123.126.50.69 - - [10/Aug/2011:10:53:22 -0700] "GET /2007/01/14/to-start-with/ HTTP/1.1" 200 4439 "-" "Sogou web spider/4.0(+http://www.sogou.com/docs/help/webmasters.htm#07)" 
209.85.238.213 - - [10/Aug/2011:10:55:24 -0700] "GET /feed/ HTTP/1.1" 200 14406 "-" "Feedfetcher-Google; (+http://www.google.com/feedfetcher.html; 4 subscribers; feed-id=17450445626559736511)" 
207.46.204.244 - - [10/Aug/2011:10:56:59 -0700] "GET /index.php?option=com_content&view=article&id=94&Itemid=11 HTTP/1.1" 200 406 "-" "Mozilla/5.0 (compatible; bingbot/2.0; +http://www.bing.com/bingbot.htm)" 
209.85.238.213 - - [10/Aug/2011:10:58:25 -0700] "GET /feed/rss HTTP/1.1" 200 413 "-" "Feedfetcher-Google; (+http://www.google.com/feedfetcher.html; 5 subscribers; feed-id=8282921309701812955)" 
209.85.238.213 - - [10/Aug/2011:10:58:26 -0700] "GET /feed/rss/ HTTP/1.1" 200 193 "-" "Feedfetcher-Google; (+http://www.google.com/feedfetcher.html; 5 subscribers; feed-id=8282921309701812955)" 
75.119.204.73 - - [10/Aug/2011:11:00:08 -0700] "POST /wp-cron.php?doing_wp_cron HTTP/1.0" 200 158 "-" "WordPress/3.2.1; http://www.theflexguy.com" 
95.108.158.238 - - [10/Aug/2011:11:00:07 -0700] "GET /images/stories/tutorials/fw_skinning/FWSkinning5.png HTTP/1.1" 200 8447 "-" "Mozilla/5.0 (compatible; YandexImages/3.0; +http://yandex.com/bots)" 
85.17.90.129 - - [10/Aug/2011:11:00:46 -0700] "GET /?feed=rss2 HTTP/1.0" 200 372 "-" "MagpieRSS/0.7 (+http://magpierss.sf.net; No cache)" 
85.17.90.129 - - [10/Aug/2011:11:00:47 -0700] "GET /feed/ HTTP/1.0" 200 14320 "-" "MagpieRSS/0.7 (+http://magpierss.sf.net; No cache)" 
189.6.213.226 - - [10/Aug/2011:11:02:01 -0700] "GET /files/headerBanner.jpg HTTP/1.1" 200 153258 "http://fdt.powerflasher.com/blog/" "Mozilla/5.0 (Windows NT 5.1) AppleWebKit/535.1 (KHTML, like Gecko) Chrome/13.0.782.112 Safari/535.1" 
187.58.154.9 - - [10/Aug/2011:11:02:57 -0700] "GET /files/headerBanner.jpg HTTP/1.1" 200 153258 "http://fdt.powerflasher.com/blog/" "Mozilla/5.0 (Windows NT 6.1; WOW64; rv:5.0) Gecko/20100101 Firefox/5.0" 
76.74.170.204 - - [10/Aug/2011:11:03:22 -0700] "GET /feed/ HTTP/1.1" 200 14406 "-" "ColdFusion" 
192.150.14.130 - - [10/Aug/2011:11:04:05 -0700] "HEAD /?feed=rss2 HTTP/1.1" 200 353 "-" "Adobe Feeds" 
183.178.85.75 - - [10/Aug/2011:11:04:39 -0700] "GET /2011/05/24/arraycollection-uses-your-sort/trackback HTTP/1.1" 200 382 "-" "Mozilla/5.0 (X11; U; Linux i686; en-US; rv:1.9.1.6) Gecko/20091218 Firefox/3.5.6" 
183.178.85.75 - - [10/Aug/2011:11:04:41 -0700] "GET /2011/05/24/arraycollection-uses-your-sort/ HTTP/1.1" 200 17652 "-" "Mozilla/5.0 (X11; U; Linux i686; en-US; rv:1.9.1.6) Gecko/20091218 Firefox/3.5.6" 
174.36.228.156 - - [10/Aug/2011:11:06:34 -0700] "GET /feed/atom/ HTTP/1.1" 200 143 "-" "Mozilla/5.0 (X11; U; Linux x86_64; en-US; rv:1.9.0.19; aggregator:Spinn3r (Spinn3r 3.1); http://spinn3r.com/robot) Gecko/2010040121 Firefox/3.0.19" 
123.126.50.69 - - [10/Aug/2011:11:06:35 -0700] "GET /2010/02/15/air-on-android/trackback/ HTTP/1.1" 200 404 "-" "Sogou web spider/4.0(+http://www.sogou.com/docs/help/webmasters.htm#07)" 
123.126.50.69 - - [10/Aug/2011:11:06:44 -0700] "GET /2010/02/15/air-on-android/ HTTP/1.1" 200 4545 "-" "Sogou web spider/4.0(+http://www.sogou.com/docs/help/webmasters.htm#07)" 
80.80.174.151 - - [10/Aug/2011:11:06:57 -0700] "GET /files/headerBanner.jpg HTTP/1.1" 200 106580 "http://fdt.powerflasher.com/blog/" "Mozilla/4.0 (compatible; MSIE 8.0; Windows NT 5.1; Trident/4.0)" 
173.192.238.48 - - [10/Aug/2011:11:15:24 -0700] "GET / HTTP/1.1" 200 321 "-" "Mozilla/5.0 (X11; U; Linux x86_64; en-US; rv:1.9.0.19; aggregator:Spinn3r (Spinn3r 3.1); http://spinn3r.com/robot) Gecko/2010040121 Firefox/3.0.19" 
173.192.238.48 - - [10/Aug/2011:11:15:25 -0700] "GET / HTTP/1.1" 200 4951 "-" "Mozilla/5.0 (X11; U; Linux x86_64; en-US; rv:1.9.0.19; aggregator:Spinn3r (Spinn3r 3.1); http://spinn3r.com/robot) Gecko/2010040121 Firefox/3.0.19" 
209.85.238.213 - - [10/Aug/2011:11:19:11 -0700] "GET /?feed=rss2 HTTP/1.1" 200 409 "-" "Feedfetcher-Google; (+http://www.google.com/feedfetcher.html; 21 subscribers; feed-id=6047012421983505584)" 
209.85.238.213 - - [10/Aug/2011:11:19:12 -0700] "GET /feed/ HTTP/1.1" 200 14405 "-" "Feedfetcher-Google; (+http://www.google.com/feedfetcher.html; 21 subscribers; feed-id=6047012421983505584)" 
74.125.126.87 - - [10/Aug/2011:11:25:46 -0700] "GET /feed/ HTTP/1.1" 200 14350 "-" "Feedfetcher-Google; (+http://www.google.com/feedfetcher.html; feed-id=17450445626559736511)" 
