209.85.238.105 - - [10/Aug/2011:16:53:34 -0700] "GET /index.php?format=feed&type=rss HTTP/1.1" 200 379 "-" "Feedfetcher-Google; (+http://www.google.com/feedfetcher.html; 4 subscribers; feed-id=6887443542408518203)" 
209.85.238.213 - - [10/Aug/2011:16:53:35 -0700] "GET /?format=feed&type=rss HTTP/1.1" 200 5153 "-" "Feedfetcher-Google; (+http://www.google.com/feedfetcher.html; 4 subscribers; feed-id=6887443542408518203)" 
75.119.204.73 - - [10/Aug/2011:16:54:25 -0700] "POST /wp-cron.php?doing_wp_cron HTTP/1.0" 200 158 "-" "WordPress/3.2.1; http://www.theflexguy.com" 
209.85.238.213 - - [10/Aug/2011:16:54:25 -0700] "GET /feed/rss HTTP/1.1" 200 413 "-" "Feedfetcher-Google; (+http://www.google.com/feedfetcher.html; 5 subscribers; feed-id=8282921309701812955)" 
209.85.238.213 - - [10/Aug/2011:16:54:26 -0700] "GET /feed/rss/ HTTP/1.1" 200 2740 "-" "Feedfetcher-Google; (+http://www.google.com/feedfetcher.html; 5 subscribers; feed-id=8282921309701812955)" 
192.150.14.130 - - [10/Aug/2011:17:03:07 -0700] "HEAD /?feed=rss2 HTTP/1.1" 200 353 "-" "Adobe Feeds" 
124.115.0.171 - - [10/Aug/2011:17:06:25 -0700] "GET / HTTP/1.1" 200 358 "-" "Sosospider+(+http://help.soso.com/webspider.htm)" 
76.74.170.204 - - [10/Aug/2011:17:07:23 -0700] "GET /feed/ HTTP/1.1" 200 14408 "-" "ColdFusion" 
209.85.238.213 - - [10/Aug/2011:17:10:31 -0700] "GET /?feed=rss2 HTTP/1.1" 200 409 "-" "Feedfetcher-Google; (+http://www.google.com/feedfetcher.html; 21 subscribers; feed-id=6047012421983505584)" 
209.85.238.213 - - [10/Aug/2011:17:10:32 -0700] "GET /feed/ HTTP/1.1" 200 14407 "-" "Feedfetcher-Google; (+http://www.google.com/feedfetcher.html; 21 subscribers; feed-id=6047012421983505584)" 
75.119.204.73 - - [10/Aug/2011:17:13:57 -0700] "POST /wp-cron.php?doing_wp_cron HTTP/1.0" 200 158 "-" "WordPress/3.2.1; http://www.theflexguy.com" 
173.192.238.48 - - [10/Aug/2011:17:13:57 -0700] "GET /feed/atom/ HTTP/1.1" 200 143 "-" "Mozilla/5.0 (X11; U; Linux x86_64; en-US; rv:1.9.0.19; aggregator:Spinn3r (Spinn3r 3.1); http://spinn3r.com/robot) Gecko/2010040121 Firefox/3.0.19" 
66.249.67.238 - - [10/Aug/2011:17:15:57 -0700] "GET / HTTP/1.1" 200 4862 "-" "Mozilla/5.0 (compatible; Googlebot/2.1; +http://www.google.com/bot.html)" 
174.36.228.156 - - [10/Aug/2011:17:17:14 -0700] "GET / HTTP/1.1" 200 321 "-" "Mozilla/5.0 (X11; U; Linux x86_64; en-US; rv:1.9.0.19; aggregator:Spinn3r (Spinn3r 3.1); http://spinn3r.com/robot) Gecko/2010040121 Firefox/3.0.19" 
174.36.228.156 - - [10/Aug/2011:17:17:15 -0700] "GET / HTTP/1.1" 200 4825 "-" "Mozilla/5.0 (X11; U; Linux x86_64; en-US; rv:1.9.0.19; aggregator:Spinn3r (Spinn3r 3.1); http://spinn3r.com/robot) Gecko/2010040121 Firefox/3.0.19" 
219.239.34.56 - - [10/Aug/2011:17:17:56 -0700] "GET /feed/rss/ HTTP/1.1" 200 6212 "-" "Xianguo.com 1 Subscribers" 
95.108.233.67 - - [10/Aug/2011:17:27:37 -0700] "GET /feed/ HTTP/1.1" 200 56705 "-" "Mozilla/5.0 (compatible; YandexBlogs/0.99; robot; B; +http://yandex.com/bots) 1 readers" 
75.71.5.45 - - [10/Aug/2011:17:33:31 -0700] "GET /feed/rss/ HTTP/1.1" 200 2685 "-" "NewzCrawler/1.8 (compatible; MSIE 6.00; Newz Crawler 1.8; http://www.newzcrawler.com/ )" 
174.37.154.78 - - [10/Aug/2011:17:39:34 -0700] "GET /feed/atom HTTP/1.0" 200 194 "-" "Gist Server" 
209.85.238.213 - - [10/Aug/2011:17:42:24 -0700] "GET /feed/ HTTP/1.1" 200 14408 "-" "Feedfetcher-Google; (+http://www.google.com/feedfetcher.html; 4 subscribers; feed-id=17450445626559736511)" 
75.119.204.73 - - [10/Aug/2011:17:44:05 -0700] "POST /wp-cron.php?doing_wp_cron HTTP/1.0" 200 158 "-" "WordPress/3.2.1; http://www.theflexguy.com" 
174.36.228.156 - - [10/Aug/2011:17:44:04 -0700] "GET /feed/atom/ HTTP/1.1" 200 143 "-" "Mozilla/5.0 (X11; U; Linux x86_64; en-US; rv:1.9.0.19; aggregator:Spinn3r (Spinn3r 3.1); http://spinn3r.com/robot) Gecko/2010040121 Firefox/3.0.19" 
173.192.238.34 - - [10/Aug/2011:17:47:21 -0700] "GET / HTTP/1.1" 200 321 "-" "Mozilla/5.0 (X11; U; Linux x86_64; en-US; rv:1.9.0.19; aggregator:Spinn3r (Spinn3r 3.1); http://spinn3r.com/robot) Gecko/2010040121 Firefox/3.0.19" 
173.192.238.34 - - [10/Aug/2011:17:47:22 -0700] "GET / HTTP/1.1" 200 4825 "-" "Mozilla/5.0 (X11; U; Linux x86_64; en-US; rv:1.9.0.19; aggregator:Spinn3r (Spinn3r 3.1); http://spinn3r.com/robot) Gecko/2010040121 Firefox/3.0.19" 
76.74.170.204 - - [10/Aug/2011:17:52:25 -0700] "GET /feed/ HTTP/1.1" 200 14409 "-" "ColdFusion" 
75.119.204.73 - - [10/Aug/2011:17:53:47 -0700] "POST /wp-cron.php?doing_wp_cron HTTP/1.0" 200 158 "-" "WordPress/3.2.1; http://www.theflexguy.com" 
209.85.238.105 - - [10/Aug/2011:17:53:44 -0700] "GET /index.php?format=feed&type=rss HTTP/1.1" 200 379 "-" "Feedfetcher-Google; (+http://www.google.com/feedfetcher.html; 4 subscribers; feed-id=6887443542408518203)" 
209.85.238.213 - - [10/Aug/2011:17:53:48 -0700] "GET /?format=feed&type=rss HTTP/1.1" 200 5152 "-" "Feedfetcher-Google; (+http://www.google.com/feedfetcher.html; 4 subscribers; feed-id=6887443542408518203)" 
65.52.58.205 - - [10/Aug/2011:17:56:26 -0700] "GET /feed/ HTTP/1.1" 200 14368 "-" "NewsGatorOnline/2.0 (http://www.newsgator.com; 1 subscribers)" 
207.46.204.244 - - [10/Aug/2011:17:58:38 -0700] "GET /robots.txt HTTP/1.1" 200 305 "-" "Mozilla/5.0 (compatible; bingbot/2.0; +http://www.bing.com/bingbot.htm)" 
209.85.238.213 - - [10/Aug/2011:18:00:05 -0700] "GET /feed/rss HTTP/1.1" 200 413 "-" "Feedfetcher-Google; (+http://www.google.com/feedfetcher.html; 5 subscribers; feed-id=8282921309701812955)" 
209.85.238.213 - - [10/Aug/2011:18:00:06 -0700] "GET /feed/rss/ HTTP/1.1" 200 193 "-" "Feedfetcher-Google; (+http://www.google.com/feedfetcher.html; 5 subscribers; feed-id=8282921309701812955)" 
76.74.170.204 - - [10/Aug/2011:18:00:27 -0700] "GET /feed/ HTTP/1.1" 200 14405 "-" "ColdFusion" 
207.46.204.244 - - [10/Aug/2011:18:00:54 -0700] "GET /2009/03/30/bugquash-in-review/ HTTP/1.1" 200 5873 "-" "Mozilla/5.0 (compatible; bingbot/2.0; +http://www.bing.com/bingbot.htm)" 
61.135.249.161 - - [10/Aug/2011:18:02:47 -0700] "GET / HTTP/1.1" 200 4806 "-" "Mozilla/5.0 (compatible; YodaoBot/1.0; http://www.yodao.com/help/webmaster/spider/; )" 
209.85.238.213 - - [10/Aug/2011:18:03:11 -0700] "GET /?feed=rss2 HTTP/1.1" 200 409 "-" "Feedfetcher-Google; (+http://www.google.com/feedfetcher.html; 21 subscribers; feed-id=6047012421983505584)" 
209.85.238.213 - - [10/Aug/2011:18:03:12 -0700] "GET /feed/ HTTP/1.1" 200 14404 "-" "Feedfetcher-Google; (+http://www.google.com/feedfetcher.html; 21 subscribers; feed-id=6047012421983505584)" 
208.93.105.250 - - [10/Aug/2011:18:03:16 -0700] "GET / HTTP/1.1" 200 22797 "-" "YPBot/Raven1.1.3 (compatible; Googlebot/2.1;+http://www.yellowpages.com/about/legal/crawl)" 
59.167.240.84 - - [10/Aug/2011:18:10:28 -0700] "GET /files/headerBanner.jpg HTTP/1.1" 200 153258 "http://fdt.powerflasher.com/blog/" "Mozilla/5.0 (Macintosh; Intel Mac OS X 10.6; rv:5.0.1) Gecko/20100101 Firefox/5.0.1" 
75.119.204.73 - - [10/Aug/2011:18:14:12 -0700] "POST /wp-cron.php?doing_wp_cron HTTP/1.0" 200 158 "-" "WordPress/3.2.1; http://www.theflexguy.com" 
173.192.238.34 - - [10/Aug/2011:18:14:11 -0700] "GET /feed/atom/ HTTP/1.1" 200 143 "-" "Mozilla/5.0 (X11; U; Linux x86_64; en-US; rv:1.9.0.19; aggregator:Spinn3r (Spinn3r 3.1); http://spinn3r.com/robot) Gecko/2010040121 Firefox/3.0.19" 
173.192.238.44 - - [10/Aug/2011:18:17:29 -0700] "GET / HTTP/1.1" 200 321 "-" "Mozilla/5.0 (X11; U; Linux x86_64; en-US; rv:1.9.0.19; aggregator:Spinn3r (Spinn3r 3.1); http://spinn3r.com/robot) Gecko/2010040121 Firefox/3.0.19" 
173.192.238.44 - - [10/Aug/2011:18:17:30 -0700] "GET / HTTP/1.1" 200 4825 "-" "Mozilla/5.0 (X11; U; Linux x86_64; en-US; rv:1.9.0.19; aggregator:Spinn3r (Spinn3r 3.1); http://spinn3r.com/robot) Gecko/2010040121 Firefox/3.0.19" 
95.108.158.238 - - [10/Aug/2011:18:18:46 -0700] "GET /wp-includes/images/smilies/icon_wink.gif HTTP/1.1" 304 172 "-" "Mozilla/5.0 (compatible; YandexImages/3.0; +http://yandex.com/bots)" 
67.195.112.254 - - [10/Aug/2011:18:25:40 -0700] "GET /2007/05/ HTTP/1.0" 200 2749 "-" "Mozilla/5.0 (compatible; Yahoo! Slurp; http://help.yahoo.com/help/us/ysearch/slurp)" 
67.195.112.254 - - [10/Aug/2011:18:25:42 -0700] "GET /wp-content/themes/uchilla1.0/style.css HTTP/1.0" 304 137 "http://www.theflexguy.com/2007/05/" "Mozilla/5.0 (compatible; Yahoo! Slurp; http://help.yahoo.com/help/us/ysearch/slurp)" 
67.195.112.254 - - [10/Aug/2011:18:25:42 -0700] "GET /wp-content/themes/uchilla1.0/print.css HTTP/1.0" 304 135 "http://www.theflexguy.com/2007/05/" "Mozilla/5.0 (compatible; Yahoo! Slurp; http://help.yahoo.com/help/us/ysearch/slurp)" 
67.195.112.254 - - [10/Aug/2011:18:25:42 -0700] "GET /wp-content/plugins/flickrpress/style.css?ver=3.2.1 HTTP/1.0" 304 136 "http://www.theflexguy.com/2007/05/" "Mozilla/5.0 (compatible; Yahoo! Slurp; http://help.yahoo.com/help/us/ysearch/slurp)" 
76.74.170.204 - - [10/Aug/2011:18:26:28 -0700] "GET /feed/ HTTP/1.1" 200 14405 "-" "ColdFusion" 
209.85.238.213 - - [10/Aug/2011:18:34:25 -0700] "GET /feed/ HTTP/1.1" 200 14405 "-" "Feedfetcher-Google; (+http://www.google.com/feedfetcher.html; 4 subscribers; feed-id=17450445626559736511)" 
173.192.238.44 - - [10/Aug/2011:18:44:20 -0700] "GET /feed/atom/ HTTP/1.1" 200 143 "-" "Mozilla/5.0 (X11; U; Linux x86_64; en-US; rv:1.9.0.19; aggregator:Spinn3r (Spinn3r 3.1); http://spinn3r.com/robot) Gecko/2010040121 Firefox/3.0.19" 
209.85.238.213 - - [10/Aug/2011:18:44:51 -0700] "GET /index.php?option=com_idoblog&view=idoblog&Itemid=54&format=feed&type=rss HTTP/1.1" 200 421 "-" "Feedfetcher-Google; (+http://www.google.com/feedfetcher.html; 1 subscribers; feed-id=7080376364330259190)" 
209.85.238.213 - - [10/Aug/2011:18:44:52 -0700] "GET /?option=com_idoblog&view=idoblog&Itemid=54&format=feed&type=rss HTTP/1.1" 200 5178 "-" "Feedfetcher-Google; (+http://www.google.com/feedfetcher.html; 1 subscribers; feed-id=7080376364330259190)" 
203.94.160.230 - - [10/Aug/2011:18:44:08 -0700] "GET /files/headerBanner.jpg HTTP/1.1" 200 36200 "http://fdt.powerflasher.com/blog" "Mozilla/5.0 (Macintosh; U; Intel Mac OS X 10_6_8; en-us) AppleWebKit/533.21.1 (KHTML, like Gecko) NetNewsWire/3.2.15" 
75.119.204.73 - - [10/Aug/2011:18:47:38 -0700] "POST /wp-cron.php?doing_wp_cron HTTP/1.0" 200 158 "-" "WordPress/3.2.1; http://www.theflexguy.com" 
174.36.228.156 - - [10/Aug/2011:18:47:38 -0700] "GET / HTTP/1.1" 200 321 "-" "Mozilla/5.0 (X11; U; Linux x86_64; en-US; rv:1.9.0.19; aggregator:Spinn3r (Spinn3r 3.1); http://spinn3r.com/robot) Gecko/2010040121 Firefox/3.0.19" 
174.36.228.156 - - [10/Aug/2011:18:47:39 -0700] "GET / HTTP/1.1" 200 4825 "-" "Mozilla/5.0 (X11; U; Linux x86_64; en-US; rv:1.9.0.19; aggregator:Spinn3r (Spinn3r 3.1); http://spinn3r.com/robot) Gecko/2010040121 Firefox/3.0.19" 
123.126.50.69 - - [10/Aug/2011:18:51:36 -0700] "GET /2007/02/ HTTP/1.1" 200 3488 "-" "Sogou web spider/4.0(+http://www.sogou.com/docs/help/webmasters.htm#07)" 
209.85.238.105 - - [10/Aug/2011:18:53:54 -0700] "GET /index.php?format=feed&type=rss HTTP/1.1" 200 379 "-" "Feedfetcher-Google; (+http://www.google.com/feedfetcher.html; 4 subscribers; feed-id=6887443542408518203)" 
209.85.238.213 - - [10/Aug/2011:18:53:55 -0700] "GET /?format=feed&type=rss HTTP/1.1" 200 5136 "-" "Feedfetcher-Google; (+http://www.google.com/feedfetcher.html; 4 subscribers; feed-id=6887443542408518203)" 
85.17.90.129 - - [10/Aug/2011:18:59:21 -0700] "GET /?feed=rss2 HTTP/1.0" 200 372 "-" "MagpieRSS/0.7 (+http://magpierss.sf.net; No cache)" 
85.17.90.129 - - [10/Aug/2011:18:59:21 -0700] "GET /feed/ HTTP/1.0" 200 14319 "-" "MagpieRSS/0.7 (+http://magpierss.sf.net; No cache)" 
76.74.170.204 - - [10/Aug/2011:19:00:14 -0700] "GET /feed/ HTTP/1.1" 200 14405 "-" "ColdFusion" 
75.119.204.73 - - [10/Aug/2011:19:02:32 -0700] "POST /wp-cron.php?doing_wp_cron HTTP/1.0" 200 158 "-" "WordPress/3.2.1; http://www.theflexguy.com" 
192.150.14.130 - - [10/Aug/2011:19:02:29 -0700] "HEAD /?feed=rss2 HTTP/1.1" 200 353 "-" "Adobe Feeds" 
209.85.238.213 - - [10/Aug/2011:19:03:46 -0700] "GET /feed/rss HTTP/1.1" 200 413 "-" "Feedfetcher-Google; (+http://www.google.com/feedfetcher.html; 5 subscribers; feed-id=8282921309701812955)" 
209.85.238.213 - - [10/Aug/2011:19:03:48 -0700] "GET /feed/rss/ HTTP/1.1" 200 193 "-" "Feedfetcher-Google; (+http://www.google.com/feedfetcher.html; 5 subscribers; feed-id=8282921309701812955)" 
174.37.154.78 - - [10/Aug/2011:19:04:23 -0700] "GET /feed/atom HTTP/1.0" 200 194 "-" "Gist Server" 
123.126.50.69 - - [10/Aug/2011:19:06:58 -0700] "GET /2009/01/26/windows-media-to-flash/ HTTP/1.1" 200 4443 "-" "Sogou web spider/4.0(+http://www.sogou.com/docs/help/webmasters.htm#07)" 
76.74.170.204 - - [10/Aug/2011:19:08:09 -0700] "GET /feed/ HTTP/1.1" 200 14407 "-" "ColdFusion" 
219.239.34.56 - - [10/Aug/2011:19:10:31 -0700] "GET /feed/rss/ HTTP/1.1" 200 194 "-" "Xianguo.com 1 Subscribers" 
75.119.204.73 - - [10/Aug/2011:19:11:06 -0700] "POST /wp-cron.php?doing_wp_cron HTTP/1.0" 200 158 "-" "WordPress/3.2.1; http://www.theflexguy.com" 
124.115.6.17 - - [10/Aug/2011:19:11:06 -0700] "GET /robots.txt HTTP/1.1" 200 330 "-" "Sosospider+(+http://help.soso.com/webspider.htm)" 
209.85.238.213 - - [10/Aug/2011:19:13:01 -0700] "GET /?feed=rss2 HTTP/1.1" 200 409 "-" "Feedfetcher-Google; (+http://www.google.com/feedfetcher.html; 21 subscribers; feed-id=6047012421983505584)" 
209.85.238.213 - - [10/Aug/2011:19:13:02 -0700] "GET /feed/ HTTP/1.1" 200 14402 "-" "Feedfetcher-Google; (+http://www.google.com/feedfetcher.html; 21 subscribers; feed-id=6047012421983505584)" 
173.192.238.34 - - [10/Aug/2011:19:14:24 -0700] "GET /feed/atom/ HTTP/1.1" 200 143 "-" "Mozilla/5.0 (X11; U; Linux x86_64; en-US; rv:1.9.0.19; aggregator:Spinn3r (Spinn3r 3.1); http://spinn3r.com/robot) Gecko/2010040121 Firefox/3.0.19" 
174.36.228.156 - - [10/Aug/2011:19:17:44 -0700] "GET / HTTP/1.1" 200 321 "-" "Mozilla/5.0 (X11; U; Linux x86_64; en-US; rv:1.9.0.19; aggregator:Spinn3r (Spinn3r 3.1); http://spinn3r.com/robot) Gecko/2010040121 Firefox/3.0.19" 
174.36.228.156 - - [10/Aug/2011:19:17:45 -0700] "GET / HTTP/1.1" 200 4825 "-" "Mozilla/5.0 (X11; U; Linux x86_64; en-US; rv:1.9.0.19; aggregator:Spinn3r (Spinn3r 3.1); http://spinn3r.com/robot) Gecko/2010040121 Firefox/3.0.19" 
91.66.103.78 - - [10/Aug/2011:19:19:20 -0700] "GET /robots.txt HTTP/1.0" 200 229 "-" "Mozilla/5.0 (compatible; MJ12bot/v1.4.0; http://www.majestic12.co.uk/bot.php?+)" 
91.66.103.78 - - [10/Aug/2011:19:19:31 -0700] "GET / HTTP/1.1" 200 22778 "-" "Mozilla/5.0 (compatible; MJ12bot/v1.4.0; http://www.majestic12.co.uk/bot.php?+)" 
209.85.238.213 - - [10/Aug/2011:19:25:45 -0700] "GET /feed/ HTTP/1.1" 200 14403 "-" "Feedfetcher-Google; (+http://www.google.com/feedfetcher.html; 4 subscribers; feed-id=17450445626559736511)" 
67.195.112.254 - - [10/Aug/2011:19:25:53 -0700] "GET /robots.txt HTTP/1.0" 200 293 "-" "Mozilla/5.0 (compatible; Yahoo! Slurp; http://help.yahoo.com/help/us/ysearch/slurp)" 
67.195.112.254 - - [10/Aug/2011:19:25:53 -0700] "GET /2008/01/09/january-the-longest-month-so-far-this-year/ HTTP/1.0" 200 4836 "-" "Mozilla/5.0 (compatible; Yahoo! Slurp; http://help.yahoo.com/help/us/ysearch/slurp)" 
209.85.238.213 - - [10/Aug/2011:19:27:33 -0700] "GET /index.php?format=feed&type=atom HTTP/1.1" 200 380 "-" "Feedfetcher-Google; (+http://www.google.com/feedfetcher.html; 1 subscribers; feed-id=2021327347742680309)" 
209.85.238.213 - - [10/Aug/2011:19:27:34 -0700] "GET /?format=feed&type=atom HTTP/1.1" 200 5152 "-" "Feedfetcher-Google; (+http://www.google.com/feedfetcher.html; 1 subscribers; feed-id=2021327347742680309)" 
75.119.204.73 - - [10/Aug/2011:19:34:21 -0700] "POST /wp-cron.php?doing_wp_cron HTTP/1.0" 200 158 "-" "WordPress/3.2.1; http://www.theflexguy.com" 
124.115.0.17 - - [10/Aug/2011:19:34:20 -0700] "GET / HTTP/1.1" 200 4862 "-" "Sosospider+(+http://help.soso.com/webspider.htm)" 
174.37.205.92 - - [10/Aug/2011:19:44:28 -0700] "GET /feed/atom/ HTTP/1.1" 200 143 "-" "Mozilla/5.0 (X11; U; Linux x86_64; en-US; rv:1.9.0.19; aggregator:Spinn3r (Spinn3r 3.1); http://spinn3r.com/robot) Gecko/2010040121 Firefox/3.0.19" 
209.85.238.213 - - [10/Aug/2011:19:45:49 -0700] "GET /index.php?option=com_content&view=category&layout=blog&id=35&Itemid=54&format=feed&type=rss HTTP/1.1" 200 440 "-" "Feedfetcher-Google; (+http://www.google.com/feedfetcher.html; 1 subscribers; feed-id=9816647088266946374)" 
209.85.238.213 - - [10/Aug/2011:19:45:50 -0700] "GET /?option=com_content&view=category&layout=blog&id=35&Itemid=54&format=feed&type=rss HTTP/1.1" 200 5189 "-" "Feedfetcher-Google; (+http://www.google.com/feedfetcher.html; 1 subscribers; feed-id=9816647088266946374)" 
75.119.204.73 - - [10/Aug/2011:19:47:55 -0700] "POST /wp-cron.php?doing_wp_cron HTTP/1.0" 200 158 "-" "WordPress/3.2.1; http://www.theflexguy.com" 
174.37.205.68 - - [10/Aug/2011:19:47:54 -0700] "GET / HTTP/1.1" 200 321 "-" "Mozilla/5.0 (X11; U; Linux x86_64; en-US; rv:1.9.0.19; aggregator:Spinn3r (Spinn3r 3.1); http://spinn3r.com/robot) Gecko/2010040121 Firefox/3.0.19" 
174.37.205.68 - - [10/Aug/2011:19:47:56 -0700] "GET / HTTP/1.1" 200 4825 "-" "Mozilla/5.0 (X11; U; Linux x86_64; en-US; rv:1.9.0.19; aggregator:Spinn3r (Spinn3r 3.1); http://spinn3r.com/robot) Gecko/2010040121 Firefox/3.0.19" 
209.85.238.105 - - [10/Aug/2011:19:54:04 -0700] "GET /index.php?format=feed&type=rss HTTP/1.1" 200 379 "-" "Feedfetcher-Google; (+http://www.google.com/feedfetcher.html; 4 subscribers; feed-id=6887443542408518203)" 
209.85.238.213 - - [10/Aug/2011:19:54:06 -0700] "GET /?format=feed&type=rss HTTP/1.1" 200 5152 "-" "Feedfetcher-Google; (+http://www.google.com/feedfetcher.html; 4 subscribers; feed-id=6887443542408518203)" 
195.190.13.54 - - [10/Aug/2011:20:04:58 -0700] "GET / HTTP/1.0" 200 23042 "http://www.theflexguy.com/" "Mozilla/4.0 (compatible; MSIE 6.0; Windows NT 5.1) Opera 7.54 [en]" 
61.135.249.97 - - [10/Aug/2011:20:10:06 -0700] "GET / HTTP/1.1" 200 4931 "-" "Mozilla/5.0 (compatible; YodaoBot/1.0; http://www.yodao.com/help/webmaster/spider/; )" 
75.119.204.73 - - [10/Aug/2011:20:11:37 -0700] "POST /wp-cron.php?doing_wp_cron HTTP/1.0" 200 158 "-" "WordPress/3.2.1; http://www.theflexguy.com" 
209.85.238.213 - - [10/Aug/2011:20:11:36 -0700] "GET /feed/rss HTTP/1.1" 200 413 "-" "Feedfetcher-Google; (+http://www.google.com/feedfetcher.html; 5 subscribers; feed-id=8282921309701812955)" 
209.85.238.213 - - [10/Aug/2011:20:11:38 -0700] "GET /feed/rss/ HTTP/1.1" 200 193 "-" "Feedfetcher-Google; (+http://www.google.com/feedfetcher.html; 5 subscribers; feed-id=8282921309701812955)" 
174.37.205.68 - - [10/Aug/2011:20:14:37 -0700] "GET /feed/atom/ HTTP/1.1" 200 143 "-" "Mozilla/5.0 (X11; U; Linux x86_64; en-US; rv:1.9.0.19; aggregator:Spinn3r (Spinn3r 3.1); http://spinn3r.com/robot) Gecko/2010040121 Firefox/3.0.19" 
76.74.170.204 - - [10/Aug/2011:20:15:41 -0700] "GET /feed/ HTTP/1.1" 200 14411 "-" "ColdFusion" 
75.119.204.73 - - [10/Aug/2011:20:18:01 -0700] "POST /wp-cron.php?doing_wp_cron HTTP/1.0" 200 158 "-" "WordPress/3.2.1; http://www.theflexguy.com" 
209.85.238.213 - - [10/Aug/2011:20:18:01 -0700] "GET /?feed=rss2 HTTP/1.1" 200 409 "-" "Feedfetcher-Google; (+http://www.google.com/feedfetcher.html; 21 subscribers; feed-id=6047012421983505584)" 
173.192.238.48 - - [10/Aug/2011:20:18:07 -0700] "GET / HTTP/1.1" 200 321 "-" "Mozilla/5.0 (X11; U; Linux x86_64; en-US; rv:1.9.0.19; aggregator:Spinn3r (Spinn3r 3.1); http://spinn3r.com/robot) Gecko/2010040121 Firefox/3.0.19" 
173.192.238.48 - - [10/Aug/2011:20:18:08 -0700] "GET / HTTP/1.1" 200 4950 "-" "Mozilla/5.0 (X11; U; Linux x86_64; en-US; rv:1.9.0.19; aggregator:Spinn3r (Spinn3r 3.1); http://spinn3r.com/robot) Gecko/2010040121 Firefox/3.0.19" 
209.85.238.213 - - [10/Aug/2011:20:18:15 -0700] "GET /feed/ HTTP/1.1" 200 14407 "-" "Feedfetcher-Google; (+http://www.google.com/feedfetcher.html; 21 subscribers; feed-id=6047012421983505584)" 
190.141.205.118 - - [10/Aug/2011:20:22:21 -0700] "GET /apps/htmlTextEditor/update.xml HTTP/1.1" 200 598 "app:/htmlTextEditorAIR.swf" "Mozilla/5.0 (Macintosh; U; Intel Mac OS X; en) AppleWebKit/531.9 (KHTML, like Gecko) AdobeAIR/2.6" 
67.195.112.254 - - [10/Aug/2011:20:25:52 -0700] "GET /tag/contains/ HTTP/1.0" 200 2772 "-" "Mozilla/5.0 (compatible; Yahoo! Slurp; http://help.yahoo.com/help/us/ysearch/slurp)" 
65.52.104.18 - - [10/Aug/2011:20:33:32 -0700] "GET /robots.txt HTTP/1.1" 200 305 "-" "Mozilla/5.0 (compatible; bingbot/2.0; +http://www.bing.com/bingbot.htm)" 
209.85.238.213 - - [10/Aug/2011:20:33:55 -0700] "GET /feed/ HTTP/1.1" 200 14407 "-" "Feedfetcher-Google; (+http://www.google.com/feedfetcher.html; 4 subscribers; feed-id=17450445626559736511)" 
65.52.104.18 - - [10/Aug/2011:20:36:31 -0700] "GET / HTTP/1.1" 200 4987 "-" "Mozilla/5.0 (compatible; bingbot/2.0; +http://www.bing.com/bingbot.htm)" 
91.195.118.65 - - [10/Aug/2011:20:43:01 -0700] "GET /feed/rss HTTP/1.0" 200 376 "-" "MagpieRSS/0.7 (+http://magpierss.sf.net; No cache)" 
91.195.118.65 - - [10/Aug/2011:20:43:02 -0700] "GET /feed/rss/ HTTP/1.0" 200 2709 "-" "MagpieRSS/0.7 (+http://magpierss.sf.net; No cache)" 
91.195.118.65 - - [10/Aug/2011:20:43:03 -0700] "GET /?feed=rss2 HTTP/1.0" 200 372 "-" "MagpieRSS/0.7 (+http://magpierss.sf.net; No cache)" 
91.195.118.65 - - [10/Aug/2011:20:43:04 -0700] "GET /feed/ HTTP/1.0" 200 14321 "-" "MagpieRSS/0.7 (+http://magpierss.sf.net; No cache)" 
75.119.204.73 - - [10/Aug/2011:20:44:43 -0700] "POST /wp-cron.php?doing_wp_cron HTTP/1.0" 200 158 "-" "WordPress/3.2.1; http://www.theflexguy.com" 
174.37.205.92 - - [10/Aug/2011:20:44:43 -0700] "GET /feed/atom/ HTTP/1.1" 200 143 "-" "Mozilla/5.0 (X11; U; Linux x86_64; en-US; rv:1.9.0.19; aggregator:Spinn3r (Spinn3r 3.1); http://spinn3r.com/robot) Gecko/2010040121 Firefox/3.0.19" 
38.99.98.9 - - [10/Aug/2011:20:44:59 -0700] "GET /robots.txt HTTP/1.1" 200 300 "-" "Mozilla/5.0 (compatible; ScoutJet; +http://www.scoutjet.com/)" 
119.63.196.126 - - [10/Aug/2011:20:45:01 -0700] "GET /index.php?option=com_content&view=article&id=94:htmltext-editor-now-on-air&catid=39:desktop-apps&Itemid=11 HTTP/1.1" 200 418 "-" "Mozilla/5.0 (compatible; Baiduspider/2.0; +http://www.baidu.com/search/spider.html)" 
38.99.98.9 - - [10/Aug/2011:20:45:03 -0700] "GET / HTTP/1.1" 200 4950 "-" "Mozilla/5.0 (compatible; ScoutJet; +http://www.scoutjet.com/)" 
119.63.196.92 - - [10/Aug/2011:20:45:03 -0700] "GET /?option=com_content&view=article&id=94:htmltext-editor-now-on-air&catid=39:desktop-apps&Itemid=11 HTTP/1.1" 200 4899 "-" "Mozilla/5.0 (compatible; Baiduspider/2.0; +http://www.baidu.com/search/spider.html)" 
67.195.112.254 - - [10/Aug/2011:20:45:13 -0700] "GET /2008/04/28/now-that-flex-3-is-out/feed/ HTTP/1.0" 200 854 "-" "Mozilla/5.0 (compatible; Yahoo! Slurp; http://help.yahoo.com/help/us/ysearch/slurp)" 
173.192.238.44 - - [10/Aug/2011:20:48:16 -0700] "GET / HTTP/1.1" 200 321 "-" "Mozilla/5.0 (X11; U; Linux x86_64; en-US; rv:1.9.0.19; aggregator:Spinn3r (Spinn3r 3.1); http://spinn3r.com/robot) Gecko/2010040121 Firefox/3.0.19" 
173.192.238.44 - - [10/Aug/2011:20:48:17 -0700] "GET / HTTP/1.1" 200 4950 "-" "Mozilla/5.0 (X11; U; Linux x86_64; en-US; rv:1.9.0.19; aggregator:Spinn3r (Spinn3r 3.1); http://spinn3r.com/robot) Gecko/2010040121 Firefox/3.0.19" 
209.85.238.105 - - [10/Aug/2011:20:54:14 -0700] "GET /index.php?format=feed&type=rss HTTP/1.1" 200 379 "-" "Feedfetcher-Google; (+http://www.google.com/feedfetcher.html; 4 subscribers; feed-id=6887443542408518203)" 
209.85.238.213 - - [10/Aug/2011:20:54:15 -0700] "GET /?format=feed&type=rss HTTP/1.1" 200 5136 "-" "Feedfetcher-Google; (+http://www.google.com/feedfetcher.html; 4 subscribers; feed-id=6887443542408518203)" 
59.108.20.146 - - [10/Aug/2011:20:59:00 -0700] "GET / HTTP/1.1" 200 4987 "-" "Mozilla/5.0 (Windows NT 5.1) AppleWebKit/535.1 (KHTML, like Gecko) Chrome/13.0.782.112 Safari/535.1" 
67.195.112.254 - - [10/Aug/2011:21:00:40 -0700] "GET /2007/04/11/new-flexorg/trackback/ HTTP/1.0" 200 400 "-" "Mozilla/5.0 (compatible; Yahoo! Slurp; http://help.yahoo.com/help/us/ysearch/slurp)" 
67.195.112.254 - - [10/Aug/2011:21:00:41 -0700] "GET /2007/04/11/new-flexorg/ HTTP/1.0" 200 4417 "-" "Mozilla/5.0 (compatible; Yahoo! Slurp; http://help.yahoo.com/help/us/ysearch/slurp)" 
67.195.112.254 - - [10/Aug/2011:21:00:42 -0700] "GET /wp-content/themes/uchilla1.0/style.css HTTP/1.0" 304 137 "http://www.theflexguy.com/2007/04/11/new-flexorg/" "Mozilla/5.0 (compatible; Yahoo! Slurp; http://help.yahoo.com/help/us/ysearch/slurp)" 
67.195.112.254 - - [10/Aug/2011:21:00:42 -0700] "GET /wp-content/themes/uchilla1.0/print.css HTTP/1.0" 304 135 "http://www.theflexguy.com/2007/04/11/new-flexorg/" "Mozilla/5.0 (compatible; Yahoo! Slurp; http://help.yahoo.com/help/us/ysearch/slurp)" 
67.195.112.254 - - [10/Aug/2011:21:00:42 -0700] "GET /wp-content/plugins/flickrpress/style.css?ver=3.2.1 HTTP/1.0" 304 136 "http://www.theflexguy.com/2007/04/11/new-flexorg/" "Mozilla/5.0 (compatible; Yahoo! Slurp; http://help.yahoo.com/help/us/ysearch/slurp)" 
119.63.196.120 - - [10/Aug/2011:21:01:00 -0700] "GET /robots.txt HTTP/1.1" 200 293 "-" "Baiduspider+(+http://www.baidu.com/search/spider.htm)" 
192.150.14.130 - - [10/Aug/2011:21:03:00 -0700] "HEAD /?feed=rss2 HTTP/1.1" 200 353 "-" "Adobe Feeds" 
76.74.170.204 - - [10/Aug/2011:21:10:23 -0700] "GET /feed/ HTTP/1.1" 200 14407 "-" "ColdFusion" 
75.119.204.73 - - [10/Aug/2011:21:14:47 -0700] "POST /wp-cron.php?doing_wp_cron HTTP/1.0" 200 158 "-" "WordPress/3.2.1; http://www.theflexguy.com" 
173.192.238.48 - - [10/Aug/2011:21:14:47 -0700] "GET /feed/atom/ HTTP/1.1" 200 143 "-" "Mozilla/5.0 (X11; U; Linux x86_64; en-US; rv:1.9.0.19; aggregator:Spinn3r (Spinn3r 3.1); http://spinn3r.com/robot) Gecko/2010040121 Firefox/3.0.19" 
38.101.148.126 - - [10/Aug/2011:21:14:57 -0700] "GET /robots.txt HTTP/1.1" 200 293 "-" "Mozilla/5.0 (compatible; discobot/1.1; +http://discoveryengine.com/discobot.html)" 
209.85.238.213 - - [10/Aug/2011:21:17:35 -0700] "GET /feed/rss HTTP/1.1" 200 413 "-" "Feedfetcher-Google; (+http://www.google.com/feedfetcher.html; 5 subscribers; feed-id=8282921309701812955)" 
75.119.204.73 - - [10/Aug/2011:21:17:56 -0700] "POST /wp-cron.php?doing_wp_cron HTTP/1.0" 200 158 "-" "WordPress/3.2.1; http://www.theflexguy.com" 
38.101.148.126 - - [10/Aug/2011:21:17:56 -0700] "GET /robots.txt HTTP/1.1" 200 293 "-" "Mozilla/5.0 (compatible; discobot/1.1; +http://discoveryengine.com/discobot.html)" 
174.36.228.156 - - [10/Aug/2011:21:18:23 -0700] "GET / HTTP/1.1" 200 321 "-" "Mozilla/5.0 (X11; U; Linux x86_64; en-US; rv:1.9.0.19; aggregator:Spinn3r (Spinn3r 3.1); http://spinn3r.com/robot) Gecko/2010040121 Firefox/3.0.19" 
174.36.228.156 - - [10/Aug/2011:21:18:24 -0700] "GET / HTTP/1.1" 200 4825 "-" "Mozilla/5.0 (X11; U; Linux x86_64; en-US; rv:1.9.0.19; aggregator:Spinn3r (Spinn3r 3.1); http://spinn3r.com/robot) Gecko/2010040121 Firefox/3.0.19" 
209.85.238.213 - - [10/Aug/2011:21:19:47 -0700] "GET /feed/rss/ HTTP/1.1" 200 2742 "-" "Feedfetcher-Google; (+http://www.google.com/feedfetcher.html; 5 subscribers; feed-id=8282921309701812955)" 
209.85.238.213 - - [10/Aug/2011:21:21:27 -0700] "GET /?feed=rss2 HTTP/1.1" 200 409 "-" "Feedfetcher-Google; (+http://www.google.com/feedfetcher.html; 21 subscribers; feed-id=6047012421983505584)" 
209.85.238.213 - - [10/Aug/2011:21:22:40 -0700] "GET /feed/ HTTP/1.1" 200 194 "-" "Feedfetcher-Google; (+http://www.google.com/feedfetcher.html; 21 subscribers; feed-id=6047012421983505584)" 
209.85.238.213 - - [10/Aug/2011:21:26:28 -0700] "GET /feed/ HTTP/1.1" 200 194 "-" "Feedfetcher-Google; (+http://www.google.com/feedfetcher.html; 4 subscribers; feed-id=17450445626559736511)" 
76.74.170.204 - - [10/Aug/2011:21:30:09 -0700] "GET /feed/ HTTP/1.1" 200 14409 "-" "ColdFusion" 
99.11.252.110 - - [10/Aug/2011:21:37:20 -0700] "GET /files/headerBanner.jpg HTTP/1.1" 200 153258 "http://fdt.powerflasher.com/blog/" "Mozilla/5.0 (Macintosh; Intel Mac OS X 10_7) AppleWebKit/534.48.3 (KHTML, like Gecko) Version/5.1 Safari/534.48.3" 
69.28.106.130 - - [10/Aug/2011:21:40:35 -0700] "GET /files/headerBanner.jpg HTTP/1.1" 200 153258 "http://fdt.powerflasher.com/blog/" "Mozilla/5.0 (Macintosh; Intel Mac OS X 10_6_8) AppleWebKit/535.1 (KHTML, like Gecko) Chrome/13.0.782.112 Safari/535.1" 
75.119.204.73 - - [10/Aug/2011:21:40:41 -0700] "POST /wp-cron.php?doing_wp_cron HTTP/1.0" 200 158 "-" "WordPress/3.2.1; http://www.theflexguy.com" 
67.195.112.254 - - [10/Aug/2011:21:40:40 -0700] "GET /?option=com_content&view=article&id=94:htmltext-editor-now-on-air&catid=39:desktop-apps&Itemid=11 HTTP/1.0" 200 4899 "-" "Mozilla/5.0 (compatible; Yahoo! Slurp; http://help.yahoo.com/help/us/ysearch/slurp)" 
95.108.214.15 - - [10/Aug/2011:21:40:51 -0700] "GET /feed/ HTTP/1.1" 200 56705 "-" "Mozilla/5.0 (compatible; YandexBlogs/0.99; robot; B; +http://yandex.com/bots) 1 readers" 
173.192.238.34 - - [10/Aug/2011:21:44:53 -0700] "GET /feed/atom/ HTTP/1.1" 200 143 "-" "Mozilla/5.0 (X11; U; Linux x86_64; en-US; rv:1.9.0.19; aggregator:Spinn3r (Spinn3r 3.1); http://spinn3r.com/robot) Gecko/2010040121 Firefox/3.0.19" 
209.85.238.213 - - [10/Aug/2011:21:45:01 -0700] "GET /index.php?option=com_idoblog&view=idoblog&Itemid=54&format=feed&type=rss HTTP/1.1" 200 421 "-" "Feedfetcher-Google; (+http://www.google.com/feedfetcher.html; 1 subscribers; feed-id=7080376364330259190)" 
209.85.238.213 - - [10/Aug/2011:21:45:15 -0700] "GET /?option=com_idoblog&view=idoblog&Itemid=54&format=feed&type=rss HTTP/1.1" 200 5178 "-" "Feedfetcher-Google; (+http://www.google.com/feedfetcher.html; 1 subscribers; feed-id=7080376364330259190)" 
75.119.204.73 - - [10/Aug/2011:21:48:28 -0700] "POST /wp-cron.php?doing_wp_cron HTTP/1.0" 200 158 "-" "WordPress/3.2.1; http://www.theflexguy.com" 
174.37.205.92 - - [10/Aug/2011:21:48:28 -0700] "GET / HTTP/1.1" 200 321 "-" "Mozilla/5.0 (X11; U; Linux x86_64; en-US; rv:1.9.0.19; aggregator:Spinn3r (Spinn3r 3.1); http://spinn3r.com/robot) Gecko/2010040121 Firefox/3.0.19" 
174.37.205.92 - - [10/Aug/2011:21:48:29 -0700] "GET / HTTP/1.1" 200 4825 "-" "Mozilla/5.0 (X11; U; Linux x86_64; en-US; rv:1.9.0.19; aggregator:Spinn3r (Spinn3r 3.1); http://spinn3r.com/robot) Gecko/2010040121 Firefox/3.0.19" 
207.46.204.237 - - [10/Aug/2011:21:50:48 -0700] "GET /robots.txt HTTP/1.1" 200 305 "-" "Mozilla/5.0 (compatible; bingbot/2.0; +http://www.bing.com/bingbot.htm)" 
82.67.177.178 - - [10/Aug/2011:21:52:57 -0700] "GET / HTTP/1.0" 200 283 "-" "Mozilla/5.0 (X11; U; Linux i686; en-US; rv:1.8.1.11) Gecko/20061201 Firefox/2.0.0.11 (Ubuntu-feisty)" 
82.67.177.178 - - [10/Aug/2011:21:52:59 -0700] "GET / HTTP/1.0" 200 23042 "-" "Mozilla/5.0 (X11; U; Linux i686; en-US; rv:1.8.1.11) Gecko/20061201 Firefox/2.0.0.11 (Ubuntu-feisty)" 
119.63.196.32 - - [10/Aug/2011:21:54:21 -0700] "GET /index.php?option=com_content&view=article&id=94:htmltext-editor-now-on-air&catid=39:desktop-apps&Itemid=11 HTTP/1.1" 200 418 "-" "Mozilla/5.0 (compatible; Baiduspider/2.0; +http://www.baidu.com/search/spider.html)" 
119.63.196.96 - - [10/Aug/2011:21:54:23 -0700] "GET /?option=com_content&view=article&id=94:htmltext-editor-now-on-air&catid=39:desktop-apps&Itemid=11 HTTP/1.1" 200 4899 "-" "Mozilla/5.0 (compatible; Baiduspider/2.0; +http://www.baidu.com/search/spider.html)" 
209.85.238.105 - - [10/Aug/2011:21:54:24 -0700] "GET /index.php?format=feed&type=rss HTTP/1.1" 200 379 "-" "Feedfetcher-Google; (+http://www.google.com/feedfetcher.html; 4 subscribers; feed-id=6887443542408518203)" 
209.85.238.213 - - [10/Aug/2011:21:54:25 -0700] "GET /?format=feed&type=rss HTTP/1.1" 200 5152 "-" "Feedfetcher-Google; (+http://www.google.com/feedfetcher.html; 4 subscribers; feed-id=6887443542408518203)" 
122.166.42.132 - - [10/Aug/2011:21:54:42 -0700] "GET /files/headerBanner.jpg HTTP/1.1" 200 153258 "http://fdt.powerflasher.com/blog/tag/flex/" "Mozilla/5.0 (Windows NT 5.1; rv:2.0.1) Gecko/20100101 Firefox/4.0.1" 
67.195.112.254 - - [10/Aug/2011:22:07:56 -0700] "GET /tag/component-life-cycle/ HTTP/1.0" 200 2912 "-" "Mozilla/5.0 (compatible; Yahoo! Slurp; http://help.yahoo.com/help/us/ysearch/slurp)" 
61.135.248.196 - - [10/Aug/2011:22:10:53 -0700] "GET / HTTP/1.1" 200 4931 "-" "Mozilla/5.0 (compatible; YodaoBot/1.0; http://www.yodao.com/help/webmaster/spider/; )" 
209.85.238.213 - - [10/Aug/2011:22:11:05 -0700] "GET /feed/rss HTTP/1.1" 200 413 "-" "Feedfetcher-Google; (+http://www.google.com/feedfetcher.html; 5 subscribers; feed-id=8282921309701812955)" 
209.85.238.213 - - [10/Aug/2011:22:11:06 -0700] "GET /feed/rss/ HTTP/1.1" 200 193 "-" "Feedfetcher-Google; (+http://www.google.com/feedfetcher.html; 5 subscribers; feed-id=8282921309701812955)" 
75.119.204.73 - - [10/Aug/2011:22:13:39 -0700] "POST /wp-cron.php?doing_wp_cron HTTP/1.0" 200 158 "-" "WordPress/3.2.1; http://www.theflexguy.com" 
89.135.63.36 - - [10/Aug/2011:22:13:39 -0700] "POST /2009/01/24/code-formatter/trackback HTTP/1.1" 200 338 "http://www.theflexguy.com/2009/01/24/code-formatter/" "Mozilla/5.0 (Windows; U; Windows NT 6.1; en-GB; rv:1.9.1.3) Gecko/20090824 Firefox/3.5.3" 
173.192.238.34 - - [10/Aug/2011:22:15:01 -0700] "GET /feed/atom/ HTTP/1.1" 200 143 "-" "Mozilla/5.0 (X11; U; Linux x86_64; en-US; rv:1.9.0.19; aggregator:Spinn3r (Spinn3r 3.1); http://spinn3r.com/robot) Gecko/2010040121 Firefox/3.0.19" 
107.20.29.118 - - [10/Aug/2011:22:15:25 -0700] "GET /robots.txt HTTP/1.0" 200 300 "-" "Covario-IDS/1.0 (Covario; http://www.covario.com/ids; support at covario dot com)" 
107.20.29.118 - - [10/Aug/2011:22:15:26 -0700] "GET /2009/08/09/four-considerations-for-custom-components/ HTTP/1.0" 200 6576 "-" "Covario-IDS/1.0 (Covario; http://www.covario.com/ids; support at covario dot com)" 
209.85.238.213 - - [10/Aug/2011:22:18:04 -0700] "GET /feed/ HTTP/1.1" 200 14405 "-" "Feedfetcher-Google; (+http://www.google.com/feedfetcher.html; 4 subscribers; feed-id=17450445626559736511)" 
173.192.238.34 - - [10/Aug/2011:22:18:34 -0700] "GET / HTTP/1.1" 200 321 "-" "Mozilla/5.0 (X11; U; Linux x86_64; en-US; rv:1.9.0.19; aggregator:Spinn3r (Spinn3r 3.1); http://spinn3r.com/robot) Gecko/2010040121 Firefox/3.0.19" 
173.192.238.34 - - [10/Aug/2011:22:18:35 -0700] "GET / HTTP/1.1" 200 4950 "-" "Mozilla/5.0 (X11; U; Linux x86_64; en-US; rv:1.9.0.19; aggregator:Spinn3r (Spinn3r 3.1); http://spinn3r.com/robot) Gecko/2010040121 Firefox/3.0.19" 
76.74.170.204 - - [10/Aug/2011:22:20:49 -0700] "GET /feed/ HTTP/1.1" 200 14405 "-" "ColdFusion" 
24.18.245.93 - - [10/Aug/2011:22:20:50 -0700] "GET /files/headerBanner.jpg HTTP/1.1" 200 153258 "http://seaflex.groups.adobe.com/" "Mozilla/5.0 (Windows NT 6.1; WOW64) AppleWebKit/535.1 (KHTML, like Gecko) Chrome/14.0.835.15 Safari/535.1" 
107.20.29.118 - - [10/Aug/2011:22:21:51 -0700] "GET /feed/ HTTP/1.0" 200 14319 "-" "Covario-IDS/1.0 (Covario; http://www.covario.com/ids; support at covario dot com)" 
209.85.238.213 - - [10/Aug/2011:22:26:21 -0700] "GET /?feed=rss2 HTTP/1.1" 200 409 "-" "Feedfetcher-Google; (+http://www.google.com/feedfetcher.html; 21 subscribers; feed-id=6047012421983505584)" 
209.85.238.213 - - [10/Aug/2011:22:26:22 -0700] "GET /feed/ HTTP/1.1" 200 14404 "-" "Feedfetcher-Google; (+http://www.google.com/feedfetcher.html; 21 subscribers; feed-id=6047012421983505584)" 
75.119.204.73 - - [10/Aug/2011:22:27:44 -0700] "POST /wp-cron.php?doing_wp_cron HTTP/1.0" 200 158 "-" "WordPress/3.2.1; http://www.theflexguy.com" 
209.85.238.213 - - [10/Aug/2011:22:27:43 -0700] "GET /index.php?format=feed&type=atom HTTP/1.1" 200 380 "-" "Feedfetcher-Google; (+http://www.google.com/feedfetcher.html; 1 subscribers; feed-id=2021327347742680309)" 
209.85.238.213 - - [10/Aug/2011:22:27:44 -0700] "GET /?format=feed&type=atom HTTP/1.1" 200 5151 "-" "Feedfetcher-Google; (+http://www.google.com/feedfetcher.html; 1 subscribers; feed-id=2021327347742680309)" 
203.117.28.223 - - [10/Aug/2011:22:27:45 -0700] "GET /files/headerBanner.jpg HTTP/1.1" 200 153258 "http://fdt.powerflasher.com/blog/" "Mozilla/5.0 (Windows NT 5.1) AppleWebKit/535.1 (KHTML, like Gecko) Chrome/13.0.782.112 Safari/535.1" 
207.46.204.239 - - [10/Aug/2011:22:28:00 -0700] "GET /robots.txt HTTP/1.1" 200 305 "-" "Mozilla/5.0 (compatible; bingbot/2.0; +http://www.bing.com/bingbot.htm)" 
207.46.204.239 - - [10/Aug/2011:22:29:20 -0700] "GET /tag/advanceddatagrid/ HTTP/1.1" 200 2913 "-" "Mozilla/5.0 (compatible; bingbot/2.0; +http://www.bing.com/bingbot.htm)" 
207.46.204.239 - - [10/Aug/2011:22:29:20 -0700] "GET /category/random/ HTTP/1.1" 200 2810 "-" "Mozilla/5.0 (compatible; bingbot/2.0; +http://www.bing.com/bingbot.htm)" 
123.125.71.88 - - [10/Aug/2011:22:32:45 -0700] "GET /robots.txt HTTP/1.1" 200 293 "-" "Baiduspider+(+http://www.baidu.com/search/spider.htm)" 
174.37.154.78 - - [10/Aug/2011:22:35:57 -0700] "GET /feed/atom HTTP/1.0" 200 194 "-" "Gist Server" 
15.203.233.84 - - [10/Aug/2011:22:40:08 -0700] "GET /files/headerBanner.jpg HTTP/1.1" 200 153258 "-" "Mozilla/4.0 (compatible;)" 
69.28.58.13 - - [10/Aug/2011:22:43:11 -0700] "GET /robots.txt HTTP/1.0" 200 229 "http://theflexguy.com/robots.txt" "HuaweiSymantecSpider/1.0+DSE-support@huaweisymantec.com+(compatible; MSIE 7.0; Windows NT 5.1; Trident/4.0; .NET CLR 2.0.50727; .NET CLR 3.0.4506.2152; .NET CLR ; http://www.huaweisymantec.com/en/IRL/spider)" 
69.28.58.13 - - [10/Aug/2011:22:43:12 -0700] "GET / HTTP/1.0" 200 276 "http://theflexguy.com/" "HuaweiSymantecSpider/1.0+DSE-support@huaweisymantec.com+(compatible; MSIE 7.0; Windows NT 5.1; Trident/4.0; .NET CLR 2.0.50727; .NET CLR 3.0.4506.2152; .NET CLR ; http://www.huaweisymantec.com/en/IRL/spider)" 
69.28.58.13 - - [10/Aug/2011:22:43:25 -0700] "GET /robots.txt HTTP/1.0" 200 229 "http://www.theflexguy.com/robots.txt" "HuaweiSymantecSpider/1.0+DSE-support@huaweisymantec.com+(compatible; MSIE 7.0; Windows NT 5.1; Trident/4.0; .NET CLR 2.0.50727; .NET CLR 3.0.4506.2152; .NET CLR ; http://www.huaweisymantec.com/en/IRL/spider)" 
69.28.58.13 - - [10/Aug/2011:22:43:27 -0700] "GET / HTTP/1.0" 200 22909 "http://www.theflexguy.com/" "HuaweiSymantecSpider/1.0+DSE-support@huaweisymantec.com+(compatible; MSIE 7.0; Windows NT 5.1; Trident/4.0; .NET CLR 2.0.50727; .NET CLR 3.0.4506.2152; .NET CLR ; http://www.huaweisymantec.com/en/IRL/spider)" 
69.28.58.13 - - [10/Aug/2011:22:43:36 -0700] "GET /wp-includes/js/l10n.js HTTP/1.0" 200 561 "http://www.theflexguy.com/wp-includes/js/l10n.js" "HuaweiSymantecSpider/1.0+DSE-support@huaweisymantec.com+(compatible; MSIE 7.0; Windows NT 5.1; Trident/4.0; .NET CLR 2.0.50727; .NET CLR 3.0.4506.2152; .NET CLR ; http://www.huaweisymantec.com/en/IRL/spider)" 
69.28.58.13 - - [10/Aug/2011:22:43:36 -0700] "GET /wp-content/plugins/flickrpress/flickr.js HTTP/1.0" 200 2204 "http://www.theflexguy.com/wp-content/plugins/flickrpress/flickr.js" "HuaweiSymantecSpider/1.0+DSE-support@huaweisymantec.com+(compatible; MSIE 7.0; Windows NT 5.1; Trident/4.0; .NET CLR 2.0.50727; .NET CLR 3.0.4506.2152; .NET CLR ; http://www.huaweisymantec.com/en/IRL/spider)" 
69.28.58.13 - - [10/Aug/2011:22:43:36 -0700] "GET /wp-includes/js/jquery/jquery.js HTTP/1.0" 200 91646 "http://www.theflexguy.com/wp-includes/js/jquery/jquery.js" "HuaweiSymantecSpider/1.0+DSE-support@huaweisymantec.com+(compatible; MSIE 7.0; Windows NT 5.1; Trident/4.0; .NET CLR 2.0.50727; .NET CLR 3.0.4506.2152; .NET CLR ; http://www.huaweisymantec.com/en/IRL/spider)" 
173.192.238.34 - - [10/Aug/2011:22:45:07 -0700] "GET /feed/atom/ HTTP/1.1" 200 143 "-" "Mozilla/5.0 (X11; U; Linux x86_64; en-US; rv:1.9.0.19; aggregator:Spinn3r (Spinn3r 3.1); http://spinn3r.com/robot) Gecko/2010040121 Firefox/3.0.19" 
209.85.238.213 - - [10/Aug/2011:22:45:59 -0700] "GET /index.php?option=com_content&view=category&layout=blog&id=35&Itemid=54&format=feed&type=rss HTTP/1.1" 200 440 "-" "Feedfetcher-Google; (+http://www.google.com/feedfetcher.html; 1 subscribers; feed-id=9816647088266946374)" 
209.85.238.213 - - [10/Aug/2011:22:46:01 -0700] "GET /?option=com_content&view=category&layout=blog&id=35&Itemid=54&format=feed&type=rss HTTP/1.1" 200 5191 "-" "Feedfetcher-Google; (+http://www.google.com/feedfetcher.html; 1 subscribers; feed-id=9816647088266946374)" 
75.119.204.73 - - [10/Aug/2011:22:48:41 -0700] "POST /wp-cron.php?doing_wp_cron HTTP/1.0" 200 158 "-" "WordPress/3.2.1; http://www.theflexguy.com" 
173.192.238.48 - - [10/Aug/2011:22:48:41 -0700] "GET / HTTP/1.1" 200 321 "-" "Mozilla/5.0 (X11; U; Linux x86_64; en-US; rv:1.9.0.19; aggregator:Spinn3r (Spinn3r 3.1); http://spinn3r.com/robot) Gecko/2010040121 Firefox/3.0.19" 
173.192.238.48 - - [10/Aug/2011:22:48:42 -0700] "GET / HTTP/1.1" 200 4950 "-" "Mozilla/5.0 (X11; U; Linux x86_64; en-US; rv:1.9.0.19; aggregator:Spinn3r (Spinn3r 3.1); http://spinn3r.com/robot) Gecko/2010040121 Firefox/3.0.19" 
67.195.112.254 - - [10/Aug/2011:22:49:55 -0700] "GET /2008/04/ HTTP/1.0" 200 3119 "-" "Mozilla/5.0 (compatible; Yahoo! Slurp; http://help.yahoo.com/help/us/ysearch/slurp)" 
209.85.238.105 - - [10/Aug/2011:22:54:34 -0700] "GET /index.php?format=feed&type=rss HTTP/1.1" 200 379 "-" "Feedfetcher-Google; (+http://www.google.com/feedfetcher.html; 4 subscribers; feed-id=6887443542408518203)" 
209.85.238.213 - - [10/Aug/2011:22:54:36 -0700] "GET /?format=feed&type=rss HTTP/1.1" 200 5136 "-" "Feedfetcher-Google; (+http://www.google.com/feedfetcher.html; 4 subscribers; feed-id=6887443542408518203)" 
58.8.107.73 - - [10/Aug/2011:22:58:31 -0700] "GET /files/headerBanner.jpg HTTP/1.1" 200 153258 "http://fdt.powerflasher.com/blog/" "Mozilla/5.0 (Macintosh; Intel Mac OS X 10_6_8) AppleWebKit/534.30 (KHTML, like Gecko) RockMelt/0.9.62.351 Chrome/12.0.742.122 Safari/534.30" 
85.17.90.129 - - [10/Aug/2011:23:00:58 -0700] "GET /?feed=rss2 HTTP/1.0" 200 372 "-" "MagpieRSS/0.7 (+http://magpierss.sf.net; No cache)" 
85.17.90.129 - - [10/Aug/2011:23:00:59 -0700] "GET /feed/ HTTP/1.0" 200 14324 "-" "MagpieRSS/0.7 (+http://magpierss.sf.net; No cache)" 
75.119.204.73 - - [10/Aug/2011:23:03:17 -0700] "POST /wp-cron.php?doing_wp_cron HTTP/1.0" 200 158 "-" "WordPress/3.2.1; http://www.theflexguy.com" 
192.150.14.130 - - [10/Aug/2011:23:03:17 -0700] "HEAD /?feed=rss2 HTTP/1.1" 200 353 "-" "Adobe Feeds" 
107.20.29.118 - - [10/Aug/2011:23:03:18 -0700] "GET /2009/03/20/removing-column-header-sort-lines/ HTTP/1.0" 200 5596 "-" "Covario-IDS/1.0 (Covario; http://www.covario.com/ids; support at covario dot com)" 
209.85.238.213 - - [10/Aug/2011:23:09:05 -0700] "GET /feed/rss HTTP/1.1" 200 413 "-" "Feedfetcher-Google; (+http://www.google.com/feedfetcher.html; 5 subscribers; feed-id=8282921309701812955)" 
209.85.238.213 - - [10/Aug/2011:23:09:06 -0700] "GET /feed/rss/ HTTP/1.1" 200 193 "-" "Feedfetcher-Google; (+http://www.google.com/feedfetcher.html; 5 subscribers; feed-id=8282921309701812955)" 
174.37.205.68 - - [10/Aug/2011:23:15:17 -0700] "GET /feed/atom/ HTTP/1.1" 200 143 "-" "Mozilla/5.0 (X11; U; Linux x86_64; en-US; rv:1.9.0.19; aggregator:Spinn3r (Spinn3r 3.1); http://spinn3r.com/robot) Gecko/2010040121 Firefox/3.0.19" 
174.37.205.92 - - [10/Aug/2011:23:18:46 -0700] "GET / HTTP/1.1" 200 321 "-" "Mozilla/5.0 (X11; U; Linux x86_64; en-US; rv:1.9.0.19; aggregator:Spinn3r (Spinn3r 3.1); http://spinn3r.com/robot) Gecko/2010040121 Firefox/3.0.19" 
174.37.205.92 - - [10/Aug/2011:23:18:47 -0700] "GET / HTTP/1.1" 200 4825 "-" "Mozilla/5.0 (X11; U; Linux x86_64; en-US; rv:1.9.0.19; aggregator:Spinn3r (Spinn3r 3.1); http://spinn3r.com/robot) Gecko/2010040121 Firefox/3.0.19" 
66.249.67.238 - - [10/Aug/2011:23:20:50 -0700] "GET /2007/08/17/move-over-bacon/ HTTP/1.1" 200 5497 "-" "Mozilla/5.0 (compatible; Googlebot/2.1; +http://www.google.com/bot.html)" 
209.85.238.213 - - [10/Aug/2011:23:25:14 -0700] "GET /feed/ HTTP/1.1" 200 14406 "-" "Feedfetcher-Google; (+http://www.google.com/feedfetcher.html; 4 subscribers; feed-id=17450445626559736511)" 
209.85.238.213 - - [10/Aug/2011:23:27:11 -0700] "GET /?feed=rss2 HTTP/1.1" 200 409 "-" "Feedfetcher-Google; (+http://www.google.com/feedfetcher.html; 21 subscribers; feed-id=6047012421983505584)" 
209.85.238.213 - - [10/Aug/2011:23:27:11 -0700] "GET /feed/ HTTP/1.1" 200 14405 "-" "Feedfetcher-Google; (+http://www.google.com/feedfetcher.html; 21 subscribers; feed-id=6047012421983505584)" 
75.119.204.73 - - [10/Aug/2011:23:31:11 -0700] "POST /wp-cron.php?doing_wp_cron HTTP/1.0" 200 158 "-" "WordPress/3.2.1; http://www.theflexguy.com" 
107.20.29.118 - - [10/Aug/2011:23:31:10 -0700] "GET /2009/08/09/runaway-arraycollections/ HTTP/1.0" 200 5286 "-" "Covario-IDS/1.0 (Covario; http://www.covario.com/ids; support at covario dot com)" 
75.71.5.45 - - [10/Aug/2011:23:33:46 -0700] "GET /feed/rss/ HTTP/1.1" 200 124 "-" "NewzCrawler/1.8 (compatible; MSIE 6.00; Newz Crawler 1.8; http://www.newzcrawler.com/ )" 
76.74.170.204 - - [10/Aug/2011:23:37:24 -0700] "GET /feed/ HTTP/1.1" 200 14406 "-" "ColdFusion" 
96.45.173.2 - - [10/Aug/2011:23:40:07 -0700] "GET /code-formatter/ HTTP/1.0" 200 466 "http://theflexguy.com/code-formatter/" "Mozilla/5.0 (Windows NT 5.1; U; en) Opera 8.01" 
96.45.173.2 - - [10/Aug/2011:23:40:08 -0700] "GET /2009/01/24/code-formatter/ HTTP/1.0" 200 25530 "http://www.theflexguy.com/2009/01/24/code-formatter/" "Mozilla/5.0 (Windows NT 5.1; U; en) Opera 8.01" 
96.45.173.2 - - [10/Aug/2011:23:40:10 -0700] "POST /wp-comments-post.php HTTP/1.0" 200 394 "http://www.theflexguy.com/2009/01/24/code-formatter/" "Mozilla/5.0 (Windows NT 5.1; U; en) Opera 8.01" 
96.45.173.2 - - [10/Aug/2011:23:40:11 -0700] "GET /2009/01/24/code-formatter/ HTTP/1.0" 200 25341 "http://www.theflexguy.com/2009/01/24/code-formatter/" "Mozilla/5.0 (Windows NT 5.1; U; en) Opera 8.01" 
96.45.173.2 - - [10/Aug/2011:23:40:11 -0700] "GET /2009/01/24/code-formatter/ HTTP/1.0" 200 25341 "http://www.theflexguy.com/2009/01/24/code-formatter/" "Mozilla/5.0 (Windows NT 5.1; U; en) Opera 8.01" 
75.119.204.73 - - [10/Aug/2011:23:44:54 -0700] "POST /wp-cron.php?doing_wp_cron HTTP/1.0" 200 158 "-" "WordPress/3.2.1; http://www.theflexguy.com" 
183.82.186.221 - - [10/Aug/2011:23:44:53 -0700] "GET /tag/createchildren/ HTTP/1.1" 200 3233 "http://www.google.co.in/" "Mozilla/4.0 (compatible; MSIE 8.0; Windows NT 6.1; Trident/4.0; GTB7.1; EasyBits GO v1.0; SLCC2; .NET CLR 2.0.50727; .NET CLR 3.5.30729; .NET CLR 3.0.30729; Media Center PC 6.0; InfoPath.2; .NET4.0C)" 
183.82.186.221 - - [10/Aug/2011:23:44:59 -0700] "GET /wp-includes/js/l10n.js?ver=20101110 HTTP/1.1" 200 598 "http://www.theflexguy.com/tag/createchildren/" "Mozilla/4.0 (compatible; MSIE 8.0; Windows NT 6.1; Trident/4.0; GTB7.1; EasyBits GO v1.0; SLCC2; .NET CLR 2.0.50727; .NET CLR 3.5.30729; .NET CLR 3.0.30729; Media Center PC 6.0; InfoPath.2; .NET4.0C)" 
183.82.186.221 - - [10/Aug/2011:23:44:59 -0700] "GET /wp-content/themes/uchilla1.0/style.css HTTP/1.1" 200 11271 "http://www.theflexguy.com/tag/createchildren/" "Mozilla/4.0 (compatible; MSIE 8.0; Windows NT 6.1; Trident/4.0; GTB7.1; EasyBits GO v1.0; SLCC2; .NET CLR 2.0.50727; .NET CLR 3.5.30729; .NET CLR 3.0.30729; Media Center PC 6.0; InfoPath.2; .NET4.0C)" 
183.82.186.221 - - [10/Aug/2011:23:44:59 -0700] "GET /wp-content/themes/uchilla1.0/print.css HTTP/1.1" 200 526 "http://www.theflexguy.com/tag/createchildren/" "Mozilla/4.0 (compatible; MSIE 8.0; Windows NT 6.1; Trident/4.0; GTB7.1; EasyBits GO v1.0; SLCC2; .NET CLR 2.0.50727; .NET CLR 3.5.30729; .NET CLR 3.0.30729; Media Center PC 6.0; InfoPath.2; .NET4.0C)" 
183.82.186.221 - - [10/Aug/2011:23:44:59 -0700] "GET /wp-content/plugins/flickrpress/style.css?ver=3.2.1 HTTP/1.1" 200 2291 "http://www.theflexguy.com/tag/createchildren/" "Mozilla/4.0 (compatible; MSIE 8.0; Windows NT 6.1; Trident/4.0; GTB7.1; EasyBits GO v1.0; SLCC2; .NET CLR 2.0.50727; .NET CLR 3.5.30729; .NET CLR 3.0.30729; Media Center PC 6.0; InfoPath.2; .NET4.0C)" 
183.82.186.221 - - [10/Aug/2011:23:44:59 -0700] "GET /wp-content/plugins/flickrpress/flickr.js?ver=3.2.1 HTTP/1.1" 200 2241 "http://www.theflexguy.com/tag/createchildren/" "Mozilla/4.0 (compatible; MSIE 8.0; Windows NT 6.1; Trident/4.0; GTB7.1; EasyBits GO v1.0; SLCC2; .NET CLR 2.0.50727; .NET CLR 3.5.30729; .NET CLR 3.0.30729; Media Center PC 6.0; InfoPath.2; .NET4.0C)" 
183.82.186.221 - - [10/Aug/2011:23:44:59 -0700] "GET /wp-includes/js/jquery/jquery.js?ver=1.6.1 HTTP/1.1" 200 91656 "http://www.theflexguy.com/tag/createchildren/" "Mozilla/4.0 (compatible; MSIE 8.0; Windows NT 6.1; Trident/4.0; GTB7.1; EasyBits GO v1.0; SLCC2; .NET CLR 2.0.50727; .NET CLR 3.5.30729; .NET CLR 3.0.30729; Media Center PC 6.0; InfoPath.2; .NET4.0C)" 
183.82.186.221 - - [10/Aug/2011:23:45:09 -0700] "GET /wp-content/uploads/2010/11/CartoonMarty128.png HTTP/1.1" 200 15448 "http://www.theflexguy.com/tag/createchildren/" "Mozilla/4.0 (compatible; MSIE 8.0; Windows NT 6.1; Trident/4.0; GTB7.1; EasyBits GO v1.0; SLCC2; .NET CLR 2.0.50727; .NET CLR 3.5.30729; .NET CLR 3.0.30729; Media Center PC 6.0; InfoPath.2; .NET4.0C)" 
183.82.186.221 - - [10/Aug/2011:23:45:10 -0700] "GET /wp-content/themes/uchilla1.0/images/contBg.jpg HTTP/1.1" 200 7375 "http://www.theflexguy.com/tag/createchildren/" "Mozilla/4.0 (compatible; MSIE 8.0; Windows NT 6.1; Trident/4.0; GTB7.1; EasyBits GO v1.0; SLCC2; .NET CLR 2.0.50727; .NET CLR 3.5.30729; .NET CLR 3.0.30729; Media Center PC 6.0; InfoPath.2; .NET4.0C)" 
183.82.186.221 - - [10/Aug/2011:23:45:10 -0700] "GET /wp-content/themes/uchilla1.0/images/backgrounds/striped_dark.jpg HTTP/1.1" 200 9857 "http://www.theflexguy.com/tag/createchildren/" "Mozilla/4.0 (compatible; MSIE 8.0; Windows NT 6.1; Trident/4.0; GTB7.1; EasyBits GO v1.0; SLCC2; .NET CLR 2.0.50727; .NET CLR 3.5.30729; .NET CLR 3.0.30729; Media Center PC 6.0; InfoPath.2; .NET4.0C)" 
183.82.186.221 - - [10/Aug/2011:23:45:10 -0700] "GET /wp-content/themes/uchilla1.0/images/dateBg.jpg HTTP/1.1" 200 2279 "http://www.theflexguy.com/tag/createchildren/" "Mozilla/4.0 (compatible; MSIE 8.0; Windows NT 6.1; Trident/4.0; GTB7.1; EasyBits GO v1.0; SLCC2; .NET CLR 2.0.50727; .NET CLR 3.5.30729; .NET CLR 3.0.30729; Media Center PC 6.0; InfoPath.2; .NET4.0C)" 
