76.74.170.204 - - [10/Aug/2011:11:31:06 -0700] "GET /feed/ HTTP/1.1" 200 14406 "-" "ColdFusion" 
75.119.204.73 - - [10/Aug/2011:11:31:47 -0700] "POST /wp-cron.php?doing_wp_cron HTTP/1.0" 200 158 "-" "WordPress/3.2.1; http://www.theflexguy.com" 
174.37.154.78 - - [10/Aug/2011:11:31:45 -0700] "GET /feed/atom HTTP/1.0" 200 194 "-" "Gist Server" 
75.71.5.45 - - [10/Aug/2011:11:33:16 -0700] "GET /feed/rss/ HTTP/1.1" 200 124 "-" "NewzCrawler/1.8 (compatible; MSIE 6.00; Newz Crawler 1.8; http://www.newzcrawler.com/ )" 
124.115.4.205 - - [10/Aug/2011:11:33:37 -0700] "GET / HTTP/1.1" 200 358 "-" "Sosospider+(+http://help.soso.com/webspider.htm)" 
173.192.238.48 - - [10/Aug/2011:11:36:38 -0700] "GET /feed/atom/ HTTP/1.1" 200 143 "-" "Mozilla/5.0 (X11; U; Linux x86_64; en-US; rv:1.9.0.19; aggregator:Spinn3r (Spinn3r 3.1); http://spinn3r.com/robot) Gecko/2010040121 Firefox/3.0.19" 
76.74.170.204 - - [10/Aug/2011:11:42:26 -0700] "GET /feed/ HTTP/1.1" 200 14405 "-" "ColdFusion" 
75.119.204.73 - - [10/Aug/2011:11:45:32 -0700] "POST /wp-cron.php?doing_wp_cron HTTP/1.0" 200 158 "-" "WordPress/3.2.1; http://www.theflexguy.com" 
173.192.238.44 - - [10/Aug/2011:11:45:31 -0700] "GET / HTTP/1.1" 200 321 "-" "Mozilla/5.0 (X11; U; Linux x86_64; en-US; rv:1.9.0.19; aggregator:Spinn3r (Spinn3r 3.1); http://spinn3r.com/robot) Gecko/2010040121 Firefox/3.0.19" 
173.192.238.44 - - [10/Aug/2011:11:45:33 -0700] "GET / HTTP/1.1" 200 4825 "-" "Mozilla/5.0 (X11; U; Linux x86_64; en-US; rv:1.9.0.19; aggregator:Spinn3r (Spinn3r 3.1); http://spinn3r.com/robot) Gecko/2010040121 Firefox/3.0.19" 
66.220.153.251 - - [10/Aug/2011:11:47:39 -0700] "GET /files/headerBanner.jpg HTTP/1.0" 200 153221 "-" "facebookplatform/1.0 (+http://developers.facebook.com)" 
38.99.98.9 - - [10/Aug/2011:11:48:41 -0700] "GET /robots.txt HTTP/1.1" 200 300 "-" "Mozilla/5.0 (compatible; ScoutJet; +http://www.scoutjet.com/)" 
38.99.98.9 - - [10/Aug/2011:11:48:42 -0700] "GET / HTTP/1.1" 200 5096 "-" "Mozilla/5.0 (compatible; ScoutJet; +http://www.scoutjet.com/)" 
61.135.249.232 - - [10/Aug/2011:11:50:45 -0700] "GET / HTTP/1.1" 200 4932 "-" "Mozilla/5.0 (compatible; YodaoBot/1.0; http://www.yodao.com/help/webmaster/spider/; )" 
209.85.238.73 - - [10/Aug/2011:11:52:55 -0700] "GET /index.php?format=feed&type=rss HTTP/1.1" 200 379 "-" "Feedfetcher-Google; (+http://www.google.com/feedfetcher.html; 4 subscribers; feed-id=6887443542408518203)" 
209.85.238.213 - - [10/Aug/2011:11:52:56 -0700] "GET /?format=feed&type=rss HTTP/1.1" 200 5137 "-" "Feedfetcher-Google; (+http://www.google.com/feedfetcher.html; 4 subscribers; feed-id=6887443542408518203)" 
209.85.238.213 - - [10/Aug/2011:11:54:56 -0700] "GET /feed/rss HTTP/1.1" 200 413 "-" "Feedfetcher-Google; (+http://www.google.com/feedfetcher.html; 5 subscribers; feed-id=8282921309701812955)" 
209.85.238.213 - - [10/Aug/2011:11:55:00 -0700] "GET /feed/rss/ HTTP/1.1" 200 194 "-" "Feedfetcher-Google; (+http://www.google.com/feedfetcher.html; 5 subscribers; feed-id=8282921309701812955)" 
75.119.204.73 - - [10/Aug/2011:11:59:00 -0700] "POST /wp-cron.php?doing_wp_cron HTTP/1.0" 200 158 "-" "WordPress/3.2.1; http://www.theflexguy.com" 
67.195.112.254 - - [10/Aug/2011:11:58:59 -0700] "GET /2008/01/16/flash-a-flex-the-chemicals-between-us/ HTTP/1.0" 200 4964 "-" "Mozilla/5.0 (compatible; Yahoo! Slurp; http://help.yahoo.com/help/us/ysearch/slurp)" 
67.195.112.254 - - [10/Aug/2011:11:59:02 -0700] "GET /wp-content/themes/uchilla1.0/style.css HTTP/1.0" 304 137 "http://www.theflexguy.com/2008/01/16/flash-a-flex-the-chemicals-between-us/" "Mozilla/5.0 (compatible; Yahoo! Slurp; http://help.yahoo.com/help/us/ysearch/slurp)" 
67.195.112.254 - - [10/Aug/2011:11:59:02 -0700] "GET /wp-content/themes/uchilla1.0/print.css HTTP/1.0" 304 135 "http://www.theflexguy.com/2008/01/16/flash-a-flex-the-chemicals-between-us/" "Mozilla/5.0 (compatible; Yahoo! Slurp; http://help.yahoo.com/help/us/ysearch/slurp)" 
67.195.112.254 - - [10/Aug/2011:11:59:03 -0700] "GET /wp-content/plugins/flickrpress/style.css?ver=3.2.1 HTTP/1.0" 304 136 "http://www.theflexguy.com/2008/01/16/flash-a-flex-the-chemicals-between-us/" "Mozilla/5.0 (compatible; Yahoo! Slurp; http://help.yahoo.com/help/us/ysearch/slurp)" 
209.85.238.213 - - [10/Aug/2011:12:00:04 -0700] "GET /feed/ HTTP/1.1" 200 14401 "-" "Feedfetcher-Google; (+http://www.google.com/feedfetcher.html; 4 subscribers; feed-id=17450445626559736511)" 
82.56.177.120 - - [10/Aug/2011:12:00:45 -0700] "GET /files/headerBanner.jpg HTTP/1.1" 304 175 "http://fdt.powerflasher.com/blog/" "Mozilla/4.0 (compatible; MSIE 8.0; Windows NT 5.1; Trident/4.0; GTB7.1; .NET CLR 2.0.50727; .NET CLR 3.0.04506.30; .NET CLR 3.0.04506.648; .NET CLR 3.0.4506.2152; .NET CLR 3.5.30729)" 
173.192.238.34 - - [10/Aug/2011:12:06:43 -0700] "GET /feed/atom/ HTTP/1.1" 200 143 "-" "Mozilla/5.0 (X11; U; Linux x86_64; en-US; rv:1.9.0.19; aggregator:Spinn3r (Spinn3r 3.1); http://spinn3r.com/robot) Gecko/2010040121 Firefox/3.0.19" 
199.212.12.254 - - [10/Aug/2011:12:07:39 -0700] "GET /files/headerBanner.jpg HTTP/1.1" 304 175 "-" "Mozilla/4.0 (compatible;)" 
67.195.112.254 - - [10/Aug/2011:12:11:41 -0700] "GET /2010/11/ HTTP/1.0" 200 2737 "-" "Mozilla/5.0 (compatible; Yahoo! Slurp; http://help.yahoo.com/help/us/ysearch/slurp)" 
219.239.34.56 - - [10/Aug/2011:12:13:23 -0700] "GET /feed/rss/ HTTP/1.1" 200 194 "-" "Xianguo.com 1 Subscribers" 
75.119.204.73 - - [10/Aug/2011:12:13:24 -0700] "POST /wp-cron.php?doing_wp_cron HTTP/1.0" 200 158 "-" "WordPress/3.2.1; http://www.theflexguy.com" 
75.119.204.73 - - [10/Aug/2011:12:15:39 -0700] "POST /wp-cron.php?doing_wp_cron HTTP/1.0" 200 158 "-" "WordPress/3.2.1; http://www.theflexguy.com" 
174.37.205.92 - - [10/Aug/2011:12:15:38 -0700] "GET / HTTP/1.1" 200 321 "-" "Mozilla/5.0 (X11; U; Linux x86_64; en-US; rv:1.9.0.19; aggregator:Spinn3r (Spinn3r 3.1); http://spinn3r.com/robot) Gecko/2010040121 Firefox/3.0.19" 
174.37.205.92 - - [10/Aug/2011:12:15:40 -0700] "GET / HTTP/1.1" 200 4951 "-" "Mozilla/5.0 (X11; U; Linux x86_64; en-US; rv:1.9.0.19; aggregator:Spinn3r (Spinn3r 3.1); http://spinn3r.com/robot) Gecko/2010040121 Firefox/3.0.19" 
209.85.238.213 - - [10/Aug/2011:12:19:11 -0700] "GET /?feed=rss2 HTTP/1.1" 200 409 "-" "Feedfetcher-Google; (+http://www.google.com/feedfetcher.html; 21 subscribers; feed-id=6047012421983505584)" 
209.85.238.213 - - [10/Aug/2011:12:19:12 -0700] "GET /feed/ HTTP/1.1" 200 14400 "-" "Feedfetcher-Google; (+http://www.google.com/feedfetcher.html; 21 subscribers; feed-id=6047012421983505584)" 
76.74.170.204 - - [10/Aug/2011:12:21:48 -0700] "GET /feed/ HTTP/1.1" 200 14401 "-" "ColdFusion" 
67.195.112.254 - - [10/Aug/2011:12:27:03 -0700] "GET /2007/01/17/dhl-service-tracker/ HTTP/1.0" 200 5220 "-" "Mozilla/5.0 (compatible; Yahoo! Slurp; http://help.yahoo.com/help/us/ysearch/slurp)" 
124.115.0.16 - - [10/Aug/2011:12:29:31 -0700] "GET / HTTP/1.1" 200 4988 "-" "Sosospider+(+http://help.soso.com/webspider.htm)" 
173.192.238.44 - - [10/Aug/2011:12:36:52 -0700] "GET /feed/atom/ HTTP/1.1" 200 143 "-" "Mozilla/5.0 (X11; U; Linux x86_64; en-US; rv:1.9.0.19; aggregator:Spinn3r (Spinn3r 3.1); http://spinn3r.com/robot) Gecko/2010040121 Firefox/3.0.19" 
91.195.118.65 - - [10/Aug/2011:12:38:02 -0700] "GET /feed/rss HTTP/1.0" 200 376 "-" "MagpieRSS/0.7 (+http://magpierss.sf.net; No cache)" 
91.195.118.65 - - [10/Aug/2011:12:38:03 -0700] "GET /feed/rss/ HTTP/1.0" 200 2707 "-" "MagpieRSS/0.7 (+http://magpierss.sf.net; No cache)" 
91.195.118.65 - - [10/Aug/2011:12:38:05 -0700] "GET /?feed=rss2 HTTP/1.0" 200 372 "-" "MagpieRSS/0.7 (+http://magpierss.sf.net; No cache)" 
91.195.118.65 - - [10/Aug/2011:12:38:06 -0700] "GET /feed/ HTTP/1.0" 200 14315 "-" "MagpieRSS/0.7 (+http://magpierss.sf.net; No cache)" 
213.168.116.29 - - [10/Aug/2011:12:38:12 -0700] "GET /files/headerBanner.jpg HTTP/1.1" 200 153258 "http://fdt.powerflasher.com/blog/" "Mozilla/5.0 (Windows NT 6.0; WOW64; rv:5.0) Gecko/20100101 Firefox/5.0" 
213.168.116.29 - - [10/Aug/2011:12:38:57 -0700] "GET /files/headerBanner.jpg HTTP/1.1" 206 36300 "http://fdt.powerflasher.com/blog/" "Mozilla/5.0 (Windows NT 6.0; WOW64; rv:5.0) Gecko/20100101 Firefox/5.0" 
75.119.204.73 - - [10/Aug/2011:12:43:55 -0700] "POST /wp-cron.php?doing_wp_cron HTTP/1.0" 200 158 "-" "WordPress/3.2.1; http://www.theflexguy.com" 
67.195.112.254 - - [10/Aug/2011:12:43:54 -0700] "GET /2011/06/ HTTP/1.0" 200 3029 "-" "Mozilla/5.0 (compatible; Yahoo! Slurp; http://help.yahoo.com/help/us/ysearch/slurp)" 
209.85.238.213 - - [10/Aug/2011:12:44:31 -0700] "GET /index.php?option=com_idoblog&view=idoblog&Itemid=54&format=feed&type=rss HTTP/1.1" 200 421 "-" "Feedfetcher-Google; (+http://www.google.com/feedfetcher.html; 1 subscribers; feed-id=7080376364330259190)" 
209.85.238.213 - - [10/Aug/2011:12:44:32 -0700] "GET /?option=com_idoblog&view=idoblog&Itemid=54&format=feed&type=rss HTTP/1.1" 200 5179 "-" "Feedfetcher-Google; (+http://www.google.com/feedfetcher.html; 1 subscribers; feed-id=7080376364330259190)" 
174.37.205.68 - - [10/Aug/2011:12:45:50 -0700] "GET / HTTP/1.1" 200 321 "-" "Mozilla/5.0 (X11; U; Linux x86_64; en-US; rv:1.9.0.19; aggregator:Spinn3r (Spinn3r 3.1); http://spinn3r.com/robot) Gecko/2010040121 Firefox/3.0.19" 
174.37.205.68 - - [10/Aug/2011:12:45:50 -0700] "GET / HTTP/1.1" 200 4951 "-" "Mozilla/5.0 (X11; U; Linux x86_64; en-US; rv:1.9.0.19; aggregator:Spinn3r (Spinn3r 3.1); http://spinn3r.com/robot) Gecko/2010040121 Firefox/3.0.19" 
65.95.182.93 - - [10/Aug/2011:12:46:52 -0700] "GET /files/headerBanner.jpg HTTP/1.1" 200 153258 "http://fdt.powerflasher.com/blog/" "Mozilla/5.0 (Macintosh; Intel Mac OS X 10_6_8) AppleWebKit/534.50 (KHTML, like Gecko) Version/5.1 Safari/534.50" 
209.85.238.213 - - [10/Aug/2011:12:49:55 -0700] "GET /feed/rss HTTP/1.1" 200 413 "-" "Feedfetcher-Google; (+http://www.google.com/feedfetcher.html; 5 subscribers; feed-id=8282921309701812955)" 
209.85.238.213 - - [10/Aug/2011:12:49:56 -0700] "GET /feed/rss/ HTTP/1.1" 200 2739 "-" "Feedfetcher-Google; (+http://www.google.com/feedfetcher.html; 5 subscribers; feed-id=8282921309701812955)" 
75.119.204.73 - - [10/Aug/2011:12:51:26 -0700] "POST /wp-cron.php?doing_wp_cron HTTP/1.0" 200 158 "-" "WordPress/3.2.1; http://www.theflexguy.com" 
209.85.238.213 - - [10/Aug/2011:12:51:24 -0700] "GET /feed/ HTTP/1.1" 200 194 "-" "Feedfetcher-Google; (+http://www.google.com/feedfetcher.html; 4 subscribers; feed-id=17450445626559736511)" 
1.202.219.2 - - [10/Aug/2011:12:51:45 -0700] "GET /robots.txt HTTP/1.0" 200 236 "-" "Mozilla/5.0 ()" 
1.202.219.2 - - [10/Aug/2011:12:52:01 -0700] "GET /images/stories/csv2kmlscreenshot.png HTTP/1.0" 200 4482 "-" "JikeSpider Mozilla/5.0 (compatible; JikeSpider; +http://shoulu.jike.com/spider.html)" 
174.136.26.114 - - [10/Aug/2011:12:52:19 -0700] "GET /2007/06/14/when-the-cats-away/ HTTP/1.0" 200 5480 "-" "Nutraspace/Nutch-1.2 (www.nutraspace.com)" 
67.195.112.254 - - [10/Aug/2011:12:52:51 -0700] "GET / HTTP/1.0" 200 4825 "-" "Mozilla/5.0 (compatible; Yahoo! Slurp; http://help.yahoo.com/help/us/ysearch/slurp)" 
209.85.238.73 - - [10/Aug/2011:12:53:02 -0700] "GET /index.php?format=feed&type=rss HTTP/1.1" 200 379 "-" "Feedfetcher-Google; (+http://www.google.com/feedfetcher.html; 4 subscribers; feed-id=6887443542408518203)" 
209.85.238.213 - - [10/Aug/2011:12:53:02 -0700] "GET /?format=feed&type=rss HTTP/1.1" 200 5153 "-" "Feedfetcher-Google; (+http://www.google.com/feedfetcher.html; 4 subscribers; feed-id=6887443542408518203)" 
76.74.170.204 - - [10/Aug/2011:12:53:41 -0700] "GET /feed/ HTTP/1.1" 200 14409 "-" "ColdFusion" 
67.195.112.254 - - [10/Aug/2011:12:58:10 -0700] "GET /2007/01/18/flex-certification-now-available/ HTTP/1.0" 200 4375 "http://www.theflexguy.com/2007/01/17/dhl-service-tracker/" "Mozilla/5.0 (compatible; Yahoo! Slurp; http://help.yahoo.com/help/us/ysearch/slurp)" 
192.150.14.130 - - [10/Aug/2011:13:03:14 -0700] "HEAD /?feed=rss2 HTTP/1.1" 200 353 "-" "Adobe Feeds" 
75.119.204.73 - - [10/Aug/2011:13:06:57 -0700] "POST /wp-cron.php?doing_wp_cron HTTP/1.0" 200 158 "-" "WordPress/3.2.1; http://www.theflexguy.com" 
173.192.238.44 - - [10/Aug/2011:13:06:57 -0700] "GET /feed/atom/ HTTP/1.1" 200 143 "-" "Mozilla/5.0 (X11; U; Linux x86_64; en-US; rv:1.9.0.19; aggregator:Spinn3r (Spinn3r 3.1); http://spinn3r.com/robot) Gecko/2010040121 Firefox/3.0.19" 
69.181.205.117 - - [10/Aug/2011:13:08:06 -0700] "GET /files/headerBanner.jpg HTTP/1.1" 200 153258 "http://fdt.powerflasher.com/blog/" "Mozilla/5.0 (X11; Linux i686 on x86_64; rv:5.0) Gecko/20100101 Firefox/5.0" 
209.85.238.213 - - [10/Aug/2011:13:12:01 -0700] "GET /?feed=rss2 HTTP/1.1" 200 409 "-" "Feedfetcher-Google; (+http://www.google.com/feedfetcher.html; 21 subscribers; feed-id=6047012421983505584)" 
209.85.238.213 - - [10/Aug/2011:13:12:02 -0700] "GET /feed/ HTTP/1.1" 200 14404 "-" "Feedfetcher-Google; (+http://www.google.com/feedfetcher.html; 21 subscribers; feed-id=6047012421983505584)" 
173.192.238.44 - - [10/Aug/2011:13:15:58 -0700] "GET / HTTP/1.1" 200 321 "-" "Mozilla/5.0 (X11; U; Linux x86_64; en-US; rv:1.9.0.19; aggregator:Spinn3r (Spinn3r 3.1); http://spinn3r.com/robot) Gecko/2010040121 Firefox/3.0.19" 
173.192.238.44 - - [10/Aug/2011:13:15:59 -0700] "GET / HTTP/1.1" 200 4825 "-" "Mozilla/5.0 (X11; U; Linux x86_64; en-US; rv:1.9.0.19; aggregator:Spinn3r (Spinn3r 3.1); http://spinn3r.com/robot) Gecko/2010040121 Firefox/3.0.19" 
95.108.147.185 - - [10/Aug/2011:13:16:03 -0700] "GET /feed/ HTTP/1.1" 200 56705 "-" "Mozilla/5.0 (compatible; YandexBlogs/0.99; robot; B; +http://yandex.com/bots) 1 readers" 
209.85.238.213 - - [10/Aug/2011:13:27:13 -0700] "GET /index.php?format=feed&type=atom HTTP/1.1" 200 380 "-" "Feedfetcher-Google; (+http://www.google.com/feedfetcher.html; 1 subscribers; feed-id=2021327347742680309)" 
209.85.238.213 - - [10/Aug/2011:13:27:14 -0700] "GET /?format=feed&type=atom HTTP/1.1" 200 5151 "-" "Feedfetcher-Google; (+http://www.google.com/feedfetcher.html; 1 subscribers; feed-id=2021327347742680309)" 
75.119.204.73 - - [10/Aug/2011:13:37:05 -0700] "POST /wp-cron.php?doing_wp_cron HTTP/1.0" 200 158 "-" "WordPress/3.2.1; http://www.theflexguy.com" 
173.192.238.44 - - [10/Aug/2011:13:37:04 -0700] "GET /feed/atom/ HTTP/1.1" 200 143 "-" "Mozilla/5.0 (X11; U; Linux x86_64; en-US; rv:1.9.0.19; aggregator:Spinn3r (Spinn3r 3.1); http://spinn3r.com/robot) Gecko/2010040121 Firefox/3.0.19" 
87.160.227.51 - - [10/Aug/2011:13:37:07 -0700] "GET /files/headerBanner.jpg HTTP/1.1" 200 153258 "http://fdt.powerflasher.com/blog/" "Mozilla/5.0 (iPad; U; CPU OS 4_3_5 like Mac OS X; en-us) AppleWebKit/533.17.9 (KHTML, like Gecko) Version/5.0.2 Mobile/8L1 Safari/6533.18.5" 
209.85.238.213 - - [10/Aug/2011:13:45:29 -0700] "GET /index.php?option=com_content&view=category&layout=blog&id=35&Itemid=54&format=feed&type=rss HTTP/1.1" 200 440 "-" "Feedfetcher-Google; (+http://www.google.com/feedfetcher.html; 1 subscribers; feed-id=9816647088266946374)" 
209.85.238.213 - - [10/Aug/2011:13:45:30 -0700] "GET /?option=com_content&view=category&layout=blog&id=35&Itemid=54&format=feed&type=rss HTTP/1.1" 200 5190 "-" "Feedfetcher-Google; (+http://www.google.com/feedfetcher.html; 1 subscribers; feed-id=9816647088266946374)" 
173.192.238.48 - - [10/Aug/2011:13:46:12 -0700] "GET / HTTP/1.1" 200 321 "-" "Mozilla/5.0 (X11; U; Linux x86_64; en-US; rv:1.9.0.19; aggregator:Spinn3r (Spinn3r 3.1); http://spinn3r.com/robot) Gecko/2010040121 Firefox/3.0.19" 
173.192.238.48 - - [10/Aug/2011:13:46:14 -0700] "GET / HTTP/1.1" 200 4825 "-" "Mozilla/5.0 (X11; U; Linux x86_64; en-US; rv:1.9.0.19; aggregator:Spinn3r (Spinn3r 3.1); http://spinn3r.com/robot) Gecko/2010040121 Firefox/3.0.19" 
75.119.204.73 - - [10/Aug/2011:13:46:13 -0700] "POST /wp-cron.php?doing_wp_cron HTTP/1.0" 200 158 "-" "WordPress/3.2.1; http://www.theflexguy.com" 
76.74.170.204 - - [10/Aug/2011:13:46:22 -0700] "GET /feed/ HTTP/1.1" 200 14405 "-" "ColdFusion" 
209.85.238.213 - - [10/Aug/2011:13:46:45 -0700] "GET /feed/rss HTTP/1.1" 200 413 "-" "Feedfetcher-Google; (+http://www.google.com/feedfetcher.html; 5 subscribers; feed-id=8282921309701812955)" 
209.85.238.213 - - [10/Aug/2011:13:46:46 -0700] "GET /feed/rss/ HTTP/1.1" 200 193 "-" "Feedfetcher-Google; (+http://www.google.com/feedfetcher.html; 5 subscribers; feed-id=8282921309701812955)" 
209.85.238.213 - - [10/Aug/2011:13:49:34 -0700] "GET /feed/ HTTP/1.1" 200 14405 "-" "Feedfetcher-Google; (+http://www.google.com/feedfetcher.html; 4 subscribers; feed-id=17450445626559736511)" 
61.135.248.216 - - [10/Aug/2011:13:51:13 -0700] "GET / HTTP/1.1" 200 4806 "-" "Mozilla/5.0 (compatible; YodaoBot/1.0; http://www.yodao.com/help/webmaster/spider/; )" 
209.85.238.73 - - [10/Aug/2011:13:53:04 -0700] "GET /index.php?format=feed&type=rss HTTP/1.1" 200 379 "-" "Feedfetcher-Google; (+http://www.google.com/feedfetcher.html; 4 subscribers; feed-id=6887443542408518203)" 
209.85.238.213 - - [10/Aug/2011:13:53:05 -0700] "GET /?format=feed&type=rss HTTP/1.1" 200 5137 "-" "Feedfetcher-Google; (+http://www.google.com/feedfetcher.html; 4 subscribers; feed-id=6887443542408518203)" 
67.195.112.254 - - [10/Aug/2011:14:00:35 -0700] "GET /?p=109 HTTP/1.0" 200 355 "-" "Mozilla/5.0 (compatible; Yahoo! Slurp; http://help.yahoo.com/help/us/ysearch/slurp)" 
67.195.112.254 - - [10/Aug/2011:14:00:38 -0700] "GET /2010/01/05/new-year-improved-site/ HTTP/1.0" 200 5172 "-" "Mozilla/5.0 (compatible; Yahoo! Slurp; http://help.yahoo.com/help/us/ysearch/slurp)" 
67.195.112.254 - - [10/Aug/2011:14:00:40 -0700] "GET /wp-content/themes/uchilla1.0/style.css HTTP/1.0" 200 11234 "http://www.theflexguy.com/2010/01/05/new-year-improved-site/" "Mozilla/5.0 (compatible; Yahoo! Slurp; http://help.yahoo.com/help/us/ysearch/slurp)" 
67.195.112.254 - - [10/Aug/2011:14:00:40 -0700] "GET /wp-content/themes/uchilla1.0/print.css HTTP/1.0" 304 135 "http://www.theflexguy.com/2010/01/05/new-year-improved-site/" "Mozilla/5.0 (compatible; Yahoo! Slurp; http://help.yahoo.com/help/us/ysearch/slurp)" 
67.195.112.254 - - [10/Aug/2011:14:00:40 -0700] "GET /wp-content/plugins/flickrpress/style.css?ver=3.2.1 HTTP/1.0" 304 136 "http://www.theflexguy.com/2010/01/05/new-year-improved-site/" "Mozilla/5.0 (compatible; Yahoo! Slurp; http://help.yahoo.com/help/us/ysearch/slurp)" 
65.52.110.49 - - [10/Aug/2011:14:04:54 -0700] "GET /robots.txt HTTP/1.1" 200 305 "-" "Mozilla/5.0 (compatible; bingbot/2.0; +http://www.bing.com/bingbot.htm)" 
65.52.110.49 - - [10/Aug/2011:14:05:50 -0700] "GET /2008/10/27/see-you-at-max/ HTTP/1.1" 200 4566 "-" "Mozilla/5.0 (compatible; bingbot/2.0; +http://www.bing.com/bingbot.htm)" 
173.192.238.44 - - [10/Aug/2011:14:07:11 -0700] "GET /feed/atom/ HTTP/1.1" 200 143 "-" "Mozilla/5.0 (X11; U; Linux x86_64; en-US; rv:1.9.0.19; aggregator:Spinn3r (Spinn3r 3.1); http://spinn3r.com/robot) Gecko/2010040121 Firefox/3.0.19" 
209.85.238.213 - - [10/Aug/2011:14:10:21 -0700] "GET /?feed=rss2 HTTP/1.1" 200 409 "-" "Feedfetcher-Google; (+http://www.google.com/feedfetcher.html; 21 subscribers; feed-id=6047012421983505584)" 
209.85.238.213 - - [10/Aug/2011:14:10:22 -0700] "GET /feed/ HTTP/1.1" 200 14404 "-" "Feedfetcher-Google; (+http://www.google.com/feedfetcher.html; 21 subscribers; feed-id=6047012421983505584)" 
75.119.204.73 - - [10/Aug/2011:14:16:28 -0700] "POST /wp-cron.php?doing_wp_cron HTTP/1.0" 200 158 "-" "WordPress/3.2.1; http://www.theflexguy.com" 
174.37.205.68 - - [10/Aug/2011:14:16:27 -0700] "GET / HTTP/1.1" 200 321 "-" "Mozilla/5.0 (X11; U; Linux x86_64; en-US; rv:1.9.0.19; aggregator:Spinn3r (Spinn3r 3.1); http://spinn3r.com/robot) Gecko/2010040121 Firefox/3.0.19" 
174.37.205.68 - - [10/Aug/2011:14:16:28 -0700] "GET / HTTP/1.1" 200 4825 "-" "Mozilla/5.0 (X11; U; Linux x86_64; en-US; rv:1.9.0.19; aggregator:Spinn3r (Spinn3r 3.1); http://spinn3r.com/robot) Gecko/2010040121 Firefox/3.0.19" 
148.87.19.214 - - [10/Aug/2011:14:18:18 -0700] "GET /index.php?option=com_idoblog&task=viewpost&id=104&Itemid=54 HTTP/1.1" 200 408 "http://whatsmytitletoday.blogspot.com/2009/04/removing-column-header-separator-lines.html" "Mozilla/5.0 (Windows NT 5.1) AppleWebKit/534.30 (KHTML, like Gecko) Chrome/12.0.742.122 Safari/534.30" 
148.87.19.214 - - [10/Aug/2011:14:18:19 -0700] "GET /?option=com_idoblog&task=viewpost&id=104&Itemid=54 HTTP/1.1" 200 5174 "http://whatsmytitletoday.blogspot.com/2009/04/removing-column-header-separator-lines.html" "Mozilla/5.0 (Windows NT 5.1) AppleWebKit/534.30 (KHTML, like Gecko) Chrome/12.0.742.122 Safari/534.30" 
148.87.19.214 - - [10/Aug/2011:14:18:20 -0700] "GET /wp-content/themes/uchilla1.0/style.css HTTP/1.1" 200 11270 "http://www.theflexguy.com/?option=com_idoblog&task=viewpost&id=104&Itemid=54" "Mozilla/5.0 (Windows NT 5.1) AppleWebKit/534.30 (KHTML, like Gecko) Chrome/12.0.742.122 Safari/534.30" 
148.87.19.214 - - [10/Aug/2011:14:18:20 -0700] "GET /wp-content/plugins/flickrpress/style.css?ver=3.2.1 HTTP/1.1" 200 2292 "http://www.theflexguy.com/?option=com_idoblog&task=viewpost&id=104&Itemid=54" "Mozilla/5.0 (Windows NT 5.1) AppleWebKit/534.30 (KHTML, like Gecko) Chrome/12.0.742.122 Safari/534.30" 
148.87.19.214 - - [10/Aug/2011:14:18:20 -0700] "GET /wp-includes/js/l10n.js?ver=20101110 HTTP/1.1" 200 598 "http://www.theflexguy.com/?option=com_idoblog&task=viewpost&id=104&Itemid=54" "Mozilla/5.0 (Windows NT 5.1) AppleWebKit/534.30 (KHTML, like Gecko) Chrome/12.0.742.122 Safari/534.30" 
148.87.19.214 - - [10/Aug/2011:14:18:20 -0700] "GET /wp-content/plugins/flickrpress/flickr.js?ver=3.2.1 HTTP/1.1" 200 2241 "http://www.theflexguy.com/?option=com_idoblog&task=viewpost&id=104&Itemid=54" "Mozilla/5.0 (Windows NT 5.1) AppleWebKit/534.30 (KHTML, like Gecko) Chrome/12.0.742.122 Safari/534.30" 
148.87.19.214 - - [10/Aug/2011:14:18:20 -0700] "GET /wp-includes/js/jquery/jquery.js?ver=1.6.1 HTTP/1.1" 200 91657 "http://www.theflexguy.com/?option=com_idoblog&task=viewpost&id=104&Itemid=54" "Mozilla/5.0 (Windows NT 5.1) AppleWebKit/534.30 (KHTML, like Gecko) Chrome/12.0.742.122 Safari/534.30" 
148.87.19.214 - - [10/Aug/2011:14:18:20 -0700] "GET /wp-content/themes/uchilla1.0/images/backgrounds/striped_dark.jpg HTTP/1.1" 200 9856 "http://www.theflexguy.com/?option=com_idoblog&task=viewpost&id=104&Itemid=54" "Mozilla/5.0 (Windows NT 5.1) AppleWebKit/534.30 (KHTML, like Gecko) Chrome/12.0.742.122 Safari/534.30" 
148.87.19.214 - - [10/Aug/2011:14:18:20 -0700] "GET /wp-content/themes/uchilla1.0/images/dateBg.jpg HTTP/1.1" 200 2278 "http://www.theflexguy.com/?option=com_idoblog&task=viewpost&id=104&Itemid=54" "Mozilla/5.0 (Windows NT 5.1) AppleWebKit/534.30 (KHTML, like Gecko) Chrome/12.0.742.122 Safari/534.30" 
148.87.19.214 - - [10/Aug/2011:14:18:20 -0700] "GET /wp-content/themes/uchilla1.0/images/sidebarLine.jpg HTTP/1.1" 200 954 "http://www.theflexguy.com/?option=com_idoblog&task=viewpost&id=104&Itemid=54" "Mozilla/5.0 (Windows NT 5.1) AppleWebKit/534.30 (KHTML, like Gecko) Chrome/12.0.742.122 Safari/534.30" 
148.87.19.214 - - [10/Aug/2011:14:18:20 -0700] "GET /wp-content/themes/uchilla1.0/images/sidebarBullet.jpg HTTP/1.1" 200 992 "http://www.theflexguy.com/?option=com_idoblog&task=viewpost&id=104&Itemid=54" "Mozilla/5.0 (Windows NT 5.1) AppleWebKit/534.30 (KHTML, like Gecko) Chrome/12.0.742.122 Safari/534.30" 
148.87.19.214 - - [10/Aug/2011:14:18:20 -0700] "GET /wp-content/themes/uchilla1.0/images/contBg.jpg HTTP/1.1" 200 7374 "http://www.theflexguy.com/?option=com_idoblog&task=viewpost&id=104&Itemid=54" "Mozilla/5.0 (Windows NT 5.1) AppleWebKit/534.30 (KHTML, like Gecko) Chrome/12.0.742.122 Safari/534.30" 
148.87.19.214 - - [10/Aug/2011:14:18:20 -0700] "GET /wp-content/uploads/2010/11/CartoonMarty128.png HTTP/1.1" 200 15448 "http://www.theflexguy.com/?option=com_idoblog&task=viewpost&id=104&Itemid=54" "Mozilla/5.0 (Windows NT 5.1) AppleWebKit/534.30 (KHTML, like Gecko) Chrome/12.0.742.122 Safari/534.30" 
148.87.19.214 - - [10/Aug/2011:14:18:20 -0700] "GET /wp-content/themes/uchilla1.0/print.css HTTP/1.1" 200 525 "http://www.theflexguy.com/?option=com_idoblog&task=viewpost&id=104&Itemid=54" "Mozilla/5.0 (Windows NT 5.1) AppleWebKit/534.30 (KHTML, like Gecko) Chrome/12.0.742.122 Safari/534.30" 
148.87.19.214 - - [10/Aug/2011:14:18:21 -0700] "GET /favicon.ico HTTP/1.1" 200 275 "-" "Mozilla/5.0 (Windows NT 5.1) AppleWebKit/534.30 (KHTML, like Gecko) Chrome/12.0.742.122 Safari/534.30" 
148.87.19.214 - - [10/Aug/2011:14:18:53 -0700] "GET /index.php?s=header+separator&search=Search HTTP/1.1" 200 2881 "http://www.theflexguy.com/?option=com_idoblog&task=viewpost&id=104&Itemid=54" "Mozilla/5.0 (Windows NT 5.1) AppleWebKit/534.30 (KHTML, like Gecko) Chrome/12.0.742.122 Safari/534.30" 
148.87.19.214 - - [10/Aug/2011:14:18:56 -0700] "GET /2009/03/20/removing-column-header-sort-lines/ HTTP/1.1" 200 5737 "http://www.theflexguy.com/index.php?s=header+separator&search=Search" "Mozilla/5.0 (Windows NT 5.1) AppleWebKit/534.30 (KHTML, like Gecko) Chrome/12.0.742.122 Safari/534.30" 
67.195.112.254 - - [10/Aug/2011:14:23:13 -0700] "GET /2010/11/10/dont-forget-the-down-state/ HTTP/1.0" 200 5465 "-" "Mozilla/5.0 (compatible; Yahoo! Slurp; http://help.yahoo.com/help/us/ysearch/slurp)" 
67.195.112.254 - - [10/Aug/2011:14:23:20 -0700] "GET /2011/05/24/arraycollection-uses-your-sort/ HTTP/1.0" 200 5399 "http://www.theflexguy.com/2010/11/10/dont-forget-the-down-state/" "Mozilla/5.0 (compatible; Yahoo! Slurp; http://help.yahoo.com/help/us/ysearch/slurp)" 
109.230.221.146 - - [10/Aug/2011:14:28:26 -0700] "GET /index.php HTTP/1.0" 200 276 "http://www.theflexguy.com/index.php" "Mozilla/4.0 (compatible; MSIE 6.0; Windows NT 5.2; Win64; x64; SV1; .NET CLR 2.0.50727)" 
109.230.221.146 - - [10/Aug/2011:14:28:27 -0700] "GET / HTTP/1.0" 200 23042 "http://www.theflexguy.com/" "Mozilla/4.0 (compatible; MSIE 6.0; Windows NT 5.2; Win64; x64; SV1; .NET CLR 2.0.50727)" 
66.249.67.164 - - [10/Aug/2011:14:36:25 -0700] "GET /robots.txt HTTP/1.1" 200 330 "-" "Mozilla/5.0 (compatible; Googlebot/2.1; +http://www.google.com/bot.html)" 
75.119.204.73 - - [10/Aug/2011:14:36:29 -0700] "POST /wp-cron.php?doing_wp_cron HTTP/1.0" 200 158 "-" "WordPress/3.2.1; http://www.theflexguy.com" 
174.37.205.68 - - [10/Aug/2011:14:37:16 -0700] "GET /feed/atom/ HTTP/1.1" 200 143 "-" "Mozilla/5.0 (X11; U; Linux x86_64; en-US; rv:1.9.0.19; aggregator:Spinn3r (Spinn3r 3.1); http://spinn3r.com/robot) Gecko/2010040121 Firefox/3.0.19" 
209.85.238.213 - - [10/Aug/2011:14:39:25 -0700] "GET /feed/rss HTTP/1.1" 200 413 "-" "Feedfetcher-Google; (+http://www.google.com/feedfetcher.html; 5 subscribers; feed-id=8282921309701812955)" 
209.85.238.213 - - [10/Aug/2011:14:39:28 -0700] "GET /feed/rss/ HTTP/1.1" 200 193 "-" "Feedfetcher-Google; (+http://www.google.com/feedfetcher.html; 5 subscribers; feed-id=8282921309701812955)" 
75.119.204.73 - - [10/Aug/2011:14:41:00 -0700] "POST /wp-cron.php?doing_wp_cron HTTP/1.0" 200 158 "-" "WordPress/3.2.1; http://www.theflexguy.com" 
207.46.204.182 - - [10/Aug/2011:14:40:59 -0700] "GET /robots.txt HTTP/1.1" 200 305 "-" "Mozilla/5.0 (compatible; bingbot/2.0; +http://www.bing.com/bingbot.htm)" 
207.46.204.182 - - [10/Aug/2011:14:41:51 -0700] "GET /2010/02/15/air-on-android/ HTTP/1.1" 200 4454 "-" "Mozilla/5.0 (compatible; bingbot/2.0; +http://www.bing.com/bingbot.htm)" 
174.37.205.92 - - [10/Aug/2011:14:46:33 -0700] "GET / HTTP/1.1" 200 321 "-" "Mozilla/5.0 (X11; U; Linux x86_64; en-US; rv:1.9.0.19; aggregator:Spinn3r (Spinn3r 3.1); http://spinn3r.com/robot) Gecko/2010040121 Firefox/3.0.19" 
174.37.205.92 - - [10/Aug/2011:14:46:33 -0700] "GET / HTTP/1.1" 200 4951 "-" "Mozilla/5.0 (X11; U; Linux x86_64; en-US; rv:1.9.0.19; aggregator:Spinn3r (Spinn3r 3.1); http://spinn3r.com/robot) Gecko/2010040121 Firefox/3.0.19" 
209.85.238.213 - - [10/Aug/2011:14:49:15 -0700] "GET /feed/ HTTP/1.1" 200 194 "-" "Feedfetcher-Google; (+http://www.google.com/feedfetcher.html; 4 subscribers; feed-id=17450445626559736511)" 
200.219.82.8 - - [10/Aug/2011:14:51:27 -0700] "GET /files/headerBanner.jpg HTTP/1.1" 200 153258 "http://fdt.powerflasher.com/blog/" "Mozilla/4.0 (compatible; MSIE 8.0; Windows NT 5.1; Trident/4.0; .NET Client 3.5.30729.01; msn OptimizedIE8;PTBR)" 
209.85.238.73 - - [10/Aug/2011:14:53:14 -0700] "GET /index.php?format=feed&type=rss HTTP/1.1" 200 379 "-" "Feedfetcher-Google; (+http://www.google.com/feedfetcher.html; 4 subscribers; feed-id=6887443542408518203)" 
209.85.238.213 - - [10/Aug/2011:14:53:15 -0700] "GET /?format=feed&type=rss HTTP/1.1" 200 5152 "-" "Feedfetcher-Google; (+http://www.google.com/feedfetcher.html; 4 subscribers; feed-id=6887443542408518203)" 
208.93.105.250 - - [10/Aug/2011:14:54:15 -0700] "GET / HTTP/1.1" 200 22950 "-" "YPBot/Raven1.1.3 (compatible; Googlebot/2.1;+http://www.yellowpages.com/about/legal/crawl)" 
75.119.204.73 - - [10/Aug/2011:14:57:02 -0700] "POST /wp-cron.php?doing_wp_cron HTTP/1.0" 200 158 "-" "WordPress/3.2.1; http://www.theflexguy.com" 
76.74.170.204 - - [10/Aug/2011:14:57:01 -0700] "GET /feed/ HTTP/1.1" 200 14403 "-" "ColdFusion" 
85.17.90.129 - - [10/Aug/2011:14:58:41 -0700] "GET /?feed=rss2 HTTP/1.0" 200 372 "-" "MagpieRSS/0.7 (+http://magpierss.sf.net; No cache)" 
85.17.90.129 - - [10/Aug/2011:14:58:42 -0700] "GET /feed/ HTTP/1.0" 200 14313 "-" "MagpieRSS/0.7 (+http://magpierss.sf.net; No cache)" 
65.52.110.30 - - [10/Aug/2011:15:00:41 -0700] "GET /robots.txt HTTP/1.1" 200 305 "-" "Mozilla/5.0 (compatible; bingbot/2.0; +http://www.bing.com/bingbot.htm)" 
192.150.14.130 - - [10/Aug/2011:15:02:30 -0700] "HEAD /?feed=rss2 HTTP/1.1" 200 353 "-" "Adobe Feeds" 
209.85.238.213 - - [10/Aug/2011:15:04:21 -0700] "GET /?feed=rss2 HTTP/1.1" 200 409 "-" "Feedfetcher-Google; (+http://www.google.com/feedfetcher.html; 21 subscribers; feed-id=6047012421983505584)" 
209.85.238.213 - - [10/Aug/2011:15:04:22 -0700] "GET /feed/ HTTP/1.1" 200 14398 "-" "Feedfetcher-Google; (+http://www.google.com/feedfetcher.html; 21 subscribers; feed-id=6047012421983505584)" 
219.239.34.56 - - [10/Aug/2011:15:06:31 -0700] "GET /feed/rss/ HTTP/1.1" 200 194 "-" "Xianguo.com 1 Subscribers" 
75.119.204.73 - - [10/Aug/2011:15:06:33 -0700] "POST /wp-cron.php?doing_wp_cron HTTP/1.0" 200 158 "-" "WordPress/3.2.1; http://www.theflexguy.com" 
77.250.210.56 - - [10/Aug/2011:15:06:54 -0700] "GET /files/headerBanner.jpg HTTP/1.1" 200 153258 "-" "Mozilla/5.0 (iPhone; U; CPU iPhone OS 3_0 like Mac OS X; en-us) AppleWebKit/528.18 (KHTML, like Gecko) Version/4.0 Mobile/7A341 Safari/528.16" 
174.37.205.92 - - [10/Aug/2011:15:07:24 -0700] "GET /feed/atom/ HTTP/1.1" 200 143 "-" "Mozilla/5.0 (X11; U; Linux x86_64; en-US; rv:1.9.0.19; aggregator:Spinn3r (Spinn3r 3.1); http://spinn3r.com/robot) Gecko/2010040121 Firefox/3.0.19" 
95.108.154.252 - - [10/Aug/2011:15:10:00 -0700] "GET /robots.txt HTTP/1.1" 200 305 "-" "Mozilla/5.0 (compatible; YandexBot/3.0; +http://yandex.com/bots)" 
95.108.154.252 - - [10/Aug/2011:15:10:03 -0700] "GET /2007/01/14/to-start-with/ HTTP/1.1" 200 4440 "-" "Mozilla/5.0 (compatible; YandexBot/3.0; +http://yandex.com/bots)" 
207.46.204.188 - - [10/Aug/2011:15:12:09 -0700] "GET /robots.txt HTTP/1.1" 200 305 "-" "Mozilla/5.0 (compatible; bingbot/2.0; +http://www.bing.com/bingbot.htm)" 
141.105.65.153 - - [10/Aug/2011:15:12:45 -0700] "GET /2007/03/03/htmltext-editor-v20/ HTTP/1.0" 200 14952 "http://www.theflexguy.com/2007/03/03/htmltext-editor-v20/" "Mozilla/4.0 (compatible; MSIE 6.0; Windows NT 5.1; SV1; FunWebProducts; .NET CLR 1.1.4322; PeoplePal 6.2)" 
141.105.65.153 - - [10/Aug/2011:15:12:47 -0700] "POST /wp-comments-post.php HTTP/1.0" 200 399 "http://www.theflexguy.com/2007/03/03/htmltext-editor-v20/" "Mozilla/4.0 (compatible; MSIE 6.0; Windows NT 5.1; SV1; FunWebProducts; .NET CLR 1.1.4322; PeoplePal 6.2)" 
141.105.65.153 - - [10/Aug/2011:15:12:48 -0700] "GET /2007/03/03/htmltext-editor-v20/ HTTP/1.0" 200 14763 "http://www.theflexguy.com/2007/03/03/htmltext-editor-v20/" "Mozilla/4.0 (compatible; MSIE 6.0; Windows NT 5.1; SV1; FunWebProducts; .NET CLR 1.1.4322; PeoplePal 6.2)" 
174.37.205.68 - - [10/Aug/2011:15:16:40 -0700] "GET / HTTP/1.1" 200 321 "-" "Mozilla/5.0 (X11; U; Linux x86_64; en-US; rv:1.9.0.19; aggregator:Spinn3r (Spinn3r 3.1); http://spinn3r.com/robot) Gecko/2010040121 Firefox/3.0.19" 
174.37.205.68 - - [10/Aug/2011:15:16:41 -0700] "GET / HTTP/1.1" 200 4951 "-" "Mozilla/5.0 (X11; U; Linux x86_64; en-US; rv:1.9.0.19; aggregator:Spinn3r (Spinn3r 3.1); http://spinn3r.com/robot) Gecko/2010040121 Firefox/3.0.19" 
174.37.154.78 - - [10/Aug/2011:15:18:37 -0700] "GET /feed/atom HTTP/1.0" 200 194 "-" "Gist Server" 
69.131.236.118 - - [10/Aug/2011:15:18:57 -0700] "GET /apps/htmlTextEditor/update.xml HTTP/1.1" 200 598 "app:/htmlTextEditorAIR.swf" "Mozilla/5.0 (Macintosh; U; Intel Mac OS X; en-US) AppleWebKit/531.9 (KHTML, like Gecko) AdobeAIR/2.7" 
75.119.204.73 - - [10/Aug/2011:15:20:19 -0700] "POST /wp-cron.php?doing_wp_cron HTTP/1.0" 200 158 "-" "WordPress/3.2.1; http://www.theflexguy.com" 
67.195.112.254 - - [10/Aug/2011:15:20:19 -0700] "GET /tag/custom/ HTTP/1.0" 200 2910 "-" "Mozilla/5.0 (compatible; Yahoo! Slurp; http://help.yahoo.com/help/us/ysearch/slurp)" 
65.52.110.30 - - [10/Aug/2011:15:22:58 -0700] "GET /code-formatter HTTP/1.1" 200 541 "-" "Mozilla/5.0 (compatible; bingbot/2.0; +http://www.bing.com/bingbot.htm)" 
207.46.204.188 - - [10/Aug/2011:15:27:53 -0700] "GET /tag/vertical/ HTTP/1.1" 200 2914 "-" "Mozilla/5.0 (compatible; bingbot/2.0; +http://www.bing.com/bingbot.htm)" 
76.74.170.204 - - [10/Aug/2011:15:33:37 -0700] "GET /feed/ HTTP/1.1" 200 14399 "-" "ColdFusion" 
174.36.228.156 - - [10/Aug/2011:15:37:30 -0700] "GET /feed/atom/ HTTP/1.1" 200 143 "-" "Mozilla/5.0 (X11; U; Linux x86_64; en-US; rv:1.9.0.19; aggregator:Spinn3r (Spinn3r 3.1); http://spinn3r.com/robot) Gecko/2010040121 Firefox/3.0.19" 
79.215.177.236 - - [10/Aug/2011:15:38:36 -0700] "GET /files/headerBanner.jpg HTTP/1.1" 200 153258 "http://fdt.powerflasher.com/blog/" "Mozilla/5.0 (Windows NT 6.1; WOW64; rv:5.0.1) Gecko/20100101 Firefox/5.0.1" 
76.74.170.204 - - [10/Aug/2011:15:39:22 -0700] "GET /feed/ HTTP/1.1" 200 14399 "-" "ColdFusion" 
209.85.238.213 - - [10/Aug/2011:15:44:41 -0700] "GET /index.php?option=com_idoblog&view=idoblog&Itemid=54&format=feed&type=rss HTTP/1.1" 200 421 "-" "Feedfetcher-Google; (+http://www.google.com/feedfetcher.html; 1 subscribers; feed-id=7080376364330259190)" 
209.85.238.213 - - [10/Aug/2011:15:44:43 -0700] "GET /?option=com_idoblog&view=idoblog&Itemid=54&format=feed&type=rss HTTP/1.1" 200 5178 "-" "Feedfetcher-Google; (+http://www.google.com/feedfetcher.html; 1 subscribers; feed-id=7080376364330259190)" 
75.119.204.73 - - [10/Aug/2011:15:46:51 -0700] "POST /wp-cron.php?doing_wp_cron HTTP/1.0" 200 158 "-" "WordPress/3.2.1; http://www.theflexguy.com" 
173.192.238.44 - - [10/Aug/2011:15:46:50 -0700] "GET / HTTP/1.1" 200 321 "-" "Mozilla/5.0 (X11; U; Linux x86_64; en-US; rv:1.9.0.19; aggregator:Spinn3r (Spinn3r 3.1); http://spinn3r.com/robot) Gecko/2010040121 Firefox/3.0.19" 
173.192.238.44 - - [10/Aug/2011:15:46:52 -0700] "GET / HTTP/1.1" 200 4825 "-" "Mozilla/5.0 (X11; U; Linux x86_64; en-US; rv:1.9.0.19; aggregator:Spinn3r (Spinn3r 3.1); http://spinn3r.com/robot) Gecko/2010040121 Firefox/3.0.19" 
209.85.238.213 - - [10/Aug/2011:15:47:54 -0700] "GET /feed/ HTTP/1.1" 200 14399 "-" "Feedfetcher-Google; (+http://www.google.com/feedfetcher.html; 4 subscribers; feed-id=17450445626559736511)" 
209.85.238.213 - - [10/Aug/2011:15:49:15 -0700] "GET /feed/rss HTTP/1.1" 200 413 "-" "Feedfetcher-Google; (+http://www.google.com/feedfetcher.html; 5 subscribers; feed-id=8282921309701812955)" 
209.85.238.213 - - [10/Aug/2011:15:49:15 -0700] "GET /feed/rss/ HTTP/1.1" 200 193 "-" "Feedfetcher-Google; (+http://www.google.com/feedfetcher.html; 5 subscribers; feed-id=8282921309701812955)" 
209.85.238.73 - - [10/Aug/2011:15:53:24 -0700] "GET /index.php?format=feed&type=rss HTTP/1.1" 200 379 "-" "Feedfetcher-Google; (+http://www.google.com/feedfetcher.html; 4 subscribers; feed-id=6887443542408518203)" 
209.85.238.213 - - [10/Aug/2011:15:53:25 -0700] "GET /?format=feed&type=rss HTTP/1.1" 200 5136 "-" "Feedfetcher-Google; (+http://www.google.com/feedfetcher.html; 4 subscribers; feed-id=6887443542408518203)" 
200.79.235.92 - - [10/Aug/2011:15:58:03 -0700] "GET /2011/05/24/arraycollection-uses-your-sort/ HTTP/1.1" 200 5721 "http://www.google.com.mx/url?sa=t&source=web&cd=27&ved=0CEYQFjAGOBQ&url=http%3A%2F%2Fwww.theflexguy.com%2F2011%2F05%2F24%2Farraycollection-uses-your-sort%2F&rct=j&q=arraycollection&ei=1QxDTuSRHLOCsALQ1aWyCQ&usg=AFQjCNE5Z_SUO-r6wxHWN6mlU9s51hwwTA&sig2=CVTQTR3lvH25E69UR81W_g" "Mozilla/5.0 (Macintosh; Intel Mac OS X 10.6; rv:5.0.1) Gecko/20100101 Firefox/5.0.1" 
200.79.235.92 - - [10/Aug/2011:15:58:05 -0700] "GET /wp-content/plugins/flickrpress/flickr.js?ver=3.2.1 HTTP/1.1" 200 2240 "http://www.theflexguy.com/2011/05/24/arraycollection-uses-your-sort/" "Mozilla/5.0 (Macintosh; Intel Mac OS X 10.6; rv:5.0.1) Gecko/20100101 Firefox/5.0.1" 
200.79.235.92 - - [10/Aug/2011:15:58:05 -0700] "GET /wp-content/plugins/flickrpress/style.css?ver=3.2.1 HTTP/1.1" 200 2292 "http://www.theflexguy.com/2011/05/24/arraycollection-uses-your-sort/" "Mozilla/5.0 (Macintosh; Intel Mac OS X 10.6; rv:5.0.1) Gecko/20100101 Firefox/5.0.1" 
200.79.235.92 - - [10/Aug/2011:15:58:05 -0700] "GET /wp-content/themes/uchilla1.0/style.css HTTP/1.1" 200 11271 "http://www.theflexguy.com/2011/05/24/arraycollection-uses-your-sort/" "Mozilla/5.0 (Macintosh; Intel Mac OS X 10.6; rv:5.0.1) Gecko/20100101 Firefox/5.0.1" 
200.79.235.92 - - [10/Aug/2011:15:58:05 -0700] "GET /wp-content/themes/uchilla1.0/print.css HTTP/1.1" 200 526 "http://www.theflexguy.com/2011/05/24/arraycollection-uses-your-sort/" "Mozilla/5.0 (Macintosh; Intel Mac OS X 10.6; rv:5.0.1) Gecko/20100101 Firefox/5.0.1" 
200.79.235.92 - - [10/Aug/2011:15:58:05 -0700] "GET /wp-includes/js/l10n.js?ver=20101110 HTTP/1.1" 200 598 "http://www.theflexguy.com/2011/05/24/arraycollection-uses-your-sort/" "Mozilla/5.0 (Macintosh; Intel Mac OS X 10.6; rv:5.0.1) Gecko/20100101 Firefox/5.0.1" 
200.79.235.92 - - [10/Aug/2011:15:58:05 -0700] "GET /wp-content/uploads/2010/11/CartoonMarty128.png HTTP/1.1" 200 15448 "http://www.theflexguy.com/2011/05/24/arraycollection-uses-your-sort/" "Mozilla/5.0 (Macintosh; Intel Mac OS X 10.6; rv:5.0.1) Gecko/20100101 Firefox/5.0.1" 
200.79.235.92 - - [10/Aug/2011:15:58:05 -0700] "GET /wp-includes/js/jquery/jquery.js?ver=1.6.1 HTTP/1.1" 200 91657 "http://www.theflexguy.com/2011/05/24/arraycollection-uses-your-sort/" "Mozilla/5.0 (Macintosh; Intel Mac OS X 10.6; rv:5.0.1) Gecko/20100101 Firefox/5.0.1" 
200.79.235.92 - - [10/Aug/2011:15:58:08 -0700] "GET /wp-content/themes/uchilla1.0/images/backgrounds/striped_dark.jpg HTTP/1.1" 200 9856 "http://www.theflexguy.com/wp-content/themes/uchilla1.0/style.css" "Mozilla/5.0 (Macintosh; Intel Mac OS X 10.6; rv:5.0.1) Gecko/20100101 Firefox/5.0.1" 
200.79.235.92 - - [10/Aug/2011:15:58:08 -0700] "GET /wp-content/themes/uchilla1.0/images/sidebarLine.jpg HTTP/1.1" 200 955 "http://www.theflexguy.com/wp-content/themes/uchilla1.0/style.css" "Mozilla/5.0 (Macintosh; Intel Mac OS X 10.6; rv:5.0.1) Gecko/20100101 Firefox/5.0.1" 
200.79.235.92 - - [10/Aug/2011:15:58:08 -0700] "GET /wp-content/themes/uchilla1.0/images/dateBg.jpg HTTP/1.1" 200 2279 "http://www.theflexguy.com/wp-content/themes/uchilla1.0/style.css" "Mozilla/5.0 (Macintosh; Intel Mac OS X 10.6; rv:5.0.1) Gecko/20100101 Firefox/5.0.1" 
200.79.235.92 - - [10/Aug/2011:15:58:08 -0700] "GET /wp-content/themes/uchilla1.0/images/contBg.jpg HTTP/1.1" 200 7375 "http://www.theflexguy.com/wp-content/themes/uchilla1.0/style.css" "Mozilla/5.0 (Macintosh; Intel Mac OS X 10.6; rv:5.0.1) Gecko/20100101 Firefox/5.0.1" 
200.79.235.92 - - [10/Aug/2011:15:58:08 -0700] "GET /wp-content/themes/uchilla1.0/images/sidebarBullet.jpg HTTP/1.1" 200 992 "http://www.theflexguy.com/wp-content/themes/uchilla1.0/style.css" "Mozilla/5.0 (Macintosh; Intel Mac OS X 10.6; rv:5.0.1) Gecko/20100101 Firefox/5.0.1" 
200.79.235.92 - - [10/Aug/2011:15:58:09 -0700] "GET /favicon.ico HTTP/1.1" 200 275 "-" "Mozilla/5.0 (Macintosh; Intel Mac OS X 10.6; rv:5.0.1) Gecko/20100101 Firefox/5.0.1" 
200.79.235.92 - - [10/Aug/2011:15:58:09 -0700] "GET /2011/06/17/some-thoughts-on-caching/ HTTP/1.1" 200 6077 "http://www.theflexguy.com/2011/05/24/arraycollection-uses-your-sort/" "Mozilla/5.0 (Macintosh; Intel Mac OS X 10.6; rv:5.0.1) Gecko/20100101 Firefox/5.0.1" 
61.135.249.44 - - [10/Aug/2011:15:58:13 -0700] "GET / HTTP/1.1" 200 4806 "-" "Mozilla/5.0 (compatible; YodaoBot/1.0; http://www.yodao.com/help/webmaster/spider/; )" 
75.119.204.73 - - [10/Aug/2011:15:59:07 -0700] "POST /wp-cron.php?doing_wp_cron HTTP/1.0" 200 158 "-" "WordPress/3.2.1; http://www.theflexguy.com" 
38.101.148.126 - - [10/Aug/2011:15:59:06 -0700] "GET /robots.txt HTTP/1.1" 200 293 "-" "Mozilla/5.0 (compatible; discobot/1.1; +http://discoveryengine.com/discobot.html)" 
65.52.110.38 - - [10/Aug/2011:15:59:53 -0700] "GET /robots.txt HTTP/1.1" 200 305 "-" "Mozilla/5.0 (compatible; bingbot/2.0; +http://www.bing.com/bingbot.htm)" 
65.52.110.38 - - [10/Aug/2011:16:01:20 -0700] "GET /2009/08/09/runaway-arraycollections/ HTTP/1.1" 200 5016 "-" "Mozilla/5.0 (compatible; bingbot/2.0; +http://www.bing.com/bingbot.htm)" 
38.101.148.126 - - [10/Aug/2011:16:02:08 -0700] "GET /robots.txt HTTP/1.1" 200 293 "-" "Mozilla/5.0 (compatible; discobot/1.1; +http://discoveryengine.com/discobot.html)" 
209.85.238.213 - - [10/Aug/2011:16:08:51 -0700] "GET /?feed=rss2 HTTP/1.1" 200 409 "-" "Feedfetcher-Google; (+http://www.google.com/feedfetcher.html; 21 subscribers; feed-id=6047012421983505584)" 
209.85.238.213 - - [10/Aug/2011:16:08:52 -0700] "GET /feed/ HTTP/1.1" 200 193 "-" "Feedfetcher-Google; (+http://www.google.com/feedfetcher.html; 21 subscribers; feed-id=6047012421983505584)" 
75.119.204.73 - - [10/Aug/2011:16:11:40 -0700] "POST /wp-cron.php?doing_wp_cron HTTP/1.0" 200 158 "-" "WordPress/3.2.1; http://www.theflexguy.com" 
173.192.238.44 - - [10/Aug/2011:16:11:39 -0700] "GET /feed/atom/ HTTP/1.1" 200 143 "-" "Mozilla/5.0 (X11; U; Linux x86_64; en-US; rv:1.9.0.19; aggregator:Spinn3r (Spinn3r 3.1); http://spinn3r.com/robot) Gecko/2010040121 Firefox/3.0.19" 
38.99.98.9 - - [10/Aug/2011:16:12:48 -0700] "GET /robots.txt HTTP/1.1" 200 300 "-" "Mozilla/5.0 (compatible; ScoutJet; +http://www.scoutjet.com/)" 
38.99.98.9 - - [10/Aug/2011:16:12:49 -0700] "GET / HTTP/1.1" 200 5097 "-" "Mozilla/5.0 (compatible; ScoutJet; +http://www.scoutjet.com/)" 
220.181.108.111 - - [10/Aug/2011:16:14:50 -0700] "GET / HTTP/1.1" 200 4951 "-" "Mozilla/5.0 (compatible; Baiduspider/2.0; +http://www.baidu.com/search/spider.html)" 
174.37.205.68 - - [10/Aug/2011:16:16:58 -0700] "GET / HTTP/1.1" 200 321 "-" "Mozilla/5.0 (X11; U; Linux x86_64; en-US; rv:1.9.0.19; aggregator:Spinn3r (Spinn3r 3.1); http://spinn3r.com/robot) Gecko/2010040121 Firefox/3.0.19" 
174.37.205.68 - - [10/Aug/2011:16:17:00 -0700] "GET / HTTP/1.1" 200 4951 "-" "Mozilla/5.0 (X11; U; Linux x86_64; en-US; rv:1.9.0.19; aggregator:Spinn3r (Spinn3r 3.1); http://spinn3r.com/robot) Gecko/2010040121 Firefox/3.0.19" 
207.46.195.233 - - [10/Aug/2011:16:17:47 -0700] "GET /robots.txt HTTP/1.1" 200 305 "-" "Mozilla/5.0 (compatible; bingbot/2.0; +http://www.bing.com/bingbot.htm)" 
67.195.112.254 - - [10/Aug/2011:16:18:56 -0700] "GET /2009/05/08/bugquash-improvements/ HTTP/1.0" 200 5385 "-" "Mozilla/5.0 (compatible; Yahoo! Slurp; http://help.yahoo.com/help/us/ysearch/slurp)" 
67.195.112.254 - - [10/Aug/2011:16:18:57 -0700] "GET /wp-content/themes/uchilla1.0/style.css HTTP/1.0" 304 137 "http://www.theflexguy.com/2009/05/08/bugquash-improvements/" "Mozilla/5.0 (compatible; Yahoo! Slurp; http://help.yahoo.com/help/us/ysearch/slurp)" 
67.195.112.254 - - [10/Aug/2011:16:18:57 -0700] "GET /wp-content/themes/uchilla1.0/print.css HTTP/1.0" 304 135 "http://www.theflexguy.com/2009/05/08/bugquash-improvements/" "Mozilla/5.0 (compatible; Yahoo! Slurp; http://help.yahoo.com/help/us/ysearch/slurp)" 
67.195.112.254 - - [10/Aug/2011:16:18:57 -0700] "GET /wp-content/plugins/flickrpress/style.css?ver=3.2.1 HTTP/1.0" 304 136 "http://www.theflexguy.com/2009/05/08/bugquash-improvements/" "Mozilla/5.0 (compatible; Yahoo! Slurp; http://help.yahoo.com/help/us/ysearch/slurp)" 
207.46.195.233 - - [10/Aug/2011:16:19:00 -0700] "GET /tag/sortexpertmode/ HTTP/1.1" 200 2918 "-" "Mozilla/5.0 (compatible; bingbot/2.0; +http://www.bing.com/bingbot.htm)" 
190.64.126.50 - - [10/Aug/2011:16:19:32 -0700] "GET /files/headerBanner.jpg HTTP/1.1" 200 153258 "http://fdt.powerflasher.com/blog/" "Mozilla/4.0 (compatible; MSIE 7.0; Windows NT 5.1; .NET CLR 1.1.4322; .NET CLR 2.0.50727; InfoPath.1; .NET CLR 3.0.4506.2152; .NET CLR 3.5.30729)" 
151.151.16.14 - - [10/Aug/2011:16:23:48 -0700] "GET /files/headerBanner.jpg HTTP/1.1" 200 153258 "-" "Mozilla/4.0 (compatible;)" 
221.183.16.138 - - [10/Aug/2011:16:24:59 -0700] "GET /2009/08/09/runaway-arraycollections/ HTTP/1.1" 200 5080 "http://theflexguy.com/index.php?option=com_content&view=article&id=94&itemid=11" "Mozilla/5.0 (compatible; MSIE 9.0; Windows NT 6.1; Trident/5.0)" 
75.119.204.73 - - [10/Aug/2011:16:25:28 -0700] "POST /wp-cron.php?doing_wp_cron HTTP/1.0" 200 158 "-" "WordPress/3.2.1; http://www.theflexguy.com" 
219.239.34.56 - - [10/Aug/2011:16:25:28 -0700] "GET /feed/rss/ HTTP/1.1" 200 194 "-" "Xianguo.com 1 Subscribers" 
209.85.238.213 - - [10/Aug/2011:16:27:23 -0700] "GET /index.php?format=feed&type=atom HTTP/1.1" 200 380 "-" "Feedfetcher-Google; (+http://www.google.com/feedfetcher.html; 1 subscribers; feed-id=2021327347742680309)" 
209.85.238.213 - - [10/Aug/2011:16:27:24 -0700] "GET /?format=feed&type=atom HTTP/1.1" 200 5152 "-" "Feedfetcher-Google; (+http://www.google.com/feedfetcher.html; 1 subscribers; feed-id=2021327347742680309)" 
76.74.170.204 - - [10/Aug/2011:16:29:00 -0700] "GET /feed/ HTTP/1.1" 200 14412 "-" "ColdFusion" 
68.82.138.173 - - [10/Aug/2011:16:34:26 -0700] "GET /apps/htmlTextEditor/htmlTextEditor.air HTTP/1.1" 200 759823 "http://adobe.com/apollo" "Mozilla/5.0 (Windows; U; en-US) AppleWebKit/531.9 (KHTML, like Gecko) AdobeAIR/2.7" 
68.82.138.173 - - [10/Aug/2011:16:37:07 -0700] "GET /apps/htmlTextEditor/update.xml HTTP/1.1" 200 598 "app:/htmlTextEditorAIR.swf" "Mozilla/5.0 (Windows; U; en-US) AppleWebKit/531.9 (KHTML, like Gecko) AdobeAIR/2.7" 
218.250.190.102 - - [10/Aug/2011:16:38:08 -0700] "GET /index.php?option=com_idoblog&task=viewpost&id=97&Itemid=54 HTTP/1.1" 200 351 "-" "Mozilla/4.0 (compatible; MSIE 6.0; Windows NT 5.1; SV1; .NET CLR 1.1.4322)" 
218.250.190.102 - - [10/Aug/2011:16:38:30 -0700] "GET /?option=com_idoblog&task=viewpost&id=97&Itemid=54 HTTP/1.1" 200 5118 "-" "Mozilla/4.0 (compatible; MSIE 6.0; Windows NT 5.1; SV1; .NET CLR 1.1.4322)" 
75.119.204.73 - - [10/Aug/2011:16:40:37 -0700] "POST /wp-cron.php?doing_wp_cron HTTP/1.0" 200 158 "-" "WordPress/3.2.1; http://www.theflexguy.com" 
91.195.118.65 - - [10/Aug/2011:16:40:36 -0700] "GET /feed/rss HTTP/1.0" 200 376 "-" "MagpieRSS/0.7 (+http://magpierss.sf.net; No cache)" 
91.195.118.65 - - [10/Aug/2011:16:40:38 -0700] "GET /feed/rss/ HTTP/1.0" 200 2708 "-" "MagpieRSS/0.7 (+http://magpierss.sf.net; No cache)" 
91.195.118.65 - - [10/Aug/2011:16:40:39 -0700] "GET /?feed=rss2 HTTP/1.0" 200 372 "-" "MagpieRSS/0.7 (+http://magpierss.sf.net; No cache)" 
91.195.118.65 - - [10/Aug/2011:16:40:40 -0700] "GET /feed/ HTTP/1.0" 200 14322 "-" "MagpieRSS/0.7 (+http://magpierss.sf.net; No cache)" 
66.249.67.238 - - [10/Aug/2011:16:40:44 -0700] "GET /robots.txt HTTP/1.1" 200 330 "-" "Mozilla/5.0 (compatible; Googlebot/2.1; +http://www.google.com/bot.html)" 
66.249.67.238 - - [10/Aug/2011:16:40:44 -0700] "GET /index.php?option=com_content&view=category&layout=blog&id=39&Itemid=55 HTTP/1.1" 200 419 "-" "Mozilla/5.0 (compatible; Googlebot/2.1; +http://www.google.com/bot.html)" 
66.249.67.238 - - [10/Aug/2011:16:40:45 -0700] "GET /?option=com_content&view=category&layout=blog&id=39&Itemid=55 HTTP/1.1" 200 4906 "-" "Mozilla/5.0 (compatible; Googlebot/2.1; +http://www.google.com/bot.html)" 
207.231.94.144 - - [10/Aug/2011:16:41:03 -0700] "GET /apps/htmlTextEditor/update.xml HTTP/1.1" 200 598 "app:/htmlTextEditorAIR.swf" "Mozilla/5.0 (X11; U; Linux i686; en-US) AppleWebKit/531.9 (KHTML, like Gecko) AdobeAIR/2.6" 
173.192.238.34 - - [10/Aug/2011:16:41:48 -0700] "GET /feed/atom/ HTTP/1.1" 200 143 "-" "Mozilla/5.0 (X11; U; Linux x86_64; en-US; rv:1.9.0.19; aggregator:Spinn3r (Spinn3r 3.1); http://spinn3r.com/robot) Gecko/2010040121 Firefox/3.0.19" 
209.85.238.213 - - [10/Aug/2011:16:43:04 -0700] "GET /feed/ HTTP/1.1" 200 14408 "-" "Feedfetcher-Google; (+http://www.google.com/feedfetcher.html; 4 subscribers; feed-id=17450445626559736511)" 
209.85.238.213 - - [10/Aug/2011:16:45:39 -0700] "GET /index.php?option=com_content&view=category&layout=blog&id=35&Itemid=54&format=feed&type=rss HTTP/1.1" 200 440 "-" "Feedfetcher-Google; (+http://www.google.com/feedfetcher.html; 1 subscribers; feed-id=9816647088266946374)" 
209.85.238.213 - - [10/Aug/2011:16:45:40 -0700] "GET /?option=com_content&view=category&layout=blog&id=35&Itemid=54&format=feed&type=rss HTTP/1.1" 200 5191 "-" "Feedfetcher-Google; (+http://www.google.com/feedfetcher.html; 1 subscribers; feed-id=9816647088266946374)" 
50.92.250.177 - - [10/Aug/2011:16:46:08 -0700] "GET /files/headerBanner.jpg HTTP/1.1" 200 153258 "http://fdt.powerflasher.com/blog/" "Mozilla/5.0 (Windows NT 6.1; WOW64) AppleWebKit/535.1 (KHTML, like Gecko) Chrome/13.0.782.112 Safari/535.1" 
174.36.228.156 - - [10/Aug/2011:16:47:06 -0700] "GET / HTTP/1.1" 200 321 "-" "Mozilla/5.0 (X11; U; Linux x86_64; en-US; rv:1.9.0.19; aggregator:Spinn3r (Spinn3r 3.1); http://spinn3r.com/robot) Gecko/2010040121 Firefox/3.0.19" 
174.36.228.156 - - [10/Aug/2011:16:47:08 -0700] "GET / HTTP/1.1" 200 4951 "-" "Mozilla/5.0 (X11; U; Linux x86_64; en-US; rv:1.9.0.19; aggregator:Spinn3r (Spinn3r 3.1); http://spinn3r.com/robot) Gecko/2010040121 Firefox/3.0.19" 
