209.85.238.213 - - [09/Aug/2011:05:04:24 -0700] "GET /feed/ HTTP/1.1" 200 14399 "-" "Feedfetcher-Google; (+http://www.google.com/feedfetcher.html; 4 subscribers; feed-id=17450445626559736511)"
76.74.170.204 - - [09/Aug/2011:05:04:26 -0700] "GET /feed/ HTTP/1.1" 200 14399 "-" "ColdFusion"
174.36.228.156 - - [09/Aug/2011:05:05:16 -0700] "GET / HTTP/1.1" 200 321 "-" "Mozilla/5.0 (X11; U; Linux x86_64; en-US; rv:1.9.0.19; aggregator:Spinn3r (Spinn3r 3.1); http://spinn3r.com/robot) Gecko/2010040121 Firefox/3.0.19"
174.36.228.156 - - [09/Aug/2011:05:05:16 -0700] "GET / HTTP/1.1" 200 4951 "-" "Mozilla/5.0 (X11; U; Linux x86_64; en-US; rv:1.9.0.19; aggregator:Spinn3r (Spinn3r 3.1); http://spinn3r.com/robot) Gecko/2010040121 Firefox/3.0.19"
195.159.161.2 - - [09/Aug/2011:05:08:05 -0700] "GET /files/headerBanner.jpg HTTP/1.1" 200 153258 "http://fdt.powerflasher.com/blog/" "Mozilla/5.0 (Macintosh; Intel Mac OS X 10_6_8) AppleWebKit/534.50 (KHTML, like Gecko) Version/5.1 Safari/534.50"
80.98.243.123 - - [09/Aug/2011:05:11:24 -0700] "GET /2009/03/18/fund-meter-09-now-available/ HTTP/1.1" 200 5799 "http://www.google.com/search?q=fund+meter+app&ie=utf-8&oe=utf-8&aq=t&rls=org.mozilla:hu:official&client=firefox-a" "Mozilla/5.0 (Windows NT 6.1; WOW64; rv:5.0.1) Gecko/20100101 Firefox/5.0.1"
80.98.243.123 - - [09/Aug/2011:05:11:26 -0700] "GET /wp-content/themes/uchilla1.0/style.css HTTP/1.1" 200 11270 "http://www.theflexguy.com/2009/03/18/fund-meter-09-now-available/" "Mozilla/5.0 (Windows NT 6.1; WOW64; rv:5.0.1) Gecko/20100101 Firefox/5.0.1"
80.98.243.123 - - [09/Aug/2011:05:11:26 -0700] "GET /wp-content/themes/uchilla1.0/print.css HTTP/1.1" 200 526 "http://www.theflexguy.com/2009/03/18/fund-meter-09-now-available/" "Mozilla/5.0 (Windows NT 6.1; WOW64; rv:5.0.1) Gecko/20100101 Firefox/5.0.1"
80.98.243.123 - - [09/Aug/2011:05:11:26 -0700] "GET /wp-content/plugins/flickrpress/style.css?ver=3.2.1 HTTP/1.1" 200 2292 "http://www.theflexguy.com/2009/03/18/fund-meter-09-now-available/" "Mozilla/5.0 (Windows NT 6.1; WOW64; rv:5.0.1) Gecko/20100101 Firefox/5.0.1"
80.98.243.123 - - [09/Aug/2011:05:11:26 -0700] "GET /wp-content/uploads/2010/11/CartoonMarty128.png HTTP/1.1" 200 15449 "http://www.theflexguy.com/2009/03/18/fund-meter-09-now-available/" "Mozilla/5.0 (Windows NT 6.1; WOW64; rv:5.0.1) Gecko/20100101 Firefox/5.0.1"
80.98.243.123 - - [09/Aug/2011:05:11:26 -0700] "GET /wp-content/themes/uchilla1.0/images/backgrounds/striped_dark.jpg HTTP/1.1" 200 9856 "http://www.theflexguy.com/wp-content/themes/uchilla1.0/style.css" "Mozilla/5.0 (Windows NT 6.1; WOW64; rv:5.0.1) Gecko/20100101 Firefox/5.0.1"
80.98.243.123 - - [09/Aug/2011:05:11:26 -0700] "GET /wp-content/themes/uchilla1.0/images/dateBg.jpg HTTP/1.1" 200 2278 "http://www.theflexguy.com/wp-content/themes/uchilla1.0/style.css" "Mozilla/5.0 (Windows NT 6.1; WOW64; rv:5.0.1) Gecko/20100101 Firefox/5.0.1"
80.98.243.123 - - [09/Aug/2011:05:11:26 -0700] "GET /wp-content/themes/uchilla1.0/images/contBg.jpg HTTP/1.1" 200 7374 "http://www.theflexguy.com/wp-content/themes/uchilla1.0/style.css" "Mozilla/5.0 (Windows NT 6.1; WOW64; rv:5.0.1) Gecko/20100101 Firefox/5.0.1"
80.98.243.123 - - [09/Aug/2011:05:11:26 -0700] "GET /wp-content/themes/uchilla1.0/images/sidebarBullet.jpg HTTP/1.1" 200 992 "http://www.theflexguy.com/wp-content/themes/uchilla1.0/style.css" "Mozilla/5.0 (Windows NT 6.1; WOW64; rv:5.0.1) Gecko/20100101 Firefox/5.0.1"
80.98.243.123 - - [09/Aug/2011:05:11:26 -0700] "GET /wp-content/themes/uchilla1.0/images/sidebarLine.jpg HTTP/1.1" 200 955 "http://www.theflexguy.com/wp-content/themes/uchilla1.0/style.css" "Mozilla/5.0 (Windows NT 6.1; WOW64; rv:5.0.1) Gecko/20100101 Firefox/5.0.1"
80.98.243.123 - - [09/Aug/2011:05:11:27 -0700] "GET /favicon.ico HTTP/1.1" 200 275 "-" "Mozilla/5.0 (Windows NT 6.1; WOW64; rv:5.0.1) Gecko/20100101 Firefox/5.0.1"
80.98.243.123 - - [09/Aug/2011:05:11:27 -0700] "GET /2009/03/20/removing-column-header-sort-lines/ HTTP/1.1" 200 5737 "http://www.theflexguy.com/2009/03/18/fund-meter-09-now-available/" "Mozilla/5.0 (Windows NT 6.1; WOW64; rv:5.0.1) Gecko/20100101 Firefox/5.0.1"
80.98.243.123 - - [09/Aug/2011:05:11:32 -0700] "GET /wp-includes/js/l10n.js?ver=20101110 HTTP/1.1" 200 598 "http://www.theflexguy.com/2009/03/18/fund-meter-09-now-available/" "Mozilla/5.0 (Windows NT 6.1; WOW64; rv:5.0.1) Gecko/20100101 Firefox/5.0.1"
80.98.243.123 - - [09/Aug/2011:05:11:32 -0700] "GET /wp-content/plugins/flickrpress/flickr.js?ver=3.2.1 HTTP/1.1" 200 2241 "http://www.theflexguy.com/2009/03/18/fund-meter-09-now-available/" "Mozilla/5.0 (Windows NT 6.1; WOW64; rv:5.0.1) Gecko/20100101 Firefox/5.0.1"
80.98.243.123 - - [09/Aug/2011:05:11:32 -0700] "GET /wp-includes/js/jquery/jquery.js?ver=1.6.1 HTTP/1.1" 200 91657 "http://www.theflexguy.com/2009/03/18/fund-meter-09-now-available/" "Mozilla/5.0 (Windows NT 6.1; WOW64; rv:5.0.1) Gecko/20100101 Firefox/5.0.1"
80.98.243.123 - - [09/Aug/2011:05:11:33 -0700] "GET /2009/03/20/removing-column-header-sort-lines/ HTTP/1.1" 200 5591 "http://www.theflexguy.com/2009/03/18/fund-meter-09-now-available/" "Mozilla/5.0 (Windows NT 6.1; WOW64; rv:5.0.1) Gecko/20100101 Firefox/5.0.1"
75.119.204.73 - - [09/Aug/2011:05:11:37 -0700] "POST /wp-cron.php?doing_wp_cron HTTP/1.0" 200 158 "-" "WordPress/3.2.1; http://www.theflexguy.com"
95.108.154.252 - - [09/Aug/2011:05:11:36 -0700] "GET /?option=com_content&Itemid=54&catid=35&id=64&lang=en&view=article&fontstyle=f-smaller HTTP/1.1" 200 4925 "-" "Mozilla/5.0 (compatible; YandexBot/3.0; +http://yandex.com/bots)"
76.74.170.204 - - [09/Aug/2011:05:13:15 -0700] "GET /feed/ HTTP/1.1" 200 14406 "-" "ColdFusion"
89.202.163.174 - - [09/Aug/2011:05:15:04 -0700] "GET /index.php?format=feed&type=rss HTTP/1.0" 200 334 "-" "Desktop Sidebar v1.05.116.0"
89.202.163.174 - - [09/Aug/2011:05:15:04 -0700] "GET /?format=feed&type=rss HTTP/1.0" 200 23010 "-" "Desktop Sidebar v1.05.116.0"
174.136.26.114 - - [09/Aug/2011:05:19:22 -0700] "GET /feed/rss/ HTTP/1.0" 200 2705 "-" "Nutraspace/Nutch-1.2 (www.nutraspace.com)"
77.95.98.131 - - [09/Aug/2011:05:19:57 -0700] "GET /files/headerBanner.jpg HTTP/1.1" 200 153258 "-" "Mozilla/5.0 (Windows NT 6.1; WOW64; rv:5.0) Gecko/20100101 Firefox/5.0"
46.4.54.5 - - [09/Aug/2011:05:20:19 -0700] "GET / HTTP/1.1" 200 4988 "" "Mozilla/5.0 (Windows; U; Windows NT 6.1; en-US; rv:1.9.2.13) Gecko/20101203 Firefox/3.6.13"
46.4.54.5 - - [09/Aug/2011:05:20:19 -0700] "GET /wp-trackback.php HTTP/1.1" 200 578 "" "Mozilla/5.0 (Windows; U; Windows NT 6.1; en-US; rv:1.9.2.13) Gecko/20101203 Firefox/3.6.13"
46.4.54.5 - - [09/Aug/2011:05:20:20 -0700] "GET / HTTP/1.1" 200 4987 "" "Mozilla/5.0 (Windows; U; Windows NT 6.1; en-US; rv:1.9.2.13) Gecko/20101203 Firefox/3.6.13"
46.4.54.5 - - [09/Aug/2011:05:20:20 -0700] "GET / HTTP/1.1" 200 4987 "" "Mozilla/5.0 (Windows; U; Windows NT 6.1; en-US; rv:1.9.2.13) Gecko/20101203 Firefox/3.6.13"
46.4.54.5 - - [09/Aug/2011:05:20:21 -0700] "GET /feed HTTP/1.1" 200 408 "" "Mozilla/5.0 (Windows; U; Windows NT 6.1; en-US; rv:1.9.2.13) Gecko/20101203 Firefox/3.6.13"
46.4.54.5 - - [09/Aug/2011:05:20:22 -0700] "GET /feed/ HTTP/1.1" 200 14401 "http://www.theflexguy.com/feed" "Mozilla/5.0 (Windows; U; Windows NT 6.1; en-US; rv:1.9.2.13) Gecko/20101203 Firefox/3.6.13"
46.4.54.5 - - [09/Aug/2011:05:20:22 -0700] "GET /2011/06/18/more-thoughts-on-caching-in-flex/ HTTP/1.1" 200 6681 "http://www.theflexguy.com/feed" "Mozilla/5.0 (Windows; U; Windows NT 6.1; en-US; rv:1.9.2.13) Gecko/20101203 Firefox/3.6.13"
124.115.6.17 - - [09/Aug/2011:05:21:00 -0700] "GET /robots.txt HTTP/1.1" 200 330 "-" "Sosospider+(+http://help.soso.com/webspider.htm)"
82.35.68.234 - - [09/Aug/2011:05:22:15 -0700] "GET /files/headerBanner.jpg HTTP/1.1" 200 153258 "http://fdt.powerflasher.com/blog/" "Mozilla/5.0 (Macintosh; Intel Mac OS X 10_7) AppleWebKit/534.48.3 (KHTML, like Gecko) Version/5.1 Safari/534.48.3"
209.85.238.213 - - [09/Aug/2011:05:23:05 -0700] "GET /feed/rss HTTP/1.1" 200 413 "-" "Feedfetcher-Google; (+http://www.google.com/feedfetcher.html; 5 subscribers; feed-id=8282921309701812955)"
209.85.238.213 - - [09/Aug/2011:05:23:06 -0700] "GET /feed/rss/ HTTP/1.1" 200 2741 "-" "Feedfetcher-Google; (+http://www.google.com/feedfetcher.html; 5 subscribers; feed-id=8282921309701812955)"
209.85.238.213 - - [09/Aug/2011:05:26:16 -0700] "GET /index.php?format=feed&type=rss HTTP/1.1" 200 5137 "-" "Feedfetcher-Google; (+http://www.google.com/feedfetcher.html; 3 subscribers; feed-id=14727418171627297269)"
75.119.204.73 - - [09/Aug/2011:05:28:37 -0700] "POST /wp-cron.php?doing_wp_cron HTTP/1.0" 200 158 "-" "WordPress/3.2.1; http://www.theflexguy.com"
95.108.154.252 - - [09/Aug/2011:05:28:37 -0700] "GET /?option=com_content&view=article&id=88&Itemid=62&fontstyle=f-smaller HTTP/1.1" 200 4911 "-" "Mozilla/5.0 (compatible; YandexBot/3.0; +http://yandex.com/bots)"
46.21.148.138 - - [09/Aug/2011:05:29:43 -0700] "GET /wp-content/themes/swift/style.css HTTP/1.0" 200 8453 "http://www.theflexguy.com/wp-content/themes/swift/style.css" "Mozilla/4.0 (compatible; MSIE 6.0; Windows 98; Win 9x 4.90)"
24.193.228.193 - - [09/Aug/2011:05:34:43 -0700] "GET /files/headerBanner.jpg HTTP/1.1" 200 153258 "http://fdt.powerflasher.com/blog/" "Mozilla/5.0 (Macintosh; Intel Mac OS X 10_6_8) AppleWebKit/535.1 (KHTML, like Gecko) Chrome/13.0.782.107 Safari/535.1"
173.192.238.48 - - [09/Aug/2011:05:35:25 -0700] "GET / HTTP/1.1" 200 321 "-" "Mozilla/5.0 (X11; U; Linux x86_64; en-US; rv:1.9.0.19; aggregator:Spinn3r (Spinn3r 3.1); http://spinn3r.com/robot) Gecko/2010040121 Firefox/3.0.19"
173.192.238.48 - - [09/Aug/2011:05:35:26 -0700] "GET / HTTP/1.1" 200 4951 "-" "Mozilla/5.0 (X11; U; Linux x86_64; en-US; rv:1.9.0.19; aggregator:Spinn3r (Spinn3r 3.1); http://spinn3r.com/robot) Gecko/2010040121 Firefox/3.0.19"
188.66.79.237 - - [09/Aug/2011:05:36:05 -0700] "GET /feed/ HTTP/1.1" 200 14402 "-" "Microsoft Office/14.0 (Windows NT 6.1; Microsoft Outlook 14.0.5128; Pro; ms-office; MSOffice 14)"
209.85.238.213 - - [09/Aug/2011:05:36:21 -0700] "GET /?feed=rss2 HTTP/1.1" 200 409 "-" "Feedfetcher-Google; (+http://www.google.com/feedfetcher.html; 21 subscribers; feed-id=6047012421983505584)"
209.85.238.213 - - [09/Aug/2011:05:36:23 -0700] "GET /feed/ HTTP/1.1" 200 14401 "-" "Feedfetcher-Google; (+http://www.google.com/feedfetcher.html; 21 subscribers; feed-id=6047012421983505584)"
76.74.170.204 - - [09/Aug/2011:05:43:26 -0700] "GET /feed/ HTTP/1.1" 200 14402 "-" "ColdFusion"
75.119.204.73 - - [09/Aug/2011:05:45:38 -0700] "POST /wp-cron.php?doing_wp_cron HTTP/1.0" 200 158 "-" "WordPress/3.2.1; http://www.theflexguy.com"
95.108.154.252 - - [09/Aug/2011:05:45:37 -0700] "GET /?option=com_content&Itemid=54&catid=35&id=104&lang=en&view=article&fontstyle=f-larger HTTP/1.1" 200 4925 "-" "Mozilla/5.0 (compatible; YandexBot/3.0; +http://yandex.com/bots)"
209.85.238.73 - - [09/Aug/2011:05:47:34 -0700] "GET /index.php?format=feed&type=rss HTTP/1.1" 200 379 "-" "Feedfetcher-Google; (+http://www.google.com/feedfetcher.html; 4 subscribers; feed-id=6887443542408518203)"
209.85.238.213 - - [09/Aug/2011:05:47:35 -0700] "GET /?format=feed&type=rss HTTP/1.1" 200 5137 "-" "Feedfetcher-Google; (+http://www.google.com/feedfetcher.html; 4 subscribers; feed-id=6887443542408518203)"
174.136.26.114 - - [09/Aug/2011:05:54:10 -0700] "GET /tag/cs4/ HTTP/1.0" 200 3166 "-" "Nutraspace/Nutch-1.2 (www.nutraspace.com)"
95.108.154.252 - - [09/Aug/2011:05:54:13 -0700] "GET /category/random/ HTTP/1.1" 200 2810 "-" "Mozilla/5.0 (compatible; YandexBot/3.0; +http://yandex.com/bots)"
209.85.238.213 - - [09/Aug/2011:05:58:34 -0700] "GET /feed/ HTTP/1.1" 200 14402 "-" "Feedfetcher-Google; (+http://www.google.com/feedfetcher.html; 4 subscribers; feed-id=17450445626559736511)"
182.64.158.183 - - [09/Aug/2011:06:02:34 -0700] "GET /apps/htmlTextEditor/update.xml HTTP/1.1" 200 598 "app:/htmlTextEditorAIR.swf" "Mozilla/5.0 (Windows; U; en-US) AppleWebKit/531.9 (KHTML, like Gecko) AdobeAIR/2.7"
61.135.249.188 - - [09/Aug/2011:06:05:21 -0700] "GET / HTTP/1.1" 200 302 "-" "Mozilla/5.0 (compatible; YodaoBot/1.0; http://www.yodao.com/help/webmaster/spider/; )"
75.119.204.73 - - [09/Aug/2011:06:05:21 -0700] "POST /wp-cron.php?doing_wp_cron HTTP/1.0" 200 158 "-" "WordPress/3.2.1; http://www.theflexguy.com"
174.136.26.114 - - [09/Aug/2011:06:05:27 -0700] "GET /2010/02/15/air-on-android/feed/ HTTP/1.0" 200 916 "-" "Nutraspace/Nutch-1.2 (www.nutraspace.com)"
173.192.238.44 - - [09/Aug/2011:06:05:35 -0700] "GET / HTTP/1.1" 200 321 "-" "Mozilla/5.0 (X11; U; Linux x86_64; en-US; rv:1.9.0.19; aggregator:Spinn3r (Spinn3r 3.1); http://spinn3r.com/robot) Gecko/2010040121 Firefox/3.0.19"
173.192.238.44 - - [09/Aug/2011:06:05:37 -0700] "GET / HTTP/1.1" 200 4825 "-" "Mozilla/5.0 (X11; U; Linux x86_64; en-US; rv:1.9.0.19; aggregator:Spinn3r (Spinn3r 3.1); http://spinn3r.com/robot) Gecko/2010040121 Firefox/3.0.19"
76.74.170.204 - - [09/Aug/2011:06:09:50 -0700] "GET /feed/ HTTP/1.1" 200 14402 "-" "ColdFusion"
75.119.204.73 - - [09/Aug/2011:06:11:33 -0700] "POST /wp-cron.php?doing_wp_cron HTTP/1.0" 200 158 "-" "WordPress/3.2.1; http://www.theflexguy.com"
95.108.154.252 - - [09/Aug/2011:06:11:33 -0700] "GET /?option=com_content&Itemid=54&catid=35&id=72&lang=en&view=article&fontstyle=f-larger HTTP/1.1" 200 4924 "-" "Mozilla/5.0 (compatible; YandexBot/3.0; +http://yandex.com/bots)"
69.28.58.13 - - [09/Aug/2011:06:13:50 -0700] "GET / HTTP/1.0" 200 22717 "http://www.theflexguy.com/" "HuaweiSymantecSpider/1.0+DSE-support@huaweisymantec.com+(compatible; MSIE 7.0; Windows NT 5.1; Trident/4.0; .NET CLR 2.0.50727; .NET CLR 3.0.4506.2152; .NET CLR ; http://www.huaweisymantec.com/en/IRL/spider)"
69.28.58.13 - - [09/Aug/2011:06:14:02 -0700] "GET /wp-content/plugins/flickrpress/flickr.js HTTP/1.0" 200 2204 "http://www.theflexguy.com/wp-content/plugins/flickrpress/flickr.js" "HuaweiSymantecSpider/1.0+DSE-support@huaweisymantec.com+(compatible; MSIE 7.0; Windows NT 5.1; Trident/4.0; .NET CLR 2.0.50727; .NET CLR 3.0.4506.2152; .NET CLR ; http://www.huaweisymantec.com/en/IRL/spider)"
69.28.58.13 - - [09/Aug/2011:06:14:02 -0700] "GET /wp-includes/js/l10n.js HTTP/1.0" 200 561 "http://www.theflexguy.com/wp-includes/js/l10n.js" "HuaweiSymantecSpider/1.0+DSE-support@huaweisymantec.com+(compatible; MSIE 7.0; Windows NT 5.1; Trident/4.0; .NET CLR 2.0.50727; .NET CLR 3.0.4506.2152; .NET CLR ; http://www.huaweisymantec.com/en/IRL/spider)"
69.28.58.13 - - [09/Aug/2011:06:14:02 -0700] "GET /wp-includes/js/jquery/jquery.js HTTP/1.0" 200 91646 "http://www.theflexguy.com/wp-includes/js/jquery/jquery.js" "HuaweiSymantecSpider/1.0+DSE-support@huaweisymantec.com+(compatible; MSIE 7.0; Windows NT 5.1; Trident/4.0; .NET CLR 2.0.50727; .NET CLR 3.0.4506.2152; .NET CLR ; http://www.huaweisymantec.com/en/IRL/spider)"
89.202.163.174 - - [09/Aug/2011:06:15:39 -0700] "GET /index.php?format=feed&type=rss HTTP/1.0" 200 23052 "-" "Desktop Sidebar v1.05.116.0"
174.136.26.114 - - [09/Aug/2011:06:16:34 -0700] "GET /category/flex/page/2/ HTTP/1.0" 200 5434 "-" "Nutraspace/Nutch-1.2 (www.nutraspace.com)"
112.68.2.37 - - [09/Aug/2011:06:19:10 -0700] "GET /tools/htmlTextEditor2008/ HTTP/1.1" 200 1967 "-" "Mozilla/5.0 (Windows NT 6.0) AppleWebKit/535.1 (KHTML, like Gecko) Chrome/13.0.782.107 Safari/535.1"
112.68.2.37 - - [09/Aug/2011:06:19:10 -0700] "GET /tools/htmlTextEditor2008/history/history.css HTTP/1.1" 200 640 "http://www.theflexguy.com/tools/htmlTextEditor2008/" "Mozilla/5.0 (Windows NT 6.0) AppleWebKit/535.1 (KHTML, like Gecko) Chrome/13.0.782.107 Safari/535.1"
112.68.2.37 - - [09/Aug/2011:06:19:10 -0700] "GET /tools/htmlTextEditor2008/AC_OETags.js HTTP/1.1" 200 8084 "http://www.theflexguy.com/tools/htmlTextEditor2008/" "Mozilla/5.0 (Windows NT 6.0) AppleWebKit/535.1 (KHTML, like Gecko) Chrome/13.0.782.107 Safari/535.1"
112.68.2.37 - - [09/Aug/2011:06:19:11 -0700] "GET /tools/htmlTextEditor2008/history/history.js HTTP/1.1" 200 23388 "http://www.theflexguy.com/tools/htmlTextEditor2008/" "Mozilla/5.0 (Windows NT 6.0) AppleWebKit/535.1 (KHTML, like Gecko) Chrome/13.0.782.107 Safari/535.1"
112.68.2.37 - - [09/Aug/2011:06:19:11 -0700] "GET /favicon.ico HTTP/1.1" 200 275 "-" "Mozilla/5.0 (Windows NT 6.0) AppleWebKit/535.1 (KHTML, like Gecko) Chrome/13.0.782.107 Safari/535.1"
112.68.2.37 - - [09/Aug/2011:06:19:11 -0700] "GET /tools/htmlTextEditor2008/htmlTextEditor.swf HTTP/1.1" 200 303669 "http://www.theflexguy.com/tools/htmlTextEditor2008/" "Mozilla/5.0 (Windows NT 6.0) AppleWebKit/535.1 (KHTML, like Gecko) Chrome/13.0.782.107 Safari/535.1"
194.77.197.114 - - [09/Aug/2011:06:19:12 -0700] "GET /files/headerBanner.jpg HTTP/1.1" 200 153258 "http://fdt.powerflasher.com/blog/" "Mozilla/5.0 (Macintosh; Intel Mac OS X 10_7) AppleWebKit/534.48.3 (KHTML, like Gecko) Version/5.1 Safari/534.48.3"
112.68.2.37 - - [09/Aug/2011:06:19:14 -0700] "GET /tools/htmlTextEditor2008/img/help.png HTTP/1.1" 200 1062 "http://www.theflexguy.com/tools/htmlTextEditor2008/htmlTextEditor.swf" "Mozilla/5.0 (Windows NT 6.0) AppleWebKit/535.1 (KHTML, like Gecko) Chrome/13.0.782.107 Safari/535.1"
112.68.2.37 - - [09/Aug/2011:06:19:14 -0700] "GET /tools/htmlTextEditor2008/img/envelope.png HTTP/1.1" 200 679 "http://www.theflexguy.com/tools/htmlTextEditor2008/htmlTextEditor.swf" "Mozilla/5.0 (Windows NT 6.0) AppleWebKit/535.1 (KHTML, like Gecko) Chrome/13.0.782.107 Safari/535.1"
86.161.167.155 - - [09/Aug/2011:06:20:57 -0700] "GET /files/headerBanner.jpg HTTP/1.1" 200 153258 "http://fdt.powerflasher.com/blog/" "Mozilla/5.0 (X11; Linux x86_64; rv:5.0) Gecko/20100101 Firefox/5.0"
75.119.204.73 - - [09/Aug/2011:06:22:25 -0700] "POST /wp-cron.php?doing_wp_cron HTTP/1.0" 200 158 "-" "WordPress/3.2.1; http://www.theflexguy.com"
216.246.79.192 - - [09/Aug/2011:06:22:25 -0700] "HEAD /wp-content/themes/uchilla1.0/timthumb.php HTTP/1.1" 200 393 "-" "Python-httplib2/0.7.0 (gzip)"
209.85.238.213 - - [09/Aug/2011:06:25:55 -0700] "GET /feed/rss HTTP/1.1" 200 413 "-" "Feedfetcher-Google; (+http://www.google.com/feedfetcher.html; 5 subscribers; feed-id=8282921309701812955)"
209.85.238.213 - - [09/Aug/2011:06:25:56 -0700] "GET /feed/rss/ HTTP/1.1" 200 193 "-" "Feedfetcher-Google; (+http://www.google.com/feedfetcher.html; 5 subscribers; feed-id=8282921309701812955)"
209.85.238.213 - - [09/Aug/2011:06:26:16 -0700] "GET /index.php?format=feed&type=rss HTTP/1.1" 200 379 "-" "Feedfetcher-Google; (+http://www.google.com/feedfetcher.html; 3 subscribers; feed-id=14727418171627297269)"
209.85.238.213 - - [09/Aug/2011:06:26:17 -0700] "GET /?format=feed&type=rss HTTP/1.1" 200 5152 "-" "Feedfetcher-Google; (+http://www.google.com/feedfetcher.html; 3 subscribers; feed-id=14727418171627297269)"
95.108.154.252 - - [09/Aug/2011:06:28:54 -0700] "GET /?option=com_content&Itemid=54&catid=35&id=81&lang=en&view=article&fontstyle=f-larger HTTP/1.1" 200 4924 "-" "Mozilla/5.0 (compatible; YandexBot/3.0; +http://yandex.com/bots)"
208.115.111.73 - - [09/Aug/2011:06:29:02 -0700] "GET /contact/ HTTP/1.1" 200 14531 "-" "Mozilla/5.0 (compatible; Ezooms/1.0; ezooms.bot@gmail.com)"
83.133.125.202 - - [09/Aug/2011:06:31:32 -0700] "GET / HTTP/1.1" 200 15928 "http://www.bigfinder.de/en/" "Mozilla/4.0 (compatible; MSIE 8.0; Windows NT 5.1; Trident/4.0; FBSMTWB; ATC/1.0; .NET CLR 1.1.4322; ATC/1.0; .NET CLR 2.0.50727; .NET CLR 3.0.4506.2152; .NET CLR 3.5.30729)"
83.133.125.202 - - [09/Aug/2011:06:33:40 -0700] "GET / HTTP/1.1" 200 15928 "http://www.bigfinder.de/en/" "T-Online Browser"
75.119.204.73 - - [09/Aug/2011:06:35:49 -0700] "POST /wp-cron.php?doing_wp_cron HTTP/1.0" 200 158 "-" "WordPress/3.2.1; http://www.theflexguy.com"
174.37.205.68 - - [09/Aug/2011:06:35:49 -0700] "GET / HTTP/1.1" 200 321 "-" "Mozilla/5.0 (X11; U; Linux x86_64; en-US; rv:1.9.0.19; aggregator:Spinn3r (Spinn3r 3.1); http://spinn3r.com/robot) Gecko/2010040121 Firefox/3.0.19"
174.37.205.68 - - [09/Aug/2011:06:35:50 -0700] "GET / HTTP/1.1" 200 4951 "-" "Mozilla/5.0 (X11; U; Linux x86_64; en-US; rv:1.9.0.19; aggregator:Spinn3r (Spinn3r 3.1); http://spinn3r.com/robot) Gecko/2010040121 Firefox/3.0.19"
188.66.79.237 - - [09/Aug/2011:06:36:27 -0700] "GET /feed/ HTTP/1.1" 200 194 "-" "Microsoft Office/14.0 (Windows NT 6.1; Microsoft Outlook 14.0.5128; Pro; ms-office; MSOffice 14)"
118.116.94.89 - - [09/Aug/2011:06:36:49 -0700] "GET /favicon.ico HTTP/1.1" 200 276 "-" "Mozilla/5.0 (Windows NT 5.1; rv:2.0.1) Gecko/20100101 Firefox/4.0.1"
209.85.228.86 - - [09/Aug/2011:06:37:56 -0700] "GET /feed/ HTTP/1.1" 200 14350 "-" "Feedfetcher-Google; (+http://www.google.com/feedfetcher.html; feed-id=17450445626559736511)"
88.247.96.94 - - [09/Aug/2011:06:38:46 -0700] "GET /files/headerBanner.jpg HTTP/1.1" 200 153258 "http://fdt.powerflasher.com/blog/" "Mozilla/4.0 (compatible; MSIE 7.0; Windows NT 6.1; Trident/5.0; SLCC2; .NET CLR 2.0.50727; .NET CLR 3.5.30729; .NET CLR 3.0.30729; Media Center PC 6.0; .NET4.0C; .NET4.0E; InfoPath.3; Tablet PC 2.0)"
67.195.112.254 - - [09/Aug/2011:06:39:45 -0700] "GET /2007/04/ HTTP/1.0" 200 3534 "-" "Mozilla/5.0 (compatible; Yahoo! Slurp; http://help.yahoo.com/help/us/ysearch/slurp)"
67.195.112.254 - - [09/Aug/2011:06:39:47 -0700] "GET /wp-content/themes/uchilla1.0/style.css HTTP/1.0" 304 137 "http://www.theflexguy.com/2007/04/" "Mozilla/5.0 (compatible; Yahoo! Slurp; http://help.yahoo.com/help/us/ysearch/slurp)"
67.195.112.254 - - [09/Aug/2011:06:39:47 -0700] "GET /wp-content/themes/uchilla1.0/print.css HTTP/1.0" 304 135 "http://www.theflexguy.com/2007/04/" "Mozilla/5.0 (compatible; Yahoo! Slurp; http://help.yahoo.com/help/us/ysearch/slurp)"
67.195.112.254 - - [09/Aug/2011:06:39:47 -0700] "GET /wp-content/plugins/flickrpress/style.css?ver=3.2.1 HTTP/1.0" 304 136 "http://www.theflexguy.com/2007/04/" "Mozilla/5.0 (compatible; Yahoo! Slurp; http://help.yahoo.com/help/us/ysearch/slurp)"
174.37.154.78 - - [09/Aug/2011:06:39:50 -0700] "GET /feed/atom HTTP/1.0" 200 194 "-" "Gist Server"
66.249.67.164 - - [09/Aug/2011:06:40:25 -0700] "GET /2009/05/08/bugquash-improvements/ HTTP/1.1" 200 5616 "-" "Mozilla/5.0 (compatible; Googlebot/2.1; +http://www.google.com/bot.html)"
76.74.170.204 - - [09/Aug/2011:06:40:30 -0700] "GET /feed/ HTTP/1.1" 200 14402 "-" "ColdFusion"
119.63.196.30 - - [09/Aug/2011:06:41:51 -0700] "GET /?option=com_content&view=category&layout=blog&id=39&Itemid=55 HTTP/1.1" 200 4869 "-" "Mozilla/5.0 (compatible; Baiduspider/2.0; +http://www.baidu.com/search/spider.html)"
209.85.238.213 - - [09/Aug/2011:06:42:51 -0700] "GET /?feed=rss2 HTTP/1.1" 200 409 "-" "Feedfetcher-Google; (+http://www.google.com/feedfetcher.html; 21 subscribers; feed-id=6047012421983505584)"
209.85.238.213 - - [09/Aug/2011:06:42:52 -0700] "GET /feed/ HTTP/1.1" 200 14401 "-" "Feedfetcher-Google; (+http://www.google.com/feedfetcher.html; 21 subscribers; feed-id=6047012421983505584)"
209.85.238.213 - - [09/Aug/2011:06:42:53 -0700] "GET /index.php?option=com_idoblog&view=idoblog&Itemid=54&format=feed&type=rss HTTP/1.1" 200 421 "-" "Feedfetcher-Google; (+http://www.google.com/feedfetcher.html; 1 subscribers; feed-id=7080376364330259190)"
209.85.238.213 - - [09/Aug/2011:06:42:54 -0700] "GET /?option=com_idoblog&view=idoblog&Itemid=54&format=feed&type=rss HTTP/1.1" 200 5179 "-" "Feedfetcher-Google; (+http://www.google.com/feedfetcher.html; 1 subscribers; feed-id=7080376364330259190)"
75.119.204.73 - - [09/Aug/2011:06:46:14 -0700] "POST /wp-cron.php?doing_wp_cron HTTP/1.0" 200 158 "-" "WordPress/3.2.1; http://www.theflexguy.com"
95.108.154.252 - - [09/Aug/2011:06:46:13 -0700] "GET /?option=com_content&Itemid=54&catid=35&id=104&lang=en&view=article&fontstyle=f-smaller HTTP/1.1" 200 4926 "-" "Mozilla/5.0 (compatible; YandexBot/3.0; +http://yandex.com/bots)"
209.85.238.73 - - [09/Aug/2011:06:47:44 -0700] "GET /index.php?format=feed&type=rss HTTP/1.1" 200 379 "-" "Feedfetcher-Google; (+http://www.google.com/feedfetcher.html; 4 subscribers; feed-id=6887443542408518203)"
209.85.238.213 - - [09/Aug/2011:06:47:45 -0700] "GET /?format=feed&type=rss HTTP/1.1" 200 5137 "-" "Feedfetcher-Google; (+http://www.google.com/feedfetcher.html; 4 subscribers; feed-id=6887443542408518203)"
76.74.170.204 - - [09/Aug/2011:06:52:18 -0700] "GET /feed/ HTTP/1.1" 200 14402 "-" "ColdFusion"
67.195.112.254 - - [09/Aug/2011:06:52:57 -0700] "GET /?p=55 HTTP/1.0" 200 365 "-" "Mozilla/5.0 (compatible; Yahoo! Slurp; http://help.yahoo.com/help/us/ysearch/slurp)"
67.195.112.254 - - [09/Aug/2011:06:52:59 -0700] "GET /2007/01/18/flex-certification-now-available/ HTTP/1.0" 200 4322 "-" "Mozilla/5.0 (compatible; Yahoo! Slurp; http://help.yahoo.com/help/us/ysearch/slurp)"
38.101.148.126 - - [09/Aug/2011:06:53:46 -0700] "GET /robots.txt HTTP/1.1" 200 293 "-" "Mozilla/5.0 (compatible; discobot/1.1; +http://discoveryengine.com/discobot.html)"
38.108.67.14 - - [09/Aug/2011:06:54:49 -0700] "GET /robots.txt HTTP/1.0" 200 300 "-" "SBIder/Nutch-1.0-dev (http://www.sitesell.com/sbider.html)"
38.108.67.14 - - [09/Aug/2011:06:54:50 -0700] "GET / HTTP/1.0" 200 4951 "-" "SBIder/Nutch-1.0-dev (http://www.sitesell.com/sbider.html)"
75.119.204.73 - - [09/Aug/2011:06:56:47 -0700] "POST /wp-cron.php?doing_wp_cron HTTP/1.0" 200 158 "-" "WordPress/3.2.1; http://www.theflexguy.com"
38.101.148.126 - - [09/Aug/2011:06:56:47 -0700] "GET /robots.txt HTTP/1.1" 200 293 "-" "Mozilla/5.0 (compatible; discobot/1.1; +http://discoveryengine.com/discobot.html)"
85.17.90.129 - - [09/Aug/2011:06:58:18 -0700] "GET /?feed=rss2 HTTP/1.0" 200 372 "-" "MagpieRSS/0.7 (+http://magpierss.sf.net; No cache)"
85.17.90.129 - - [09/Aug/2011:06:58:19 -0700] "GET /feed/ HTTP/1.0" 200 14316 "-" "MagpieRSS/0.7 (+http://magpierss.sf.net; No cache)"
174.136.26.114 - - [09/Aug/2011:06:59:51 -0700] "GET /2007/06/11/the-air-up-there/ HTTP/1.0" 200 5238 "-" "Nutraspace/Nutch-1.2 (www.nutraspace.com)"
209.85.238.213 - - [09/Aug/2011:07:00:54 -0700] "GET /feed/ HTTP/1.1" 200 14402 "-" "Feedfetcher-Google; (+http://www.google.com/feedfetcher.html; 4 subscribers; feed-id=17450445626559736511)"
192.150.14.130 - - [09/Aug/2011:07:03:21 -0700] "HEAD /?feed=rss2 HTTP/1.1" 200 353 "-" "Adobe Feeds"
95.108.154.252 - - [09/Aug/2011:07:03:34 -0700] "GET /?option=com_content&view=article&id=94:htmltext-editor-now-on-air&catid=39:desktop-apps&Itemid=11&fontstyle=f-default HTTP/1.1" 200 4949 "-" "Mozilla/5.0 (compatible; YandexBot/3.0; +http://yandex.com/bots)"
173.192.238.44 - - [09/Aug/2011:07:05:54 -0700] "GET / HTTP/1.1" 200 321 "-" "Mozilla/5.0 (X11; U; Linux x86_64; en-US; rv:1.9.0.19; aggregator:Spinn3r (Spinn3r 3.1); http://spinn3r.com/robot) Gecko/2010040121 Firefox/3.0.19"
173.192.238.44 - - [09/Aug/2011:07:05:55 -0700] "GET / HTTP/1.1" 200 4951 "-" "Mozilla/5.0 (X11; U; Linux x86_64; en-US; rv:1.9.0.19; aggregator:Spinn3r (Spinn3r 3.1); http://spinn3r.com/robot) Gecko/2010040121 Firefox/3.0.19"
124.115.0.15 - - [09/Aug/2011:07:07:33 -0700] "GET /index.php?id=39&Itemid=55&layout=blog&option=com_content&view=category HTTP/1.1" 200 419 "-" "Sosospider+(+http://help.soso.com/webspider.htm)"
124.115.0.15 - - [09/Aug/2011:07:07:35 -0700] "GET /?id=39&Itemid=55&layout=blog&option=com_content&view=category HTTP/1.1" 200 4906 "-" "Sosospider+(+http://help.soso.com/webspider.htm)"
76.74.170.204 - - [09/Aug/2011:07:11:31 -0700] "GET /feed/ HTTP/1.1" 200 14402 "-" "ColdFusion"
90.146.134.183 - - [09/Aug/2011:07:13:51 -0700] "GET /files/headerBanner.jpg HTTP/1.1" 200 153258 "http://www.google.at/reader/view/" "Mozilla/5.0 (Windows NT 6.1; rv:2.0.1) Gecko/20100101 Firefox/4.0.1"
89.202.163.174 - - [09/Aug/2011:07:15:42 -0700] "GET /index.php?format=feed&type=rss HTTP/1.0" 200 23052 "-" "Desktop Sidebar v1.05.116.0"
95.108.154.252 - - [09/Aug/2011:07:20:54 -0700] "GET /?option=com_content&Itemid=54&catid=35&id=47&lang=en&view=article&fontstyle=f-default HTTP/1.1" 200 4927 "-" "Mozilla/5.0 (compatible; YandexBot/3.0; +http://yandex.com/bots)"
209.85.238.213 - - [09/Aug/2011:07:25:33 -0700] "GET /index.php?format=feed&type=atom HTTP/1.1" 200 380 "-" "Feedfetcher-Google; (+http://www.google.com/feedfetcher.html; 1 subscribers; feed-id=2021327347742680309)"
209.85.238.213 - - [09/Aug/2011:07:25:35 -0700] "GET /?format=feed&type=atom HTTP/1.1" 200 5153 "-" "Feedfetcher-Google; (+http://www.google.com/feedfetcher.html; 1 subscribers; feed-id=2021327347742680309)"
209.85.238.213 - - [09/Aug/2011:07:26:26 -0700] "GET /index.php?format=feed&type=rss HTTP/1.1" 200 5137 "-" "Feedfetcher-Google; (+http://www.google.com/feedfetcher.html; 3 subscribers; feed-id=14727418171627297269)"
75.119.204.73 - - [09/Aug/2011:07:27:53 -0700] "POST /wp-cron.php?doing_wp_cron HTTP/1.0" 200 158 "-" "WordPress/3.2.1; http://www.theflexguy.com"
1.202.219.2 - - [09/Aug/2011:07:27:53 -0700] "GET /robots.txt HTTP/1.0" 200 236 "-" "Mozilla/5.0 ()"
63.119.9.135 - - [09/Aug/2011:07:28:45 -0700] "GET /files/headerBanner.jpg HTTP/1.1" 200 153258 "http://www.google.com/reader/view/" "Mozilla/5.0 (Macintosh; Intel Mac OS X 10_6_7) AppleWebKit/535.1 (KHTML, like Gecko) Chrome/13.0.782.109 Safari/535.1"
66.249.82.195 - - [09/Aug/2011:07:30:15 -0700] "GET /2010/11/10/dont-forget-the-down-state/ HTTP/1.1" 200 5568 "http://workflowflash.com/47721/don%E2%80%99t-forget-the-down-state.php" "Mozilla/5.0 (X11; Linux x86_64) AppleWebKit/534.24 (KHTML, like Gecko; Google Web Preview) Chrome/11.0.696 Safari/534.24"
66.249.82.195 - - [09/Aug/2011:07:30:17 -0700] "GET /wp-content/themes/uchilla1.0/style.css HTTP/1.1" 200 11215 "http://www.theflexguy.com/2010/11/10/dont-forget-the-down-state/" "Mozilla/5.0 (X11; Linux x86_64) AppleWebKit/534.24 (KHTML, like Gecko; Google Web Preview) Chrome/11.0.696 Safari/534.24"
66.249.82.195 - - [09/Aug/2011:07:30:17 -0700] "GET /wp-content/plugins/flickrpress/style.css?ver=3.2.1 HTTP/1.1" 200 2236 "http://www.theflexguy.com/2010/11/10/dont-forget-the-down-state/" "Mozilla/5.0 (X11; Linux x86_64) AppleWebKit/534.24 (KHTML, like Gecko; Google Web Preview) Chrome/11.0.696 Safari/534.24"
66.249.82.195 - - [09/Aug/2011:07:30:17 -0700] "GET /wp-content/plugins/flickrpress/flickr.js?ver=3.2.1 HTTP/1.1" 200 2185 "http://www.theflexguy.com/2010/11/10/dont-forget-the-down-state/" "Mozilla/5.0 (X11; Linux x86_64) AppleWebKit/534.24 (KHTML, like Gecko; Google Web Preview) Chrome/11.0.696 Safari/534.24"
66.249.82.195 - - [09/Aug/2011:07:30:17 -0700] "GET /wp-includes/js/l10n.js?ver=20101110 HTTP/1.1" 200 542 "http://www.theflexguy.com/2010/11/10/dont-forget-the-down-state/" "Mozilla/5.0 (X11; Linux x86_64) AppleWebKit/534.24 (KHTML, like Gecko; Google Web Preview) Chrome/11.0.696 Safari/534.24"
66.249.82.195 - - [09/Aug/2011:07:30:17 -0700] "GET /wp-includes/js/jquery/jquery.js?ver=1.6.1 HTTP/1.1" 200 91601 "http://www.theflexguy.com/2010/11/10/dont-forget-the-down-state/" "Mozilla/5.0 (X11; Linux x86_64) AppleWebKit/534.24 (KHTML, like Gecko; Google Web Preview) Chrome/11.0.696 Safari/534.24"
66.249.82.195 - - [09/Aug/2011:07:30:20 -0700] "GET /wp-content/themes/uchilla1.0/images/sidebarLine.jpg HTTP/1.1" 200 899 "http://www.theflexguy.com/2010/11/10/dont-forget-the-down-state/" "Mozilla/5.0 (X11; Linux x86_64) AppleWebKit/534.24 (KHTML, like Gecko; Google Web Preview) Chrome/11.0.696 Safari/534.24"
66.249.82.195 - - [09/Aug/2011:07:30:20 -0700] "GET /wp-content/themes/uchilla1.0/images/contBg.jpg HTTP/1.1" 200 7319 "http://www.theflexguy.com/2010/11/10/dont-forget-the-down-state/" "Mozilla/5.0 (X11; Linux x86_64) AppleWebKit/534.24 (KHTML, like Gecko; Google Web Preview) Chrome/11.0.696 Safari/534.24"
66.249.82.195 - - [09/Aug/2011:07:30:20 -0700] "GET /wp-content/themes/uchilla1.0/images/dateBg.jpg HTTP/1.1" 200 2223 "http://www.theflexguy.com/2010/11/10/dont-forget-the-down-state/" "Mozilla/5.0 (X11; Linux x86_64) AppleWebKit/534.24 (KHTML, like Gecko; Google Web Preview) Chrome/11.0.696 Safari/534.24"
66.249.82.195 - - [09/Aug/2011:07:30:20 -0700] "GET /wp-content/themes/uchilla1.0/images/sidebarBullet.jpg HTTP/1.1" 200 936 "http://www.theflexguy.com/2010/11/10/dont-forget-the-down-state/" "Mozilla/5.0 (X11; Linux x86_64) AppleWebKit/534.24 (KHTML, like Gecko; Google Web Preview) Chrome/11.0.696 Safari/534.24"
66.249.82.195 - - [09/Aug/2011:07:30:20 -0700] "GET /wp-content/themes/uchilla1.0/images/backgrounds/striped_dark.jpg HTTP/1.1" 200 9801 "http://www.theflexguy.com/2010/11/10/dont-forget-the-down-state/" "Mozilla/5.0 (X11; Linux x86_64) AppleWebKit/534.24 (KHTML, like Gecko; Google Web Preview) Chrome/11.0.696 Safari/534.24"
66.249.82.195 - - [09/Aug/2011:07:30:20 -0700] "GET /wp-content/uploads/2010/11/CartoonMarty128.png HTTP/1.1" 200 15393 "http://www.theflexguy.com/2010/11/10/dont-forget-the-down-state/" "Mozilla/5.0 (X11; Linux x86_64) AppleWebKit/534.24 (KHTML, like Gecko; Google Web Preview) Chrome/11.0.696 Safari/534.24"
66.249.82.195 - - [09/Aug/2011:07:30:21 -0700] "GET /wp-content/themes/uchilla1.0/print.css HTTP/1.1" 200 470 "http://www.theflexguy.com/2010/11/10/dont-forget-the-down-state/" "Mozilla/5.0 (X11; Linux x86_64) AppleWebKit/534.24 (KHTML, like Gecko; Google Web Preview) Chrome/11.0.696 Safari/534.24"
76.74.170.204 - - [09/Aug/2011:07:31:01 -0700] "GET /feed/ HTTP/1.1" 200 14402 "-" "ColdFusion"
209.85.238.213 - - [09/Aug/2011:07:35:15 -0700] "GET /feed/rss HTTP/1.1" 200 413 "-" "Feedfetcher-Google; (+http://www.google.com/feedfetcher.html; 5 subscribers; feed-id=8282921309701812955)"
209.85.238.213 - - [09/Aug/2011:07:35:17 -0700] "GET /feed/rss/ HTTP/1.1" 200 193 "-" "Feedfetcher-Google; (+http://www.google.com/feedfetcher.html; 5 subscribers; feed-id=8282921309701812955)"
173.192.238.48 - - [09/Aug/2011:07:36:06 -0700] "GET / HTTP/1.1" 200 321 "-" "Mozilla/5.0 (X11; U; Linux x86_64; en-US; rv:1.9.0.19; aggregator:Spinn3r (Spinn3r 3.1); http://spinn3r.com/robot) Gecko/2010040121 Firefox/3.0.19"
173.192.238.48 - - [09/Aug/2011:07:36:07 -0700] "GET / HTTP/1.1" 200 4951 "-" "Mozilla/5.0 (X11; U; Linux x86_64; en-US; rv:1.9.0.19; aggregator:Spinn3r (Spinn3r 3.1); http://spinn3r.com/robot) Gecko/2010040121 Firefox/3.0.19"
188.66.79.237 - - [09/Aug/2011:07:37:03 -0700] "GET /feed/ HTTP/1.1" 200 14402 "-" "Microsoft Office/14.0 (Windows NT 6.1; Microsoft Outlook 14.0.5128; Pro; ms-office; MSOffice 14)"
198.145.116.13 - - [09/Aug/2011:07:37:32 -0700] "GET / HTTP/1.0" 200 22909 "-" "Mozilla/4.0 (compatible; MSIE 6.0; Windows NT 5.0)"
95.108.154.252 - - [09/Aug/2011:07:38:16 -0700] "GET /?option=com_content&Itemid=12&catid=39&id=90&lang=en&view=article&fontstyle=f-default HTTP/1.1" 200 4927 "-" "Mozilla/5.0 (compatible; YandexBot/3.0; +http://yandex.com/bots)"
76.74.170.204 - - [09/Aug/2011:07:42:01 -0700] "GET /feed/ HTTP/1.1" 200 14402 "-" "ColdFusion"
209.85.238.213 - - [09/Aug/2011:07:44:17 -0700] "GET /index.php?option=com_content&view=category&layout=blog&id=35&Itemid=54&format=feed&type=rss HTTP/1.1" 200 440 "-" "Feedfetcher-Google; (+http://www.google.com/feedfetcher.html; 1 subscribers; feed-id=9816647088266946374)"
209.85.238.213 - - [09/Aug/2011:07:44:18 -0700] "GET /?option=com_content&view=category&layout=blog&id=35&Itemid=54&format=feed&type=rss HTTP/1.1" 200 5190 "-" "Feedfetcher-Google; (+http://www.google.com/feedfetcher.html; 1 subscribers; feed-id=9816647088266946374)"
75.119.204.73 - - [09/Aug/2011:07:45:34 -0700] "POST /wp-cron.php?doing_wp_cron HTTP/1.0" 200 158 "-" "WordPress/3.2.1; http://www.theflexguy.com"
209.85.238.213 - - [09/Aug/2011:07:45:34 -0700] "GET /?feed=rss2 HTTP/1.1" 200 409 "-" "Feedfetcher-Google; (+http://www.google.com/feedfetcher.html; 21 subscribers; feed-id=6047012421983505584)"
209.85.238.213 - - [09/Aug/2011:07:45:35 -0700] "GET /feed/ HTTP/1.1" 200 193 "-" "Feedfetcher-Google; (+http://www.google.com/feedfetcher.html; 21 subscribers; feed-id=6047012421983505584)"
209.85.238.73 - - [09/Aug/2011:07:47:54 -0700] "GET /index.php?format=feed&type=rss HTTP/1.1" 200 379 "-" "Feedfetcher-Google; (+http://www.google.com/feedfetcher.html; 4 subscribers; feed-id=6887443542408518203)"
93.57.28.188 - - [09/Aug/2011:07:47:54 -0700] "GET /files/headerBanner.jpg HTTP/1.1" 200 153258 "http://fdt.powerflasher.com/blog/" "Mozilla/5.0 (Macintosh; Intel Mac OS X 10_6_8) AppleWebKit/534.50 (KHTML, like Gecko) Version/5.1 Safari/534.50"
209.85.238.213 - - [09/Aug/2011:07:47:55 -0700] "GET /?format=feed&type=rss HTTP/1.1" 200 5153 "-" "Feedfetcher-Google; (+http://www.google.com/feedfetcher.html; 4 subscribers; feed-id=6887443542408518203)"
194.231.192.10 - - [09/Aug/2011:07:50:27 -0700] "GET /files/headerBanner.jpg HTTP/1.1" 200 153258 "http://fdt.powerflasher.com/blog/" "Mozilla/5.0 (Windows NT 5.1; rv:5.0) Gecko/20100101 Firefox/5.0"
95.108.154.252 - - [09/Aug/2011:07:55:35 -0700] "GET /?option=com_content&Itemid=54&catid=35&id=83&lang=en&view=article&fontstyle=f-smaller HTTP/1.1" 200 4926 "-" "Mozilla/5.0 (compatible; YandexBot/3.0; +http://yandex.com/bots)"
67.195.112.254 - - [09/Aug/2011:07:59:15 -0700] "GET /robots.txt HTTP/1.0" 200 293 "-" "Mozilla/5.0 (compatible; Yahoo! Slurp; http://help.yahoo.com/help/us/ysearch/slurp)"
67.195.112.254 - - [09/Aug/2011:07:59:16 -0700] "GET /2007/10/30/drupal-meet-flex/ HTTP/1.0" 200 4520 "-" "Mozilla/5.0 (compatible; Yahoo! Slurp; http://help.yahoo.com/help/us/ysearch/slurp)"
67.195.112.254 - - [09/Aug/2011:07:59:18 -0700] "GET /wp-content/themes/uchilla1.0/style.css HTTP/1.0" 200 11234 "http://www.theflexguy.com/2007/10/30/drupal-meet-flex/" "Mozilla/5.0 (compatible; Yahoo! Slurp; http://help.yahoo.com/help/us/ysearch/slurp)"
219.239.34.56 - - [09/Aug/2011:08:02:07 -0700] "GET /feed/rss/ HTTP/1.1" 200 194 "-" "Xianguo.com 1 Subscribers"
75.119.204.73 - - [09/Aug/2011:08:04:09 -0700] "POST /wp-cron.php?doing_wp_cron HTTP/1.0" 200 158 "-" "WordPress/3.2.1; http://www.theflexguy.com"
1.202.219.2 - - [09/Aug/2011:08:04:08 -0700] "GET /images/stories/htmltexteditor.jpg HTTP/1.0" 200 4482 "-" "JikeSpider Mozilla/5.0 (compatible; JikeSpider; +http://shoulu.jike.com/spider.html)"
174.37.205.92 - - [09/Aug/2011:08:06:17 -0700] "GET / HTTP/1.1" 200 321 "-" "Mozilla/5.0 (X11; U; Linux x86_64; en-US; rv:1.9.0.19; aggregator:Spinn3r (Spinn3r 3.1); http://spinn3r.com/robot) Gecko/2010040121 Firefox/3.0.19"
174.37.205.92 - - [09/Aug/2011:08:06:18 -0700] "GET / HTTP/1.1" 200 4825 "-" "Mozilla/5.0 (X11; U; Linux x86_64; en-US; rv:1.9.0.19; aggregator:Spinn3r (Spinn3r 3.1); http://spinn3r.com/robot) Gecko/2010040121 Firefox/3.0.19"
123.126.50.69 - - [09/Aug/2011:08:07:22 -0700] "GET /2009/03/30/bugquash-in-review/ HTTP/1.1" 200 5787 "-" "Sogou web spider/4.0(+http://www.sogou.com/docs/help/webmasters.htm#07)"
124.115.0.16 - - [09/Aug/2011:08:07:36 -0700] "GET / HTTP/1.1" 200 4862 "-" "Sosospider+(+http://help.soso.com/webspider.htm)"
209.85.238.213 - - [09/Aug/2011:08:09:54 -0700] "GET /feed/ HTTP/1.1" 200 194 "-" "Feedfetcher-Google; (+http://www.google.com/feedfetcher.html; 4 subscribers; feed-id=17450445626559736511)"
206.195.19.47 - - [09/Aug/2011:08:12:52 -0700] "GET /2011/06/18/more-thoughts-on-caching-in-flex/ HTTP/1.1" 200 6780 "http://www.google.com/search?q=flex+Caching&hl=en&biw=1259&bih=827&gs_sm=e&gs_upl=468l4171l0l4546l23l12l0l0l0l0l0l0ll0l0&spell=1&sa=X&oq=flex+Caching&aq=f&aqi=&aql=" "Mozilla/4.0 (compatible; MSIE 7.0; Windows NT 5.1; .NET CLR 1.1.4322; .NET CLR 2.0.50727; .NET CLR 3.0.04506.30; .NET CLR 3.0.04506.648; MS-RTC LM 8; .NET CLR 3.0.4506.2152; .NET CLR 3.5.30729; InfoPath.2; .NET4.0C; .NET4.0E)"
206.195.19.47 - - [09/Aug/2011:08:12:55 -0700] "GET /wp-content/themes/uchilla1.0/style.css HTTP/1.1" 200 11270 "http://www.theflexguy.com/2011/06/18/more-thoughts-on-caching-in-flex/" "Mozilla/4.0 (compatible; MSIE 7.0; Windows NT 5.1; .NET CLR 1.1.4322; .NET CLR 2.0.50727; .NET CLR 3.0.04506.30; .NET CLR 3.0.04506.648; MS-RTC LM 8; .NET CLR 3.0.4506.2152; .NET CLR 3.5.30729; InfoPath.2; .NET4.0C; .NET4.0E)"
206.195.19.47 - - [09/Aug/2011:08:12:56 -0700] "GET /wp-content/themes/uchilla1.0/print.css HTTP/1.1" 200 525 "http://www.theflexguy.com/2011/06/18/more-thoughts-on-caching-in-flex/" "Mozilla/4.0 (compatible; MSIE 7.0; Windows NT 5.1; .NET CLR 1.1.4322; .NET CLR 2.0.50727; .NET CLR 3.0.04506.30; .NET CLR 3.0.04506.648; MS-RTC LM 8; .NET CLR 3.0.4506.2152; .NET CLR 3.5.30729; InfoPath.2; .NET4.0C; .NET4.0E)"
206.195.19.47 - - [09/Aug/2011:08:12:58 -0700] "GET /wp-content/plugins/flickrpress/style.css?ver=3.2.1 HTTP/1.1" 200 2291 "http://www.theflexguy.com/2011/06/18/more-thoughts-on-caching-in-flex/" "Mozilla/4.0 (compatible; MSIE 7.0; Windows NT 5.1; .NET CLR 1.1.4322; .NET CLR 2.0.50727; .NET CLR 3.0.04506.30; .NET CLR 3.0.04506.648; MS-RTC LM 8; .NET CLR 3.0.4506.2152; .NET CLR 3.5.30729; InfoPath.2; .NET4.0C; .NET4.0E)"
206.195.19.47 - - [09/Aug/2011:08:12:58 -0700] "GET /wp-includes/js/l10n.js?ver=20101110 HTTP/1.1" 200 598 "http://www.theflexguy.com/2011/06/18/more-thoughts-on-caching-in-flex/" "Mozilla/4.0 (compatible; MSIE 7.0; Windows NT 5.1; .NET CLR 1.1.4322; .NET CLR 2.0.50727; .NET CLR 3.0.04506.30; .NET CLR 3.0.04506.648; MS-RTC LM 8; .NET CLR 3.0.4506.2152; .NET CLR 3.5.30729; InfoPath.2; .NET4.0C; .NET4.0E)"
206.195.19.47 - - [09/Aug/2011:08:12:58 -0700] "GET /wp-includes/js/jquery/jquery.js?ver=1.6.1 HTTP/1.1" 200 91656 "http://www.theflexguy.com/2011/06/18/more-thoughts-on-caching-in-flex/" "Mozilla/4.0 (compatible; MSIE 7.0; Windows NT 5.1; .NET CLR 1.1.4322; .NET CLR 2.0.50727; .NET CLR 3.0.04506.30; .NET CLR 3.0.04506.648; MS-RTC LM 8; .NET CLR 3.0.4506.2152; .NET CLR 3.5.30729; InfoPath.2; .NET4.0C; .NET4.0E)"
206.195.19.47 - - [09/Aug/2011:08:13:01 -0700] "GET /wp-content/plugins/flickrpress/flickr.js?ver=3.2.1 HTTP/1.1" 200 2240 "http://www.theflexguy.com/2011/06/18/more-thoughts-on-caching-in-flex/" "Mozilla/4.0 (compatible; MSIE 7.0; Windows NT 5.1; .NET CLR 1.1.4322; .NET CLR 2.0.50727; .NET CLR 3.0.04506.30; .NET CLR 3.0.04506.648; MS-RTC LM 8; .NET CLR 3.0.4506.2152; .NET CLR 3.5.30729; InfoPath.2; .NET4.0C; .NET4.0E)"
206.195.19.47 - - [09/Aug/2011:08:13:01 -0700] "GET /wp-content/uploads/2010/11/CartoonMarty128.png HTTP/1.1" 200 15448 "http://www.theflexguy.com/2011/06/18/more-thoughts-on-caching-in-flex/" "Mozilla/4.0 (compatible; MSIE 7.0; Windows NT 5.1; .NET CLR 1.1.4322; .NET CLR 2.0.50727; .NET CLR 3.0.04506.30; .NET CLR 3.0.04506.648; MS-RTC LM 8; .NET CLR 3.0.4506.2152; .NET CLR 3.5.30729; InfoPath.2; .NET4.0C; .NET4.0E)"
206.195.19.47 - - [09/Aug/2011:08:13:02 -0700] "GET /wp-content/themes/uchilla1.0/images/backgrounds/striped_dark.jpg HTTP/1.1" 200 9857 "http://www.theflexguy.com/2011/06/18/more-thoughts-on-caching-in-flex/" "Mozilla/4.0 (compatible; MSIE 7.0; Windows NT 5.1; .NET CLR 1.1.4322; .NET CLR 2.0.50727; .NET CLR 3.0.04506.30; .NET CLR 3.0.04506.648; MS-RTC LM 8; .NET CLR 3.0.4506.2152; .NET CLR 3.5.30729; InfoPath.2; .NET4.0C; .NET4.0E)"
206.195.19.47 - - [09/Aug/2011:08:13:02 -0700] "GET /wp-content/themes/uchilla1.0/images/contBg.jpg HTTP/1.1" 200 7374 "http://www.theflexguy.com/2011/06/18/more-thoughts-on-caching-in-flex/" "Mozilla/4.0 (compatible; MSIE 7.0; Windows NT 5.1; .NET CLR 1.1.4322; .NET CLR 2.0.50727; .NET CLR 3.0.04506.30; .NET CLR 3.0.04506.648; MS-RTC LM 8; .NET CLR 3.0.4506.2152; .NET CLR 3.5.30729; InfoPath.2; .NET4.0C; .NET4.0E)"
206.195.19.47 - - [09/Aug/2011:08:13:03 -0700] "GET /wp-content/themes/uchilla1.0/images/dateBg.jpg HTTP/1.1" 200 2278 "http://www.theflexguy.com/2011/06/18/more-thoughts-on-caching-in-flex/" "Mozilla/4.0 (compatible; MSIE 7.0; Windows NT 5.1; .NET CLR 1.1.4322; .NET CLR 2.0.50727; .NET CLR 3.0.04506.30; .NET CLR 3.0.04506.648; MS-RTC LM 8; .NET CLR 3.0.4506.2152; .NET CLR 3.5.30729; InfoPath.2; .NET4.0C; .NET4.0E)"
206.195.19.47 - - [09/Aug/2011:08:13:04 -0700] "GET /wp-content/themes/uchilla1.0/images/sidebarLine.jpg HTTP/1.1" 200 954 "http://www.theflexguy.com/2011/06/18/more-thoughts-on-caching-in-flex/" "Mozilla/4.0 (compatible; MSIE 7.0; Windows NT 5.1; .NET CLR 1.1.4322; .NET CLR 2.0.50727; .NET CLR 3.0.04506.30; .NET CLR 3.0.04506.648; MS-RTC LM 8; .NET CLR 3.0.4506.2152; .NET CLR 3.5.30729; InfoPath.2; .NET4.0C; .NET4.0E)"
206.195.19.47 - - [09/Aug/2011:08:13:04 -0700] "GET /wp-content/themes/uchilla1.0/images/sidebarBullet.jpg HTTP/1.1" 200 991 "http://www.theflexguy.com/2011/06/18/more-thoughts-on-caching-in-flex/" "Mozilla/4.0 (compatible; MSIE 7.0; Windows NT 5.1; .NET CLR 1.1.4322; .NET CLR 2.0.50727; .NET CLR 3.0.04506.30; .NET CLR 3.0.04506.648; MS-RTC LM 8; .NET CLR 3.0.4506.2152; .NET CLR 3.5.30729; InfoPath.2; .NET4.0C; .NET4.0E)"
206.195.19.47 - - [09/Aug/2011:08:13:05 -0700] "GET /favicon.ico HTTP/1.1" 200 275 "-" "Mozilla/4.0 (compatible; MSIE 7.0; Windows NT 5.1; .NET CLR 1.1.4322; .NET CLR 2.0.50727; .NET CLR 3.0.04506.30; .NET CLR 3.0.04506.648; MS-RTC LM 8; .NET CLR 3.0.4506.2152; .NET CLR 3.5.30729; InfoPath.2; .NET4.0C; .NET4.0E)"
75.119.204.73 - - [09/Aug/2011:08:15:01 -0700] "POST /wp-cron.php?doing_wp_cron HTTP/1.0" 200 158 "-" "WordPress/3.2.1; http://www.theflexguy.com"
76.74.170.204 - - [09/Aug/2011:08:15:01 -0700] "GET /feed/ HTTP/1.1" 200 14405 "-" "ColdFusion"
95.108.233.70 - - [09/Aug/2011:08:15:08 -0700] "GET /feed/ HTTP/1.1" 200 56705 "-" "Mozilla/5.0 (compatible; YandexBlogs/0.99; robot; B; +http://yandex.com/bots) 1 readers"
89.202.163.174 - - [09/Aug/2011:08:15:44 -0700] "GET /index.php?format=feed&type=rss HTTP/1.0" 200 23052 "-" "Desktop Sidebar v1.05.116.0"
67.195.112.254 - - [09/Aug/2011:08:15:51 -0700] "GET /2007/11/01/lists-how-i-love-thee/ HTTP/1.0" 200 4784 "http://www.theflexguy.com/2007/10/30/drupal-meet-flex/" "Mozilla/5.0 (compatible; Yahoo! Slurp; http://help.yahoo.com/help/us/ysearch/slurp)"
78.129.252.141 - - [09/Aug/2011:08:18:05 -0700] "GET /index.php HTTP/1.0" 200 276 "http://www.theflexguy.com/index.php" "Mozilla/4.0 (compatible; MSIE 6.0; Windows NT 5.1; MRA 4.6 (build 01425))"
78.129.252.141 - - [09/Aug/2011:08:18:06 -0700] "GET / HTTP/1.0" 200 23042 "http://www.theflexguy.com/" "Mozilla/4.0 (compatible; MSIE 6.0; Windows NT 5.1; MRA 4.6 (build 01425))"
124.115.1.7 - - [09/Aug/2011:08:22:11 -0700] "GET / HTTP/1.1" 200 365 "-" "Mozilla/4.0 (compatible; MSIE 6.0; Windows NT 5.1)"
124.115.1.7 - - [09/Aug/2011:08:22:12 -0700] "GET / HTTP/1.1" 200 4988 "-" "Mozilla/4.0 (compatible; MSIE 6.0; Windows NT 5.1)"
64.78.155.100 - - [09/Aug/2011:08:23:37 -0700] "GET /feed/ HTTP/1.1" 200 14364 "-" "NewsGatorOnline/2.0 (http://www.newsgator.com; 1 subscribers)"
209.85.238.213 - - [09/Aug/2011:08:26:26 -0700] "GET /index.php?format=feed&type=rss HTTP/1.1" 200 5137 "-" "Feedfetcher-Google; (+http://www.google.com/feedfetcher.html; 3 subscribers; feed-id=14727418171627297269)"
193.105.210.46 - - [09/Aug/2011:08:27:03 -0700] "GET /2010/01/05/new-year-improved-site/ HTTP/1.0" 200 16112 "http://www.theflexguy.com/2010/01/05/new-year-improved-site/" "Opera/7.54 (Windows NT 5.1; U) [pl]"
193.105.210.46 - - [09/Aug/2011:08:27:10 -0700] "POST /wp-comments-post.php HTTP/1.0" 200 402 "http://www.theflexguy.com/2010/01/05/new-year-improved-site/" "Opera/7.54 (Windows NT 5.1; U) [pl]"
193.105.210.46 - - [09/Aug/2011:08:27:11 -0700] "GET /2010/01/05/new-year-improved-site/ HTTP/1.0" 200 15922 "http://www.theflexguy.com/2010/01/05/new-year-improved-site/" "Opera/7.54 (Windows NT 5.1; U) [pl]"
193.105.210.46 - - [09/Aug/2011:08:27:12 -0700] "GET /2010/01/05/new-year-improved-site/ HTTP/1.0" 200 15922 "http://www.theflexguy.com/2010/01/05/new-year-improved-site/" "Opera/7.54 (Windows NT 5.1; U) [pl]"
75.119.204.73 - - [09/Aug/2011:08:30:15 -0700] "POST /wp-cron.php?doing_wp_cron HTTP/1.0" 200 158 "-" "WordPress/3.2.1; http://www.theflexguy.com"
95.108.154.252 - - [09/Aug/2011:08:30:14 -0700] "GET /?option=com_content&Itemid=65&id=6&lang=en&layout=blog&view=section&fontstyle=f-smaller HTTP/1.1" 200 4925 "-" "Mozilla/5.0 (compatible; YandexBot/3.0; +http://yandex.com/bots)"
174.136.26.114 - - [09/Aug/2011:08:35:07 -0700] "GET /2007/11/01/lists-how-i-love-thee/ HTTP/1.0" 200 5155 "-" "Nutraspace/Nutch-1.2 (www.nutraspace.com)"
173.192.238.44 - - [09/Aug/2011:08:36:25 -0700] "GET / HTTP/1.1" 200 321 "-" "Mozilla/5.0 (X11; U; Linux x86_64; en-US; rv:1.9.0.19; aggregator:Spinn3r (Spinn3r 3.1); http://spinn3r.com/robot) Gecko/2010040121 Firefox/3.0.19"
173.192.238.44 - - [09/Aug/2011:08:36:29 -0700] "GET / HTTP/1.1" 200 4951 "-" "Mozilla/5.0 (X11; U; Linux x86_64; en-US; rv:1.9.0.19; aggregator:Spinn3r (Spinn3r 3.1); http://spinn3r.com/robot) Gecko/2010040121 Firefox/3.0.19"
62.103.21.6 - - [09/Aug/2011:08:36:38 -0700] "GET /files/headerBanner.jpg HTTP/1.1" 200 153258 "http://fdt.powerflasher.com/blog/" "Mozilla/5.0 (Macintosh; Intel Mac OS X 10_7) AppleWebKit/534.48.3 (KHTML, like Gecko) Version/5.1 Safari/534.48.3"
188.66.79.237 - - [09/Aug/2011:08:37:17 -0700] "GET /feed/ HTTP/1.1" 200 14401 "-" "Microsoft Office/14.0 (Windows NT 6.1; Microsoft Outlook 14.0.5128; Pro; ms-office; MSOffice 14)"
123.126.50.69 - - [09/Aug/2011:08:40:49 -0700] "GET /2010/11/10/dont-forget-the-down-state/ HTTP/1.1" 200 5366 "-" "Sogou web spider/4.0(+http://www.sogou.com/docs/help/webmasters.htm#07)"
208.115.111.73 - - [09/Aug/2011:08:41:10 -0700] "GET /robots.txt HTTP/1.1" 200 249 "-" "Mozilla/5.0 (compatible; Ezooms/1.0; ezooms.bot@gmail.com)"
91.195.118.65 - - [09/Aug/2011:08:41:34 -0700] "GET /feed/rss HTTP/1.0" 200 376 "-" "MagpieRSS/0.7 (+http://magpierss.sf.net; No cache)"
91.195.118.65 - - [09/Aug/2011:08:41:35 -0700] "GET /feed/rss/ HTTP/1.0" 200 2709 "-" "MagpieRSS/0.7 (+http://magpierss.sf.net; No cache)"
91.195.118.65 - - [09/Aug/2011:08:41:37 -0700] "GET /?feed=rss2 HTTP/1.0" 200 372 "-" "MagpieRSS/0.7 (+http://magpierss.sf.net; No cache)"
91.195.118.65 - - [09/Aug/2011:08:41:38 -0700] "GET /feed/ HTTP/1.0" 200 14315 "-" "MagpieRSS/0.7 (+http://magpierss.sf.net; No cache)"
75.119.204.73 - - [09/Aug/2011:08:41:56 -0700] "POST /wp-cron.php?doing_wp_cron HTTP/1.0" 200 158 "-" "WordPress/3.2.1; http://www.theflexguy.com"
209.85.238.213 - - [09/Aug/2011:08:41:55 -0700] "GET /feed/rss HTTP/1.1" 200 413 "-" "Feedfetcher-Google; (+http://www.google.com/feedfetcher.html; 5 subscribers; feed-id=8282921309701812955)"
