209.85.238.213 - - [09/Aug/2011:08:41:57 -0700] "GET /feed/rss/ HTTP/1.1" 200 2741 "-" "Feedfetcher-Google; (+http://www.google.com/feedfetcher.html; 5 subscribers; feed-id=8282921309701812955)"
209.85.238.73 - - [09/Aug/2011:08:48:04 -0700] "GET /index.php?format=feed&type=rss HTTP/1.1" 200 379 "-" "Feedfetcher-Google; (+http://www.google.com/feedfetcher.html; 4 subscribers; feed-id=6887443542408518203)"
209.85.238.213 - - [09/Aug/2011:08:48:06 -0700] "GET /?format=feed&type=rss HTTP/1.1" 200 5137 "-" "Feedfetcher-Google; (+http://www.google.com/feedfetcher.html; 4 subscribers; feed-id=6887443542408518203)"
92.63.180.71 - - [09/Aug/2011:08:51:46 -0700] "GET /files/headerBanner.jpg HTTP/1.1" 200 153258 "http://fdt.powerflasher.com/blog/category/events/fdt4-tour/" "Mozilla/5.0 (X11; Linux x86_64; rv:5.0) Gecko/20100101 Firefox/5.0"
123.126.50.69 - - [09/Aug/2011:08:52:38 -0700] "GET /2009/05/08/searchinput-control/ HTTP/1.1" 200 7131 "-" "Sogou web spider/4.0(+http://www.sogou.com/docs/help/webmasters.htm#07)"
76.74.170.204 - - [09/Aug/2011:08:53:22 -0700] "GET /feed/ HTTP/1.1" 200 14401 "-" "ColdFusion"
38.99.98.9 - - [09/Aug/2011:08:54:23 -0700] "GET /robots.txt HTTP/1.1" 200 300 "-" "Mozilla/5.0 (compatible; ScoutJet; +http://www.scoutjet.com/)"
38.99.98.9 - - [09/Aug/2011:08:54:27 -0700] "GET / HTTP/1.1" 200 4951 "-" "Mozilla/5.0 (compatible; ScoutJet; +http://www.scoutjet.com/)"
75.119.204.73 - - [09/Aug/2011:08:55:32 -0700] "POST /wp-cron.php?doing_wp_cron HTTP/1.0" 200 158 "-" "WordPress/3.2.1; http://www.theflexguy.com"
209.85.238.213 - - [09/Aug/2011:08:55:31 -0700] "GET /?feed=rss2 HTTP/1.1" 200 409 "-" "Feedfetcher-Google; (+http://www.google.com/feedfetcher.html; 21 subscribers; feed-id=6047012421983505584)"
209.85.238.213 - - [09/Aug/2011:08:55:34 -0700] "GET /feed/ HTTP/1.1" 200 14400 "-" "Feedfetcher-Google; (+http://www.google.com/feedfetcher.html; 21 subscribers; feed-id=6047012421983505584)"
174.136.26.114 - - [09/Aug/2011:08:57:57 -0700] "GET /2007/05/ HTTP/1.0" 200 3020 "-" "Nutraspace/Nutch-1.2 (www.nutraspace.com)"
76.74.170.204 - - [09/Aug/2011:08:58:59 -0700] "GET /feed/ HTTP/1.1" 200 14401 "-" "ColdFusion"
174.37.154.78 - - [09/Aug/2011:08:59:57 -0700] "GET /feed/atom HTTP/1.0" 200 194 "-" "Gist Server"
192.150.14.130 - - [09/Aug/2011:09:03:50 -0700] "HEAD /?feed=rss2 HTTP/1.1" 200 353 "-" "Adobe Feeds"
66.249.85.2 - - [09/Aug/2011:09:04:32 -0700] "GET /files/headerBanner.jpg HTTP/1.1" 200 153202 "http://fdt.powerflasher.com/blog/" "Mozilla/5.0 (Linux; U; Android 2.3.4; generic) AppleWebKit/534.24 (KHTML, like Gecko; Google Web Preview) Version/4.0 Mobile Safari/534.24"
95.108.154.252 - - [09/Aug/2011:09:04:54 -0700] "GET /?option=com_content&Itemid=54&catid=35&id=54&lang=en&view=article&fontstyle=f-smaller HTTP/1.1" 200 4923 "-" "Mozilla/5.0 (compatible; YandexBot/3.0; +http://yandex.com/bots)"
173.192.238.44 - - [09/Aug/2011:09:06:40 -0700] "GET / HTTP/1.1" 200 321 "-" "Mozilla/5.0 (X11; U; Linux x86_64; en-US; rv:1.9.0.19; aggregator:Spinn3r (Spinn3r 3.1); http://spinn3r.com/robot) Gecko/2010040121 Firefox/3.0.19"
173.192.238.44 - - [09/Aug/2011:09:06:41 -0700] "GET / HTTP/1.1" 200 4951 "-" "Mozilla/5.0 (X11; U; Linux x86_64; en-US; rv:1.9.0.19; aggregator:Spinn3r (Spinn3r 3.1); http://spinn3r.com/robot) Gecko/2010040121 Firefox/3.0.19"
209.85.238.213 - - [09/Aug/2011:09:08:04 -0700] "GET /feed/ HTTP/1.1" 200 14401 "-" "Feedfetcher-Google; (+http://www.google.com/feedfetcher.html; 4 subscribers; feed-id=17450445626559736511)"
67.195.112.254 - - [09/Aug/2011:09:11:39 -0700] "GET /2010/11/10/dont-forget-the-down-state HTTP/1.0" 200 359 "-" "Mozilla/5.0 (compatible; Yahoo! Slurp; http://help.yahoo.com/help/us/ysearch/slurp)"
67.195.112.254 - - [09/Aug/2011:09:11:41 -0700] "GET /2010/11/10/dont-forget-the-down-state/ HTTP/1.0" 200 5304 "-" "Mozilla/5.0 (compatible; Yahoo! Slurp; http://help.yahoo.com/help/us/ysearch/slurp)"
67.195.112.254 - - [09/Aug/2011:09:11:43 -0700] "GET /wp-content/themes/uchilla1.0/print.css HTTP/1.0" 304 135 "http://www.theflexguy.com/2010/11/10/dont-forget-the-down-state/" "Mozilla/5.0 (compatible; Yahoo! Slurp; http://help.yahoo.com/help/us/ysearch/slurp)"
67.195.112.254 - - [09/Aug/2011:09:11:43 -0700] "GET /wp-content/plugins/flickrpress/style.css?ver=3.2.1 HTTP/1.0" 304 136 "http://www.theflexguy.com/2010/11/10/dont-forget-the-down-state/" "Mozilla/5.0 (compatible; Yahoo! Slurp; http://help.yahoo.com/help/us/ysearch/slurp)"
77.222.242.118 - - [09/Aug/2011:09:15:34 -0700] "GET /files/headerBanner.jpg HTTP/1.1" 200 153258 "http://fdt.powerflasher.com/blog/" "Opera/9.80 (Windows NT 6.1; U; en) Presto/2.9.168 Version/11.50"
89.202.163.174 - - [09/Aug/2011:09:15:48 -0700] "GET /index.php?format=feed&type=rss HTTP/1.0" 200 334 "-" "Desktop Sidebar v1.05.116.0"
89.202.163.174 - - [09/Aug/2011:09:15:49 -0700] "GET /?format=feed&type=rss HTTP/1.0" 200 23010 "-" "Desktop Sidebar v1.05.116.0"
75.119.204.73 - - [09/Aug/2011:09:17:37 -0700] "POST /wp-cron.php?doing_wp_cron HTTP/1.0" 200 158 "-" "WordPress/3.2.1; http://www.theflexguy.com"
67.195.112.254 - - [09/Aug/2011:09:17:36 -0700] "GET /2011/05/24/arraycollection-uses-your-sort/ HTTP/1.0" 200 5391 "http://www.theflexguy.com/2010/11/10/dont-forget-the-down-state/" "Mozilla/5.0 (compatible; Yahoo! Slurp; http://help.yahoo.com/help/us/ysearch/slurp)"
76.74.170.204 - - [09/Aug/2011:09:24:13 -0700] "GET /feed/ HTTP/1.1" 200 14404 "-" "ColdFusion"
89.229.10.55 - - [09/Aug/2011:09:24:38 -0700] "GET /feed/ HTTP/1.1" 200 14344 "-" "Feedreader 3.14 (Powered by Newsbrain)"
209.85.238.213 - - [09/Aug/2011:09:26:26 -0700] "GET /index.php?format=feed&type=rss HTTP/1.1" 200 5137 "-" "Feedfetcher-Google; (+http://www.google.com/feedfetcher.html; 3 subscribers; feed-id=14727418171627297269)"
192.150.10.201 - - [09/Aug/2011:09:28:18 -0700] "GET /files/headerBanner.jpg HTTP/1.1" 200 153258 "http://fdt.powerflasher.com/blog/2011/07/fdt-4-tour-at-seattle-flex-user-group-today/" "Mozilla/5.0 (Windows NT 6.1; WOW64) AppleWebKit/534.30 (KHTML, like Gecko) Chrome/12.0.742.112 Safari/534.30"
87.174.222.103 - - [09/Aug/2011:09:31:57 -0700] "GET /files/headerBanner.jpg HTTP/1.1" 200 153258 "http://fdt.powerflasher.com/blog/tag/flex/" "Mozilla/5.0 (Windows; U; Windows NT 6.1; en-US; rv:1.9.2.18) Gecko/20110614 Firefox/3.6.18"
192.150.10.200 - - [09/Aug/2011:09:33:07 -0700] "GET /files/headerBanner.jpg HTTP/1.1" 200 153258 "http://fdt.powerflasher.com/blog/category/events/fdt4-tour/" "Mozilla/5.0 (Windows NT 6.1; WOW64) AppleWebKit/535.1 (KHTML, like Gecko) Chrome/13.0.782.107 Safari/535.1"
220.181.108.116 - - [09/Aug/2011:09:35:46 -0700] "GET / HTTP/1.1" 200 4951 "-" "Mozilla/5.0 (compatible; Baiduspider/2.0; +http://www.baidu.com/search/spider.html)"
220.181.108.108 - - [09/Aug/2011:09:35:52 -0700] "GET /2009/01/ HTTP/1.1" 200 3880 "-" "Mozilla/5.0 (compatible; Baiduspider/2.0; +http://www.baidu.com/search/spider.html)"
220.181.108.116 - - [09/Aug/2011:09:35:54 -0700] "GET /2008/01/ HTTP/1.1" 200 4084 "-" "Mozilla/5.0 (compatible; Baiduspider/2.0; +http://www.baidu.com/search/spider.html)"
174.37.205.68 - - [09/Aug/2011:09:36:46 -0700] "GET / HTTP/1.1" 200 321 "-" "Mozilla/5.0 (X11; U; Linux x86_64; en-US; rv:1.9.0.19; aggregator:Spinn3r (Spinn3r 3.1); http://spinn3r.com/robot) Gecko/2010040121 Firefox/3.0.19"
174.37.205.68 - - [09/Aug/2011:09:36:47 -0700] "GET / HTTP/1.1" 200 4951 "-" "Mozilla/5.0 (X11; U; Linux x86_64; en-US; rv:1.9.0.19; aggregator:Spinn3r (Spinn3r 3.1); http://spinn3r.com/robot) Gecko/2010040121 Firefox/3.0.19"
95.108.154.252 - - [09/Aug/2011:09:39:31 -0700] "GET /?option=com_content&view=article&id=94:htmltext-editor-now-on-air&catid=39:desktop-apps&Itemid=55&fontstyle=f-larger HTTP/1.1" 200 4947 "-" "Mozilla/5.0 (compatible; YandexBot/3.0; +http://yandex.com/bots)"
192.150.10.201 - - [09/Aug/2011:09:39:40 -0700] "GET /files/headerBanner.jpg HTTP/1.1" 200 153258 "http://fdt.powerflasher.com/blog/category/events/fdt4-tour/" "Mozilla/5.0 (Windows NT 6.1; WOW64) AppleWebKit/535.1 (KHTML, like Gecko) Chrome/13.0.782.107 Safari/535.1"
174.136.26.114 - - [09/Aug/2011:09:40:36 -0700] "GET /2008/01/22/excitement-builds-for-flex-3-a-air/ HTTP/1.0" 200 5140 "-" "Nutraspace/Nutch-1.2 (www.nutraspace.com)"
75.119.204.73 - - [09/Aug/2011:09:43:03 -0700] "POST /wp-cron.php?doing_wp_cron HTTP/1.0" 200 158 "-" "WordPress/3.2.1; http://www.theflexguy.com"
209.85.238.213 - - [09/Aug/2011:09:43:01 -0700] "GET /index.php?option=com_idoblog&view=idoblog&Itemid=54&format=feed&type=rss HTTP/1.1" 200 421 "-" "Feedfetcher-Google; (+http://www.google.com/feedfetcher.html; 1 subscribers; feed-id=7080376364330259190)"
209.85.238.213 - - [09/Aug/2011:09:43:04 -0700] "GET /?option=com_idoblog&view=idoblog&Itemid=54&format=feed&type=rss HTTP/1.1" 200 5178 "-" "Feedfetcher-Google; (+http://www.google.com/feedfetcher.html; 1 subscribers; feed-id=7080376364330259190)"
173.234.211.103 - - [09/Aug/2011:09:43:35 -0700] "GET /2009/05/08/bugquash-improvements/ HTTP/1.0" 200 16507 "http://www.panorama-mieszkania.yoyo.pl" "Mozilla/5.0 (Windows; U; Windows NT 5.1; pl; rv:1.9.1.3) Gecko/20090824 Firefox/3.5.3"
173.234.211.103 - - [09/Aug/2011:09:43:37 -0700] "POST /wp-comments-post.php HTTP/1.0" 200 367 "http://www.theflexguy.com" "Mozilla/5.0 (Windows; U; Windows NT 5.1; pl; rv:1.9.1.3) Gecko/20090824 Firefox/3.5.3"
67.195.112.254 - - [09/Aug/2011:09:44:33 -0700] "GET /2010/02/ HTTP/1.0" 200 2754 "-" "Mozilla/5.0 (compatible; Yahoo! Slurp; http://help.yahoo.com/help/us/ysearch/slurp)"
192.150.10.200 - - [09/Aug/2011:09:45:00 -0700] "GET /files/headerBanner.jpg HTTP/1.1" 200 153258 "http://fdt.powerflasher.com/blog/category/events/fdt4-tour/" "Mozilla/5.0 (Macintosh; Intel Mac OS X 10_6_8) AppleWebKit/535.1 (KHTML, like Gecko) Chrome/13.0.782.112 Safari/535.1"
198.145.116.13 - - [09/Aug/2011:09:46:31 -0700] "GET /wp-content/themes/uchilla1.0/print.css HTTP/1.0" 200 489 "-" "Mozilla/4.0 (compatible; MSIE 6.0; Windows NT 5.0)"
219.239.34.56 - - [09/Aug/2011:09:46:59 -0700] "GET /feed/rss/ HTTP/1.1" 200 194 "-" "Xianguo.com 1 Subscribers"
209.85.238.73 - - [09/Aug/2011:09:48:14 -0700] "GET /index.php?format=feed&type=rss HTTP/1.1" 200 379 "-" "Feedfetcher-Google; (+http://www.google.com/feedfetcher.html; 4 subscribers; feed-id=6887443542408518203)"
209.85.238.213 - - [09/Aug/2011:09:48:15 -0700] "GET /?format=feed&type=rss HTTP/1.1" 200 5137 "-" "Feedfetcher-Google; (+http://www.google.com/feedfetcher.html; 4 subscribers; feed-id=6887443542408518203)"
124.115.4.205 - - [09/Aug/2011:09:49:14 -0700] "GET / HTTP/1.1" 200 358 "-" "Sosospider+(+http://help.soso.com/webspider.htm)"
209.85.238.213 - - [09/Aug/2011:09:49:45 -0700] "GET /feed/rss HTTP/1.1" 200 413 "-" "Feedfetcher-Google; (+http://www.google.com/feedfetcher.html; 5 subscribers; feed-id=8282921309701812955)"
209.85.238.213 - - [09/Aug/2011:09:49:45 -0700] "GET /feed/rss/ HTTP/1.1" 200 193 "-" "Feedfetcher-Google; (+http://www.google.com/feedfetcher.html; 5 subscribers; feed-id=8282921309701812955)"
174.136.26.114 - - [09/Aug/2011:09:50:37 -0700] "GET /2007/01/ HTTP/1.0" 200 4599 "-" "Nutraspace/Nutch-1.2 (www.nutraspace.com)"
65.52.110.77 - - [09/Aug/2011:09:54:57 -0700] "GET /robots.txt HTTP/1.1" 200 305 "-" "Mozilla/5.0 (compatible; bingbot/2.0; +http://www.bing.com/bingbot.htm)"
65.52.110.77 - - [09/Aug/2011:09:56:33 -0700] "GET /?option=com_content&view=article&id=94:htmltext-editor-now-on-air&catid=39:desktop-apps&Itemid=11 HTTP/1.1" 200 4936 "-" "Mozilla/5.0 (compatible; bingbot/2.0; +http://www.bing.com/bingbot.htm)"
209.85.238.213 - - [09/Aug/2011:09:57:11 -0700] "GET /?feed=rss2 HTTP/1.1" 200 409 "-" "Feedfetcher-Google; (+http://www.google.com/feedfetcher.html; 21 subscribers; feed-id=6047012421983505584)"
209.85.238.213 - - [09/Aug/2011:09:57:12 -0700] "GET /feed/ HTTP/1.1" 200 14399 "-" "Feedfetcher-Google; (+http://www.google.com/feedfetcher.html; 21 subscribers; feed-id=6047012421983505584)"
76.74.170.204 - - [09/Aug/2011:09:58:46 -0700] "GET /feed/ HTTP/1.1" 200 14400 "-" "ColdFusion"
75.119.204.73 - - [09/Aug/2011:09:59:58 -0700] "POST /wp-cron.php?doing_wp_cron HTTP/1.0" 200 158 "-" "WordPress/3.2.1; http://www.theflexguy.com"
174.37.154.78 - - [09/Aug/2011:09:59:58 -0700] "GET /feed/atom HTTP/1.0" 200 194 "-" "Gist Server"
173.192.238.48 - - [09/Aug/2011:10:00:46 -0700] "GET /feed/atom/ HTTP/1.1" 200 143 "-" "Mozilla/5.0 (X11; U; Linux x86_64; en-US; rv:1.9.0.19; aggregator:Spinn3r (Spinn3r 3.1); http://spinn3r.com/robot) Gecko/2010040121 Firefox/3.0.19"
89.246.67.229 - - [09/Aug/2011:10:01:41 -0700] "GET /files/headerBanner.jpg HTTP/1.1" 200 153258 "http://fdt.powerflasher.com/blog/" "Mozilla/5.0 (Macintosh; Intel Mac OS X 10_7_0) AppleWebKit/535.1 (KHTML, like Gecko) Chrome/13.0.782.112 Safari/535.1"
76.74.170.204 - - [09/Aug/2011:10:05:54 -0700] "GET /feed/ HTTP/1.1" 200 14400 "-" "ColdFusion"
174.36.228.156 - - [09/Aug/2011:10:07:00 -0700] "GET / HTTP/1.1" 200 321 "-" "Mozilla/5.0 (X11; U; Linux x86_64; en-US; rv:1.9.0.19; aggregator:Spinn3r (Spinn3r 3.1); http://spinn3r.com/robot) Gecko/2010040121 Firefox/3.0.19"
174.36.228.156 - - [09/Aug/2011:10:07:04 -0700] "GET / HTTP/1.1" 200 4825 "-" "Mozilla/5.0 (X11; U; Linux x86_64; en-US; rv:1.9.0.19; aggregator:Spinn3r (Spinn3r 3.1); http://spinn3r.com/robot) Gecko/2010040121 Firefox/3.0.19"
209.85.238.213 - - [09/Aug/2011:10:17:14 -0700] "GET /feed/ HTTP/1.1" 200 14400 "-" "Feedfetcher-Google; (+http://www.google.com/feedfetcher.html; 4 subscribers; feed-id=17450445626559736511)"
61.135.248.229 - - [09/Aug/2011:10:22:21 -0700] "GET / HTTP/1.1" 200 4806 "-" "Mozilla/5.0 (compatible; YodaoBot/1.0; http://www.yodao.com/help/webmaster/spider/; )"
24.234.193.25 - - [09/Aug/2011:10:23:31 -0700] "GET /files/headerBanner.jpg HTTP/1.1" 200 153258 "http://fdt.powerflasher.com/blog/category/events/fdt4-tour/" "Mozilla/5.0 (iPad; U; CPU OS 4_2_1 like Mac OS X; en-gb) AppleWebKit/533.17.9 (KHTML, like Gecko) Version/5.0.2 Mobile/8C148 Safari/6533.18.5"
209.85.238.213 - - [09/Aug/2011:10:25:43 -0700] "GET /index.php?format=feed&type=atom HTTP/1.1" 200 380 "-" "Feedfetcher-Google; (+http://www.google.com/feedfetcher.html; 1 subscribers; feed-id=2021327347742680309)"
209.85.238.213 - - [09/Aug/2011:10:25:45 -0700] "GET /?format=feed&type=atom HTTP/1.1" 200 5153 "-" "Feedfetcher-Google; (+http://www.google.com/feedfetcher.html; 1 subscribers; feed-id=2021327347742680309)"
209.85.238.213 - - [09/Aug/2011:10:26:26 -0700] "GET /index.php?format=feed&type=rss HTTP/1.1" 200 5137 "-" "Feedfetcher-Google; (+http://www.google.com/feedfetcher.html; 3 subscribers; feed-id=14727418171627297269)"
31.18.89.129 - - [09/Aug/2011:10:28:32 -0700] "GET /files/headerBanner.jpg HTTP/1.1" 200 153258 "http://fdt.powerflasher.com/blog/2011/07/fdt-4-tour-at-seattle-flex-user-group-today/" "Mozilla/5.0 (Windows NT 6.1; WOW64; rv:5.0) Gecko/20100101 Firefox/5.0"
75.119.204.73 - - [09/Aug/2011:10:30:55 -0700] "POST /wp-cron.php?doing_wp_cron HTTP/1.0" 200 158 "-" "WordPress/3.2.1; http://www.theflexguy.com"
174.37.205.68 - - [09/Aug/2011:10:30:54 -0700] "GET /feed/atom/ HTTP/1.1" 200 143 "-" "Mozilla/5.0 (X11; U; Linux x86_64; en-US; rv:1.9.0.19; aggregator:Spinn3r (Spinn3r 3.1); http://spinn3r.com/robot) Gecko/2010040121 Firefox/3.0.19"
137.138.42.34 - - [09/Aug/2011:10:31:58 -0700] "GET /files/headerBanner.jpg HTTP/1.1" 200 153258 "http://fdt.powerflasher.com/blog/" "Mozilla/5.0 (X11; Linux i686; rv:8.0a1) Gecko/20110809 Firefox/8.0a1 SeaMonkey/2.5a1 Lightning/1.1a1pre"
174.136.26.114 - - [09/Aug/2011:10:33:43 -0700] "GET /2007/02/02/time-to-clean-the-windows/ HTTP/1.0" 200 4815 "-" "Nutraspace/Nutch-1.2 (www.nutraspace.com)"
174.36.228.156 - - [09/Aug/2011:10:37:16 -0700] "GET / HTTP/1.1" 200 321 "-" "Mozilla/5.0 (X11; U; Linux x86_64; en-US; rv:1.9.0.19; aggregator:Spinn3r (Spinn3r 3.1); http://spinn3r.com/robot) Gecko/2010040121 Firefox/3.0.19"
174.36.228.156 - - [09/Aug/2011:10:37:17 -0700] "GET / HTTP/1.1" 200 4825 "-" "Mozilla/5.0 (X11; U; Linux x86_64; en-US; rv:1.9.0.19; aggregator:Spinn3r (Spinn3r 3.1); http://spinn3r.com/robot) Gecko/2010040121 Firefox/3.0.19"
208.115.111.73 - - [09/Aug/2011:10:39:44 -0700] "GET /tag/api/ HTTP/1.1" 200 11637 "-" "Mozilla/5.0 (compatible; Ezooms/1.0; ezooms.bot@gmail.com)"
76.74.170.204 - - [09/Aug/2011:10:41:12 -0700] "GET /feed/ HTTP/1.1" 200 14406 "-" "ColdFusion"
75.119.204.73 - - [09/Aug/2011:10:44:01 -0700] "POST /wp-cron.php?doing_wp_cron HTTP/1.0" 200 158 "-" "WordPress/3.2.1; http://www.theflexguy.com"
209.85.238.213 - - [09/Aug/2011:10:44:00 -0700] "GET /index.php?option=com_content&view=category&layout=blog&id=35&Itemid=54&format=feed&type=rss HTTP/1.1" 200 440 "-" "Feedfetcher-Google; (+http://www.google.com/feedfetcher.html; 1 subscribers; feed-id=9816647088266946374)"
209.85.238.213 - - [09/Aug/2011:10:44:01 -0700] "GET /?option=com_content&view=category&layout=blog&id=35&Itemid=54&format=feed&type=rss HTTP/1.1" 200 5191 "-" "Feedfetcher-Google; (+http://www.google.com/feedfetcher.html; 1 subscribers; feed-id=9816647088266946374)"
209.85.238.213 - - [09/Aug/2011:10:45:45 -0700] "GET /feed/rss HTTP/1.1" 200 413 "-" "Feedfetcher-Google; (+http://www.google.com/feedfetcher.html; 5 subscribers; feed-id=8282921309701812955)"
209.85.238.213 - - [09/Aug/2011:10:45:46 -0700] "GET /feed/rss/ HTTP/1.1" 200 193 "-" "Feedfetcher-Google; (+http://www.google.com/feedfetcher.html; 5 subscribers; feed-id=8282921309701812955)"
209.85.238.73 - - [09/Aug/2011:10:48:24 -0700] "GET /index.php?format=feed&type=rss HTTP/1.1" 200 379 "-" "Feedfetcher-Google; (+http://www.google.com/feedfetcher.html; 4 subscribers; feed-id=6887443542408518203)"
209.85.238.213 - - [09/Aug/2011:10:48:25 -0700] "GET /?format=feed&type=rss HTTP/1.1" 200 5153 "-" "Feedfetcher-Google; (+http://www.google.com/feedfetcher.html; 4 subscribers; feed-id=6887443542408518203)"
77.3.171.52 - - [09/Aug/2011:10:49:15 -0700] "GET /files/headerBanner.jpg HTTP/1.1" 200 153258 "http://www.google.de/reader/view/" "Mozilla/5.0 (Macintosh; Intel Mac OS X 10_7_0) AppleWebKit/535.1 (KHTML, like Gecko) Chrome/13.0.782.112 Safari/535.1"
188.194.178.155 - - [09/Aug/2011:10:49:20 -0700] "GET /files/headerBanner.jpg HTTP/1.1" 200 153258 "http://fdt.powerflasher.com/blog/tag/flex/" "Mozilla/5.0 (Windows NT 6.1; WOW64) AppleWebKit/535.1 (KHTML, like Gecko) Chrome/13.0.782.107 Safari/535.1"
95.108.214.12 - - [09/Aug/2011:10:52:37 -0700] "GET /2009/05/08/searchinput-control/feed/ HTTP/1.1" 200 1203 "-" "Mozilla/5.0 (compatible; YandexBlogs/0.99; robot; C; +http://yandex.com/bots)"
95.108.214.12 - - [09/Aug/2011:10:52:39 -0700] "GET /2009/05/12/chat-widget/feed/ HTTP/1.1" 200 1179 "-" "Mozilla/5.0 (compatible; YandexBlogs/0.99; robot; C; +http://yandex.com/bots)"
95.108.214.12 - - [09/Aug/2011:10:52:40 -0700] "GET /2009/08/09/four-considerations-for-custom-components/feed/ HTTP/1.1" 200 1269 "-" "Mozilla/5.0 (compatible; YandexBlogs/0.99; robot; C; +http://yandex.com/bots)"
95.108.214.12 - - [09/Aug/2011:10:52:40 -0700] "GET /2009/08/09/runaway-arraycollections/feed/ HTTP/1.1" 200 1218 "-" "Mozilla/5.0 (compatible; YandexBlogs/0.99; robot; C; +http://yandex.com/bots)"
95.108.214.12 - - [09/Aug/2011:10:52:41 -0700] "GET /2010/01/05/new-year-improved-site/feed/ HTTP/1.1" 200 1213 "-" "Mozilla/5.0 (compatible; YandexBlogs/0.99; robot; C; +http://yandex.com/bots)"
95.108.214.12 - - [09/Aug/2011:10:52:42 -0700] "GET /2010/02/15/air-on-android/feed/ HTTP/1.1" 200 1188 "-" "Mozilla/5.0 (compatible; YandexBlogs/0.99; robot; C; +http://yandex.com/bots)"
95.108.214.12 - - [09/Aug/2011:10:52:43 -0700] "GET /2010/11/10/dont-forget-the-down-state/feed/ HTTP/1.1" 200 1231 "-" "Mozilla/5.0 (compatible; YandexBlogs/0.99; robot; C; +http://yandex.com/bots)"
95.108.214.12 - - [09/Aug/2011:10:52:43 -0700] "GET /2011/05/24/arraycollection-uses-your-sort/feed/ HTTP/1.1" 200 1890 "-" "Mozilla/5.0 (compatible; YandexBlogs/0.99; robot; C; +http://yandex.com/bots)"
95.108.214.12 - - [09/Aug/2011:10:52:45 -0700] "GET /2011/06/17/some-thoughts-on-caching/feed/ HTTP/1.1" 200 1234 "-" "Mozilla/5.0 (compatible; YandexBlogs/0.99; robot; C; +http://yandex.com/bots)"
95.108.214.12 - - [09/Aug/2011:10:52:46 -0700] "GET /2011/06/18/more-thoughts-on-caching-in-flex/feed/ HTTP/1.1" 200 1242 "-" "Mozilla/5.0 (compatible; YandexBlogs/0.99; robot; C; +http://yandex.com/bots)"
67.195.112.254 - - [09/Aug/2011:10:55:41 -0700] "GET /2007/01/14/to-start-with/ HTTP/1.0" 200 4392 "-" "Mozilla/5.0 (compatible; Yahoo! Slurp; http://help.yahoo.com/help/us/ysearch/slurp)"
67.195.112.254 - - [09/Aug/2011:10:55:42 -0700] "GET /wp-content/themes/uchilla1.0/style.css HTTP/1.0" 304 137 "http://www.theflexguy.com/2007/01/14/to-start-with/" "Mozilla/5.0 (compatible; Yahoo! Slurp; http://help.yahoo.com/help/us/ysearch/slurp)"
38.111.35.190 - - [09/Aug/2011:10:59:51 -0700] "GET /files/headerBanner.jpg HTTP/1.1" 200 153258 "http://fdt.powerflasher.com/blog/" "Mozilla/5.0 (Windows NT 6.1; WOW64) AppleWebKit/535.1 (KHTML, like Gecko) Chrome/13.0.782.109 Safari/535.1"
85.17.90.129 - - [09/Aug/2011:10:59:59 -0700] "GET /?feed=rss2 HTTP/1.0" 200 372 "-" "MagpieRSS/0.7 (+http://magpierss.sf.net; No cache)"
85.17.90.129 - - [09/Aug/2011:11:00:00 -0700] "GET /feed/ HTTP/1.0" 200 14316 "-" "MagpieRSS/0.7 (+http://magpierss.sf.net; No cache)"
75.119.204.73 - - [09/Aug/2011:11:01:06 -0700] "POST /wp-cron.php?doing_wp_cron HTTP/1.0" 200 158 "-" "WordPress/3.2.1; http://www.theflexguy.com"
173.192.238.44 - - [09/Aug/2011:11:01:05 -0700] "GET /feed/atom/ HTTP/1.1" 200 143 "-" "Mozilla/5.0 (X11; U; Linux x86_64; en-US; rv:1.9.0.19; aggregator:Spinn3r (Spinn3r 3.1); http://spinn3r.com/robot) Gecko/2010040121 Firefox/3.0.19"
123.126.50.69 - - [09/Aug/2011:11:03:00 -0700] "GET /2010/02/15/air-on-android/ HTTP/1.1" 200 4461 "-" "Sogou web spider/4.0(+http://www.sogou.com/docs/help/webmasters.htm#07)"
192.150.14.130 - - [09/Aug/2011:11:04:03 -0700] "HEAD /?feed=rss2 HTTP/1.1" 200 353 "-" "Adobe Feeds"
174.136.117.240 - - [09/Aug/2011:11:04:12 -0700] "GET /files/headerBanner.jpg HTTP/1.1" 200 153258 "http://fdt.powerflasher.com/blog/" "Mozilla/5.0 (Windows NT 6.1; WOW64; rv:5.0) Gecko/20100101 Firefox/5.0"
209.85.238.213 - - [09/Aug/2011:11:06:21 -0700] "GET /?feed=rss2 HTTP/1.1" 200 409 "-" "Feedfetcher-Google; (+http://www.google.com/feedfetcher.html; 21 subscribers; feed-id=6047012421983505584)"
209.85.238.213 - - [09/Aug/2011:11:06:22 -0700] "GET /feed/ HTTP/1.1" 200 14401 "-" "Feedfetcher-Google; (+http://www.google.com/feedfetcher.html; 21 subscribers; feed-id=6047012421983505584)"
173.192.238.48 - - [09/Aug/2011:11:07:23 -0700] "GET / HTTP/1.1" 200 321 "-" "Mozilla/5.0 (X11; U; Linux x86_64; en-US; rv:1.9.0.19; aggregator:Spinn3r (Spinn3r 3.1); http://spinn3r.com/robot) Gecko/2010040121 Firefox/3.0.19"
173.192.238.48 - - [09/Aug/2011:11:07:24 -0700] "GET / HTTP/1.1" 200 4825 "-" "Mozilla/5.0 (X11; U; Linux x86_64; en-US; rv:1.9.0.19; aggregator:Spinn3r (Spinn3r 3.1); http://spinn3r.com/robot) Gecko/2010040121 Firefox/3.0.19"
91.187.103.20 - - [09/Aug/2011:11:10:24 -0700] "GET /files/headerBanner.jpg HTTP/1.1" 200 153258 "http://fdt.powerflasher.com/blog/" "Mozilla/4.0 (compatible; MSIE 8.0; Windows NT 5.1; Trident/4.0; GTB7.0; .NET CLR 2.0.50727; OfficeLiveConnector.1.3; OfficeLivePatch.0.0; AskTbFXTV5/5.8.0.12304)"
174.136.26.114 - - [09/Aug/2011:11:10:38 -0700] "GET /2008/01/16/flash-a-flex-the-chemicals-between-us/ HTTP/1.0" 200 5231 "-" "Nutraspace/Nutch-1.2 (www.nutraspace.com)"
177.9.43.22 - - [09/Aug/2011:11:10:57 -0700] "GET /files/headerBanner.jpg HTTP/1.1" 200 153258 "http://fdt.powerflasher.com/blog/" "Mozilla/5.0 (Windows; U; Windows NT 6.1; en-US) AppleWebKit/534.16 (KHTML, like Gecko) Chrome/10.0.648.204 Safari/534.16"
75.119.204.73 - - [09/Aug/2011:11:11:04 -0700] "POST /wp-cron.php?doing_wp_cron HTTP/1.0" 200 158 "-" "WordPress/3.2.1; http://www.theflexguy.com"
46.21.148.138 - - [09/Aug/2011:11:11:03 -0700] "GET /wp-content/plugins/wp-mobile-detector/readme.txt HTTP/1.0" 200 8453 "http://www.theflexguy.com/wp-content/plugins/wp-mobile-detector/readme.txt" "Mozilla/4.0 (compatible; MSIE 6.0; Windows 98; Win 9x 4.90)"
38.101.148.126 - - [09/Aug/2011:11:14:00 -0700] "GET /robots.txt HTTP/1.1" 200 293 "-" "Mozilla/5.0 (compatible; discobot/1.1; +http://discoveryengine.com/discobot.html)"
38.101.148.126 - - [09/Aug/2011:11:17:23 -0700] "GET /robots.txt HTTP/1.1" 200 293 "-" "Mozilla/5.0 (compatible; discobot/1.1; +http://discoveryengine.com/discobot.html)"
209.85.238.213 - - [09/Aug/2011:11:18:05 -0700] "GET /feed/ HTTP/1.1" 200 14402 "-" "Feedfetcher-Google; (+http://www.google.com/feedfetcher.html; 4 subscribers; feed-id=17450445626559736511)"
209.85.238.213 - - [09/Aug/2011:11:26:26 -0700] "GET /index.php?format=feed&type=rss HTTP/1.1" 200 5137 "-" "Feedfetcher-Google; (+http://www.google.com/feedfetcher.html; 3 subscribers; feed-id=14727418171627297269)"
75.119.204.73 - - [09/Aug/2011:11:27:37 -0700] "POST /wp-cron.php?doing_wp_cron HTTP/1.0" 200 158 "-" "WordPress/3.2.1; http://www.theflexguy.com"
65.52.110.40 - - [09/Aug/2011:11:27:37 -0700] "GET /robots.txt HTTP/1.1" 200 305 "-" "Mozilla/5.0 (compatible; bingbot/2.0; +http://www.bing.com/bingbot.htm)"
65.52.110.40 - - [09/Aug/2011:11:28:49 -0700] "GET /2008/10/23/htmltext-editor-now-on-air/feed/ HTTP/1.1" 200 898 "-" "Mozilla/5.0 (compatible; bingbot/2.0; +http://www.bing.com/bingbot.htm)"
173.192.238.44 - - [09/Aug/2011:11:31:11 -0700] "GET /feed/atom/ HTTP/1.1" 200 143 "-" "Mozilla/5.0 (X11; U; Linux x86_64; en-US; rv:1.9.0.19; aggregator:Spinn3r (Spinn3r 3.1); http://spinn3r.com/robot) Gecko/2010040121 Firefox/3.0.19"
174.136.26.114 - - [09/Aug/2011:11:33:40 -0700] "GET /2010/02/15/air-on-android/trackback/ HTTP/1.0" 200 411 "-" "Nutraspace/Nutch-1.2 (www.nutraspace.com)"
75.119.204.73 - - [09/Aug/2011:11:34:16 -0700] "POST /wp-cron.php?doing_wp_cron HTTP/1.0" 200 158 "-" "WordPress/3.2.1; http://www.theflexguy.com"
174.136.26.114 - - [09/Aug/2011:11:34:14 -0700] "GET /2007/11/19/air-has-its-final-logo/ HTTP/1.0" 200 4763 "-" "Nutraspace/Nutch-1.2 (www.nutraspace.com)"
76.74.170.204 - - [09/Aug/2011:11:36:23 -0700] "GET /feed/ HTTP/1.1" 200 14402 "-" "ColdFusion"
173.192.238.48 - - [09/Aug/2011:11:37:34 -0700] "GET / HTTP/1.1" 200 321 "-" "Mozilla/5.0 (X11; U; Linux x86_64; en-US; rv:1.9.0.19; aggregator:Spinn3r (Spinn3r 3.1); http://spinn3r.com/robot) Gecko/2010040121 Firefox/3.0.19"
173.192.238.48 - - [09/Aug/2011:11:37:34 -0700] "GET / HTTP/1.1" 200 4825 "-" "Mozilla/5.0 (X11; U; Linux x86_64; en-US; rv:1.9.0.19; aggregator:Spinn3r (Spinn3r 3.1); http://spinn3r.com/robot) Gecko/2010040121 Firefox/3.0.19"
209.85.238.213 - - [09/Aug/2011:11:40:45 -0700] "GET /feed/rss HTTP/1.1" 200 413 "-" "Feedfetcher-Google; (+http://www.google.com/feedfetcher.html; 5 subscribers; feed-id=8282921309701812955)"
209.85.238.213 - - [09/Aug/2011:11:40:46 -0700] "GET /feed/rss/ HTTP/1.1" 200 193 "-" "Feedfetcher-Google; (+http://www.google.com/feedfetcher.html; 5 subscribers; feed-id=8282921309701812955)"
219.239.34.56 - - [09/Aug/2011:11:43:19 -0700] "GET /feed/rss/ HTTP/1.1" 200 194 "-" "Xianguo.com 1 Subscribers"
76.74.170.204 - - [09/Aug/2011:11:46:57 -0700] "GET /feed/ HTTP/1.1" 200 14402 "-" "ColdFusion"
99.155.115.106 - - [09/Aug/2011:11:47:12 -0700] "GET /files/headerBanner.jpg HTTP/1.1" 200 153258 "http://fdt.powerflasher.com/blog/" "Mozilla/4.0 (compatible; MSIE 8.0; Windows NT 5.1; Trident/4.0; GTB7.1; .NET CLR 2.0.50727; .NET CLR 3.0.4506.2152; .NET CLR 3.5.30729; InfoPath.3)"
209.85.238.73 - - [09/Aug/2011:11:48:34 -0700] "GET /index.php?format=feed&type=rss HTTP/1.1" 200 379 "-" "Feedfetcher-Google; (+http://www.google.com/feedfetcher.html; 4 subscribers; feed-id=6887443542408518203)"
209.85.238.213 - - [09/Aug/2011:11:48:35 -0700] "GET /?format=feed&type=rss HTTP/1.1" 200 5137 "-" "Feedfetcher-Google; (+http://www.google.com/feedfetcher.html; 4 subscribers; feed-id=6887443542408518203)"
123.126.50.69 - - [09/Aug/2011:11:49:59 -0700] "GET /2009/01/16/skinning-with-fireworks/ HTTP/1.1" 200 7691 "-" "Sogou web spider/4.0(+http://www.sogou.com/docs/help/webmasters.htm#07)"
123.126.50.69 - - [09/Aug/2011:11:56:43 -0700] "GET /2010/11/10/dont-forget-the-down-state/trackback/ HTTP/1.1" 200 416 "-" "Sogou web spider/4.0(+http://www.sogou.com/docs/help/webmasters.htm#07)"
123.126.50.69 - - [09/Aug/2011:11:56:52 -0700] "GET /2010/11/10/dont-forget-the-down-state/ HTTP/1.1" 200 5484 "-" "Sogou web spider/4.0(+http://www.sogou.com/docs/help/webmasters.htm#07)"
209.85.238.213 - - [09/Aug/2011:12:00:31 -0700] "GET /?feed=rss2 HTTP/1.1" 200 409 "-" "Feedfetcher-Google; (+http://www.google.com/feedfetcher.html; 21 subscribers; feed-id=6047012421983505584)"
209.85.238.213 - - [09/Aug/2011:12:00:33 -0700] "GET /feed/ HTTP/1.1" 200 14402 "-" "Feedfetcher-Google; (+http://www.google.com/feedfetcher.html; 21 subscribers; feed-id=6047012421983505584)"
174.37.205.92 - - [09/Aug/2011:12:01:17 -0700] "GET /feed/atom/ HTTP/1.1" 200 143 "-" "Mozilla/5.0 (X11; U; Linux x86_64; en-US; rv:1.9.0.19; aggregator:Spinn3r (Spinn3r 3.1); http://spinn3r.com/robot) Gecko/2010040121 Firefox/3.0.19"
75.119.204.73 - - [09/Aug/2011:12:01:17 -0700] "POST /wp-cron.php?doing_wp_cron HTTP/1.0" 200 158 "-" "WordPress/3.2.1; http://www.theflexguy.com"
173.192.238.48 - - [09/Aug/2011:12:07:41 -0700] "GET / HTTP/1.1" 200 321 "-" "Mozilla/5.0 (X11; U; Linux x86_64; en-US; rv:1.9.0.19; aggregator:Spinn3r (Spinn3r 3.1); http://spinn3r.com/robot) Gecko/2010040121 Firefox/3.0.19"
173.192.238.48 - - [09/Aug/2011:12:07:42 -0700] "GET / HTTP/1.1" 200 4825 "-" "Mozilla/5.0 (X11; U; Linux x86_64; en-US; rv:1.9.0.19; aggregator:Spinn3r (Spinn3r 3.1); http://spinn3r.com/robot) Gecko/2010040121 Firefox/3.0.19"
76.74.170.204 - - [09/Aug/2011:12:08:24 -0700] "GET /feed/ HTTP/1.1" 200 14406 "-" "ColdFusion"
66.219.58.38 - - [09/Aug/2011:12:12:26 -0700] "GET /robots.txt HTTP/1.1" 200 293 "-" "MLBot (www.metadatalabs.com/mlbot)"
66.219.58.38 - - [09/Aug/2011:12:12:28 -0700] "GET /tools/htmlTextEditor2008/ HTTP/1.1" 200 1930 "-" "MLBot (www.metadatalabs.com/mlbot)"
75.119.204.73 - - [09/Aug/2011:12:12:26 -0700] "POST /wp-cron.php?doing_wp_cron HTTP/1.0" 200 158 "-" "WordPress/3.2.1; http://www.theflexguy.com"
76.74.170.204 - - [09/Aug/2011:12:19:40 -0700] "GET /feed/ HTTP/1.1" 200 14402 "-" "ColdFusion"
209.85.238.213 - - [09/Aug/2011:12:23:45 -0700] "GET /feed/ HTTP/1.1" 200 14402 "-" "Feedfetcher-Google; (+http://www.google.com/feedfetcher.html; 4 subscribers; feed-id=17450445626559736511)"
209.85.238.213 - - [09/Aug/2011:12:26:28 -0700] "GET /index.php?format=feed&type=rss HTTP/1.1" 200 379 "-" "Feedfetcher-Google; (+http://www.google.com/feedfetcher.html; 3 subscribers; feed-id=14727418171627297269)"
75.119.204.73 - - [09/Aug/2011:12:26:33 -0700] "POST /wp-cron.php?doing_wp_cron HTTP/1.0" 200 158 "-" "WordPress/3.2.1; http://www.theflexguy.com"
209.85.238.213 - - [09/Aug/2011:12:26:35 -0700] "GET /?format=feed&type=rss HTTP/1.1" 200 5152 "-" "Feedfetcher-Google; (+http://www.google.com/feedfetcher.html; 3 subscribers; feed-id=14727418171627297269)"
88.131.106.3 - - [09/Aug/2011:12:26:49 -0700] "GET /robots.txt HTTP/1.0" 200 293 "-" "Mozilla/5.0 (Windows; U; Windows NT 5.1; en-US) Speedy Spider (http://www.entireweb.com/about/search_tech/speedy_spider/)"
88.131.106.5 - - [09/Aug/2011:12:26:51 -0700] "GET /new-year-improved-site HTTP/1.0" 200 512 "-" "Mozilla/5.0 (Windows; U; Windows NT 5.1; en-US) Speedy Spider (http://www.entireweb.com/about/search_tech/speedy_spider/)"
88.131.106.1 - - [09/Aug/2011:12:27:05 -0700] "GET /2010/01/05/new-year-improved-site/ HTTP/1.0" 200 4928 "-" "Mozilla/5.0 (Windows; U; Windows NT 5.1; en-US) Speedy Spider (http://www.entireweb.com/about/search_tech/speedy_spider/)"
209.85.238.213 - - [09/Aug/2011:12:31:05 -0700] "GET /feed/rss HTTP/1.1" 200 413 "-" "Feedfetcher-Google; (+http://www.google.com/feedfetcher.html; 5 subscribers; feed-id=8282921309701812955)"
209.85.238.213 - - [09/Aug/2011:12:31:08 -0700] "GET /feed/rss/ HTTP/1.1" 200 193 "-" "Feedfetcher-Google; (+http://www.google.com/feedfetcher.html; 5 subscribers; feed-id=8282921309701812955)"
75.119.204.73 - - [09/Aug/2011:12:31:06 -0700] "POST /wp-cron.php?doing_wp_cron HTTP/1.0" 200 158 "-" "WordPress/3.2.1; http://www.theflexguy.com"
174.36.228.156 - - [09/Aug/2011:12:31:26 -0700] "GET /feed/atom/ HTTP/1.1" 200 143 "-" "Mozilla/5.0 (X11; U; Linux x86_64; en-US; rv:1.9.0.19; aggregator:Spinn3r (Spinn3r 3.1); http://spinn3r.com/robot) Gecko/2010040121 Firefox/3.0.19"
67.195.112.254 - - [09/Aug/2011:12:33:46 -0700] "GET /2007/11/09/custom-flex-folder-icon/ HTTP/1.0" 200 4393 "-" "Mozilla/5.0 (compatible; Yahoo! Slurp; http://help.yahoo.com/help/us/ysearch/slurp)"
67.195.112.254 - - [09/Aug/2011:12:33:47 -0700] "GET /wp-content/themes/uchilla1.0/print.css HTTP/1.0" 304 135 "http://www.theflexguy.com/2007/11/09/custom-flex-folder-icon/" "Mozilla/5.0 (compatible; Yahoo! Slurp; http://help.yahoo.com/help/us/ysearch/slurp)"
67.195.112.254 - - [09/Aug/2011:12:33:47 -0700] "GET /wp-content/plugins/flickrpress/style.css?ver=3.2.1 HTTP/1.0" 304 136 "http://www.theflexguy.com/2007/11/09/custom-flex-folder-icon/" "Mozilla/5.0 (compatible; Yahoo! Slurp; http://help.yahoo.com/help/us/ysearch/slurp)"
65.52.58.205 - - [09/Aug/2011:12:34:38 -0700] "GET /feed/ HTTP/1.1" 200 14365 "-" "NewsGatorOnline/2.0 (http://www.newsgator.com; 1 subscribers)"
201.1.3.44 - - [09/Aug/2011:12:35:56 -0700] "GET /files/headerBanner.jpg HTTP/1.1" 200 153258 "http://fdt.powerflasher.com/blog/" "Mozilla/5.0 (Windows NT 6.1) AppleWebKit/535.1 (KHTML, like Gecko) Chrome/13.0.782.107 Safari/535.1"
200.221.128.130 - - [09/Aug/2011:12:37:25 -0700] "GET /files/headerBanner.jpg HTTP/1.1" 200 153258 "http://fdt.powerflasher.com/blog/category/events/fdt4-tour/" "Mozilla/5.0 (Windows NT 6.1; WOW64) AppleWebKit/535.1 (KHTML, like Gecko) Chrome/13.0.782.107 Safari/535.1"
173.192.238.44 - - [09/Aug/2011:12:37:48 -0700] "GET / HTTP/1.1" 200 321 "-" "Mozilla/5.0 (X11; U; Linux x86_64; en-US; rv:1.9.0.19; aggregator:Spinn3r (Spinn3r 3.1); http://spinn3r.com/robot) Gecko/2010040121 Firefox/3.0.19"
173.192.238.44 - - [09/Aug/2011:12:37:48 -0700] "GET / HTTP/1.1" 200 4825 "-" "Mozilla/5.0 (X11; U; Linux x86_64; en-US; rv:1.9.0.19; aggregator:Spinn3r (Spinn3r 3.1); http://spinn3r.com/robot) Gecko/2010040121 Firefox/3.0.19"
83.172.53.7 - - [09/Aug/2011:12:38:27 -0700] "GET /files/headerBanner.jpg HTTP/1.1" 200 153258 "http://fdt.powerflasher.com/blog/" "Mozilla/5.0 (Windows NT 6.1; WOW64; rv:5.0) Gecko/20100101 Firefox/5.0"
91.195.118.65 - - [09/Aug/2011:12:38:53 -0700] "GET /feed/rss HTTP/1.0" 200 376 "-" "MagpieRSS/0.7 (+http://magpierss.sf.net; No cache)"
91.195.118.65 - - [09/Aug/2011:12:38:54 -0700] "GET /feed/rss/ HTTP/1.0" 200 2708 "-" "MagpieRSS/0.7 (+http://magpierss.sf.net; No cache)"
91.195.118.65 - - [09/Aug/2011:12:38:56 -0700] "GET /?feed=rss2 HTTP/1.0" 200 372 "-" "MagpieRSS/0.7 (+http://magpierss.sf.net; No cache)"
91.195.118.65 - - [09/Aug/2011:12:38:57 -0700] "GET /feed/ HTTP/1.0" 200 14316 "-" "MagpieRSS/0.7 (+http://magpierss.sf.net; No cache)"
75.119.204.73 - - [09/Aug/2011:12:43:12 -0700] "POST /wp-cron.php?doing_wp_cron HTTP/1.0" 200 158 "-" "WordPress/3.2.1; http://www.theflexguy.com"
209.85.238.213 - - [09/Aug/2011:12:43:11 -0700] "GET /index.php?option=com_idoblog&view=idoblog&Itemid=54&format=feed&type=rss HTTP/1.1" 200 421 "-" "Feedfetcher-Google; (+http://www.google.com/feedfetcher.html; 1 subscribers; feed-id=7080376364330259190)"
209.85.238.213 - - [09/Aug/2011:12:43:13 -0700] "GET /?option=com_idoblog&view=idoblog&Itemid=54&format=feed&type=rss HTTP/1.1" 200 5179 "-" "Feedfetcher-Google; (+http://www.google.com/feedfetcher.html; 1 subscribers; feed-id=7080376364330259190)"
209.85.238.73 - - [09/Aug/2011:12:48:44 -0700] "GET /index.php?format=feed&type=rss HTTP/1.1" 200 379 "-" "Feedfetcher-Google; (+http://www.google.com/feedfetcher.html; 4 subscribers; feed-id=6887443542408518203)"
209.85.238.213 - - [09/Aug/2011:12:48:46 -0700] "GET /?format=feed&type=rss HTTP/1.1" 200 5137 "-" "Feedfetcher-Google; (+http://www.google.com/feedfetcher.html; 4 subscribers; feed-id=6887443542408518203)"
209.85.238.213 - - [09/Aug/2011:12:51:11 -0700] "GET /?feed=rss2 HTTP/1.1" 200 409 "-" "Feedfetcher-Google; (+http://www.google.com/feedfetcher.html; 21 subscribers; feed-id=6047012421983505584)"
209.85.238.213 - - [09/Aug/2011:12:51:12 -0700] "GET /feed/ HTTP/1.1" 200 14401 "-" "Feedfetcher-Google; (+http://www.google.com/feedfetcher.html; 21 subscribers; feed-id=6047012421983505584)"
84.189.194.209 - - [09/Aug/2011:12:53:39 -0700] "GET /files/headerBanner.jpg HTTP/1.1" 200 153258 "http://fdt.powerflasher.com/blog/" "Mozilla/5.0 (Macintosh; U; Intel Mac OS X 10_6_7; de-de) AppleWebKit/533.21.1 (KHTML, like Gecko) Version/5.0.5 Safari/533.21.1"
75.119.204.73 - - [09/Aug/2011:12:56:48 -0700] "POST /wp-cron.php?doing_wp_cron HTTP/1.0" 200 158 "-" "WordPress/3.2.1; http://www.theflexguy.com"
66.249.67.164 - - [09/Aug/2011:12:56:47 -0700] "GET /robots.txt HTTP/1.1" 200 330 "-" "DoCoMo/2.0 N905i(c100;TB;W24H16) (compatible; Googlebot-Mobile/2.1; +http://www.google.com/bot.html)"
66.249.67.164 - - [09/Aug/2011:12:56:49 -0700] "GET /apps/htmlTextEditor/htmlTextEditor.air HTTP/1.1" 200 759823 "-" "DoCoMo/2.0 N905i(c100;TB;W24H16) (compatible; Googlebot-Mobile/2.1; +http://www.google.com/bot.html)"
61.135.249.111 - - [09/Aug/2011:12:59:06 -0700] "GET / HTTP/1.1" 200 4806 "-" "Mozilla/5.0 (compatible; YodaoBot/1.0; http://www.yodao.com/help/webmaster/spider/; )"
173.192.238.34 - - [09/Aug/2011:13:01:34 -0700] "GET /feed/atom/ HTTP/1.1" 200 143 "-" "Mozilla/5.0 (X11; U; Linux x86_64; en-US; rv:1.9.0.19; aggregator:Spinn3r (Spinn3r 3.1); http://spinn3r.com/robot) Gecko/2010040121 Firefox/3.0.19"
192.150.14.130 - - [09/Aug/2011:13:02:57 -0700] "HEAD /?feed=rss2 HTTP/1.1" 200 353 "-" "Adobe Feeds"
72.225.213.161 - - [09/Aug/2011:13:05:10 -0700] "GET /files/headerBanner.jpg HTTP/1.1" 200 153258 "http://www.google.com/reader/view/" "Mozilla/5.0 (Macintosh; Intel Mac OS X 10_7_0) AppleWebKit/535.1 (KHTML, like Gecko) Chrome/13.0.782.107 Safari/535.1"
76.74.170.204 - - [09/Aug/2011:13:06:23 -0700] "GET /feed/ HTTP/1.1" 200 14402 "-" "ColdFusion"
75.119.204.73 - - [09/Aug/2011:13:07:58 -0700] "POST /wp-cron.php?doing_wp_cron HTTP/1.0" 200 158 "-" "WordPress/3.2.1; http://www.theflexguy.com"
173.192.238.48 - - [09/Aug/2011:13:07:57 -0700] "GET / HTTP/1.1" 200 321 "-" "Mozilla/5.0 (X11; U; Linux x86_64; en-US; rv:1.9.0.19; aggregator:Spinn3r (Spinn3r 3.1); http://spinn3r.com/robot) Gecko/2010040121 Firefox/3.0.19"
173.192.238.48 - - [09/Aug/2011:13:07:58 -0700] "GET / HTTP/1.1" 200 4825 "-" "Mozilla/5.0 (X11; U; Linux x86_64; en-US; rv:1.9.0.19; aggregator:Spinn3r (Spinn3r 3.1); http://spinn3r.com/robot) Gecko/2010040121 Firefox/3.0.19"
38.99.98.9 - - [09/Aug/2011:13:22:22 -0700] "GET /robots.txt HTTP/1.1" 200 300 "-" "Mozilla/5.0 (compatible; ScoutJet; +http://www.scoutjet.com/)"
38.99.98.9 - - [09/Aug/2011:13:22:25 -0700] "GET / HTTP/1.1" 200 5095 "-" "Mozilla/5.0 (compatible; ScoutJet; +http://www.scoutjet.com/)"
209.85.238.213 - - [09/Aug/2011:13:22:34 -0700] "GET /feed/ HTTP/1.1" 200 14402 "-" "Feedfetcher-Google; (+http://www.google.com/feedfetcher.html; 4 subscribers; feed-id=17450445626559736511)"
125.6.162.3 - - [09/Aug/2011:13:22:44 -0700] "GET /feed/ HTTP/1.1" 200 56705 "-" "Fastladder FeedFetcher/0.01 (http://fastladder.com/; 1 subscriber)"
75.119.204.73 - - [09/Aug/2011:13:25:06 -0700] "POST /wp-cron.php?doing_wp_cron HTTP/1.0" 200 158 "-" "WordPress/3.2.1; http://www.theflexguy.com"
209.85.238.213 - - [09/Aug/2011:13:25:05 -0700] "GET /feed/rss HTTP/1.1" 200 413 "-" "Feedfetcher-Google; (+http://www.google.com/feedfetcher.html; 5 subscribers; feed-id=8282921309701812955)"
209.85.238.213 - - [09/Aug/2011:13:25:07 -0700] "GET /feed/rss/ HTTP/1.1" 200 2740 "-" "Feedfetcher-Google; (+http://www.google.com/feedfetcher.html; 5 subscribers; feed-id=8282921309701812955)"
209.85.238.213 - - [09/Aug/2011:13:25:53 -0700] "GET /index.php?format=feed&type=atom HTTP/1.1" 200 380 "-" "Feedfetcher-Google; (+http://www.google.com/feedfetcher.html; 1 subscribers; feed-id=2021327347742680309)"
209.85.238.213 - - [09/Aug/2011:13:25:54 -0700] "GET /?format=feed&type=atom HTTP/1.1" 200 5151 "-" "Feedfetcher-Google; (+http://www.google.com/feedfetcher.html; 1 subscribers; feed-id=2021327347742680309)"
209.85.238.213 - - [09/Aug/2011:13:26:36 -0700] "GET /index.php?format=feed&type=rss HTTP/1.1" 200 5137 "-" "Feedfetcher-Google; (+http://www.google.com/feedfetcher.html; 3 subscribers; feed-id=14727418171627297269)"
174.37.205.92 - - [09/Aug/2011:13:31:41 -0700] "GET /feed/atom/ HTTP/1.1" 200 143 "-" "Mozilla/5.0 (X11; U; Linux x86_64; en-US; rv:1.9.0.19; aggregator:Spinn3r (Spinn3r 3.1); http://spinn3r.com/robot) Gecko/2010040121 Firefox/3.0.19"
67.195.112.254 - - [09/Aug/2011:13:32:20 -0700] "GET /2007/11/14/future-of-flex-components/ HTTP/1.0" 200 4725 "http://www.theflexguy.com/2007/11/09/custom-flex-folder-icon/" "Mozilla/5.0 (compatible; Yahoo! Slurp; http://help.yahoo.com/help/us/ysearch/slurp)"
66.220.153.247 - - [09/Aug/2011:13:37:48 -0700] "GET /files/headerBanner.jpg HTTP/1.0" 200 153221 "-" "facebookplatform/1.0 (+http://developers.facebook.com)"
173.192.238.44 - - [09/Aug/2011:13:38:01 -0700] "GET / HTTP/1.1" 200 321 "-" "Mozilla/5.0 (X11; U; Linux x86_64; en-US; rv:1.9.0.19; aggregator:Spinn3r (Spinn3r 3.1); http://spinn3r.com/robot) Gecko/2010040121 Firefox/3.0.19"
173.192.238.44 - - [09/Aug/2011:13:38:02 -0700] "GET / HTTP/1.1" 200 4949 "-" "Mozilla/5.0 (X11; U; Linux x86_64; en-US; rv:1.9.0.19; aggregator:Spinn3r (Spinn3r 3.1); http://spinn3r.com/robot) Gecko/2010040121 Firefox/3.0.19"
76.74.170.204 - - [09/Aug/2011:13:38:32 -0700] "GET /feed/ HTTP/1.1" 200 14411 "-" "ColdFusion"
75.119.204.73 - - [09/Aug/2011:13:44:02 -0700] "POST /wp-cron.php?doing_wp_cron HTTP/1.0" 200 158 "-" "WordPress/3.2.1; http://www.theflexguy.com"
209.85.238.213 - - [09/Aug/2011:13:44:01 -0700] "GET /?feed=rss2 HTTP/1.1" 200 409 "-" "Feedfetcher-Google; (+http://www.google.com/feedfetcher.html; 21 subscribers; feed-id=6047012421983505584)"
209.85.238.213 - - [09/Aug/2011:13:44:03 -0700] "GET /feed/ HTTP/1.1" 200 14406 "-" "Feedfetcher-Google; (+http://www.google.com/feedfetcher.html; 21 subscribers; feed-id=6047012421983505584)"
209.85.238.213 - - [09/Aug/2011:13:44:09 -0700] "GET /index.php?option=com_content&view=category&layout=blog&id=35&Itemid=54&format=feed&type=rss HTTP/1.1" 200 440 "-" "Feedfetcher-Google; (+http://www.google.com/feedfetcher.html; 1 subscribers; feed-id=9816647088266946374)"
209.85.238.213 - - [09/Aug/2011:13:44:10 -0700] "GET /?option=com_content&view=category&layout=blog&id=35&Itemid=54&format=feed&type=rss HTTP/1.1" 200 5190 "-" "Feedfetcher-Google; (+http://www.google.com/feedfetcher.html; 1 subscribers; feed-id=9816647088266946374)"
95.108.154.252 - - [09/Aug/2011:13:47:51 -0700] "GET /robots.txt HTTP/1.1" 200 305 "-" "Mozilla/5.0 (compatible; YandexBot/3.0; +http://yandex.com/bots)"
209.85.238.73 - - [09/Aug/2011:13:48:54 -0700] "GET /index.php?format=feed&type=rss HTTP/1.1" 200 379 "-" "Feedfetcher-Google; (+http://www.google.com/feedfetcher.html; 4 subscribers; feed-id=6887443542408518203)"
209.85.238.213 - - [09/Aug/2011:13:48:56 -0700] "GET /?format=feed&type=rss HTTP/1.1" 200 5152 "-" "Feedfetcher-Google; (+http://www.google.com/feedfetcher.html; 4 subscribers; feed-id=6887443542408518203)"
75.119.204.73 - - [09/Aug/2011:13:55:37 -0700] "POST /wp-cron.php?doing_wp_cron HTTP/1.0" 200 158 "-" "WordPress/3.2.1; http://www.theflexguy.com"
218.213.137.35 - - [09/Aug/2011:13:55:36 -0700] "GET / HTTP/1.1" 200 23083 "-" "DoCoMo/2.0 P900i(c100;TB;W24H11) (compatible; ichiro/mobile goo; +http://help.goo.ne.jp/help/article/1142/)"
124.115.6.17 - - [09/Aug/2011:14:01:31 -0700] "GET /robots.txt HTTP/1.1" 200 330 "-" "Sosospider+(+http://help.soso.com/webspider.htm)"
65.52.110.40 - - [09/Aug/2011:14:01:43 -0700] "GET /robots.txt HTTP/1.1" 200 305 "-" "Mozilla/5.0 (compatible; bingbot/2.0; +http://www.bing.com/bingbot.htm)"
173.192.238.48 - - [09/Aug/2011:14:01:45 -0700] "GET /feed/atom/ HTTP/1.1" 200 143 "-" "Mozilla/5.0 (X11; U; Linux x86_64; en-US; rv:1.9.0.19; aggregator:Spinn3r (Spinn3r 3.1); http://spinn3r.com/robot) Gecko/2010040121 Firefox/3.0.19"
65.52.110.40 - - [09/Aug/2011:14:02:22 -0700] "GET / HTTP/1.1" 200 4986 "-" "Mozilla/5.0 (compatible; bingbot/2.0; +http://www.bing.com/bingbot.htm)"
76.74.170.204 - - [09/Aug/2011:14:04:41 -0700] "GET /feed/ HTTP/1.1" 200 14407 "-" "ColdFusion"
124.115.0.156 - - [09/Aug/2011:14:07:26 -0700] "GET /index.php?id=39&Itemid=55&layout=blog&option=com_content&view=category HTTP/1.1" 200 419 "-" "Sosospider+(+http://help.soso.com/webspider.htm)"
124.115.0.156 - - [09/Aug/2011:14:07:27 -0700] "GET /?id=39&Itemid=55&layout=blog&option=com_content&view=category HTTP/1.1" 200 4906 "-" "Sosospider+(+http://help.soso.com/webspider.htm)"
173.192.238.48 - - [09/Aug/2011:14:08:07 -0700] "GET / HTTP/1.1" 200 321 "-" "Mozilla/5.0 (X11; U; Linux x86_64; en-US; rv:1.9.0.19; aggregator:Spinn3r (Spinn3r 3.1); http://spinn3r.com/robot) Gecko/2010040121 Firefox/3.0.19"
173.192.238.48 - - [09/Aug/2011:14:08:08 -0700] "GET / HTTP/1.1" 200 4949 "-" "Mozilla/5.0 (X11; U; Linux x86_64; en-US; rv:1.9.0.19; aggregator:Spinn3r (Spinn3r 3.1); http://spinn3r.com/robot) Gecko/2010040121 Firefox/3.0.19"
209.85.238.213 - - [09/Aug/2011:14:19:05 -0700] "GET /feed/rss HTTP/1.1" 200 413 "-" "Feedfetcher-Google; (+http://www.google.com/feedfetcher.html; 5 subscribers; feed-id=8282921309701812955)"
209.85.238.213 - - [09/Aug/2011:14:19:07 -0700] "GET /feed/rss/ HTTP/1.1" 200 193 "-" "Feedfetcher-Google; (+http://www.google.com/feedfetcher.html; 5 subscribers; feed-id=8282921309701812955)"
75.119.204.73 - - [09/Aug/2011:14:28:20 -0700] "POST /wp-cron.php?doing_wp_cron HTTP/1.0" 200 158 "-" "WordPress/3.2.1; http://www.theflexguy.com"
95.108.154.252 - - [09/Aug/2011:14:28:20 -0700] "GET /?p=124 HTTP/1.1" 200 396 "-" "Mozilla/5.0 (compatible; YandexBot/3.0; +http://yandex.com/bots)"
174.37.154.78 - - [09/Aug/2011:14:28:30 -0700] "GET /feed/atom HTTP/1.0" 200 194 "-" "Gist Server"
209.85.238.213 - - [09/Aug/2011:14:28:44 -0700] "GET /feed/ HTTP/1.1" 200 14407 "-" "Feedfetcher-Google; (+http://www.google.com/feedfetcher.html; 4 subscribers; feed-id=17450445626559736511)"
76.74.170.204 - - [09/Aug/2011:14:31:01 -0700] "GET /feed/ HTTP/1.1" 200 14407 "-" "ColdFusion"
173.192.238.48 - - [09/Aug/2011:14:31:50 -0700] "GET /feed/atom/ HTTP/1.1" 200 143 "-" "Mozilla/5.0 (X11; U; Linux x86_64; en-US; rv:1.9.0.19; aggregator:Spinn3r (Spinn3r 3.1); http://spinn3r.com/robot) Gecko/2010040121 Firefox/3.0.19"
95.108.215.15 - - [09/Aug/2011:14:34:53 -0700] "GET /feed/ HTTP/1.1" 200 56705 "-" "Mozilla/5.0 (compatible; YandexBlogs/0.99; robot; B; +http://yandex.com/bots) 1 readers"
209.85.238.213 - - [09/Aug/2011:14:36:01 -0700] "GET /?feed=rss2 HTTP/1.1" 200 409 "-" "Feedfetcher-Google; (+http://www.google.com/feedfetcher.html; 21 subscribers; feed-id=6047012421983505584)"
209.85.238.213 - - [09/Aug/2011:14:36:02 -0700] "GET /feed/ HTTP/1.1" 200 14406 "-" "Feedfetcher-Google; (+http://www.google.com/feedfetcher.html; 21 subscribers; feed-id=6047012421983505584)"
169.198.254.6 - - [09/Aug/2011:14:36:56 -0700] "GET /files/headerBanner.jpg HTTP/1.1" 200 153258 "-" "Mozilla/4.0 (compatible;)"
173.192.238.44 - - [09/Aug/2011:14:38:18 -0700] "GET / HTTP/1.1" 200 321 "-" "Mozilla/5.0 (X11; U; Linux x86_64; en-US; rv:1.9.0.19; aggregator:Spinn3r (Spinn3r 3.1); http://spinn3r.com/robot) Gecko/2010040121 Firefox/3.0.19"
75.119.204.73 - - [09/Aug/2011:14:38:18 -0700] "POST /wp-cron.php?doing_wp_cron HTTP/1.0" 200 158 "-" "WordPress/3.2.1; http://www.theflexguy.com"
173.192.238.44 - - [09/Aug/2011:14:38:20 -0700] "GET / HTTP/1.1" 200 4825 "-" "Mozilla/5.0 (X11; U; Linux x86_64; en-US; rv:1.9.0.19; aggregator:Spinn3r (Spinn3r 3.1); http://spinn3r.com/robot) Gecko/2010040121 Firefox/3.0.19"
209.85.238.73 - - [09/Aug/2011:14:49:04 -0700] "GET /index.php?format=feed&type=rss HTTP/1.1" 200 379 "-" "Feedfetcher-Google; (+http://www.google.com/feedfetcher.html; 4 subscribers; feed-id=6887443542408518203)"
209.85.238.213 - - [09/Aug/2011:14:49:05 -0700] "GET /?format=feed&type=rss HTTP/1.1" 200 5136 "-" "Feedfetcher-Google; (+http://www.google.com/feedfetcher.html; 4 subscribers; feed-id=6887443542408518203)"
85.17.90.129 - - [09/Aug/2011:15:00:49 -0700] "GET /?feed=rss2 HTTP/1.0" 200 372 "-" "MagpieRSS/0.7 (+http://magpierss.sf.net; No cache)"
85.17.90.129 - - [09/Aug/2011:15:00:50 -0700] "GET /feed/ HTTP/1.0" 200 14321 "-" "MagpieRSS/0.7 (+http://magpierss.sf.net; No cache)"
61.135.249.87 - - [09/Aug/2011:15:00:48 -0700] "GET / HTTP/1.1" 200 4806 "-" "Mozilla/5.0 (compatible; YodaoBot/1.0; http://www.yodao.com/help/webmaster/spider/; )"
75.119.204.73 - - [09/Aug/2011:15:01:58 -0700] "POST /wp-cron.php?doing_wp_cron HTTP/1.0" 200 158 "-" "WordPress/3.2.1; http://www.theflexguy.com"
173.192.238.44 - - [09/Aug/2011:15:01:57 -0700] "GET /feed/atom/ HTTP/1.1" 200 143 "-" "Mozilla/5.0 (X11; U; Linux x86_64; en-US; rv:1.9.0.19; aggregator:Spinn3r (Spinn3r 3.1); http://spinn3r.com/robot) Gecko/2010040121 Firefox/3.0.19"
192.150.14.130 - - [09/Aug/2011:15:03:01 -0700] "HEAD /?feed=rss2 HTTP/1.1" 200 353 "-" "Adobe Feeds"
76.74.170.204 - - [09/Aug/2011:15:05:39 -0700] "GET /feed/ HTTP/1.1" 200 14406 "-" "ColdFusion"
219.239.34.56 - - [09/Aug/2011:15:07:38 -0700] "GET /feed/rss/ HTTP/1.1" 200 194 "-" "Xianguo.com 1 Subscribers"
174.37.205.68 - - [09/Aug/2011:15:08:25 -0700] "GET / HTTP/1.1" 200 321 "-" "Mozilla/5.0 (X11; U; Linux x86_64; en-US; rv:1.9.0.19; aggregator:Spinn3r (Spinn3r 3.1); http://spinn3r.com/robot) Gecko/2010040121 Firefox/3.0.19"
