174.37.205.68 - - [09/Aug/2011:15:08:28 -0700] "GET / HTTP/1.1" 200 4825 "-" "Mozilla/5.0 (X11; U; Linux x86_64; en-US; rv:1.9.0.19; aggregator:Spinn3r (Spinn3r 3.1); http://spinn3r.com/robot) Gecko/2010040121 Firefox/3.0.19"
124.115.4.191 - - [09/Aug/2011:15:09:53 -0700] "GET / HTTP/1.1" 200 4862 "-" "Sosospider+(+http://help.soso.com/webspider.htm)"
209.85.238.213 - - [09/Aug/2011:15:09:55 -0700] "GET /feed/rss HTTP/1.1" 200 413 "-" "Feedfetcher-Google; (+http://www.google.com/feedfetcher.html; 5 subscribers; feed-id=8282921309701812955)"
209.85.238.213 - - [09/Aug/2011:15:09:56 -0700] "GET /feed/rss/ HTTP/1.1" 200 193 "-" "Feedfetcher-Google; (+http://www.google.com/feedfetcher.html; 5 subscribers; feed-id=8282921309701812955)"
76.74.170.204 - - [09/Aug/2011:15:11:59 -0700] "GET /feed/ HTTP/1.1" 200 14402 "-" "ColdFusion"
88.23.15.35 - - [09/Aug/2011:15:21:39 -0700] "GET /files/headerBanner.jpg HTTP/1.1" 200 153258 "http://apps.facebook.com/blognetworks/blog/fdt_3_actionscript_editor_blog" "Mozilla/5.0 (Macintosh; Intel Mac OS X 10_7_0) AppleWebKit/535.1 (KHTML, like Gecko) Chrome/13.0.782.107 Safari/535.1"
38.99.97.108 - - [09/Aug/2011:15:21:55 -0700] "GET /robots.txt HTTP/1.1" 200 300 "-" "Mozilla/5.0 (compatible; ScoutJet; +http://www.scoutjet.com/)"
38.99.97.108 - - [09/Aug/2011:15:22:01 -0700] "GET / HTTP/1.1" 200 5096 "-" "Mozilla/5.0 (compatible; ScoutJet; +http://www.scoutjet.com/)"
38.99.97.108 - - [09/Aug/2011:15:22:05 -0700] "GET /favicon.ico HTTP/1.1" 200 239 "-" "Mozilla/5.0 (compatible; ScoutJet; +http://www.scoutjet.com/)"
75.119.204.73 - - [09/Aug/2011:15:22:08 -0700] "POST /wp-cron.php?doing_wp_cron HTTP/1.0" 200 158 "-" "WordPress/3.2.1; http://www.theflexguy.com"
38.99.97.108 - - [09/Aug/2011:15:22:08 -0700] "GET /?option=com_content&view=article&id=94&Itemid=11 HTTP/1.1" 200 5130 "-" "Mozilla/5.0 (compatible; ScoutJet; +http://www.scoutjet.com/)"
38.99.97.108 - - [09/Aug/2011:15:22:13 -0700] "GET /index.php?option=com_content&view=article&id=94:htmltext-editor-now-on-air&catid=39:desktop-apps&Itemid=11 HTTP/1.1" 200 418 "-" "Mozilla/5.0 (compatible; ScoutJet; +http://www.scoutjet.com/)"
38.99.97.108 - - [09/Aug/2011:15:22:17 -0700] "GET /tools/htmlTextEditor2008/ HTTP/1.1" 200 1930 "-" "Mozilla/5.0 (compatible; ScoutJet; +http://www.scoutjet.com/)"
38.99.97.108 - - [09/Aug/2011:15:22:20 -0700] "GET /index.php?option=com_content&view=article&id=94&Itemid=11 HTTP/1.1" 200 5114 "-" "Mozilla/5.0 (compatible; ScoutJet; +http://www.scoutjet.com/)"
38.99.97.108 - - [09/Aug/2011:15:22:22 -0700] "GET /index.php?option=com_content&view=article&id=94:htmltext-editor-now-on-air&catid=39:desktop-apps&Itemid=55 HTTP/1.1" 200 418 "-" "Mozilla/5.0 (compatible; ScoutJet; +http://www.scoutjet.com/)"
38.99.97.108 - - [09/Aug/2011:15:22:26 -0700] "GET /index.php?option=com_content&view=category&layout=blog&id=39&Itemid=55 HTTP/1.1" 200 382 "-" "Mozilla/5.0 (compatible; ScoutJet; +http://www.scoutjet.com/)"
38.99.97.108 - - [09/Aug/2011:15:22:29 -0700] "GET /?option=com_content&view=article&id=94:htmltext-editor-now-on-air&catid=39:desktop-apps&Itemid=11 HTTP/1.1" 200 5167 "-" "Mozilla/5.0 (compatible; ScoutJet; +http://www.scoutjet.com/)"
38.99.97.108 - - [09/Aug/2011:15:22:33 -0700] "GET /?option=com_content&view=article&id=94:htmltext-editor-now-on-air&catid=39:desktop-apps&Itemid=55 HTTP/1.1" 200 5169 "-" "Mozilla/5.0 (compatible; ScoutJet; +http://www.scoutjet.com/)"
38.99.97.108 - - [09/Aug/2011:15:22:38 -0700] "GET /page/2/ HTTP/1.1" 200 5232 "-" "Mozilla/5.0 (compatible; ScoutJet; +http://www.scoutjet.com/)"
38.99.97.108 - - [09/Aug/2011:15:22:42 -0700] "GET /2009/08/09/four-considerations-for-custom-components/ HTTP/1.1" 200 6419 "-" "Mozilla/5.0 (compatible; ScoutJet; +http://www.scoutjet.com/)"
38.99.97.108 - - [09/Aug/2011:15:22:45 -0700] "GET /htmltext-editor-now-on-air HTTP/1.1" 200 523 "-" "Mozilla/5.0 (compatible; ScoutJet; +http://www.scoutjet.com/)"
38.99.97.108 - - [09/Aug/2011:15:22:47 -0700] "GET /2009/05/08/searchinput-control/ HTTP/1.1" 200 7338 "-" "Mozilla/5.0 (compatible; ScoutJet; +http://www.scoutjet.com/)"
38.99.97.108 - - [09/Aug/2011:15:22:50 -0700] "GET /category/flex4/ HTTP/1.1" 200 3074 "-" "Mozilla/5.0 (compatible; ScoutJet; +http://www.scoutjet.com/)"
38.99.97.108 - - [09/Aug/2011:15:22:53 -0700] "GET /category/performance/ HTTP/1.1" 200 3334 "-" "Mozilla/5.0 (compatible; ScoutJet; +http://www.scoutjet.com/)"
38.99.97.108 - - [09/Aug/2011:15:22:57 -0700] "GET /index.php?option=com_content&view=article&id=97:skinning-with-fireworks&catid=35:marty HTTP/1.1" 200 398 "-" "Mozilla/5.0 (compatible; ScoutJet; +http://www.scoutjet.com/)"
38.99.97.108 - - [09/Aug/2011:15:23:02 -0700] "GET /2011/05/24/arraycollection-uses-your-sort/ HTTP/1.1" 200 5734 "-" "Mozilla/5.0 (compatible; ScoutJet; +http://www.scoutjet.com/)"
38.99.97.108 - - [09/Aug/2011:15:23:10 -0700] "GET /2009/08/09/runaway-arraycollections/ HTTP/1.1" 200 5154 "-" "Mozilla/5.0 (compatible; ScoutJet; +http://www.scoutjet.com/)"
38.99.97.108 - - [09/Aug/2011:15:23:15 -0700] "GET /feed/ HTTP/1.1" 200 14365 "-" "Mozilla/5.0 (compatible; ScoutJet; +http://www.scoutjet.com/)"
38.99.97.108 - - [09/Aug/2011:15:23:18 -0700] "GET /comments/feed/ HTTP/1.1" 200 1219 "-" "Mozilla/5.0 (compatible; ScoutJet; +http://www.scoutjet.com/)"
38.99.97.108 - - [09/Aug/2011:15:23:24 -0700] "GET /contact/ HTTP/1.1" 200 4171 "-" "Mozilla/5.0 (compatible; ScoutJet; +http://www.scoutjet.com/)"
38.99.97.108 - - [09/Aug/2011:15:23:30 -0700] "GET /category/flex/ HTTP/1.1" 200 5286 "-" "Mozilla/5.0 (compatible; ScoutJet; +http://www.scoutjet.com/)"
38.99.97.108 - - [09/Aug/2011:15:23:32 -0700] "GET /2011/06/18/more-thoughts-on-caching-in-flex/ HTTP/1.1" 200 6525 "-" "Mozilla/5.0 (compatible; ScoutJet; +http://www.scoutjet.com/)"
38.99.97.108 - - [09/Aug/2011:15:23:38 -0700] "GET /2010/02/15/air-on-android/ HTTP/1.1" 200 4732 "-" "Mozilla/5.0 (compatible; ScoutJet; +http://www.scoutjet.com/)"
38.99.97.108 - - [09/Aug/2011:15:23:39 -0700] "GET /2008/10/23/htmltext-editor-now-on-air/ HTTP/1.1" 200 5042 "-" "Mozilla/5.0 (compatible; ScoutJet; +http://www.scoutjet.com/)"
38.99.97.108 - - [09/Aug/2011:15:23:44 -0700] "GET /?option=com_content&view=category&layout=blog&id=39&Itemid=55 HTTP/1.1" 200 5139 "-" "Mozilla/5.0 (compatible; ScoutJet; +http://www.scoutjet.com/)"
38.99.97.108 - - [09/Aug/2011:15:23:49 -0700] "GET /2011/06/17/some-thoughts-on-caching/ HTTP/1.1" 200 5873 "-" "Mozilla/5.0 (compatible; ScoutJet; +http://www.scoutjet.com/)"
38.99.97.108 - - [09/Aug/2011:15:24:18 -0700] "GET /?option=com_content&view=article&id=97:skinning-with-fireworks&catid=35:marty HTTP/1.1" 200 5154 "-" "Mozilla/5.0 (compatible; ScoutJet; +http://www.scoutjet.com/)"
38.99.97.108 - - [09/Aug/2011:15:24:24 -0700] "GET /feed/atom/ HTTP/1.1" 200 59486 "-" "Mozilla/5.0 (compatible; ScoutJet; +http://www.scoutjet.com/)"
38.99.97.108 - - [09/Aug/2011:15:24:28 -0700] "GET /2010/11/10/dont-forget-the-down-state/ HTTP/1.1" 200 5527 "-" "Mozilla/5.0 (compatible; ScoutJet; +http://www.scoutjet.com/)"
38.99.97.108 - - [09/Aug/2011:15:24:33 -0700] "GET /about/ HTTP/1.1" 200 4312 "-" "Mozilla/5.0 (compatible; ScoutJet; +http://www.scoutjet.com/)"
38.99.97.108 - - [09/Aug/2011:15:24:34 -0700] "GET /2010/01/05/new-year-improved-site/ HTTP/1.1" 200 5195 "-" "Mozilla/5.0 (compatible; ScoutJet; +http://www.scoutjet.com/)"
38.99.97.108 - - [09/Aug/2011:15:24:36 -0700] "GET /2009/05/12/chat-widget/ HTTP/1.1" 200 4781 "-" "Mozilla/5.0 (compatible; ScoutJet; +http://www.scoutjet.com/)"
38.99.97.108 - - [09/Aug/2011:15:24:41 -0700] "GET /category/random/ HTTP/1.1" 200 3043 "-" "Mozilla/5.0 (compatible; ScoutJet; +http://www.scoutjet.com/)"
38.99.97.108 - - [09/Aug/2011:15:24:44 -0700] "GET /2011/06/17/some-thoughts-on-caching/trackback/ HTTP/1.1" 200 421 "-" "Mozilla/5.0 (compatible; ScoutJet; +http://www.scoutjet.com/)"
38.99.97.108 - - [09/Aug/2011:15:24:50 -0700] "GET /2011/06/17/some-thoughts-on-caching/feed/ HTTP/1.1" 200 931 "-" "Mozilla/5.0 (compatible; ScoutJet; +http://www.scoutjet.com/)"
38.99.97.108 - - [09/Aug/2011:15:24:55 -0700] "GET /index.php?option=com_content&view=article&id=105:bugquash-in-review&catid=35:marty HTTP/1.1" 200 394 "-" "Mozilla/5.0 (compatible; ScoutJet; +http://www.scoutjet.com/)"
38.99.97.108 - - [09/Aug/2011:15:24:59 -0700] "GET /2011/06/18/more-thoughts-on-caching-in-flex/trackback/ HTTP/1.1" 200 429 "-" "Mozilla/5.0 (compatible; ScoutJet; +http://www.scoutjet.com/)"
38.99.97.108 - - [09/Aug/2011:15:25:02 -0700] "GET /2011/06/18/more-thoughts-on-caching-in-flex/feed/ HTTP/1.1" 200 931 "-" "Mozilla/5.0 (compatible; ScoutJet; +http://www.scoutjet.com/)"
38.99.97.108 - - [09/Aug/2011:15:25:04 -0700] "GET /2009/03/20/removing-column-header-sort-lines/ HTTP/1.1" 200 5531 "-" "Mozilla/5.0 (compatible; ScoutJet; +http://www.scoutjet.com/)"
38.99.97.108 - - [09/Aug/2011:15:25:07 -0700] "GET /2007/07/18/adobe-in-the-drivers-seat/ HTTP/1.1" 200 5479 "-" "Mozilla/5.0 (compatible; ScoutJet; +http://www.scoutjet.com/)"
38.99.97.108 - - [09/Aug/2011:15:25:11 -0700] "GET /2008/10/27/see-you-at-max/ HTTP/1.1" 200 4872 "-" "Mozilla/5.0 (compatible; ScoutJet; +http://www.scoutjet.com/)"
38.99.97.108 - - [09/Aug/2011:15:25:14 -0700] "GET /2008/07/01/swfs-are-now-searchable/ HTTP/1.1" 200 5081 "-" "Mozilla/5.0 (compatible; ScoutJet; +http://www.scoutjet.com/)"
38.99.97.108 - - [09/Aug/2011:15:25:15 -0700] "GET /2007/11/01/lists-how-i-love-thee/ HTTP/1.1" 200 4973 "-" "Mozilla/5.0 (compatible; ScoutJet; +http://www.scoutjet.com/)"
38.99.97.108 - - [09/Aug/2011:15:25:17 -0700] "GET /tag/flex/ HTTP/1.1" 200 4629 "-" "Mozilla/5.0 (compatible; ScoutJet; +http://www.scoutjet.com/)"
38.99.97.108 - - [09/Aug/2011:15:25:22 -0700] "GET /category/desktop-apps/ HTTP/1.1" 200 3634 "-" "Mozilla/5.0 (compatible; ScoutJet; +http://www.scoutjet.com/)"
38.99.97.108 - - [09/Aug/2011:15:25:25 -0700] "GET /category/tutoring/ HTTP/1.1" 200 3023 "-" "Mozilla/5.0 (compatible; ScoutJet; +http://www.scoutjet.com/)"
38.99.97.108 - - [09/Aug/2011:15:25:32 -0700] "GET /2008/01/01/htmltext-editor-2008-now-available/ HTTP/1.1" 200 4971 "-" "Mozilla/5.0 (compatible; ScoutJet; +http://www.scoutjet.com/)"
38.99.97.108 - - [09/Aug/2011:15:25:36 -0700] "GET /tag/sortexpertmode/ HTTP/1.1" 200 3163 "-" "Mozilla/5.0 (compatible; ScoutJet; +http://www.scoutjet.com/)"
38.99.97.108 - - [09/Aug/2011:15:25:38 -0700] "GET /2008/12/22/why-i-switched-to-dreamhost/ HTTP/1.1" 200 6151 "-" "Mozilla/5.0 (compatible; ScoutJet; +http://www.scoutjet.com/)"
173.192.238.34 - - [09/Aug/2011:15:32:03 -0700] "GET /feed/atom/ HTTP/1.1" 200 59482 "-" "Mozilla/5.0 (X11; U; Linux x86_64; en-US; rv:1.9.0.19; aggregator:Spinn3r (Spinn3r 3.1); http://spinn3r.com/robot) Gecko/2010040121 Firefox/3.0.19"
157.55.17.105 - - [09/Aug/2011:15:33:00 -0700] "GET /robots.txt HTTP/1.1" 200 305 "-" "Mozilla/5.0 (compatible; bingbot/2.0; +http://www.bing.com/bingbot.htm)"
67.195.112.254 - - [09/Aug/2011:15:33:15 -0700] "GET /2009/08/ HTTP/1.0" 200 3192 "-" "Mozilla/5.0 (compatible; Yahoo! Slurp; http://help.yahoo.com/help/us/ysearch/slurp)"
67.195.112.254 - - [09/Aug/2011:15:33:17 -0700] "GET /wp-content/themes/uchilla1.0/style.css HTTP/1.0" 304 137 "http://www.theflexguy.com/2009/08/" "Mozilla/5.0 (compatible; Yahoo! Slurp; http://help.yahoo.com/help/us/ysearch/slurp)"
67.195.112.254 - - [09/Aug/2011:15:33:18 -0700] "GET /wp-content/themes/uchilla1.0/print.css HTTP/1.0" 304 135 "http://www.theflexguy.com/2009/08/" "Mozilla/5.0 (compatible; Yahoo! Slurp; http://help.yahoo.com/help/us/ysearch/slurp)"
67.195.112.254 - - [09/Aug/2011:15:33:18 -0700] "GET /wp-content/plugins/flickrpress/style.css?ver=3.2.1 HTTP/1.0" 304 136 "http://www.theflexguy.com/2009/08/" "Mozilla/5.0 (compatible; Yahoo! Slurp; http://help.yahoo.com/help/us/ysearch/slurp)"
157.55.17.105 - - [09/Aug/2011:15:33:58 -0700] "GET /2009/05/08/bugquash-improvements/ HTTP/1.1" 200 5527 "-" "Mozilla/5.0 (compatible; bingbot/2.0; +http://www.bing.com/bingbot.htm)"
209.85.238.213 - - [09/Aug/2011:15:37:34 -0700] "GET /feed/ HTTP/1.1" 200 14402 "-" "Feedfetcher-Google; (+http://www.google.com/feedfetcher.html; 4 subscribers; feed-id=17450445626559736511)"
76.74.170.204 - - [09/Aug/2011:15:37:54 -0700] "GET /feed/ HTTP/1.1" 200 14402 "-" "ColdFusion"
209.85.238.213 - - [09/Aug/2011:15:38:31 -0700] "GET /?feed=rss2 HTTP/1.1" 200 409 "-" "Feedfetcher-Google; (+http://www.google.com/feedfetcher.html; 21 subscribers; feed-id=6047012421983505584)"
173.192.238.34 - - [09/Aug/2011:15:38:40 -0700] "GET / HTTP/1.1" 200 321 "-" "Mozilla/5.0 (X11; U; Linux x86_64; en-US; rv:1.9.0.19; aggregator:Spinn3r (Spinn3r 3.1); http://spinn3r.com/robot) Gecko/2010040121 Firefox/3.0.19"
173.192.238.34 - - [09/Aug/2011:15:38:40 -0700] "GET / HTTP/1.1" 200 4950 "-" "Mozilla/5.0 (X11; U; Linux x86_64; en-US; rv:1.9.0.19; aggregator:Spinn3r (Spinn3r 3.1); http://spinn3r.com/robot) Gecko/2010040121 Firefox/3.0.19"
209.85.238.213 - - [09/Aug/2011:15:43:21 -0700] "GET /index.php?option=com_idoblog&view=idoblog&Itemid=54&format=feed&type=rss HTTP/1.1" 200 421 "-" "Feedfetcher-Google; (+http://www.google.com/feedfetcher.html; 1 subscribers; feed-id=7080376364330259190)"
75.119.204.73 - - [09/Aug/2011:15:43:22 -0700] "POST /wp-cron.php?doing_wp_cron HTTP/1.0" 200 158 "-" "WordPress/3.2.1; http://www.theflexguy.com"
209.85.238.213 - - [09/Aug/2011:15:43:23 -0700] "GET /?option=com_idoblog&view=idoblog&Itemid=54&format=feed&type=rss HTTP/1.1" 200 5178 "-" "Feedfetcher-Google; (+http://www.google.com/feedfetcher.html; 1 subscribers; feed-id=7080376364330259190)"
38.101.148.126 - - [09/Aug/2011:15:48:40 -0700] "GET /robots.txt HTTP/1.1" 200 293 "-" "Mozilla/5.0 (compatible; discobot/1.1; +http://discoveryengine.com/discobot.html)"
209.85.238.73 - - [09/Aug/2011:15:49:14 -0700] "GET /index.php?format=feed&type=rss HTTP/1.1" 200 379 "-" "Feedfetcher-Google; (+http://www.google.com/feedfetcher.html; 4 subscribers; feed-id=6887443542408518203)"
209.85.238.213 - - [09/Aug/2011:15:49:15 -0700] "GET /?format=feed&type=rss HTTP/1.1" 200 5152 "-" "Feedfetcher-Google; (+http://www.google.com/feedfetcher.html; 4 subscribers; feed-id=6887443542408518203)"
80.187.216.19 - - [09/Aug/2011:15:49:34 -0700] "GET /2010/11/10/dont-forget-the-down-state/ HTTP/1.1" 200 5305 "http://www.google.de/search?q=flex+mouse+up+down+click&hl=de&client=safari&rls=en&prmd=ivnsfd&ei=F7lBTonFJc2M-wb0l4nLCQ&start=10&sa=N&biw=1021&bih=605" "Mozilla/5.0 (Macintosh; Intel Mac OS X 10_7) AppleWebKit/534.48.3 (KHTML, like Gecko) Version/5.1 Safari/534.48.3"
80.187.216.19 - - [09/Aug/2011:15:49:35 -0700] "GET /wp-includes/js/l10n.js?ver=20101110 HTTP/1.1" 200 542 "http://www.theflexguy.com/2010/11/10/dont-forget-the-down-state/" "Mozilla/5.0 (Macintosh; Intel Mac OS X 10_7) AppleWebKit/534.48.3 (KHTML, like Gecko) Version/5.1 Safari/534.48.3"
80.187.216.19 - - [09/Aug/2011:15:49:36 -0700] "GET /wp-includes/js/jquery/jquery.js?ver=1.6.1 HTTP/1.1" 200 69472 "http://www.theflexguy.com/2010/11/10/dont-forget-the-down-state/" "Mozilla/5.0 (Macintosh; Intel Mac OS X 10_7) AppleWebKit/534.48.3 (KHTML, like Gecko) Version/5.1 Safari/534.48.3"
80.187.216.19 - - [09/Aug/2011:15:49:36 -0700] "GET /wp-content/plugins/flickrpress/flickr.js?ver=3.2.1 HTTP/1.1" 200 2185 "http://www.theflexguy.com/2010/11/10/dont-forget-the-down-state/" "Mozilla/5.0 (Macintosh; Intel Mac OS X 10_7) AppleWebKit/534.48.3 (KHTML, like Gecko) Version/5.1 Safari/534.48.3"
80.187.216.19 - - [09/Aug/2011:15:49:37 -0700] "GET /wp-content/plugins/flickrpress/style.css?ver=3.2.1 HTTP/1.1" 200 2236 "http://www.theflexguy.com/2010/11/10/dont-forget-the-down-state/" "Mozilla/5.0 (Macintosh; Intel Mac OS X 10_7) AppleWebKit/534.48.3 (KHTML, like Gecko) Version/5.1 Safari/534.48.3"
80.187.216.19 - - [09/Aug/2011:15:49:37 -0700] "GET /wp-content/themes/uchilla1.0/style.css HTTP/1.1" 200 11215 "http://www.theflexguy.com/2010/11/10/dont-forget-the-down-state/" "Mozilla/5.0 (Macintosh; Intel Mac OS X 10_7) AppleWebKit/534.48.3 (KHTML, like Gecko) Version/5.1 Safari/534.48.3"
80.187.216.19 - - [09/Aug/2011:15:49:37 -0700] "GET /wp-includes/js/jquery/jquery.js?ver=1.6.1 HTTP/1.1" 200 91601 "http://www.theflexguy.com/2010/11/10/dont-forget-the-down-state/" "Mozilla/5.0 (Macintosh; Intel Mac OS X 10_7) AppleWebKit/534.48.3 (KHTML, like Gecko) Version/5.1 Safari/534.48.3"
80.187.216.19 - - [09/Aug/2011:15:49:40 -0700] "GET /wp-content/themes/uchilla1.0/images/backgrounds/striped_dark.jpg HTTP/1.1" 200 9801 "http://www.theflexguy.com/2010/11/10/dont-forget-the-down-state/" "Mozilla/5.0 (Macintosh; Intel Mac OS X 10_7) AppleWebKit/534.48.3 (KHTML, like Gecko) Version/5.1 Safari/534.48.3"
80.187.216.19 - - [09/Aug/2011:15:49:40 -0700] "GET /wp-content/uploads/2010/11/CartoonMarty128.png HTTP/1.1" 200 15393 "http://www.theflexguy.com/2010/11/10/dont-forget-the-down-state/" "Mozilla/5.0 (Macintosh; Intel Mac OS X 10_7) AppleWebKit/534.48.3 (KHTML, like Gecko) Version/5.1 Safari/534.48.3"
80.187.216.19 - - [09/Aug/2011:15:49:40 -0700] "GET /wp-content/themes/uchilla1.0/images/contBg.jpg HTTP/1.1" 200 7319 "http://www.theflexguy.com/2010/11/10/dont-forget-the-down-state/" "Mozilla/5.0 (Macintosh; Intel Mac OS X 10_7) AppleWebKit/534.48.3 (KHTML, like Gecko) Version/5.1 Safari/534.48.3"
80.187.216.19 - - [09/Aug/2011:15:49:40 -0700] "GET /wp-content/themes/uchilla1.0/images/sidebarLine.jpg HTTP/1.1" 200 899 "http://www.theflexguy.com/2010/11/10/dont-forget-the-down-state/" "Mozilla/5.0 (Macintosh; Intel Mac OS X 10_7) AppleWebKit/534.48.3 (KHTML, like Gecko) Version/5.1 Safari/534.48.3"
80.187.216.19 - - [09/Aug/2011:15:49:40 -0700] "GET /wp-content/themes/uchilla1.0/images/dateBg.jpg HTTP/1.1" 200 2223 "http://www.theflexguy.com/2010/11/10/dont-forget-the-down-state/" "Mozilla/5.0 (Macintosh; Intel Mac OS X 10_7) AppleWebKit/534.48.3 (KHTML, like Gecko) Version/5.1 Safari/534.48.3"
80.187.216.19 - - [09/Aug/2011:15:49:40 -0700] "GET /wp-content/themes/uchilla1.0/images/sidebarBullet.jpg HTTP/1.1" 200 936 "http://www.theflexguy.com/2010/11/10/dont-forget-the-down-state/" "Mozilla/5.0 (Macintosh; Intel Mac OS X 10_7) AppleWebKit/534.48.3 (KHTML, like Gecko) Version/5.1 Safari/534.48.3"
80.187.216.19 - - [09/Aug/2011:15:49:41 -0700] "GET /wp-content/themes/uchilla1.0/print.css HTTP/1.1" 200 470 "http://www.theflexguy.com/2010/11/10/dont-forget-the-down-state/" "Mozilla/5.0 (Macintosh; Intel Mac OS X 10_7) AppleWebKit/534.48.3 (KHTML, like Gecko) Version/5.1 Safari/534.48.3"
80.187.216.19 - - [09/Aug/2011:15:49:41 -0700] "GET /favicon.ico HTTP/1.1" 200 220 "http://www.theflexguy.com/2010/11/10/dont-forget-the-down-state/" "Mozilla/5.0 (Macintosh; Intel Mac OS X 10_7) AppleWebKit/534.48.3 (KHTML, like Gecko) Version/5.1 Safari/534.48.3"
75.119.204.73 - - [09/Aug/2011:15:50:43 -0700] "POST /wp-cron.php?doing_wp_cron HTTP/1.0" 200 158 "-" "WordPress/3.2.1; http://www.theflexguy.com"
217.231.211.39 - - [09/Aug/2011:15:50:43 -0700] "GET /feed/rss/ HTTP/1.1" 200 194 "-" "Snarfer/1.0.2 (http://www.snarfware.com/)"
38.101.148.126 - - [09/Aug/2011:15:51:57 -0700] "GET /robots.txt HTTP/1.1" 200 293 "-" "Mozilla/5.0 (compatible; discobot/1.1; +http://discoveryengine.com/discobot.html)"
209.85.238.213 - - [09/Aug/2011:16:00:45 -0700] "GET /feed/rss HTTP/1.1" 200 413 "-" "Feedfetcher-Google; (+http://www.google.com/feedfetcher.html; 5 subscribers; feed-id=8282921309701812955)"
209.85.238.213 - - [09/Aug/2011:16:00:46 -0700] "GET /feed/rss/ HTTP/1.1" 200 2743 "-" "Feedfetcher-Google; (+http://www.google.com/feedfetcher.html; 5 subscribers; feed-id=8282921309701812955)"
173.192.238.44 - - [09/Aug/2011:16:02:09 -0700] "GET /feed/atom/ HTTP/1.1" 200 59482 "-" "Mozilla/5.0 (X11; U; Linux x86_64; en-US; rv:1.9.0.19; aggregator:Spinn3r (Spinn3r 3.1); http://spinn3r.com/robot) Gecko/2010040121 Firefox/3.0.19"
95.108.154.252 - - [09/Aug/2011:16:05:11 -0700] "GET / HTTP/1.1" 200 4987 "-" "Mozilla/5.0 (compatible; YandexBot/3.0; +http://yandex.com/bots)"
75.119.204.73 - - [09/Aug/2011:16:08:44 -0700] "POST /wp-cron.php?doing_wp_cron HTTP/1.0" 200 158 "-" "WordPress/3.2.1; http://www.theflexguy.com"
173.192.238.44 - - [09/Aug/2011:16:08:44 -0700] "GET / HTTP/1.1" 200 321 "-" "Mozilla/5.0 (X11; U; Linux x86_64; en-US; rv:1.9.0.19; aggregator:Spinn3r (Spinn3r 3.1); http://spinn3r.com/robot) Gecko/2010040121 Firefox/3.0.19"
173.192.238.44 - - [09/Aug/2011:16:08:45 -0700] "GET / HTTP/1.1" 200 4950 "-" "Mozilla/5.0 (X11; U; Linux x86_64; en-US; rv:1.9.0.19; aggregator:Spinn3r (Spinn3r 3.1); http://spinn3r.com/robot) Gecko/2010040121 Firefox/3.0.19"
76.74.170.204 - - [09/Aug/2011:16:10:30 -0700] "GET /feed/ HTTP/1.1" 200 14406 "-" "ColdFusion"
124.115.0.142 - - [09/Aug/2011:16:12:36 -0700] "GET / HTTP/1.1" 200 358 "-" "Sosospider+(+http://help.soso.com/webspider.htm)"
67.195.112.254 - - [09/Aug/2011:16:17:45 -0700] "GET /category/random/ HTTP/1.0" 200 2897 "-" "Mozilla/5.0 (compatible; Yahoo! Slurp; http://help.yahoo.com/help/us/ysearch/slurp)"
209.85.238.213 - - [09/Aug/2011:16:26:04 -0700] "GET /index.php?format=feed&type=atom HTTP/1.1" 200 380 "-" "Feedfetcher-Google; (+http://www.google.com/feedfetcher.html; 1 subscribers; feed-id=2021327347742680309)"
209.85.238.213 - - [09/Aug/2011:16:26:05 -0700] "GET /?format=feed&type=atom HTTP/1.1" 200 5153 "-" "Feedfetcher-Google; (+http://www.google.com/feedfetcher.html; 1 subscribers; feed-id=2021327347742680309)"
174.37.205.92 - - [09/Aug/2011:16:32:16 -0700] "GET /feed/atom/ HTTP/1.1" 200 59482 "-" "Mozilla/5.0 (X11; U; Linux x86_64; en-US; rv:1.9.0.19; aggregator:Spinn3r (Spinn3r 3.1); http://spinn3r.com/robot) Gecko/2010040121 Firefox/3.0.19"
75.119.204.73 - - [09/Aug/2011:16:33:14 -0700] "POST /wp-cron.php?doing_wp_cron HTTP/1.0" 200 158 "-" "WordPress/3.2.1; http://www.theflexguy.com"
65.52.110.83 - - [09/Aug/2011:16:33:14 -0700] "GET /robots.txt HTTP/1.1" 200 305 "-" "Mozilla/5.0 (compatible; bingbot/2.0; +http://www.bing.com/bingbot.htm)"
65.52.110.83 - - [09/Aug/2011:16:33:57 -0700] "GET /tools/htmlTextEditor2008/ HTTP/1.1" 200 1967 "-" "Mozilla/5.0 (compatible; bingbot/2.0; +http://www.bing.com/bingbot.htm)"
65.52.110.83 - - [09/Aug/2011:16:33:57 -0700] "GET /tools/htmlTextEditor2008/htmlTextEditor.swf HTTP/1.1" 200 303670 "-" "Mozilla/5.0 (compatible; bingbot/2.0; +http://www.bing.com/bingbot.htm)"
174.37.154.78 - - [09/Aug/2011:16:34:24 -0700] "GET /feed/atom HTTP/1.0" 200 194 "-" "Gist Server"
189.203.10.136 - - [09/Aug/2011:16:35:19 -0700] "GET /files/headerBanner.jpg HTTP/1.1" 200 153258 "http://fdt.powerflasher.com/blog/tag/flex/" "Mozilla/5.0 (Windows NT 6.1; WOW64) AppleWebKit/535.1 (KHTML, like Gecko) Chrome/13.0.782.112 Safari/535.1"
207.46.204.211 - - [09/Aug/2011:16:35:23 -0700] "GET /tools/htmlTextEditor2008/ HTTP/1.1" 200 1967 "-" "Mozilla/5.0 (compatible; MSIE 9.0; Windows NT 6.1; Trident/5.0; WOW64; Trident/5.0)"
207.46.204.211 - - [09/Aug/2011:16:35:24 -0700] "GET /tools/htmlTextEditor2008/AC_OETags.js HTTP/1.1" 200 8084 "http://www.theflexguy.com/tools/htmlTextEditor2008/" "Mozilla/5.0 (compatible; MSIE 9.0; Windows NT 6.1; Trident/5.0; WOW64; Trident/5.0)"
207.46.204.211 - - [09/Aug/2011:16:35:24 -0700] "GET /tools/htmlTextEditor2008/history/history.css HTTP/1.1" 200 640 "http://www.theflexguy.com/tools/htmlTextEditor2008/" "Mozilla/5.0 (compatible; MSIE 9.0; Windows NT 6.1; Trident/5.0; WOW64; Trident/5.0)"
207.46.204.211 - - [09/Aug/2011:16:35:26 -0700] "GET /tools/htmlTextEditor2008/history/history.js HTTP/1.1" 200 23388 "http://www.theflexguy.com/tools/htmlTextEditor2008/" "Mozilla/5.0 (compatible; MSIE 9.0; Windows NT 6.1; Trident/5.0; WOW64; Trident/5.0)"
174.36.228.156 - - [09/Aug/2011:16:38:51 -0700] "GET / HTTP/1.1" 200 321 "-" "Mozilla/5.0 (X11; U; Linux x86_64; en-US; rv:1.9.0.19; aggregator:Spinn3r (Spinn3r 3.1); http://spinn3r.com/robot) Gecko/2010040121 Firefox/3.0.19"
174.36.228.156 - - [09/Aug/2011:16:38:52 -0700] "GET / HTTP/1.1" 200 4825 "-" "Mozilla/5.0 (X11; U; Linux x86_64; en-US; rv:1.9.0.19; aggregator:Spinn3r (Spinn3r 3.1); http://spinn3r.com/robot) Gecko/2010040121 Firefox/3.0.19"
91.195.118.65 - - [09/Aug/2011:16:41:25 -0700] "GET /feed/rss HTTP/1.0" 200 376 "-" "MagpieRSS/0.7 (+http://magpierss.sf.net; No cache)"
91.195.118.65 - - [09/Aug/2011:16:41:26 -0700] "GET /feed/rss/ HTTP/1.0" 200 2703 "-" "MagpieRSS/0.7 (+http://magpierss.sf.net; No cache)"
91.195.118.65 - - [09/Aug/2011:16:41:27 -0700] "GET /?feed=rss2 HTTP/1.0" 200 372 "-" "MagpieRSS/0.7 (+http://magpierss.sf.net; No cache)"
91.195.118.65 - - [09/Aug/2011:16:41:28 -0700] "GET /feed/ HTTP/1.0" 200 14316 "-" "MagpieRSS/0.7 (+http://magpierss.sf.net; No cache)"
75.119.204.73 - - [09/Aug/2011:16:42:06 -0700] "POST /wp-cron.php?doing_wp_cron HTTP/1.0" 200 158 "-" "WordPress/3.2.1; http://www.theflexguy.com"
208.115.111.73 - - [09/Aug/2011:16:42:06 -0700] "GET /robots.txt HTTP/1.1" 200 249 "-" "Mozilla/5.0 (compatible; Ezooms/1.0; ezooms.bot@gmail.com)"
209.85.238.213 - - [09/Aug/2011:16:42:24 -0700] "GET /feed/ HTTP/1.1" 200 14402 "-" "Feedfetcher-Google; (+http://www.google.com/feedfetcher.html; 4 subscribers; feed-id=17450445626559736511)"
209.85.238.213 - - [09/Aug/2011:16:42:41 -0700] "GET /?feed=rss2 HTTP/1.1" 200 409 "-" "Feedfetcher-Google; (+http://www.google.com/feedfetcher.html; 21 subscribers; feed-id=6047012421983505584)"
76.74.170.204 - - [09/Aug/2011:16:43:43 -0700] "GET /feed/ HTTP/1.1" 200 14402 "-" "ColdFusion"
209.85.238.213 - - [09/Aug/2011:16:44:19 -0700] "GET /index.php?option=com_content&view=category&layout=blog&id=35&Itemid=54&format=feed&type=rss HTTP/1.1" 200 440 "-" "Feedfetcher-Google; (+http://www.google.com/feedfetcher.html; 1 subscribers; feed-id=9816647088266946374)"
209.85.238.213 - - [09/Aug/2011:16:44:20 -0700] "GET /?option=com_content&view=category&layout=blog&id=35&Itemid=54&format=feed&type=rss HTTP/1.1" 200 5191 "-" "Feedfetcher-Google; (+http://www.google.com/feedfetcher.html; 1 subscribers; feed-id=9816647088266946374)"
209.85.238.73 - - [09/Aug/2011:16:49:24 -0700] "GET /index.php?format=feed&type=rss HTTP/1.1" 200 379 "-" "Feedfetcher-Google; (+http://www.google.com/feedfetcher.html; 4 subscribers; feed-id=6887443542408518203)"
209.85.238.213 - - [09/Aug/2011:16:49:25 -0700] "GET /?format=feed&type=rss HTTP/1.1" 200 5136 "-" "Feedfetcher-Google; (+http://www.google.com/feedfetcher.html; 4 subscribers; feed-id=6887443542408518203)"
76.74.170.204 - - [09/Aug/2011:16:51:29 -0700] "GET /feed/ HTTP/1.1" 200 14402 "-" "ColdFusion"
173.14.218.122 - - [09/Aug/2011:16:54:31 -0700] "GET /files/headerBanner.jpg HTTP/1.1" 200 153258 "http://fdt.powerflasher.com/blog/tag/flex/" "Mozilla/5.0 (Windows NT 6.1) AppleWebKit/535.1 (KHTML, like Gecko) Chrome/13.0.782.107 Safari/535.1"
174.36.228.156 - - [09/Aug/2011:17:02:22 -0700] "GET /feed/atom/ HTTP/1.1" 200 143 "-" "Mozilla/5.0 (X11; U; Linux x86_64; en-US; rv:1.9.0.19; aggregator:Spinn3r (Spinn3r 3.1); http://spinn3r.com/robot) Gecko/2010040121 Firefox/3.0.19"
192.150.14.130 - - [09/Aug/2011:17:03:00 -0700] "HEAD /?feed=rss2 HTTP/1.1" 200 353 "-" "Adobe Feeds"
75.119.204.73 - - [09/Aug/2011:17:04:07 -0700] "POST /wp-cron.php?doing_wp_cron HTTP/1.0" 200 158 "-" "WordPress/3.2.1; http://www.theflexguy.com"
61.135.249.182 - - [09/Aug/2011:17:04:06 -0700] "GET / HTTP/1.1" 200 4806 "-" "Mozilla/5.0 (compatible; YodaoBot/1.0; http://www.yodao.com/help/webmaster/spider/; )"
209.85.238.213 - - [09/Aug/2011:17:07:35 -0700] "GET /feed/rss HTTP/1.1" 200 413 "-" "Feedfetcher-Google; (+http://www.google.com/feedfetcher.html; 5 subscribers; feed-id=8282921309701812955)"
209.85.238.213 - - [09/Aug/2011:17:07:36 -0700] "GET /feed/rss/ HTTP/1.1" 200 193 "-" "Feedfetcher-Google; (+http://www.google.com/feedfetcher.html; 5 subscribers; feed-id=8282921309701812955)"
173.192.238.34 - - [09/Aug/2011:17:09:04 -0700] "GET / HTTP/1.1" 200 321 "-" "Mozilla/5.0 (X11; U; Linux x86_64; en-US; rv:1.9.0.19; aggregator:Spinn3r (Spinn3r 3.1); http://spinn3r.com/robot) Gecko/2010040121 Firefox/3.0.19"
173.192.238.34 - - [09/Aug/2011:17:09:05 -0700] "GET / HTTP/1.1" 200 4825 "-" "Mozilla/5.0 (X11; U; Linux x86_64; en-US; rv:1.9.0.19; aggregator:Spinn3r (Spinn3r 3.1); http://spinn3r.com/robot) Gecko/2010040121 Firefox/3.0.19"
76.74.170.204 - - [09/Aug/2011:17:18:43 -0700] "GET /feed/ HTTP/1.1" 200 14402 "-" "ColdFusion"
65.52.110.87 - - [09/Aug/2011:17:27:22 -0700] "GET /robots.txt HTTP/1.1" 200 305 "-" "Mozilla/5.0 (compatible; bingbot/2.0; +http://www.bing.com/bingbot.htm)"
65.52.110.87 - - [09/Aug/2011:17:28:28 -0700] "GET /2009/03/18/fund-meter-09-now-available/ HTTP/1.1" 200 5553 "-" "Mozilla/5.0 (compatible; bingbot/2.0; +http://www.bing.com/bingbot.htm)"
174.37.205.92 - - [09/Aug/2011:17:32:31 -0700] "GET /feed/atom/ HTTP/1.1" 200 143 "-" "Mozilla/5.0 (X11; U; Linux x86_64; en-US; rv:1.9.0.19; aggregator:Spinn3r (Spinn3r 3.1); http://spinn3r.com/robot) Gecko/2010040121 Firefox/3.0.19"
209.85.238.213 - - [09/Aug/2011:17:33:21 -0700] "GET /?feed=rss2 HTTP/1.1" 200 409 "-" "Feedfetcher-Google; (+http://www.google.com/feedfetcher.html; 21 subscribers; feed-id=6047012421983505584)"
209.85.238.213 - - [09/Aug/2011:17:33:22 -0700] "GET /feed/ HTTP/1.1" 200 14401 "-" "Feedfetcher-Google; (+http://www.google.com/feedfetcher.html; 21 subscribers; feed-id=6047012421983505584)"
75.119.204.73 - - [09/Aug/2011:17:34:51 -0700] "POST /wp-cron.php?doing_wp_cron HTTP/1.0" 200 158 "-" "WordPress/3.2.1; http://www.theflexguy.com"
174.37.154.78 - - [09/Aug/2011:17:34:50 -0700] "GET /feed/atom HTTP/1.0" 200 194 "-" "Gist Server"
173.192.238.48 - - [09/Aug/2011:17:39:27 -0700] "GET / HTTP/1.1" 200 321 "-" "Mozilla/5.0 (X11; U; Linux x86_64; en-US; rv:1.9.0.19; aggregator:Spinn3r (Spinn3r 3.1); http://spinn3r.com/robot) Gecko/2010040121 Firefox/3.0.19"
173.192.238.48 - - [09/Aug/2011:17:39:28 -0700] "GET / HTTP/1.1" 200 4825 "-" "Mozilla/5.0 (X11; U; Linux x86_64; en-US; rv:1.9.0.19; aggregator:Spinn3r (Spinn3r 3.1); http://spinn3r.com/robot) Gecko/2010040121 Firefox/3.0.19"
118.116.94.89 - - [09/Aug/2011:17:43:54 -0700] "GET /favicon.ico HTTP/1.1" 200 276 "-" "Mozilla/5.0 (Windows NT 5.1; rv:2.0.1) Gecko/20100101 Firefox/4.0.1"
76.74.170.204 - - [09/Aug/2011:17:44:50 -0700] "GET /feed/ HTTP/1.1" 200 14403 "-" "ColdFusion"
71.197.147.127 - - [09/Aug/2011:17:44:54 -0700] "GET /files/headerBanner.jpg HTTP/1.1" 200 153258 "http://seaflex.groups.adobe.com/" "Mozilla/5.0 (Macintosh; U; Intel Mac OS X 10_6_7; en-us) AppleWebKit/533.21.1 (KHTML, like Gecko) Version/5.0.5 Safari/533.21.1"
75.119.204.73 - - [09/Aug/2011:17:47:01 -0700] "POST /wp-cron.php?doing_wp_cron HTTP/1.0" 200 158 "-" "WordPress/3.2.1; http://www.theflexguy.com"
95.108.154.252 - - [09/Aug/2011:17:47:01 -0700] "GET /?option=com_content&Itemid=54&catid=35&id=72&lang=en&view=article&fontstyle=f-default HTTP/1.1" 200 4927 "-" "Mozilla/5.0 (compatible; YandexBot/3.0; +http://yandex.com/bots)"
209.85.238.73 - - [09/Aug/2011:17:49:34 -0700] "GET /index.php?format=feed&type=rss HTTP/1.1" 200 379 "-" "Feedfetcher-Google; (+http://www.google.com/feedfetcher.html; 4 subscribers; feed-id=6887443542408518203)"
209.85.238.213 - - [09/Aug/2011:17:49:35 -0700] "GET /?format=feed&type=rss HTTP/1.1" 200 5153 "-" "Feedfetcher-Google; (+http://www.google.com/feedfetcher.html; 4 subscribers; feed-id=6887443542408518203)"
209.85.238.213 - - [09/Aug/2011:17:52:14 -0700] "GET /feed/ HTTP/1.1" 200 14399 "-" "Feedfetcher-Google; (+http://www.google.com/feedfetcher.html; 4 subscribers; feed-id=17450445626559736511)"
67.195.112.254 - - [09/Aug/2011:17:56:51 -0700] "GET /2008/09/17/mls-csv2kml-beta-1/ HTTP/1.0" 200 5059 "-" "Mozilla/5.0 (compatible; Yahoo! Slurp; http://help.yahoo.com/help/us/ysearch/slurp)"
67.195.112.254 - - [09/Aug/2011:17:56:53 -0700] "GET /wp-content/themes/uchilla1.0/style.css HTTP/1.0" 304 137 "http://www.theflexguy.com/2008/09/17/mls-csv2kml-beta-1/" "Mozilla/5.0 (compatible; Yahoo! Slurp; http://help.yahoo.com/help/us/ysearch/slurp)"
67.195.112.254 - - [09/Aug/2011:17:56:54 -0700] "GET /wp-content/themes/uchilla1.0/print.css HTTP/1.0" 304 135 "http://www.theflexguy.com/2008/09/17/mls-csv2kml-beta-1/" "Mozilla/5.0 (compatible; Yahoo! Slurp; http://help.yahoo.com/help/us/ysearch/slurp)"
67.195.112.254 - - [09/Aug/2011:17:56:54 -0700] "GET /wp-content/plugins/flickrpress/style.css?ver=3.2.1 HTTP/1.0" 304 136 "http://www.theflexguy.com/2008/09/17/mls-csv2kml-beta-1/" "Mozilla/5.0 (compatible; Yahoo! Slurp; http://help.yahoo.com/help/us/ysearch/slurp)"
123.125.71.102 - - [09/Aug/2011:17:57:15 -0700] "GET / HTTP/1.1" 200 4825 "-" "Mozilla/5.0 (compatible; Baiduspider/2.0; +http://www.baidu.com/search/spider.html)"
220.181.108.147 - - [09/Aug/2011:17:57:18 -0700] "GET /category/flex/ HTTP/1.1" 200 5016 "-" "Mozilla/5.0 (compatible; Baiduspider/2.0; +http://www.baidu.com/search/spider.html)"
220.181.108.117 - - [09/Aug/2011:17:57:21 -0700] "GET /2007/10/ HTTP/1.1" 200 2812 "-" "Mozilla/5.0 (compatible; Baiduspider/2.0; +http://www.baidu.com/search/spider.html)"
209.85.238.213 - - [09/Aug/2011:17:59:55 -0700] "GET /feed/rss HTTP/1.1" 200 413 "-" "Feedfetcher-Google; (+http://www.google.com/feedfetcher.html; 5 subscribers; feed-id=8282921309701812955)"
209.85.238.213 - - [09/Aug/2011:17:59:56 -0700] "GET /feed/rss/ HTTP/1.1" 200 193 "-" "Feedfetcher-Google; (+http://www.google.com/feedfetcher.html; 5 subscribers; feed-id=8282921309701812955)"
75.119.204.73 - - [09/Aug/2011:18:00:16 -0700] "POST /wp-cron.php?doing_wp_cron HTTP/1.0" 200 158 "-" "WordPress/3.2.1; http://www.theflexguy.com"
38.99.98.9 - - [09/Aug/2011:18:00:16 -0700] "GET /robots.txt HTTP/1.1" 200 300 "-" "Mozilla/5.0 (compatible; ScoutJet; +http://www.scoutjet.com/)"
38.99.98.9 - - [09/Aug/2011:18:00:17 -0700] "GET / HTTP/1.1" 200 5097 "-" "Mozilla/5.0 (compatible; ScoutJet; +http://www.scoutjet.com/)"
174.37.205.92 - - [09/Aug/2011:18:02:34 -0700] "GET /feed/atom/ HTTP/1.1" 200 143 "-" "Mozilla/5.0 (X11; U; Linux x86_64; en-US; rv:1.9.0.19; aggregator:Spinn3r (Spinn3r 3.1); http://spinn3r.com/robot) Gecko/2010040121 Firefox/3.0.19"
174.36.228.156 - - [09/Aug/2011:18:09:32 -0700] "GET / HTTP/1.1" 200 321 "-" "Mozilla/5.0 (X11; U; Linux x86_64; en-US; rv:1.9.0.19; aggregator:Spinn3r (Spinn3r 3.1); http://spinn3r.com/robot) Gecko/2010040121 Firefox/3.0.19"
174.36.228.156 - - [09/Aug/2011:18:09:33 -0700] "GET / HTTP/1.1" 200 4951 "-" "Mozilla/5.0 (X11; U; Linux x86_64; en-US; rv:1.9.0.19; aggregator:Spinn3r (Spinn3r 3.1); http://spinn3r.com/robot) Gecko/2010040121 Firefox/3.0.19"
76.74.170.204 - - [09/Aug/2011:18:28:40 -0700] "GET /feed/ HTTP/1.1" 200 14399 "-" "ColdFusion"
209.85.238.213 - - [09/Aug/2011:18:30:31 -0700] "GET /?feed=rss2 HTTP/1.1" 200 409 "-" "Feedfetcher-Google; (+http://www.google.com/feedfetcher.html; 21 subscribers; feed-id=6047012421983505584)"
209.85.238.213 - - [09/Aug/2011:18:30:32 -0700] "GET /feed/ HTTP/1.1" 200 14398 "-" "Feedfetcher-Google; (+http://www.google.com/feedfetcher.html; 21 subscribers; feed-id=6047012421983505584)"
75.119.204.73 - - [09/Aug/2011:18:32:42 -0700] "POST /wp-cron.php?doing_wp_cron HTTP/1.0" 200 158 "-" "WordPress/3.2.1; http://www.theflexguy.com"
173.192.238.44 - - [09/Aug/2011:18:32:42 -0700] "GET /feed/atom/ HTTP/1.1" 200 143 "-" "Mozilla/5.0 (X11; U; Linux x86_64; en-US; rv:1.9.0.19; aggregator:Spinn3r (Spinn3r 3.1); http://spinn3r.com/robot) Gecko/2010040121 Firefox/3.0.19"
209.85.224.85 - - [09/Aug/2011:18:36:01 -0700] "GET /favicon.ico HTTP/1.1" 200 220 "-" "-"
209.188.0.34 - - [09/Aug/2011:18:37:48 -0700] "GET /files/headerBanner.jpg HTTP/1.1" 200 153202 "http://SEAFLEXUG.COM/" "Mozilla/Firefox"
208.115.111.73 - - [09/Aug/2011:18:37:54 -0700] "GET /tag/debugging/ HTTP/1.1" 200 10080 "-" "Mozilla/5.0 (compatible; Ezooms/1.0; ezooms.bot@gmail.com)"
174.36.228.156 - - [09/Aug/2011:18:39:36 -0700] "GET / HTTP/1.1" 200 321 "-" "Mozilla/5.0 (X11; U; Linux x86_64; en-US; rv:1.9.0.19; aggregator:Spinn3r (Spinn3r 3.1); http://spinn3r.com/robot) Gecko/2010040121 Firefox/3.0.19"
174.36.228.156 - - [09/Aug/2011:18:39:37 -0700] "GET / HTTP/1.1" 200 4951 "-" "Mozilla/5.0 (X11; U; Linux x86_64; en-US; rv:1.9.0.19; aggregator:Spinn3r (Spinn3r 3.1); http://spinn3r.com/robot) Gecko/2010040121 Firefox/3.0.19"
95.108.147.185 - - [09/Aug/2011:18:40:22 -0700] "GET /feed/ HTTP/1.1" 200 56705 "-" "Mozilla/5.0 (compatible; YandexBlogs/0.99; robot; B; +http://yandex.com/bots) 1 readers"
209.85.238.213 - - [09/Aug/2011:18:43:31 -0700] "GET /index.php?option=com_idoblog&view=idoblog&Itemid=54&format=feed&type=rss HTTP/1.1" 200 421 "-" "Feedfetcher-Google; (+http://www.google.com/feedfetcher.html; 1 subscribers; feed-id=7080376364330259190)"
209.85.238.213 - - [09/Aug/2011:18:43:33 -0700] "GET /?option=com_idoblog&view=idoblog&Itemid=54&format=feed&type=rss HTTP/1.1" 200 5179 "-" "Feedfetcher-Google; (+http://www.google.com/feedfetcher.html; 1 subscribers; feed-id=7080376364330259190)"
209.85.238.213 - - [09/Aug/2011:18:49:44 -0700] "GET /feed/ HTTP/1.1" 200 14399 "-" "Feedfetcher-Google; (+http://www.google.com/feedfetcher.html; 4 subscribers; feed-id=17450445626559736511)"
75.119.204.73 - - [09/Aug/2011:18:49:46 -0700] "POST /wp-cron.php?doing_wp_cron HTTP/1.0" 200 158 "-" "WordPress/3.2.1; http://www.theflexguy.com"
209.85.238.73 - - [09/Aug/2011:18:49:45 -0700] "GET /index.php?format=feed&type=rss HTTP/1.1" 200 379 "-" "Feedfetcher-Google; (+http://www.google.com/feedfetcher.html; 4 subscribers; feed-id=6887443542408518203)"
209.85.238.213 - - [09/Aug/2011:18:49:47 -0700] "GET /?format=feed&type=rss HTTP/1.1" 200 5153 "-" "Feedfetcher-Google; (+http://www.google.com/feedfetcher.html; 4 subscribers; feed-id=6887443542408518203)"
173.242.125.206 - - [09/Aug/2011:18:52:42 -0700] "GET /robots.txt HTTP/1.0" 200 229 "-" "Mozilla/5.0 (compatible; MJ12bot/v1.4.0; http://www.majestic12.co.uk/bot.php?+)"
173.242.125.206 - - [09/Aug/2011:18:52:44 -0700] "GET / HTTP/1.0" 200 4951 "-" "Mozilla/5.0 (compatible; MJ12bot/v1.4.0; http://www.majestic12.co.uk/bot.php?+)"
209.85.238.213 - - [09/Aug/2011:18:54:05 -0700] "GET /feed/rss HTTP/1.1" 200 413 "-" "Feedfetcher-Google; (+http://www.google.com/feedfetcher.html; 5 subscribers; feed-id=8282921309701812955)"
209.85.238.213 - - [09/Aug/2011:18:54:06 -0700] "GET /feed/rss/ HTTP/1.1" 200 193 "-" "Feedfetcher-Google; (+http://www.google.com/feedfetcher.html; 5 subscribers; feed-id=8282921309701812955)"
75.119.204.73 - - [09/Aug/2011:18:57:58 -0700] "POST /wp-cron.php?doing_wp_cron HTTP/1.0" 200 158 "-" "WordPress/3.2.1; http://www.theflexguy.com"
85.17.90.129 - - [09/Aug/2011:18:57:58 -0700] "GET /?feed=rss2 HTTP/1.0" 200 372 "-" "MagpieRSS/0.7 (+http://magpierss.sf.net; No cache)"
85.17.90.129 - - [09/Aug/2011:18:57:59 -0700] "GET /feed/ HTTP/1.0" 200 14319 "-" "MagpieRSS/0.7 (+http://magpierss.sf.net; No cache)"
203.176.102.210 - - [09/Aug/2011:19:00:08 -0700] "GET /files/headerBanner.jpg HTTP/1.0" 200 153258 "http://fdt.powerflasher.com/blog/" "Mozilla/5.0 (Macintosh; Intel Mac OS X 10_6_7) AppleWebKit/535.1 (KHTML, like Gecko) Chrome/13.0.782.107 Safari/535.1"
173.192.238.34 - - [09/Aug/2011:19:02:45 -0700] "GET /feed/atom/ HTTP/1.1" 200 143 "-" "Mozilla/5.0 (X11; U; Linux x86_64; en-US; rv:1.9.0.19; aggregator:Spinn3r (Spinn3r 3.1); http://spinn3r.com/robot) Gecko/2010040121 Firefox/3.0.19"
192.150.14.130 - - [09/Aug/2011:19:02:54 -0700] "HEAD /?feed=rss2 HTTP/1.1" 200 353 "-" "Adobe Feeds"
61.135.249.234 - - [09/Aug/2011:19:03:04 -0700] "GET / HTTP/1.1" 200 4932 "-" "Mozilla/5.0 (compatible; YodaoBot/1.0; http://www.yodao.com/help/webmaster/spider/; )"
67.195.112.254 - - [09/Aug/2011:19:06:54 -0700] "GET /robots.txt HTTP/1.0" 200 293 "-" "Mozilla/5.0 (compatible; Yahoo! Slurp; http://help.yahoo.com/help/us/ysearch/slurp)"
67.195.112.254 - - [09/Aug/2011:19:06:55 -0700] "GET /2007/06/11/the-air-up-there/ HTTP/1.0" 200 4867 "-" "Mozilla/5.0 (compatible; Yahoo! Slurp; http://help.yahoo.com/help/us/ysearch/slurp)"
174.37.205.68 - - [09/Aug/2011:19:09:40 -0700] "GET / HTTP/1.1" 200 321 "-" "Mozilla/5.0 (X11; U; Linux x86_64; en-US; rv:1.9.0.19; aggregator:Spinn3r (Spinn3r 3.1); http://spinn3r.com/robot) Gecko/2010040121 Firefox/3.0.19"
174.37.205.68 - - [09/Aug/2011:19:09:41 -0700] "GET / HTTP/1.1" 200 4951 "-" "Mozilla/5.0 (X11; U; Linux x86_64; en-US; rv:1.9.0.19; aggregator:Spinn3r (Spinn3r 3.1); http://spinn3r.com/robot) Gecko/2010040121 Firefox/3.0.19"
119.63.196.59 - - [09/Aug/2011:19:11:01 -0700] "GET /?option=com_content&view=category&layout=blog&id=39&Itemid=55 HTTP/1.1" 200 4869 "-" "Mozilla/5.0 (compatible; Baiduspider/2.0; +http://www.baidu.com/search/spider.html)"
61.135.249.234 - - [09/Aug/2011:19:13:10 -0700] "GET / HTTP/1.1" 200 4932 "-" "Mozilla/5.0 (compatible; YodaoBot/1.0; http://www.yodao.com/help/webmaster/spider/; )"
123.126.50.69 - - [09/Aug/2011:19:14:23 -0700] "GET /robots.txt HTTP/1.1" 200 256 "-" "-"
75.119.204.73 - - [09/Aug/2011:19:25:21 -0700] "POST /wp-cron.php?doing_wp_cron HTTP/1.0" 200 158 "-" "WordPress/3.2.1; http://www.theflexguy.com"
123.126.50.69 - - [09/Aug/2011:19:25:21 -0700] "GET / HTTP/1.1" 200 321 "-" "Sogou web spider/4.0(+http://www.sogou.com/docs/help/webmasters.htm#07)"
123.126.50.69 - - [09/Aug/2011:19:25:31 -0700] "GET /robots.txt HTTP/1.1" 200 256 "-" "-"
209.85.238.213 - - [09/Aug/2011:19:26:13 -0700] "GET /index.php?format=feed&type=atom HTTP/1.1" 200 380 "-" "Feedfetcher-Google; (+http://www.google.com/feedfetcher.html; 1 subscribers; feed-id=2021327347742680309)"
209.85.238.213 - - [09/Aug/2011:19:26:14 -0700] "GET /?format=feed&type=atom HTTP/1.1" 200 5152 "-" "Feedfetcher-Google; (+http://www.google.com/feedfetcher.html; 1 subscribers; feed-id=2021327347742680309)"
75.119.204.73 - - [09/Aug/2011:19:32:51 -0700] "POST /wp-cron.php?doing_wp_cron HTTP/1.0" 200 158 "-" "WordPress/3.2.1; http://www.theflexguy.com"
174.37.205.92 - - [09/Aug/2011:19:32:50 -0700] "GET /feed/atom/ HTTP/1.1" 200 143 "-" "Mozilla/5.0 (X11; U; Linux x86_64; en-US; rv:1.9.0.19; aggregator:Spinn3r (Spinn3r 3.1); http://spinn3r.com/robot) Gecko/2010040121 Firefox/3.0.19"
76.74.170.204 - - [09/Aug/2011:19:32:51 -0700] "GET /feed/ HTTP/1.1" 200 14401 "-" "ColdFusion"
174.136.26.114 - - [09/Aug/2011:19:33:06 -0700] "GET /robots.txt HTTP/1.0" 200 300 "-" "Nutraspace/Nutch-1.2 (www.nutraspace.com)"
174.136.26.114 - - [09/Aug/2011:19:33:06 -0700] "GET /2007/02/09/the-future-of-java-a-flex/ HTTP/1.0" 200 4658 "-" "Nutraspace/Nutch-1.2 (www.nutraspace.com)"
123.126.50.69 - - [09/Aug/2011:19:34:56 -0700] "GET / HTTP/1.1" 200 4825 "-" "Sogou web spider/4.0(+http://www.sogou.com/docs/help/webmasters.htm#07)"
209.85.238.213 - - [09/Aug/2011:19:38:31 -0700] "GET /?feed=rss2 HTTP/1.1" 200 409 "-" "Feedfetcher-Google; (+http://www.google.com/feedfetcher.html; 21 subscribers; feed-id=6047012421983505584)"
209.85.238.213 - - [09/Aug/2011:19:38:32 -0700] "GET /feed/ HTTP/1.1" 200 14400 "-" "Feedfetcher-Google; (+http://www.google.com/feedfetcher.html; 21 subscribers; feed-id=6047012421983505584)"
75.119.204.73 - - [09/Aug/2011:19:39:50 -0700] "POST /wp-cron.php?doing_wp_cron HTTP/1.0" 200 158 "-" "WordPress/3.2.1; http://www.theflexguy.com"
173.192.238.48 - - [09/Aug/2011:19:39:49 -0700] "GET / HTTP/1.1" 200 321 "-" "Mozilla/5.0 (X11; U; Linux x86_64; en-US; rv:1.9.0.19; aggregator:Spinn3r (Spinn3r 3.1); http://spinn3r.com/robot) Gecko/2010040121 Firefox/3.0.19"
173.192.238.48 - - [09/Aug/2011:19:39:51 -0700] "GET / HTTP/1.1" 200 4825 "-" "Mozilla/5.0 (X11; U; Linux x86_64; en-US; rv:1.9.0.19; aggregator:Spinn3r (Spinn3r 3.1); http://spinn3r.com/robot) Gecko/2010040121 Firefox/3.0.19"
209.85.238.213 - - [09/Aug/2011:19:39:54 -0700] "GET /feed/ HTTP/1.1" 200 14401 "-" "Feedfetcher-Google; (+http://www.google.com/feedfetcher.html; 4 subscribers; feed-id=17450445626559736511)"
209.85.238.213 - - [09/Aug/2011:19:44:29 -0700] "GET /index.php?option=com_content&view=category&layout=blog&id=35&Itemid=54&format=feed&type=rss HTTP/1.1" 200 440 "-" "Feedfetcher-Google; (+http://www.google.com/feedfetcher.html; 1 subscribers; feed-id=9816647088266946374)"
209.85.238.213 - - [09/Aug/2011:19:44:30 -0700] "GET /?option=com_content&view=category&layout=blog&id=35&Itemid=54&format=feed&type=rss HTTP/1.1" 200 5190 "-" "Feedfetcher-Google; (+http://www.google.com/feedfetcher.html; 1 subscribers; feed-id=9816647088266946374)"
209.85.238.73 - - [09/Aug/2011:19:49:54 -0700] "GET /index.php?format=feed&type=rss HTTP/1.1" 200 379 "-" "Feedfetcher-Google; (+http://www.google.com/feedfetcher.html; 4 subscribers; feed-id=6887443542408518203)"
209.85.238.213 - - [09/Aug/2011:19:49:55 -0700] "GET /?format=feed&type=rss HTTP/1.1" 200 5137 "-" "Feedfetcher-Google; (+http://www.google.com/feedfetcher.html; 4 subscribers; feed-id=6887443542408518203)"
123.126.50.69 - - [09/Aug/2011:19:50:03 -0700] "GET /?p=114 HTTP/1.1" 200 359 "-" "Sogou web spider/4.0(+http://www.sogou.com/docs/help/webmasters.htm#07)"
123.126.50.69 - - [09/Aug/2011:19:50:13 -0700] "GET /2008/10/23/htmltext-editor-now-on-air/ HTTP/1.1" 200 4722 "-" "Sogou web spider/4.0(+http://www.sogou.com/docs/help/webmasters.htm#07)"
209.85.238.213 - - [09/Aug/2011:20:02:35 -0700] "GET /feed/rss HTTP/1.1" 200 413 "-" "Feedfetcher-Google; (+http://www.google.com/feedfetcher.html; 5 subscribers; feed-id=8282921309701812955)"
209.85.238.213 - - [09/Aug/2011:20:02:38 -0700] "GET /feed/rss/ HTTP/1.1" 200 194 "-" "Feedfetcher-Google; (+http://www.google.com/feedfetcher.html; 5 subscribers; feed-id=8282921309701812955)"
75.119.204.73 - - [09/Aug/2011:20:02:58 -0700] "POST /wp-cron.php?doing_wp_cron HTTP/1.0" 200 158 "-" "WordPress/3.2.1; http://www.theflexguy.com"
173.192.238.48 - - [09/Aug/2011:20:02:58 -0700] "GET /feed/atom/ HTTP/1.1" 200 143 "-" "Mozilla/5.0 (X11; U; Linux x86_64; en-US; rv:1.9.0.19; aggregator:Spinn3r (Spinn3r 3.1); http://spinn3r.com/robot) Gecko/2010040121 Firefox/3.0.19"
123.126.50.69 - - [09/Aug/2011:20:04:54 -0700] "GET /2009/08/09/runaway-arraycollections/ HTTP/1.1" 200 4829 "-" "Sogou web spider/4.0(+http://www.sogou.com/docs/help/webmasters.htm#07)"
76.74.170.204 - - [09/Aug/2011:20:09:38 -0700] "GET /feed/ HTTP/1.1" 200 14406 "-" "ColdFusion"
173.192.238.34 - - [09/Aug/2011:20:10:01 -0700] "GET / HTTP/1.1" 200 321 "-" "Mozilla/5.0 (X11; U; Linux x86_64; en-US; rv:1.9.0.19; aggregator:Spinn3r (Spinn3r 3.1); http://spinn3r.com/robot) Gecko/2010040121 Firefox/3.0.19"
173.192.238.34 - - [09/Aug/2011:20:10:03 -0700] "GET / HTTP/1.1" 200 4825 "-" "Mozilla/5.0 (X11; U; Linux x86_64; en-US; rv:1.9.0.19; aggregator:Spinn3r (Spinn3r 3.1); http://spinn3r.com/robot) Gecko/2010040121 Firefox/3.0.19"
38.101.148.126 - - [09/Aug/2011:20:11:33 -0700] "GET /robots.txt HTTP/1.1" 200 293 "-" "Mozilla/5.0 (compatible; discobot/1.1; +http://discoveryengine.com/discobot.html)"
38.101.148.126 - - [09/Aug/2011:20:14:34 -0700] "GET /robots.txt HTTP/1.1" 200 293 "-" "Mozilla/5.0 (compatible; discobot/1.1; +http://discoveryengine.com/discobot.html)"
123.125.71.94 - - [09/Aug/2011:20:23:08 -0700] "GET / HTTP/1.1" 200 16060 "-" "Mozilla/5.0 (compatible; Baiduspider/2.0; +http://www.baidu.com/search/spider.html)"
220.181.108.186 - - [09/Aug/2011:20:23:21 -0700] "GET / HTTP/1.1" 200 16060 "-" "Mozilla/5.0 (compatible; Baiduspider/2.0; +http://www.baidu.com/search/spider.html)"
174.36.228.156 - - [09/Aug/2011:20:33:02 -0700] "GET /feed/atom/ HTTP/1.1" 200 143 "-" "Mozilla/5.0 (X11; U; Linux x86_64; en-US; rv:1.9.0.19; aggregator:Spinn3r (Spinn3r 3.1); http://spinn3r.com/robot) Gecko/2010040121 Firefox/3.0.19"
209.85.238.213 - - [09/Aug/2011:20:34:31 -0700] "GET /?feed=rss2 HTTP/1.1" 200 409 "-" "Feedfetcher-Google; (+http://www.google.com/feedfetcher.html; 21 subscribers; feed-id=6047012421983505584)"
209.85.238.213 - - [09/Aug/2011:20:34:32 -0700] "GET /feed/ HTTP/1.1" 200 14401 "-" "Feedfetcher-Google; (+http://www.google.com/feedfetcher.html; 21 subscribers; feed-id=6047012421983505584)"
70.91.111.2 - - [09/Aug/2011:20:35:29 -0700] "GET /files/headerBanner.jpg HTTP/1.1" 200 153258 "http://fdt.powerflasher.com/blog/" "Mozilla/5.0 (Macintosh; Intel Mac OS X 10_7) AppleWebKit/534.48.3 (KHTML, like Gecko) Version/5.1 Safari/534.48.3"
75.119.204.73 - - [09/Aug/2011:20:38:22 -0700] "POST /wp-cron.php?doing_wp_cron HTTP/1.0" 200 158 "-" "WordPress/3.2.1; http://www.theflexguy.com"
91.195.118.65 - - [09/Aug/2011:20:38:22 -0700] "GET /feed/rss HTTP/1.0" 200 376 "-" "MagpieRSS/0.7 (+http://magpierss.sf.net; No cache)"
91.195.118.65 - - [09/Aug/2011:20:38:23 -0700] "GET /feed/rss/ HTTP/1.0" 200 2708 "-" "MagpieRSS/0.7 (+http://magpierss.sf.net; No cache)"
91.195.118.65 - - [09/Aug/2011:20:38:25 -0700] "GET /?feed=rss2 HTTP/1.0" 200 372 "-" "MagpieRSS/0.7 (+http://magpierss.sf.net; No cache)"
91.195.118.65 - - [09/Aug/2011:20:38:25 -0700] "GET /feed/ HTTP/1.0" 200 14316 "-" "MagpieRSS/0.7 (+http://magpierss.sf.net; No cache)"
76.74.170.204 - - [09/Aug/2011:20:39:50 -0700] "GET /feed/ HTTP/1.1" 200 14402 "-" "ColdFusion"
173.192.238.34 - - [09/Aug/2011:20:40:14 -0700] "GET / HTTP/1.1" 200 321 "-" "Mozilla/5.0 (X11; U; Linux x86_64; en-US; rv:1.9.0.19; aggregator:Spinn3r (Spinn3r 3.1); http://spinn3r.com/robot) Gecko/2010040121 Firefox/3.0.19"
173.192.238.34 - - [09/Aug/2011:20:40:15 -0700] "GET / HTTP/1.1" 200 4825 "-" "Mozilla/5.0 (X11; U; Linux x86_64; en-US; rv:1.9.0.19; aggregator:Spinn3r (Spinn3r 3.1); http://spinn3r.com/robot) Gecko/2010040121 Firefox/3.0.19"
67.195.112.254 - - [09/Aug/2011:20:41:57 -0700] "GET /feed/ HTTP/1.0" 200 14316 "-" "Mozilla/5.0 (compatible; Yahoo! Slurp; http://help.yahoo.com/help/us/ysearch/slurp)"
209.85.238.213 - - [09/Aug/2011:20:42:54 -0700] "GET /feed/ HTTP/1.1" 200 14402 "-" "Feedfetcher-Google; (+http://www.google.com/feedfetcher.html; 4 subscribers; feed-id=17450445626559736511)"
209.85.238.73 - - [09/Aug/2011:20:50:04 -0700] "GET /index.php?format=feed&type=rss HTTP/1.1" 200 379 "-" "Feedfetcher-Google; (+http://www.google.com/feedfetcher.html; 4 subscribers; feed-id=6887443542408518203)"
