209.85.238.213 - - [09/Aug/2011:20:50:05 -0700] "GET /?format=feed&type=rss HTTP/1.1" 200 5153 "-" "Feedfetcher-Google; (+http://www.google.com/feedfetcher.html; 4 subscribers; feed-id=6887443542408518203)"
75.119.204.73 - - [09/Aug/2011:20:54:09 -0700] "POST /wp-cron.php?doing_wp_cron HTTP/1.0" 200 158 "-" "WordPress/3.2.1; http://www.theflexguy.com"
209.85.238.213 - - [09/Aug/2011:20:54:09 -0700] "GET /feed/rss HTTP/1.1" 200 413 "-" "Feedfetcher-Google; (+http://www.google.com/feedfetcher.html; 5 subscribers; feed-id=8282921309701812955)"
209.85.238.213 - - [09/Aug/2011:20:54:10 -0700] "GET /feed/rss/ HTTP/1.1" 200 2740 "-" "Feedfetcher-Google; (+http://www.google.com/feedfetcher.html; 5 subscribers; feed-id=8282921309701812955)"
91.121.55.3 - - [09/Aug/2011:20:59:45 -0700] "GET /2010/11/10/dont-forget-the-down-state/ HTTP/1.0" 200 17239 "http://www.theflexguy.com/2010/11/10/dont-forget-the-down-state/" "Mozilla/4.0 (compatible; MSIE 6.0; Windows NT 5.1; MRA 4.6 (build 01425))"
91.121.55.3 - - [09/Aug/2011:20:59:48 -0700] "POST /wp-comments-post.php HTTP/1.0" 200 406 "http://www.theflexguy.com/2010/11/10/dont-forget-the-down-state/" "Mozilla/4.0 (compatible; MSIE 6.0; Windows NT 5.1; MRA 4.6 (build 01425))"
91.121.55.3 - - [09/Aug/2011:20:59:48 -0700] "GET /2010/11/10/dont-forget-the-down-state/ HTTP/1.0" 200 17049 "http://www.theflexguy.com/2010/11/10/dont-forget-the-down-state/" "Mozilla/4.0 (compatible; MSIE 6.0; Windows NT 5.1; MRA 4.6 (build 01425))"
192.150.14.130 - - [09/Aug/2011:21:02:29 -0700] "HEAD /?feed=rss2 HTTP/1.1" 200 353 "-" "Adobe Feeds"
75.119.204.73 - - [09/Aug/2011:21:03:10 -0700] "POST /wp-cron.php?doing_wp_cron HTTP/1.0" 200 158 "-" "WordPress/3.2.1; http://www.theflexguy.com"
174.37.205.68 - - [09/Aug/2011:21:03:10 -0700] "GET /feed/atom/ HTTP/1.1" 200 143 "-" "Mozilla/5.0 (X11; U; Linux x86_64; en-US; rv:1.9.0.19; aggregator:Spinn3r (Spinn3r 3.1); http://spinn3r.com/robot) Gecko/2010040121 Firefox/3.0.19"
61.135.249.183 - - [09/Aug/2011:21:08:18 -0700] "GET / HTTP/1.1" 200 4806 "-" "Mozilla/5.0 (compatible; YodaoBot/1.0; http://www.yodao.com/help/webmaster/spider/; )"
119.63.196.54 - - [09/Aug/2011:21:08:58 -0700] "GET /robots.txt HTTP/1.1" 200 293 "-" "Baiduspider+(+http://www.baidu.com/search/spider.htm)"
174.37.205.92 - - [09/Aug/2011:21:10:59 -0700] "GET / HTTP/1.1" 200 321 "-" "Mozilla/5.0 (X11; U; Linux x86_64; en-US; rv:1.9.0.19; aggregator:Spinn3r (Spinn3r 3.1); http://spinn3r.com/robot) Gecko/2010040121 Firefox/3.0.19"
174.37.205.92 - - [09/Aug/2011:21:11:06 -0700] "GET / HTTP/1.1" 200 4825 "-" "Mozilla/5.0 (X11; U; Linux x86_64; en-US; rv:1.9.0.19; aggregator:Spinn3r (Spinn3r 3.1); http://spinn3r.com/robot) Gecko/2010040121 Firefox/3.0.19"
76.74.170.204 - - [09/Aug/2011:21:20:47 -0700] "GET /feed/ HTTP/1.1" 200 14402 "-" "ColdFusion"
216.246.79.192 - - [09/Aug/2011:21:27:23 -0700] "HEAD /wp-content/themes/uchilla1.0/thumb.php HTTP/1.1" 200 393 "-" "Python-httplib2/0.7.0 (gzip)"
88.131.106.7 - - [09/Aug/2011:21:28:55 -0700] "GET /robots.txt HTTP/1.0" 200 293 "-" "Mozilla/5.0 (Windows; U; Windows NT 5.1; en-US) Speedy Spider (http://www.entireweb.com/about/search_tech/speedy_spider/)"
88.131.106.6 - - [09/Aug/2011:21:28:57 -0700] "GET /2007/10/30/drupal-meet-flex/feed/ HTTP/1.0" 200 837 "-" "Mozilla/5.0 (Windows; U; Windows NT 5.1; en-US) Speedy Spider (http://www.entireweb.com/about/search_tech/speedy_spider/)"
210.6.3.191 - - [09/Aug/2011:21:31:25 -0700] "GET /2009/08/09/four-considerations-for-custom-components HTTP/1.1" 200 336 "-" "Mozilla/5.0 (X11; U; Linux i686; en-US; rv:1.9.1.6) Gecko/20091218 Firefox/3.5.6"
210.6.3.191 - - [09/Aug/2011:21:31:26 -0700] "GET /2009/08/09/four-considerations-for-custom-components/ HTTP/1.1" 200 19093 "-" "Mozilla/5.0 (X11; U; Linux i686; en-US; rv:1.9.1.6) Gecko/20091218 Firefox/3.5.6"
75.119.204.73 - - [09/Aug/2011:21:32:21 -0700] "POST /wp-cron.php?doing_wp_cron HTTP/1.0" 200 158 "-" "WordPress/3.2.1; http://www.theflexguy.com"
209.85.238.213 - - [09/Aug/2011:21:32:21 -0700] "GET /?feed=rss2 HTTP/1.1" 200 409 "-" "Feedfetcher-Google; (+http://www.google.com/feedfetcher.html; 21 subscribers; feed-id=6047012421983505584)"
209.85.238.213 - - [09/Aug/2011:21:32:22 -0700] "GET /feed/ HTTP/1.1" 200 193 "-" "Feedfetcher-Google; (+http://www.google.com/feedfetcher.html; 21 subscribers; feed-id=6047012421983505584)"
174.37.205.92 - - [09/Aug/2011:21:33:18 -0700] "GET /feed/atom/ HTTP/1.1" 200 143 "-" "Mozilla/5.0 (X11; U; Linux x86_64; en-US; rv:1.9.0.19; aggregator:Spinn3r (Spinn3r 3.1); http://spinn3r.com/robot) Gecko/2010040121 Firefox/3.0.19"
41.141.172.211 - - [09/Aug/2011:21:36:13 -0700] "GET /files/headerBanner.jpg HTTP/1.1" 200 153258 "http://fdt.powerflasher.com/blog/tag/flex/" "Mozilla/5.0 (Windows NT 6.1; WOW64) AppleWebKit/535.1 (KHTML, like Gecko) Chrome/13.0.782.107 Safari/535.1"
174.37.205.92 - - [09/Aug/2011:21:41:18 -0700] "GET / HTTP/1.1" 200 321 "-" "Mozilla/5.0 (X11; U; Linux x86_64; en-US; rv:1.9.0.19; aggregator:Spinn3r (Spinn3r 3.1); http://spinn3r.com/robot) Gecko/2010040121 Firefox/3.0.19"
174.37.205.92 - - [09/Aug/2011:21:41:19 -0700] "GET / HTTP/1.1" 200 4825 "-" "Mozilla/5.0 (X11; U; Linux x86_64; en-US; rv:1.9.0.19; aggregator:Spinn3r (Spinn3r 3.1); http://spinn3r.com/robot) Gecko/2010040121 Firefox/3.0.19"
209.85.238.213 - - [09/Aug/2011:21:43:41 -0700] "GET /index.php?option=com_idoblog&view=idoblog&Itemid=54&format=feed&type=rss HTTP/1.1" 200 421 "-" "Feedfetcher-Google; (+http://www.google.com/feedfetcher.html; 1 subscribers; feed-id=7080376364330259190)"
209.85.238.213 - - [09/Aug/2011:21:43:42 -0700] "GET /?option=com_idoblog&view=idoblog&Itemid=54&format=feed&type=rss HTTP/1.1" 200 5178 "-" "Feedfetcher-Google; (+http://www.google.com/feedfetcher.html; 1 subscribers; feed-id=7080376364330259190)"
75.119.204.73 - - [09/Aug/2011:21:46:45 -0700] "POST /wp-cron.php?doing_wp_cron HTTP/1.0" 200 158 "-" "WordPress/3.2.1; http://www.theflexguy.com"
209.85.238.213 - - [09/Aug/2011:21:46:44 -0700] "GET /feed/ HTTP/1.1" 200 194 "-" "Feedfetcher-Google; (+http://www.google.com/feedfetcher.html; 4 subscribers; feed-id=17450445626559736511)"
209.85.238.73 - - [09/Aug/2011:21:50:14 -0700] "GET /index.php?format=feed&type=rss HTTP/1.1" 200 379 "-" "Feedfetcher-Google; (+http://www.google.com/feedfetcher.html; 4 subscribers; feed-id=6887443542408518203)"
209.85.238.213 - - [09/Aug/2011:21:50:15 -0700] "GET /?format=feed&type=rss HTTP/1.1" 200 5137 "-" "Feedfetcher-Google; (+http://www.google.com/feedfetcher.html; 4 subscribers; feed-id=6887443542408518203)"
174.136.26.114 - - [09/Aug/2011:21:59:20 -0700] "GET /category/flex4/feed/ HTTP/1.0" 200 2248 "-" "Nutraspace/Nutch-1.2 (www.nutraspace.com)"
75.119.204.73 - - [09/Aug/2011:22:00:36 -0700] "POST /wp-cron.php?doing_wp_cron HTTP/1.0" 200 158 "-" "WordPress/3.2.1; http://www.theflexguy.com"
209.85.238.213 - - [09/Aug/2011:22:00:35 -0700] "GET /feed/rss HTTP/1.1" 200 413 "-" "Feedfetcher-Google; (+http://www.google.com/feedfetcher.html; 5 subscribers; feed-id=8282921309701812955)"
209.85.238.213 - - [09/Aug/2011:22:00:36 -0700] "GET /feed/rss/ HTTP/1.1" 200 193 "-" "Feedfetcher-Google; (+http://www.google.com/feedfetcher.html; 5 subscribers; feed-id=8282921309701812955)"
173.192.238.34 - - [09/Aug/2011:22:03:28 -0700] "GET /feed/atom/ HTTP/1.1" 200 143 "-" "Mozilla/5.0 (X11; U; Linux x86_64; en-US; rv:1.9.0.19; aggregator:Spinn3r (Spinn3r 3.1); http://spinn3r.com/robot) Gecko/2010040121 Firefox/3.0.19"
174.37.154.78 - - [09/Aug/2011:22:05:10 -0700] "GET /feed/atom HTTP/1.0" 200 194 "-" "Gist Server"
76.74.170.204 - - [09/Aug/2011:22:05:47 -0700] "GET /feed/ HTTP/1.1" 200 14405 "-" "ColdFusion"
24.143.101.207 - - [09/Aug/2011:22:05:50 -0700] "GET /files/headerBanner.jpg HTTP/1.1" 200 153258 "http://seaflex.groups.adobe.com/" "Mozilla/5.0 (Windows NT 6.1) AppleWebKit/535.1 (KHTML, like Gecko) Chrome/13.0.782.107 Safari/535.1"
174.36.228.156 - - [09/Aug/2011:22:11:27 -0700] "GET / HTTP/1.1" 200 321 "-" "Mozilla/5.0 (X11; U; Linux x86_64; en-US; rv:1.9.0.19; aggregator:Spinn3r (Spinn3r 3.1); http://spinn3r.com/robot) Gecko/2010040121 Firefox/3.0.19"
174.36.228.156 - - [09/Aug/2011:22:11:28 -0700] "GET / HTTP/1.1" 200 4825 "-" "Mozilla/5.0 (X11; U; Linux x86_64; en-US; rv:1.9.0.19; aggregator:Spinn3r (Spinn3r 3.1); http://spinn3r.com/robot) Gecko/2010040121 Firefox/3.0.19"
32.177.33.251 - - [09/Aug/2011:22:21:53 -0700] "GET /files/headerBanner.jpg HTTP/1.1" 200 153258 "http://fdt.powerflasher.com/blog/" "Mozilla/4.0 (compatible; MSIE 8.0; Windows NT 6.0; WOW64; Trident/4.0; SLCC1; .NET CLR 2.0.50727; .NET CLR 3.5.30729; Media Center PC 5.0; .NET4.0C; .NET CLR 3.0.30729; BRI/1)"
209.85.238.213 - - [09/Aug/2011:22:23:31 -0700] "GET /?feed=rss2 HTTP/1.1" 200 409 "-" "Feedfetcher-Google; (+http://www.google.com/feedfetcher.html; 21 subscribers; feed-id=6047012421983505584)"
209.85.238.213 - - [09/Aug/2011:22:23:32 -0700] "GET /feed/ HTTP/1.1" 200 14400 "-" "Feedfetcher-Google; (+http://www.google.com/feedfetcher.html; 21 subscribers; feed-id=6047012421983505584)"
210.23.11.178 - - [09/Aug/2011:22:25:02 -0700] "GET /files/headerBanner.jpg HTTP/1.1" 200 153258 "http://www.google.com.sg/reader/view/?tab=my" "Mozilla/5.0 (Windows NT 6.1) AppleWebKit/535.1 (KHTML, like Gecko) Chrome/13.0.782.107 Safari/535.1"
75.119.204.73 - - [09/Aug/2011:22:26:24 -0700] "POST /wp-cron.php?doing_wp_cron HTTP/1.0" 200 158 "-" "WordPress/3.2.1; http://www.theflexguy.com"
209.85.238.213 - - [09/Aug/2011:22:26:23 -0700] "GET /index.php?format=feed&type=atom HTTP/1.1" 200 380 "-" "Feedfetcher-Google; (+http://www.google.com/feedfetcher.html; 1 subscribers; feed-id=2021327347742680309)"
209.85.238.213 - - [09/Aug/2011:22:26:25 -0700] "GET /?format=feed&type=atom HTTP/1.1" 200 5152 "-" "Feedfetcher-Google; (+http://www.google.com/feedfetcher.html; 1 subscribers; feed-id=2021327347742680309)"
95.108.158.238 - - [09/Aug/2011:22:27:13 -0700] "GET /robots.txt HTTP/1.1" 200 305 "-" "Mozilla/5.0 (compatible; YandexImages/3.0; +http://yandex.com/bots)"
124.115.4.191 - - [09/Aug/2011:22:32:38 -0700] "GET / HTTP/1.1" 200 4862 "-" "Sosospider+(+http://help.soso.com/webspider.htm)"
173.192.238.48 - - [09/Aug/2011:22:33:34 -0700] "GET /feed/atom/ HTTP/1.1" 200 143 "-" "Mozilla/5.0 (X11; U; Linux x86_64; en-US; rv:1.9.0.19; aggregator:Spinn3r (Spinn3r 3.1); http://spinn3r.com/robot) Gecko/2010040121 Firefox/3.0.19"
124.115.4.205 - - [09/Aug/2011:22:34:45 -0700] "GET / HTTP/1.1" 200 358 "-" "Sosospider+(+http://help.soso.com/webspider.htm)"
65.52.58.205 - - [09/Aug/2011:22:35:30 -0700] "GET /feed/ HTTP/1.1" 200 14364 "-" "NewsGatorOnline/2.0 (http://www.newsgator.com; 1 subscribers)"
50.17.165.108 - - [09/Aug/2011:22:38:14 -0700] "GET /robots.txt HTTP/1.0" 200 300 "-" "Covario-IDS/1.0 (Covario; http://www.covario.com/ids; support at covario dot com)"
50.17.165.108 - - [09/Aug/2011:22:38:15 -0700] "GET /2010/02/15/air-on-android/ HTTP/1.0" 200 4627 "-" "Covario-IDS/1.0 (Covario; http://www.covario.com/ids; support at covario dot com)"
75.119.204.73 - - [09/Aug/2011:22:39:05 -0700] "POST /wp-cron.php?doing_wp_cron HTTP/1.0" 200 158 "-" "WordPress/3.2.1; http://www.theflexguy.com"
219.239.34.56 - - [09/Aug/2011:22:39:05 -0700] "GET /feed/rss/ HTTP/1.1" 200 194 "-" "Xianguo.com 1 Subscribers"
174.37.205.68 - - [09/Aug/2011:22:41:34 -0700] "GET / HTTP/1.1" 200 321 "-" "Mozilla/5.0 (X11; U; Linux x86_64; en-US; rv:1.9.0.19; aggregator:Spinn3r (Spinn3r 3.1); http://spinn3r.com/robot) Gecko/2010040121 Firefox/3.0.19"
174.37.205.68 - - [09/Aug/2011:22:41:34 -0700] "GET / HTTP/1.1" 200 4825 "-" "Mozilla/5.0 (X11; U; Linux x86_64; en-US; rv:1.9.0.19; aggregator:Spinn3r (Spinn3r 3.1); http://spinn3r.com/robot) Gecko/2010040121 Firefox/3.0.19"
209.85.238.213 - - [09/Aug/2011:22:44:39 -0700] "GET /index.php?option=com_content&view=category&layout=blog&id=35&Itemid=54&format=feed&type=rss HTTP/1.1" 200 440 "-" "Feedfetcher-Google; (+http://www.google.com/feedfetcher.html; 1 subscribers; feed-id=9816647088266946374)"
209.85.238.213 - - [09/Aug/2011:22:44:40 -0700] "GET /?option=com_content&view=category&layout=blog&id=35&Itemid=54&format=feed&type=rss HTTP/1.1" 200 5191 "-" "Feedfetcher-Google; (+http://www.google.com/feedfetcher.html; 1 subscribers; feed-id=9816647088266946374)"
174.136.26.114 - - [09/Aug/2011:22:49:38 -0700] "GET /2008/02/ HTTP/1.0" 200 3090 "-" "Nutraspace/Nutch-1.2 (www.nutraspace.com)"
75.119.204.73 - - [09/Aug/2011:22:50:25 -0700] "POST /wp-cron.php?doing_wp_cron HTTP/1.0" 200 158 "-" "WordPress/3.2.1; http://www.theflexguy.com"
209.85.238.73 - - [09/Aug/2011:22:50:24 -0700] "GET /index.php?format=feed&type=rss HTTP/1.1" 200 379 "-" "Feedfetcher-Google; (+http://www.google.com/feedfetcher.html; 4 subscribers; feed-id=6887443542408518203)"
209.85.238.213 - - [09/Aug/2011:22:50:25 -0700] "GET /?format=feed&type=rss HTTP/1.1" 200 5153 "-" "Feedfetcher-Google; (+http://www.google.com/feedfetcher.html; 4 subscribers; feed-id=6887443542408518203)"
209.85.238.213 - - [09/Aug/2011:22:50:54 -0700] "GET /feed/ HTTP/1.1" 200 14400 "-" "Feedfetcher-Google; (+http://www.google.com/feedfetcher.html; 4 subscribers; feed-id=17450445626559736511)"
38.99.98.9 - - [09/Aug/2011:22:53:09 -0700] "GET /robots.txt HTTP/1.1" 200 300 "-" "Mozilla/5.0 (compatible; ScoutJet; +http://www.scoutjet.com/)"
38.99.98.9 - - [09/Aug/2011:22:53:10 -0700] "GET / HTTP/1.1" 200 5097 "-" "Mozilla/5.0 (compatible; ScoutJet; +http://www.scoutjet.com/)"
76.74.170.204 - - [09/Aug/2011:22:55:26 -0700] "GET /feed/ HTTP/1.1" 200 14401 "-" "ColdFusion"
97.113.14.95 - - [09/Aug/2011:22:55:35 -0700] "GET /files/headerBanner.jpg HTTP/1.1" 200 153258 "http://seaflex.groups.adobe.com/" "Mozilla/5.0 (Macintosh; Intel Mac OS X 10_6_8) AppleWebKit/534.50 (KHTML, like Gecko) Version/5.1 Safari/534.50"
209.85.238.213 - - [09/Aug/2011:22:57:55 -0700] "GET /feed/rss HTTP/1.1" 200 413 "-" "Feedfetcher-Google; (+http://www.google.com/feedfetcher.html; 5 subscribers; feed-id=8282921309701812955)"
209.85.238.213 - - [09/Aug/2011:22:57:56 -0700] "GET /feed/rss/ HTTP/1.1" 200 193 "-" "Feedfetcher-Google; (+http://www.google.com/feedfetcher.html; 5 subscribers; feed-id=8282921309701812955)"
85.17.90.129 - - [09/Aug/2011:22:59:50 -0700] "GET /?feed=rss2 HTTP/1.0" 200 372 "-" "MagpieRSS/0.7 (+http://magpierss.sf.net; No cache)"
85.17.90.129 - - [09/Aug/2011:22:59:51 -0700] "GET /feed/ HTTP/1.0" 200 14315 "-" "MagpieRSS/0.7 (+http://magpierss.sf.net; No cache)"
75.119.204.73 - - [09/Aug/2011:23:03:24 -0700] "POST /wp-cron.php?doing_wp_cron HTTP/1.0" 200 158 "-" "WordPress/3.2.1; http://www.theflexguy.com"
192.150.14.130 - - [09/Aug/2011:23:03:24 -0700] "HEAD /?feed=rss2 HTTP/1.1" 200 353 "-" "Adobe Feeds"
173.192.238.44 - - [09/Aug/2011:23:03:37 -0700] "GET /feed/atom/ HTTP/1.1" 200 143 "-" "Mozilla/5.0 (X11; U; Linux x86_64; en-US; rv:1.9.0.19; aggregator:Spinn3r (Spinn3r 3.1); http://spinn3r.com/robot) Gecko/2010040121 Firefox/3.0.19"
95.108.147.185 - - [09/Aug/2011:23:06:24 -0700] "GET /feed/ HTTP/1.1" 200 56705 "-" "Mozilla/5.0 (compatible; YandexBlogs/0.99; robot; B; +http://yandex.com/bots) 1 readers"
61.135.248.208 - - [09/Aug/2011:23:09:48 -0700] "GET / HTTP/1.1" 200 4932 "-" "Mozilla/5.0 (compatible; YodaoBot/1.0; http://www.yodao.com/help/webmaster/spider/; )"
174.37.205.68 - - [09/Aug/2011:23:11:40 -0700] "GET / HTTP/1.1" 200 321 "-" "Mozilla/5.0 (X11; U; Linux x86_64; en-US; rv:1.9.0.19; aggregator:Spinn3r (Spinn3r 3.1); http://spinn3r.com/robot) Gecko/2010040121 Firefox/3.0.19"
174.37.205.68 - - [09/Aug/2011:23:11:44 -0700] "GET / HTTP/1.1" 200 4951 "-" "Mozilla/5.0 (X11; U; Linux x86_64; en-US; rv:1.9.0.19; aggregator:Spinn3r (Spinn3r 3.1); http://spinn3r.com/robot) Gecko/2010040121 Firefox/3.0.19"
208.80.194.29 - - [09/Aug/2011:23:13:46 -0700] "GET / HTTP/1.0" 200 22909 "-" "Mozilla/4.0 (compatible; MSIE 6.0; Windows 98; Win 9x 4.90; yie6_SBCDSL; sbcydsl 3.12; YComp 5.0.0.0; YPC 3.2.0; yplus 5.1.02b)"
66.249.67.164 - - [09/Aug/2011:23:19:14 -0700] "GET /category/performance/ HTTP/1.1" 200 3093 "-" "Mozilla/5.0 (compatible; Googlebot/2.1; +http://www.google.com/bot.html)"
119.6.33.42 - - [09/Aug/2011:23:25:02 -0700] "GET /files/headerBanner.jpg HTTP/1.1" 200 153258 "http://fdt.powerflasher.com/blog/" "Mozilla/4.0 (compatible; MSIE 6.0; Windows NT 5.1; SV1; .NET CLR 2.0.50727)"
76.74.170.204 - - [09/Aug/2011:23:29:20 -0700] "GET /feed/ HTTP/1.1" 200 14401 "-" "ColdFusion"
209.85.238.213 - - [09/Aug/2011:23:29:31 -0700] "GET /?feed=rss2 HTTP/1.1" 200 409 "-" "Feedfetcher-Google; (+http://www.google.com/feedfetcher.html; 21 subscribers; feed-id=6047012421983505584)"
209.85.238.213 - - [09/Aug/2011:23:29:32 -0700] "GET /feed/ HTTP/1.1" 200 14400 "-" "Feedfetcher-Google; (+http://www.google.com/feedfetcher.html; 21 subscribers; feed-id=6047012421983505584)"
66.249.67.164 - - [09/Aug/2011:23:29:41 -0700] "GET /tools/QingHttpService/ HTTP/1.1" 200 1948 "-" "Mozilla/5.0 (compatible; Googlebot/2.1; +http://www.google.com/bot.html)"
75.119.204.73 - - [09/Aug/2011:23:33:54 -0700] "POST /wp-cron.php?doing_wp_cron HTTP/1.0" 200 158 "-" "WordPress/3.2.1; http://www.theflexguy.com"
173.192.238.44 - - [09/Aug/2011:23:33:53 -0700] "GET /feed/atom/ HTTP/1.1" 200 143 "-" "Mozilla/5.0 (X11; U; Linux x86_64; en-US; rv:1.9.0.19; aggregator:Spinn3r (Spinn3r 3.1); http://spinn3r.com/robot) Gecko/2010040121 Firefox/3.0.19"
66.249.67.164 - - [09/Aug/2011:23:40:11 -0700] "GET /tag/advanceddatagrid/ HTTP/1.1" 200 2913 "-" "Mozilla/5.0 (compatible; Googlebot/2.1; +http://www.google.com/bot.html)"
173.192.238.44 - - [09/Aug/2011:23:41:52 -0700] "GET / HTTP/1.1" 200 321 "-" "Mozilla/5.0 (X11; U; Linux x86_64; en-US; rv:1.9.0.19; aggregator:Spinn3r (Spinn3r 3.1); http://spinn3r.com/robot) Gecko/2010040121 Firefox/3.0.19"
173.192.238.44 - - [09/Aug/2011:23:41:53 -0700] "GET / HTTP/1.1" 200 4951 "-" "Mozilla/5.0 (X11; U; Linux x86_64; en-US; rv:1.9.0.19; aggregator:Spinn3r (Spinn3r 3.1); http://spinn3r.com/robot) Gecko/2010040121 Firefox/3.0.19"
174.136.26.114 - - [09/Aug/2011:23:48:38 -0700] "GET /?p=110 HTTP/1.0" 200 354 "-" "Nutraspace/Nutch-1.2 (www.nutraspace.com)"
76.74.170.204 - - [09/Aug/2011:23:49:01 -0700] "GET /feed/ HTTP/1.1" 200 14406 "-" "ColdFusion"
75.119.204.73 - - [09/Aug/2011:23:49:01 -0700] "POST /wp-cron.php?doing_wp_cron HTTP/1.0" 200 158 "-" "WordPress/3.2.1; http://www.theflexguy.com"
123.125.71.71 - - [09/Aug/2011:23:49:35 -0700] "GET /robots.txt HTTP/1.1" 200 293 "-" "Baiduspider+(+http://www.baidu.com/search/spider.htm)"
209.85.238.73 - - [09/Aug/2011:23:50:54 -0700] "GET /index.php?format=feed&type=rss HTTP/1.1" 200 379 "-" "Feedfetcher-Google; (+http://www.google.com/feedfetcher.html; 4 subscribers; feed-id=6887443542408518203)"
209.85.238.213 - - [09/Aug/2011:23:50:55 -0700] "GET /?format=feed&type=rss HTTP/1.1" 200 5137 "-" "Feedfetcher-Google; (+http://www.google.com/feedfetcher.html; 4 subscribers; feed-id=6887443542408518203)"
209.85.238.213 - - [09/Aug/2011:23:51:54 -0700] "GET /feed/ HTTP/1.1" 200 14402 "-" "Feedfetcher-Google; (+http://www.google.com/feedfetcher.html; 4 subscribers; feed-id=17450445626559736511)"
95.108.154.252 - - [09/Aug/2011:23:56:59 -0700] "GET /2008/07/ HTTP/1.1" 200 3105 "-" "Mozilla/5.0 (compatible; YandexBot/3.0; +http://yandex.com/bots)"
67.195.112.254 - - [09/Aug/2011:23:57:32 -0700] "GET /2008/01/03/seattle-startup-weekend/ HTTP/1.0" 200 4673 "-" "Mozilla/5.0 (compatible; Yahoo! Slurp; http://help.yahoo.com/help/us/ysearch/slurp)"
67.195.112.254 - - [09/Aug/2011:23:57:33 -0700] "GET /wp-content/themes/uchilla1.0/style.css HTTP/1.0" 200 11234 "http://www.theflexguy.com/2008/01/03/seattle-startup-weekend/" "Mozilla/5.0 (compatible; Yahoo! Slurp; http://help.yahoo.com/help/us/ysearch/slurp)"
67.195.112.254 - - [09/Aug/2011:23:57:34 -0700] "GET /wp-content/themes/uchilla1.0/print.css HTTP/1.0" 304 135 "http://www.theflexguy.com/2008/01/03/seattle-startup-weekend/" "Mozilla/5.0 (compatible; Yahoo! Slurp; http://help.yahoo.com/help/us/ysearch/slurp)"
67.195.112.254 - - [09/Aug/2011:23:57:34 -0700] "GET /wp-content/plugins/flickrpress/style.css?ver=3.2.1 HTTP/1.0" 304 136 "http://www.theflexguy.com/2008/01/03/seattle-startup-weekend/" "Mozilla/5.0 (compatible; Yahoo! Slurp; http://help.yahoo.com/help/us/ysearch/slurp)"
192.8.220.34 - - [10/Aug/2011:00:00:41 -0700] "GET /tools/htmlTextEditor2008/ HTTP/1.1" 200 4451 "http://designingwebinterfaces.com/great-flex-ux-part2" "Mozilla/4.0 (compatible; MSIE 7.0; Windows NT 6.1; Trident/4.0; SLCC2; .NET CLR 2.0.50727; .NET CLR 3.5.30729; .NET CLR 3.0.30729; Media Center PC 6.0; MS-RTC LM 8)"
192.8.220.34 - - [10/Aug/2011:00:00:42 -0700] "GET /tools/htmlTextEditor2008/history/history.css HTTP/1.1" 200 585 "http://www.theflexguy.com/tools/htmlTextEditor2008/" "Mozilla/4.0 (compatible; MSIE 7.0; Windows NT 6.1; Trident/4.0; SLCC2; .NET CLR 2.0.50727; .NET CLR 3.5.30729; .NET CLR 3.0.30729; Media Center PC 6.0; MS-RTC LM 8)"
192.8.220.34 - - [10/Aug/2011:00:00:42 -0700] "GET /tools/htmlTextEditor2008/AC_OETags.js HTTP/1.1" 200 8028 "http://www.theflexguy.com/tools/htmlTextEditor2008/" "Mozilla/4.0 (compatible; MSIE 7.0; Windows NT 6.1; Trident/4.0; SLCC2; .NET CLR 2.0.50727; .NET CLR 3.5.30729; .NET CLR 3.0.30729; Media Center PC 6.0; MS-RTC LM 8)"
192.8.220.34 - - [10/Aug/2011:00:00:43 -0700] "GET /tools/htmlTextEditor2008/history/history.js HTTP/1.1" 200 23333 "http://www.theflexguy.com/tools/htmlTextEditor2008/" "Mozilla/4.0 (compatible; MSIE 7.0; Windows NT 6.1; Trident/4.0; SLCC2; .NET CLR 2.0.50727; .NET CLR 3.5.30729; .NET CLR 3.0.30729; Media Center PC 6.0; MS-RTC LM 8)"
192.8.220.34 - - [10/Aug/2011:00:00:44 -0700] "GET /tools/htmlTextEditor2008/htmlTextEditor.swf HTTP/1.1" 200 303614 "http://www.theflexguy.com/tools/htmlTextEditor2008/" "Mozilla/4.0 (compatible; MSIE 7.0; Windows NT 6.1; Trident/4.0; SLCC2; .NET CLR 2.0.50727; .NET CLR 3.5.30729; .NET CLR 3.0.30729; Media Center PC 6.0; MS-RTC LM 8)"
192.8.220.34 - - [10/Aug/2011:00:00:49 -0700] "GET /tools/htmlTextEditor2008/img/help.png HTTP/1.1" 200 1007 "http://www.theflexguy.com/tools/htmlTextEditor2008/htmlTextEditor.swf" "Mozilla/4.0 (compatible; MSIE 7.0; Windows NT 6.1; Trident/4.0; SLCC2; .NET CLR 2.0.50727; .NET CLR 3.5.30729; .NET CLR 3.0.30729; Media Center PC 6.0; MS-RTC LM 8)"
192.8.220.34 - - [10/Aug/2011:00:00:49 -0700] "GET /tools/htmlTextEditor2008/img/envelope.png HTTP/1.1" 200 623 "http://www.theflexguy.com/tools/htmlTextEditor2008/htmlTextEditor.swf" "Mozilla/4.0 (compatible; MSIE 7.0; Windows NT 6.1; Trident/4.0; SLCC2; .NET CLR 2.0.50727; .NET CLR 3.5.30729; .NET CLR 3.0.30729; Media Center PC 6.0; MS-RTC LM 8)"
192.8.220.34 - - [10/Aug/2011:00:00:49 -0700] "GET /favicon.ico HTTP/1.1" 200 220 "-" "Mozilla/4.0 (compatible; MSIE 8.0; Windows NT 6.1; Trident/4.0; SLCC2; .NET CLR 2.0.50727; .NET CLR 3.5.30729; .NET CLR 3.0.30729; Media Center PC 6.0; MS-RTC LM 8)"
192.8.220.34 - - [10/Aug/2011:00:02:45 -0700] "GET /tools/htmlTextEditor2008/srcview/index.html HTTP/1.1" 200 772 "http://www.theflexguy.com/tools/htmlTextEditor2008/htmlTextEditor.swf" "Mozilla/4.0 (compatible; MSIE 7.0; Windows NT 6.1; Trident/4.0; SLCC2; .NET CLR 2.0.50727; .NET CLR 3.5.30729; .NET CLR 3.0.30729; Media Center PC 6.0; MS-RTC LM 8)"
192.8.220.34 - - [10/Aug/2011:00:02:46 -0700] "GET /tools/htmlTextEditor2008/srcview/SourceTree.html HTTP/1.1" 200 4762 "http://www.theflexguy.com/tools/htmlTextEditor2008/srcview/index.html" "Mozilla/4.0 (compatible; MSIE 7.0; Windows NT 6.1; Trident/4.0; SLCC2; .NET CLR 2.0.50727; .NET CLR 3.5.30729; .NET CLR 3.0.30729; Media Center PC 6.0; MS-RTC LM 8)"
192.8.220.34 - - [10/Aug/2011:00:02:46 -0700] "GET /tools/htmlTextEditor2008/srcview/AC_OETags.js HTTP/1.1" 200 8028 "http://www.theflexguy.com/tools/htmlTextEditor2008/srcview/SourceTree.html" "Mozilla/4.0 (compatible; MSIE 7.0; Windows NT 6.1; Trident/4.0; SLCC2; .NET CLR 2.0.50727; .NET CLR 3.5.30729; .NET CLR 3.0.30729; Media Center PC 6.0; MS-RTC LM 8)"
192.8.220.34 - - [10/Aug/2011:00:02:48 -0700] "GET /tools/htmlTextEditor2008/srcview/downloadIcon.png HTTP/1.1" 200 1355 "http://www.theflexguy.com/tools/htmlTextEditor2008/srcview/SourceTree.html" "Mozilla/4.0 (compatible; MSIE 7.0; Windows NT 6.1; Trident/4.0; SLCC2; .NET CLR 2.0.50727; .NET CLR 3.5.30729; .NET CLR 3.0.30729; Media Center PC 6.0; MS-RTC LM 8)"
192.8.220.34 - - [10/Aug/2011:00:02:47 -0700] "GET /tools/htmlTextEditor2008/srcview/SourceTree.swf HTTP/1.1" 200 307029 "http://www.theflexguy.com/tools/htmlTextEditor2008/srcview/SourceTree.html" "Mozilla/4.0 (compatible; MSIE 7.0; Windows NT 6.1; Trident/4.0; SLCC2; .NET CLR 2.0.50727; .NET CLR 3.5.30729; .NET CLR 3.0.30729; Media Center PC 6.0; MS-RTC LM 8)"
192.8.220.34 - - [10/Aug/2011:00:02:49 -0700] "GET /tools/htmlTextEditor2008/srcview/source/htmlTextEditor.mxml.html HTTP/1.1" 200 44679 "http://www.theflexguy.com/tools/htmlTextEditor2008/srcview/index.html" "Mozilla/4.0 (compatible; MSIE 7.0; Windows NT 6.1; Trident/4.0; SLCC2; .NET CLR 2.0.50727; .NET CLR 3.5.30729; .NET CLR 3.0.30729; Media Center PC 6.0; MS-RTC LM 8)"
192.8.220.34 - - [10/Aug/2011:00:02:50 -0700] "GET /tools/htmlTextEditor2008/srcview/SourceStyles.css HTTP/1.1" 200 1630 "http://www.theflexguy.com/tools/htmlTextEditor2008/srcview/source/htmlTextEditor.mxml.html" "Mozilla/4.0 (compatible; MSIE 7.0; Windows NT 6.1; Trident/4.0; SLCC2; .NET CLR 2.0.50727; .NET CLR 3.5.30729; .NET CLR 3.0.30729; Media Center PC 6.0; MS-RTC LM 8)"
192.8.220.34 - - [10/Aug/2011:00:02:51 -0700] "GET /tools/htmlTextEditor2008/srcview/SourceIndex.xml HTTP/1.1" 200 1946 "http://www.theflexguy.com/tools/htmlTextEditor2008/srcview/SourceTree.swf" "Mozilla/4.0 (compatible; MSIE 7.0; Windows NT 6.1; Trident/4.0; SLCC2; .NET CLR 2.0.50727; .NET CLR 3.5.30729; .NET CLR 3.0.30729; Media Center PC 6.0; MS-RTC LM 8)"
192.8.220.34 - - [10/Aug/2011:00:02:57 -0700] "GET /tools/htmlTextEditor2008/srcview/source/img/application_side_contract.png.html HTTP/1.1" 200 667 "http://www.theflexguy.com/tools/htmlTextEditor2008/srcview/SourceTree.html" "Mozilla/4.0 (compatible; MSIE 7.0; Windows NT 6.1; Trident/4.0; SLCC2; .NET CLR 2.0.50727; .NET CLR 3.5.30729; .NET CLR 3.0.30729; Media Center PC 6.0; MS-RTC LM 8)"
192.8.220.34 - - [10/Aug/2011:00:02:57 -0700] "GET /tools/htmlTextEditor2008/srcview/source/img/application_side_contract.png HTTP/1.1" 200 768 "http://www.theflexguy.com/tools/htmlTextEditor2008/srcview/source/img/application_side_contract.png.html" "Mozilla/4.0 (compatible; MSIE 7.0; Windows NT 6.1; Trident/4.0; SLCC2; .NET CLR 2.0.50727; .NET CLR 3.5.30729; .NET CLR 3.0.30729; Media Center PC 6.0; MS-RTC LM 8)"
192.8.220.34 - - [10/Aug/2011:00:02:59 -0700] "GET /tools/htmlTextEditor2008/srcview/source/img/application_side_expand.png.html HTTP/1.1" 200 663 "http://www.theflexguy.com/tools/htmlTextEditor2008/srcview/SourceTree.html" "Mozilla/4.0 (compatible; MSIE 7.0; Windows NT 6.1; Trident/4.0; SLCC2; .NET CLR 2.0.50727; .NET CLR 3.5.30729; .NET CLR 3.0.30729; Media Center PC 6.0; MS-RTC LM 8)"
192.8.220.34 - - [10/Aug/2011:00:03:00 -0700] "GET /tools/htmlTextEditor2008/srcview/source/img/application_side_expand.png HTTP/1.1" 200 802 "http://www.theflexguy.com/tools/htmlTextEditor2008/srcview/source/img/application_side_expand.png.html" "Mozilla/4.0 (compatible; MSIE 7.0; Windows NT 6.1; Trident/4.0; SLCC2; .NET CLR 2.0.50727; .NET CLR 3.5.30729; .NET CLR 3.0.30729; Media Center PC 6.0; MS-RTC LM 8)"
192.8.220.34 - - [10/Aug/2011:00:03:02 -0700] "GET /tools/htmlTextEditor2008/srcview/source/img/envelope.png.html HTTP/1.1" 200 633 "http://www.theflexguy.com/tools/htmlTextEditor2008/srcview/SourceTree.html" "Mozilla/4.0 (compatible; MSIE 7.0; Windows NT 6.1; Trident/4.0; SLCC2; .NET CLR 2.0.50727; .NET CLR 3.5.30729; .NET CLR 3.0.30729; Media Center PC 6.0; MS-RTC LM 8)"
192.8.220.34 - - [10/Aug/2011:00:03:03 -0700] "GET /tools/htmlTextEditor2008/srcview/source/img/envelope.png HTTP/1.1" 200 623 "http://www.theflexguy.com/tools/htmlTextEditor2008/srcview/source/img/envelope.png.html" "Mozilla/4.0 (compatible; MSIE 7.0; Windows NT 6.1; Trident/4.0; SLCC2; .NET CLR 2.0.50727; .NET CLR 3.5.30729; .NET CLR 3.0.30729; Media Center PC 6.0; MS-RTC LM 8)"
192.8.220.34 - - [10/Aug/2011:00:03:06 -0700] "GET /tools/htmlTextEditor2008/srcview/source/img/help.png.html HTTP/1.1" 200 625 "http://www.theflexguy.com/tools/htmlTextEditor2008/srcview/SourceTree.html" "Mozilla/4.0 (compatible; MSIE 7.0; Windows NT 6.1; Trident/4.0; SLCC2; .NET CLR 2.0.50727; .NET CLR 3.5.30729; .NET CLR 3.0.30729; Media Center PC 6.0; MS-RTC LM 8)"
192.8.220.34 - - [10/Aug/2011:00:03:06 -0700] "GET /tools/htmlTextEditor2008/srcview/source/img/help.png HTTP/1.1" 200 1007 "http://www.theflexguy.com/tools/htmlTextEditor2008/srcview/source/img/help.png.html" "Mozilla/4.0 (compatible; MSIE 7.0; Windows NT 6.1; Trident/4.0; SLCC2; .NET CLR 2.0.50727; .NET CLR 3.5.30729; .NET CLR 3.0.30729; Media Center PC 6.0; MS-RTC LM 8)"
192.8.220.34 - - [10/Aug/2011:00:03:08 -0700] "GET /tools/htmlTextEditor2008/srcview/source/img/page_paste.png.html HTTP/1.1" 200 637 "http://www.theflexguy.com/tools/htmlTextEditor2008/srcview/SourceTree.html" "Mozilla/4.0 (compatible; MSIE 7.0; Windows NT 6.1; Trident/4.0; SLCC2; .NET CLR 2.0.50727; .NET CLR 3.5.30729; .NET CLR 3.0.30729; Media Center PC 6.0; MS-RTC LM 8)"
192.8.220.34 - - [10/Aug/2011:00:03:08 -0700] "GET /tools/htmlTextEditor2008/srcview/source/img/page_paste.png HTTP/1.1" 200 924 "http://www.theflexguy.com/tools/htmlTextEditor2008/srcview/source/img/page_paste.png.html" "Mozilla/4.0 (compatible; MSIE 7.0; Windows NT 6.1; Trident/4.0; SLCC2; .NET CLR 2.0.50727; .NET CLR 3.5.30729; .NET CLR 3.0.30729; Media Center PC 6.0; MS-RTC LM 8)"
192.8.220.34 - - [10/Aug/2011:00:03:10 -0700] "GET /tools/htmlTextEditor2008/srcview/source/img/page_white_code.png.html HTTP/1.1" 200 647 "http://www.theflexguy.com/tools/htmlTextEditor2008/srcview/SourceTree.html" "Mozilla/4.0 (compatible; MSIE 7.0; Windows NT 6.1; Trident/4.0; SLCC2; .NET CLR 2.0.50727; .NET CLR 3.5.30729; .NET CLR 3.0.30729; Media Center PC 6.0; MS-RTC LM 8)"
192.8.220.34 - - [10/Aug/2011:00:03:11 -0700] "GET /tools/htmlTextEditor2008/srcview/source/img/page_white_code.png HTTP/1.1" 200 824 "http://www.theflexguy.com/tools/htmlTextEditor2008/srcview/source/img/page_white_code.png.html" "Mozilla/4.0 (compatible; MSIE 7.0; Windows NT 6.1; Trident/4.0; SLCC2; .NET CLR 2.0.50727; .NET CLR 3.5.30729; .NET CLR 3.0.30729; Media Center PC 6.0; MS-RTC LM 8)"
192.8.220.34 - - [10/Aug/2011:00:03:12 -0700] "GET /tools/htmlTextEditor2008/srcview/source/HelpWindow.mxml.html HTTP/1.1" 200 6749 "http://www.theflexguy.com/tools/htmlTextEditor2008/srcview/SourceTree.html" "Mozilla/4.0 (compatible; MSIE 7.0; Windows NT 6.1; Trident/4.0; SLCC2; .NET CLR 2.0.50727; .NET CLR 3.5.30729; .NET CLR 3.0.30729; Media Center PC 6.0; MS-RTC LM 8)"
173.192.238.44 - - [10/Aug/2011:00:04:10 -0700] "GET /feed/atom/ HTTP/1.1" 200 143 "-" "Mozilla/5.0 (X11; U; Linux x86_64; en-US; rv:1.9.0.19; aggregator:Spinn3r (Spinn3r 3.1); http://spinn3r.com/robot) Gecko/2010040121 Firefox/3.0.19"
209.85.238.213 - - [10/Aug/2011:00:06:25 -0700] "GET /feed/rss HTTP/1.1" 200 413 "-" "Feedfetcher-Google; (+http://www.google.com/feedfetcher.html; 5 subscribers; feed-id=8282921309701812955)"
209.85.238.213 - - [10/Aug/2011:00:06:26 -0700] "GET /feed/rss/ HTTP/1.1" 200 193 "-" "Feedfetcher-Google; (+http://www.google.com/feedfetcher.html; 5 subscribers; feed-id=8282921309701812955)"
75.119.204.73 - - [10/Aug/2011:00:08:11 -0700] "POST /wp-cron.php?doing_wp_cron HTTP/1.0" 200 158 "-" "WordPress/3.2.1; http://www.theflexguy.com"
174.136.26.114 - - [10/Aug/2011:00:08:10 -0700] "GET /2007/02/09/weborb-rocks/ HTTP/1.0" 200 4943 "-" "Nutraspace/Nutch-1.2 (www.nutraspace.com)"
66.249.67.164 - - [10/Aug/2011:00:09:43 -0700] "GET /tools/QingHttpService/Tester.swf HTTP/1.1" 200 230450 "-" "Mozilla/5.0 (compatible; Googlebot/2.1; +http://www.google.com/bot.html)"
76.74.170.204 - - [10/Aug/2011:00:10:03 -0700] "GET /feed/ HTTP/1.1" 200 14402 "-" "ColdFusion"
66.249.67.164 - - [10/Aug/2011:00:11:38 -0700] "GET /2011/05/24/arraycollection-uses-your-sort/trackback/ HTTP/1.1" 200 457 "-" "Mozilla/5.0 (compatible; Googlebot/2.1; +http://www.google.com/bot.html)"
66.249.67.164 - - [10/Aug/2011:00:11:40 -0700] "GET /2011/05/24/arraycollection-uses-your-sort/ HTTP/1.1" 200 5494 "-" "Mozilla/5.0 (compatible; Googlebot/2.1; +http://www.google.com/bot.html)"
174.36.228.156 - - [10/Aug/2011:00:12:01 -0700] "GET / HTTP/1.1" 200 321 "-" "Mozilla/5.0 (X11; U; Linux x86_64; en-US; rv:1.9.0.19; aggregator:Spinn3r (Spinn3r 3.1); http://spinn3r.com/robot) Gecko/2010040121 Firefox/3.0.19"
174.36.228.156 - - [10/Aug/2011:00:12:01 -0700] "GET / HTTP/1.1" 200 4825 "-" "Mozilla/5.0 (X11; U; Linux x86_64; en-US; rv:1.9.0.19; aggregator:Spinn3r (Spinn3r 3.1); http://spinn3r.com/robot) Gecko/2010040121 Firefox/3.0.19"
202.172.126.167 - - [10/Aug/2011:00:17:51 -0700] "GET /files/headerBanner.jpg HTTP/1.1" 200 153258 "http://fdt.powerflasher.com/blog/" "Mozilla/5.0 (Windows NT 6.1; WOW64; rv:5.0) Gecko/20100101 Firefox/5.0"
38.101.148.126 - - [10/Aug/2011:00:29:47 -0700] "GET /robots.txt HTTP/1.1" 200 293 "-" "Mozilla/5.0 (compatible; discobot/1.1; +http://discoveryengine.com/discobot.html)"
75.119.204.73 - - [10/Aug/2011:00:29:48 -0700] "POST /wp-cron.php?doing_wp_cron HTTP/1.0" 200 158 "-" "WordPress/3.2.1; http://www.theflexguy.com"
95.108.158.238 - - [10/Aug/2011:00:31:51 -0700] "GET /2008/01/16/wp-content/uploads/2008/01/bushoncomputer.thumbnail.jpg HTTP/1.1" 200 8447 "-" "Mozilla/5.0 (compatible; YandexImages/3.0; +http://yandex.com/bots)"
66.249.67.164 - - [10/Aug/2011:00:32:36 -0700] "GET /tag/performance-2/ HTTP/1.1" 200 2860 "-" "Mozilla/5.0 (compatible; Googlebot/2.1; +http://www.google.com/bot.html)"
38.101.148.126 - - [10/Aug/2011:00:32:46 -0700] "GET /robots.txt HTTP/1.1" 200 293 "-" "Mozilla/5.0 (compatible; discobot/1.1; +http://discoveryengine.com/discobot.html)"
76.74.170.204 - - [10/Aug/2011:00:34:10 -0700] "GET /feed/ HTTP/1.1" 200 14402 "-" "ColdFusion"
173.192.238.48 - - [10/Aug/2011:00:34:21 -0700] "GET /feed/atom/ HTTP/1.1" 200 143 "-" "Mozilla/5.0 (X11; U; Linux x86_64; en-US; rv:1.9.0.19; aggregator:Spinn3r (Spinn3r 3.1); http://spinn3r.com/robot) Gecko/2010040121 Firefox/3.0.19"
209.85.238.213 - - [10/Aug/2011:00:37:01 -0700] "GET /?feed=rss2 HTTP/1.1" 200 409 "-" "Feedfetcher-Google; (+http://www.google.com/feedfetcher.html; 21 subscribers; feed-id=6047012421983505584)"
209.85.238.213 - - [10/Aug/2011:00:37:02 -0700] "GET /feed/ HTTP/1.1" 200 14401 "-" "Feedfetcher-Google; (+http://www.google.com/feedfetcher.html; 21 subscribers; feed-id=6047012421983505584)"