File: /home/mmickelson/logs/theflexguy.com/http.12994171.bak/access.log.2011-08-09
31.149.204.74 - - [09/Aug/2011:00:31:35 -0700] "GET /files/headerBanner.jpg HTTP/1.1" 200 153258 "http://fdt.powerflasher.com/blog/" "Mozilla/5.0 (Macintosh; Intel Mac OS X 10.6; rv:5.0.1) Gecko/20100101 Firefox/5.0.1"
75.119.204.73 - - [09/Aug/2011:00:32:13 -0700] "POST /wp-cron.php?doing_wp_cron HTTP/1.0" 200 158 "-" "WordPress/3.2.1; http://www.theflexguy.com"
95.108.154.252 - - [09/Aug/2011:00:32:13 -0700] "GET /?option=com_content&view=article&id=105:bugquash-in-review&catid=35:marty&fontstyle=f-default HTTP/1.1" 200 4929 "-" "Mozilla/5.0 (compatible; YandexBot/3.0; +http://yandex.com/bots)"
173.192.238.34 - - [09/Aug/2011:00:34:02 -0700] "GET / HTTP/1.1" 200 321 "-" "Mozilla/5.0 (X11; U; Linux x86_64; en-US; rv:1.9.0.19; aggregator:Spinn3r (Spinn3r 3.1); http://spinn3r.com/robot) Gecko/2010040121 Firefox/3.0.19"
173.192.238.34 - - [09/Aug/2011:00:34:03 -0700] "GET / HTTP/1.1" 200 4952 "-" "Mozilla/5.0 (X11; U; Linux x86_64; en-US; rv:1.9.0.19; aggregator:Spinn3r (Spinn3r 3.1); http://spinn3r.com/robot) Gecko/2010040121 Firefox/3.0.19"
76.74.170.204 - - [09/Aug/2011:00:37:04 -0700] "GET /feed/ HTTP/1.1" 200 14406 "-" "ColdFusion"
75.119.204.73 - - [09/Aug/2011:00:39:50 -0700] "POST /wp-cron.php?doing_wp_cron HTTP/1.0" 200 158 "-" "WordPress/3.2.1; http://www.theflexguy.com"
91.195.118.65 - - [09/Aug/2011:00:39:50 -0700] "GET /feed/rss HTTP/1.0" 200 376 "-" "MagpieRSS/0.7 (+http://magpierss.sf.net; No cache)"
91.195.118.65 - - [09/Aug/2011:00:39:51 -0700] "GET /feed/rss/ HTTP/1.0" 200 2708 "-" "MagpieRSS/0.7 (+http://magpierss.sf.net; No cache)"
91.195.118.65 - - [09/Aug/2011:00:39:52 -0700] "GET /?feed=rss2 HTTP/1.0" 200 372 "-" "MagpieRSS/0.7 (+http://magpierss.sf.net; No cache)"
91.195.118.65 - - [09/Aug/2011:00:39:53 -0700] "GET /feed/ HTTP/1.0" 200 14316 "-" "MagpieRSS/0.7 (+http://magpierss.sf.net; No cache)"
209.85.238.213 - - [09/Aug/2011:00:42:41 -0700] "GET /index.php?option=com_idoblog&view=idoblog&Itemid=54&format=feed&type=rss HTTP/1.1" 200 421 "-" "Feedfetcher-Google; (+http://www.google.com/feedfetcher.html; 1 subscribers; feed-id=7080376364330259190)"
209.85.238.213 - - [09/Aug/2011:00:42:42 -0700] "GET /?option=com_idoblog&view=idoblog&Itemid=54&format=feed&type=rss HTTP/1.1" 200 5179 "-" "Feedfetcher-Google; (+http://www.google.com/feedfetcher.html; 1 subscribers; feed-id=7080376364330259190)"
209.85.238.213 - - [09/Aug/2011:00:43:51 -0700] "GET /?feed=rss2 HTTP/1.1" 200 409 "-" "Feedfetcher-Google; (+http://www.google.com/feedfetcher.html; 21 subscribers; feed-id=6047012421983505584)"
209.85.238.213 - - [09/Aug/2011:00:44:05 -0700] "GET /feed/ HTTP/1.1" 200 14402 "-" "Feedfetcher-Google; (+http://www.google.com/feedfetcher.html; 21 subscribers; feed-id=6047012421983505584)"
67.195.112.254 - - [09/Aug/2011:00:45:33 -0700] "GET /2007/07/ HTTP/1.0" 200 2860 "-" "Mozilla/5.0 (compatible; Yahoo! Slurp; http://help.yahoo.com/help/us/ysearch/slurp)"
67.195.112.254 - - [09/Aug/2011:00:45:34 -0700] "GET /wp-content/themes/uchilla1.0/style.css HTTP/1.0" 304 137 "http://www.theflexguy.com/2007/07/" "Mozilla/5.0 (compatible; Yahoo! Slurp; http://help.yahoo.com/help/us/ysearch/slurp)"
67.195.112.254 - - [09/Aug/2011:00:45:34 -0700] "GET /wp-content/themes/uchilla1.0/print.css HTTP/1.0" 304 135 "http://www.theflexguy.com/2007/07/" "Mozilla/5.0 (compatible; Yahoo! Slurp; http://help.yahoo.com/help/us/ysearch/slurp)"
67.195.112.254 - - [09/Aug/2011:00:45:34 -0700] "GET /wp-content/plugins/flickrpress/style.css?ver=3.2.1 HTTP/1.0" 304 136 "http://www.theflexguy.com/2007/07/" "Mozilla/5.0 (compatible; Yahoo! Slurp; http://help.yahoo.com/help/us/ysearch/slurp)"
209.85.238.73 - - [09/Aug/2011:00:46:44 -0700] "GET /index.php?format=feed&type=rss HTTP/1.1" 200 379 "-" "Feedfetcher-Google; (+http://www.google.com/feedfetcher.html; 4 subscribers; feed-id=6887443542408518203)"
209.85.238.213 - - [09/Aug/2011:00:46:49 -0700] "GET /?format=feed&type=rss HTTP/1.1" 200 5153 "-" "Feedfetcher-Google; (+http://www.google.com/feedfetcher.html; 4 subscribers; feed-id=6887443542408518203)"
66.249.67.164 - - [09/Aug/2011:00:47:32 -0700] "GET / HTTP/1.1" 200 4862 "-" "DoCoMo/2.0 N905i(c100;TB;W24H16) (compatible; Googlebot-Mobile/2.1; +http://www.google.com/bot.html)"
67.195.112.254 - - [09/Aug/2011:00:50:58 -0700] "GET /tag/skinning/ HTTP/1.0" 200 2885 "-" "Mozilla/5.0 (compatible; Yahoo! Slurp; http://help.yahoo.com/help/us/ysearch/slurp)"
219.239.34.56 - - [09/Aug/2011:00:53:58 -0700] "GET /feed/rss/ HTTP/1.1" 200 6212 "-" "Xianguo.com 1 Subscribers"
202.107.117.202 - - [09/Aug/2011:00:54:00 -0700] "GET /2011/05/24/arraycollection-uses-your-sort/ HTTP/1.1" 200 17675 "http://www.google.com.hk/search?hl=zh-CN&newwindow=1&safe=strict&gl=cn&q=arraycollection.contains+&oq=arraycollection.contains+&aq=o&aqi=&aql=&gs_sm=e&gs_upl=96532l113547l0l114032l27l17l0l0l0l1l1281l3048l2-4.2.7-1l7l0" "Mozilla/4.0 (compatible; MSIE 8.0; Windows NT 6.1; Trident/4.0; SLCC2; .NET CLR 2.0.50727; .NET CLR 3.5.30729; .NET CLR 3.0.30729; Media Center PC 6.0)"
202.107.117.202 - - [09/Aug/2011:00:54:02 -0700] "GET /wp-content/themes/uchilla1.0/print.css HTTP/1.1" 200 526 "http://www.theflexguy.com/2011/05/24/arraycollection-uses-your-sort/" "Mozilla/4.0 (compatible; MSIE 8.0; Windows NT 6.1; Trident/4.0; SLCC2; .NET CLR 2.0.50727; .NET CLR 3.5.30729; .NET CLR 3.0.30729; Media Center PC 6.0)"
202.107.117.202 - - [09/Aug/2011:00:54:02 -0700] "GET /wp-content/themes/uchilla1.0/style.css HTTP/1.1" 200 11271 "http://www.theflexguy.com/2011/05/24/arraycollection-uses-your-sort/" "Mozilla/4.0 (compatible; MSIE 8.0; Windows NT 6.1; Trident/4.0; SLCC2; .NET CLR 2.0.50727; .NET CLR 3.5.30729; .NET CLR 3.0.30729; Media Center PC 6.0)"
202.107.117.202 - - [09/Aug/2011:00:54:02 -0700] "GET /wp-content/plugins/flickrpress/style.css?ver=3.2.1 HTTP/1.1" 200 2292 "http://www.theflexguy.com/2011/05/24/arraycollection-uses-your-sort/" "Mozilla/4.0 (compatible; MSIE 8.0; Windows NT 6.1; Trident/4.0; SLCC2; .NET CLR 2.0.50727; .NET CLR 3.5.30729; .NET CLR 3.0.30729; Media Center PC 6.0)"
202.107.117.202 - - [09/Aug/2011:00:54:02 -0700] "GET /wp-content/plugins/flickrpress/flickr.js?ver=3.2.1 HTTP/1.1" 200 2241 "http://www.theflexguy.com/2011/05/24/arraycollection-uses-your-sort/" "Mozilla/4.0 (compatible; MSIE 8.0; Windows NT 6.1; Trident/4.0; SLCC2; .NET CLR 2.0.50727; .NET CLR 3.5.30729; .NET CLR 3.0.30729; Media Center PC 6.0)"
202.107.117.202 - - [09/Aug/2011:00:54:02 -0700] "GET /wp-includes/js/l10n.js?ver=20101110 HTTP/1.1" 200 598 "http://www.theflexguy.com/2011/05/24/arraycollection-uses-your-sort/" "Mozilla/4.0 (compatible; MSIE 8.0; Windows NT 6.1; Trident/4.0; SLCC2; .NET CLR 2.0.50727; .NET CLR 3.5.30729; .NET CLR 3.0.30729; Media Center PC 6.0)"
202.107.117.202 - - [09/Aug/2011:00:54:02 -0700] "GET /wp-includes/js/jquery/jquery.js?ver=1.6.1 HTTP/1.1" 200 91657 "http://www.theflexguy.com/2011/05/24/arraycollection-uses-your-sort/" "Mozilla/4.0 (compatible; MSIE 8.0; Windows NT 6.1; Trident/4.0; SLCC2; .NET CLR 2.0.50727; .NET CLR 3.5.30729; .NET CLR 3.0.30729; Media Center PC 6.0)"
202.107.117.202 - - [09/Aug/2011:00:54:09 -0700] "GET /wp-content/themes/uchilla1.0/images/contBg.jpg HTTP/1.1" 200 7375 "http://www.theflexguy.com/2011/05/24/arraycollection-uses-your-sort/" "Mozilla/4.0 (compatible; MSIE 8.0; Windows NT 6.1; Trident/4.0; SLCC2; .NET CLR 2.0.50727; .NET CLR 3.5.30729; .NET CLR 3.0.30729; Media Center PC 6.0)"
202.107.117.202 - - [09/Aug/2011:00:54:09 -0700] "GET /wp-content/themes/uchilla1.0/images/dateBg.jpg HTTP/1.1" 200 2279 "http://www.theflexguy.com/2011/05/24/arraycollection-uses-your-sort/" "Mozilla/4.0 (compatible; MSIE 8.0; Windows NT 6.1; Trident/4.0; SLCC2; .NET CLR 2.0.50727; .NET CLR 3.5.30729; .NET CLR 3.0.30729; Media Center PC 6.0)"
202.107.117.202 - - [09/Aug/2011:00:54:09 -0700] "GET /wp-content/uploads/2010/11/CartoonMarty128.png HTTP/1.1" 200 15449 "http://www.theflexguy.com/2011/05/24/arraycollection-uses-your-sort/" "Mozilla/4.0 (compatible; MSIE 8.0; Windows NT 6.1; Trident/4.0; SLCC2; .NET CLR 2.0.50727; .NET CLR 3.5.30729; .NET CLR 3.0.30729; Media Center PC 6.0)"
202.107.117.202 - - [09/Aug/2011:00:54:09 -0700] "GET /wp-content/themes/uchilla1.0/images/backgrounds/striped_dark.jpg HTTP/1.1" 200 9857 "http://www.theflexguy.com/2011/05/24/arraycollection-uses-your-sort/" "Mozilla/4.0 (compatible; MSIE 8.0; Windows NT 6.1; Trident/4.0; SLCC2; .NET CLR 2.0.50727; .NET CLR 3.5.30729; .NET CLR 3.0.30729; Media Center PC 6.0)"
202.107.117.202 - - [09/Aug/2011:00:54:09 -0700] "GET /wp-content/themes/uchilla1.0/images/sidebarLine.jpg HTTP/1.1" 200 955 "http://www.theflexguy.com/2011/05/24/arraycollection-uses-your-sort/" "Mozilla/4.0 (compatible; MSIE 8.0; Windows NT 6.1; Trident/4.0; SLCC2; .NET CLR 2.0.50727; .NET CLR 3.5.30729; .NET CLR 3.0.30729; Media Center PC 6.0)"
202.107.117.202 - - [09/Aug/2011:00:54:09 -0700] "GET /wp-content/themes/uchilla1.0/images/sidebarBullet.jpg HTTP/1.1" 200 992 "http://www.theflexguy.com/2011/05/24/arraycollection-uses-your-sort/" "Mozilla/4.0 (compatible; MSIE 8.0; Windows NT 6.1; Trident/4.0; SLCC2; .NET CLR 2.0.50727; .NET CLR 3.5.30729; .NET CLR 3.0.30729; Media Center PC 6.0)"
202.107.117.202 - - [09/Aug/2011:00:54:15 -0700] "GET /favicon.ico HTTP/1.1" 200 276 "-" "Mozilla/4.0 (compatible; MSIE 8.0; Windows NT 6.1; Trident/4.0; SLCC2; .NET CLR 2.0.50727; .NET CLR 3.5.30729; .NET CLR 3.0.30729; Media Center PC 6.0)"
209.85.238.213 - - [09/Aug/2011:00:57:24 -0700] "GET /feed/ HTTP/1.1" 200 14402 "-" "Feedfetcher-Google; (+http://www.google.com/feedfetcher.html; 4 subscribers; feed-id=17450445626559736511)"
192.38.226.66 - - [09/Aug/2011:00:58:35 -0700] "GET /files/headerBanner.jpg HTTP/1.1" 200 153258 "http://fdt.powerflasher.com/blog/" "Mozilla/5.0 (Macintosh; Intel Mac OS X 10_6_8) AppleWebKit/535.1 (KHTML, like Gecko) Chrome/13.0.782.107 Safari/535.1"
75.119.204.73 - - [09/Aug/2011:00:59:36 -0700] "POST /wp-cron.php?doing_wp_cron HTTP/1.0" 200 158 "-" "WordPress/3.2.1; http://www.theflexguy.com"
174.136.26.114 - - [09/Aug/2011:00:59:36 -0700] "GET /2008/09/18/adobe-licensing-info-viewing-experience/ HTTP/1.0" 200 2546 "-" "Nutraspace/Nutch-1.2 (www.nutraspace.com)"
124.115.0.16 - - [09/Aug/2011:00:59:57 -0700] "GET / HTTP/1.1" 200 4989 "-" "Sosospider+(+http://help.soso.com/webspider.htm)"
192.150.14.130 - - [09/Aug/2011:01:02:49 -0700] "HEAD /?feed=rss2 HTTP/1.1" 200 353 "-" "Adobe Feeds"
209.85.226.88 - - [09/Aug/2011:01:04:03 -0700] "GET /favicon.ico HTTP/1.1" 200 220 "-" "-"
173.192.238.44 - - [09/Aug/2011:01:04:08 -0700] "GET / HTTP/1.1" 200 321 "-" "Mozilla/5.0 (X11; U; Linux x86_64; en-US; rv:1.9.0.19; aggregator:Spinn3r (Spinn3r 3.1); http://spinn3r.com/robot) Gecko/2010040121 Firefox/3.0.19"
173.192.238.44 - - [09/Aug/2011:01:04:09 -0700] "GET / HTTP/1.1" 200 4952 "-" "Mozilla/5.0 (X11; U; Linux x86_64; en-US; rv:1.9.0.19; aggregator:Spinn3r (Spinn3r 3.1); http://spinn3r.com/robot) Gecko/2010040121 Firefox/3.0.19"
188.66.79.237 - - [09/Aug/2011:01:05:08 -0700] "GET /feed/ HTTP/1.1" 200 14402 "-" "Microsoft Office/14.0 (Windows NT 6.1; Microsoft Outlook 14.0.5128; Pro; ms-office; MSOffice 14)"
76.74.170.204 - - [09/Aug/2011:01:07:54 -0700] "GET /feed/ HTTP/1.1" 200 14402 "-" "ColdFusion"
89.202.163.174 - - [09/Aug/2011:01:14:36 -0700] "GET /index.php?format=feed&type=rss HTTP/1.0" 200 23052 "-" "Desktop Sidebar v1.05.116.0"
184.73.65.175 - - [09/Aug/2011:01:15:21 -0700] "GET /files/headerBanner.jpg HTTP/1.0" 200 153221 "-" "-"
184.73.65.175 - - [09/Aug/2011:01:15:22 -0700] "GET /files/headerBanner.jpg HTTP/1.0" 200 153221 "-" "-"
69.63.190.249 - - [09/Aug/2011:01:22:40 -0700] "GET /files/headerBanner.jpg HTTP/1.0" 200 153221 "-" "facebookplatform/1.0 (+http://developers.facebook.com)"
209.85.238.213 - - [09/Aug/2011:01:23:08 -0700] "GET /index.php?format=feed&type=atom HTTP/1.1" 200 380 "-" "Feedfetcher-Google; (+http://www.google.com/feedfetcher.html; 1 subscribers; feed-id=2021327347742680309)"
209.85.238.213 - - [09/Aug/2011:01:25:20 -0700] "GET /?format=feed&type=atom HTTP/1.1" 200 5153 "-" "Feedfetcher-Google; (+http://www.google.com/feedfetcher.html; 1 subscribers; feed-id=2021327347742680309)"
209.85.238.213 - - [09/Aug/2011:01:26:13 -0700] "GET /index.php?format=feed&type=rss HTTP/1.1" 200 5137 "-" "Feedfetcher-Google; (+http://www.google.com/feedfetcher.html; 3 subscribers; feed-id=14727418171627297269)"
76.74.170.204 - - [09/Aug/2011:01:26:25 -0700] "GET /feed/ HTTP/1.1" 200 14402 "-" "ColdFusion"
75.119.204.73 - - [09/Aug/2011:01:26:59 -0700] "POST /wp-cron.php?doing_wp_cron HTTP/1.0" 200 158 "-" "WordPress/3.2.1; http://www.theflexguy.com"
209.85.238.213 - - [09/Aug/2011:01:26:59 -0700] "GET /feed/rss HTTP/1.1" 200 413 "-" "Feedfetcher-Google; (+http://www.google.com/feedfetcher.html; 5 subscribers; feed-id=8282921309701812955)"
209.85.238.213 - - [09/Aug/2011:01:27:37 -0700] "GET /feed/rss/ HTTP/1.1" 200 2741 "-" "Feedfetcher-Google; (+http://www.google.com/feedfetcher.html; 5 subscribers; feed-id=8282921309701812955)"
217.231.208.192 - - [09/Aug/2011:01:28:59 -0700] "GET /feed/rss/ HTTP/1.1" 200 2741 "-" "Snarfer/1.0.2 (http://www.snarfware.com/)"
217.231.208.192 - - [09/Aug/2011:01:30:43 -0700] "GET /feed/rss/ HTTP/1.1" 200 2741 "-" "Snarfer/1.0.2 (http://www.snarfware.com/)"
174.37.205.92 - - [09/Aug/2011:01:34:21 -0700] "GET / HTTP/1.1" 200 321 "-" "Mozilla/5.0 (X11; U; Linux x86_64; en-US; rv:1.9.0.19; aggregator:Spinn3r (Spinn3r 3.1); http://spinn3r.com/robot) Gecko/2010040121 Firefox/3.0.19"
174.37.205.92 - - [09/Aug/2011:01:34:22 -0700] "GET / HTTP/1.1" 200 4825 "-" "Mozilla/5.0 (X11; U; Linux x86_64; en-US; rv:1.9.0.19; aggregator:Spinn3r (Spinn3r 3.1); http://spinn3r.com/robot) Gecko/2010040121 Firefox/3.0.19"
95.108.154.252 - - [09/Aug/2011:01:36:10 -0700] "GET /?option=com_content&Itemid=54&catid=35&id=51&lang=en&view=article&fontstyle=f-default HTTP/1.1" 200 4926 "-" "Mozilla/5.0 (compatible; YandexBot/3.0; +http://yandex.com/bots)"
79.224.81.223 - - [09/Aug/2011:01:38:25 -0700] "GET /files/headerBanner.jpg HTTP/1.1" 200 153258 "http://fdt.powerflasher.com/blog/" "Mozilla/5.0 (Macintosh; Intel Mac OS X 10.7; rv:5.0.1) Gecko/20100101 Firefox/5.0.1"
174.37.154.78 - - [09/Aug/2011:01:41:24 -0700] "GET /feed/atom HTTP/1.0" 200 194 "-" "Gist Server"
75.119.204.73 - - [09/Aug/2011:01:43:57 -0700] "POST /wp-cron.php?doing_wp_cron HTTP/1.0" 200 158 "-" "WordPress/3.2.1; http://www.theflexguy.com"
209.85.238.213 - - [09/Aug/2011:01:43:57 -0700] "GET /index.php?option=com_content&view=category&layout=blog&id=35&Itemid=54&format=feed&type=rss HTTP/1.1" 200 440 "-" "Feedfetcher-Google; (+http://www.google.com/feedfetcher.html; 1 subscribers; feed-id=9816647088266946374)"
209.85.238.213 - - [09/Aug/2011:01:43:58 -0700] "GET /?option=com_content&view=category&layout=blog&id=35&Itemid=54&format=feed&type=rss HTTP/1.1" 200 5191 "-" "Feedfetcher-Google; (+http://www.google.com/feedfetcher.html; 1 subscribers; feed-id=9816647088266946374)"
209.85.238.73 - - [09/Aug/2011:01:46:54 -0700] "GET /index.php?format=feed&type=rss HTTP/1.1" 200 379 "-" "Feedfetcher-Google; (+http://www.google.com/feedfetcher.html; 4 subscribers; feed-id=6887443542408518203)"
209.85.238.213 - - [09/Aug/2011:01:46:57 -0700] "GET /?format=feed&type=rss HTTP/1.1" 200 5137 "-" "Feedfetcher-Google; (+http://www.google.com/feedfetcher.html; 4 subscribers; feed-id=6887443542408518203)"
209.85.238.213 - - [09/Aug/2011:01:48:41 -0700] "GET /?feed=rss2 HTTP/1.1" 200 409 "-" "Feedfetcher-Google; (+http://www.google.com/feedfetcher.html; 21 subscribers; feed-id=6047012421983505584)"
209.85.238.213 - - [09/Aug/2011:01:48:43 -0700] "GET /feed/ HTTP/1.1" 200 194 "-" "Feedfetcher-Google; (+http://www.google.com/feedfetcher.html; 21 subscribers; feed-id=6047012421983505584)"
76.74.170.204 - - [09/Aug/2011:01:52:02 -0700] "GET /feed/ HTTP/1.1" 200 14406 "-" "ColdFusion"
122.177.133.34 - - [09/Aug/2011:01:52:17 -0700] "GET /files/headerBanner.jpg HTTP/1.1" 200 153258 "http://fdt.powerflasher.com/blog/" "Mozilla/5.0 (Windows NT 6.0) AppleWebKit/534.30 (KHTML, like Gecko) Chrome/12.0.742.122 Safari/534.30"
188.223.82.184 - - [09/Aug/2011:01:52:38 -0700] "GET /files/headerBanner.jpg HTTP/1.1" 200 153258 "http://fdt.powerflasher.com/blog/" "Mozilla/5.0 (Macintosh; Intel Mac OS X 10_6_8) AppleWebKit/535.1 (KHTML, like Gecko) Chrome/13.0.782.107 Safari/535.1"
75.119.204.73 - - [09/Aug/2011:01:55:01 -0700] "POST /wp-cron.php?doing_wp_cron HTTP/1.0" 200 158 "-" "WordPress/3.2.1; http://www.theflexguy.com"
174.136.26.114 - - [09/Aug/2011:01:55:00 -0700] "GET /2010/01/05/new-year-improved-site/ HTTP/1.0" 200 5189 "-" "Nutraspace/Nutch-1.2 (www.nutraspace.com)"
61.135.249.5 - - [09/Aug/2011:01:57:14 -0700] "GET / HTTP/1.1" 200 302 "-" "Mozilla/5.0 (compatible; YodaoBot/1.0; http://www.yodao.com/help/webmaster/spider/; )"
76.74.170.204 - - [09/Aug/2011:01:58:14 -0700] "GET /feed/ HTTP/1.1" 200 14402 "-" "ColdFusion"
174.136.26.114 - - [09/Aug/2011:02:01:24 -0700] "GET /tag/advanceddatagrid/ HTTP/1.0" 200 3157 "-" "Nutraspace/Nutch-1.2 (www.nutraspace.com)"
174.37.205.92 - - [09/Aug/2011:02:04:26 -0700] "GET / HTTP/1.1" 200 321 "-" "Mozilla/5.0 (X11; U; Linux x86_64; en-US; rv:1.9.0.19; aggregator:Spinn3r (Spinn3r 3.1); http://spinn3r.com/robot) Gecko/2010040121 Firefox/3.0.19"
174.37.205.92 - - [09/Aug/2011:02:04:27 -0700] "GET / HTTP/1.1" 200 4825 "-" "Mozilla/5.0 (X11; U; Linux x86_64; en-US; rv:1.9.0.19; aggregator:Spinn3r (Spinn3r 3.1); http://spinn3r.com/robot) Gecko/2010040121 Firefox/3.0.19"
209.85.238.213 - - [09/Aug/2011:02:04:44 -0700] "GET /feed/ HTTP/1.1" 200 14402 "-" "Feedfetcher-Google; (+http://www.google.com/feedfetcher.html; 4 subscribers; feed-id=17450445626559736511)"
173.234.181.106 - - [09/Aug/2011:02:11:57 -0700] "GET /2010/02 HTTP/1.1" 200 328 "-" "Mozilla/4.0 (compatible; ICS)"
173.234.181.106 - - [09/Aug/2011:02:11:58 -0700] "GET /2010/02/ HTTP/1.1" 200 9926 "-" "Mozilla/4.0 (compatible; ICS)"
182.64.158.183 - - [09/Aug/2011:02:13:26 -0700] "GET /apps/htmlTextEditor/update.xml HTTP/1.1" 200 598 "app:/htmlTextEditorAIR.swf" "Mozilla/5.0 (Macintosh; U; Intel Mac OS X; en) AppleWebKit/531.9 (KHTML, like Gecko) AdobeAIR/2.7"
75.119.204.73 - - [09/Aug/2011:02:14:24 -0700] "POST /wp-cron.php?doing_wp_cron HTTP/1.0" 200 158 "-" "WordPress/3.2.1; http://www.theflexguy.com"
65.52.109.66 - - [09/Aug/2011:02:14:24 -0700] "GET /robots.txt HTTP/1.1" 200 305 "-" "Mozilla/5.0 (compatible; bingbot/2.0; +http://www.bing.com/bingbot.htm)"
89.202.163.174 - - [09/Aug/2011:02:14:38 -0700] "GET /index.php?format=feed&type=rss HTTP/1.0" 200 334 "-" "Desktop Sidebar v1.05.116.0"
89.202.163.174 - - [09/Aug/2011:02:14:38 -0700] "GET /?format=feed&type=rss HTTP/1.0" 200 23068 "-" "Desktop Sidebar v1.05.116.0"
65.52.109.66 - - [09/Aug/2011:02:15:33 -0700] "GET /atom.aspx HTTP/1.1" 200 2492 "-" "Mozilla/5.0 (compatible; bingbot/2.0; +http://www.bing.com/bingbot.htm)"
192.93.164.28 - - [09/Aug/2011:02:17:03 -0700] "GET /files/headerBanner.jpg HTTP/1.1" 200 153258 "-" "Mozilla/4.0 (compatible;)"
74.81.64.58 - - [09/Aug/2011:02:17:09 -0700] "HEAD /index.php?option=com_content&view=article&id=94&Itemid=11 HTTP/1.1" 200 286 "http://www.divknowledge.com" "Mozilla/4.0 (compatible; MSIE 7.0; Windows NT 5.1; .NET CLR 1.1.4322; .NET CLR 2.0.50727; .NET CLR 3.0.04506.30)"
74.81.64.58 - - [09/Aug/2011:02:17:10 -0700] "HEAD /?option=com_content&view=article&id=94&Itemid=11 HTTP/1.1" 200 387 "http://www.divknowledge.com" "Mozilla/4.0 (compatible; MSIE 7.0; Windows NT 5.1; .NET CLR 1.1.4322; .NET CLR 2.0.50727; .NET CLR 3.0.04506.30)"
67.195.112.254 - - [09/Aug/2011:02:22:00 -0700] "GET /2007/06/ HTTP/1.0" 200 3110 "-" "Mozilla/5.0 (compatible; Yahoo! Slurp; http://help.yahoo.com/help/us/ysearch/slurp)"
95.108.154.252 - - [09/Aug/2011:02:23:21 -0700] "GET /?option=com_content&Itemid=54&catid=35&id=87&lang=en&view=article&fontstyle=f-larger HTTP/1.1" 200 4924 "-" "Mozilla/5.0 (compatible; YandexBot/3.0; +http://yandex.com/bots)"
182.64.158.183 - - [09/Aug/2011:02:24:41 -0700] "GET /apps/htmlTextEditor/update.xml HTTP/1.1" 200 598 "app:/htmlTextEditorAIR.swf" "Mozilla/5.0 (Macintosh; U; Intel Mac OS X; en) AppleWebKit/531.9 (KHTML, like Gecko) AdobeAIR/2.7"
209.85.238.213 - - [09/Aug/2011:02:25:05 -0700] "GET /feed/rss HTTP/1.1" 200 413 "-" "Feedfetcher-Google; (+http://www.google.com/feedfetcher.html; 5 subscribers; feed-id=8282921309701812955)"
209.85.238.213 - - [09/Aug/2011:02:25:06 -0700] "GET /feed/rss/ HTTP/1.1" 200 193 "-" "Feedfetcher-Google; (+http://www.google.com/feedfetcher.html; 5 subscribers; feed-id=8282921309701812955)"
209.85.228.86 - - [09/Aug/2011:02:25:30 -0700] "GET /favicon.ico HTTP/1.1" 200 220 "-" "-"
209.85.238.213 - - [09/Aug/2011:02:26:16 -0700] "GET /index.php?format=feed&type=rss HTTP/1.1" 200 5137 "-" "Feedfetcher-Google; (+http://www.google.com/feedfetcher.html; 3 subscribers; feed-id=14727418171627297269)"
76.74.170.204 - - [09/Aug/2011:02:29:15 -0700] "GET /feed/ HTTP/1.1" 200 14402 "-" "ColdFusion"
75.119.204.73 - - [09/Aug/2011:02:29:52 -0700] "POST /wp-cron.php?doing_wp_cron HTTP/1.0" 200 158 "-" "WordPress/3.2.1; http://www.theflexguy.com"
38.101.148.126 - - [09/Aug/2011:02:29:52 -0700] "GET /robots.txt HTTP/1.1" 200 293 "-" "Mozilla/5.0 (compatible; discobot/1.1; +http://discoveryengine.com/discobot.html)"
217.231.208.212 - - [09/Aug/2011:02:30:43 -0700] "GET /feed/rss/ HTTP/1.1" 200 194 "-" "Snarfer/1.0.2 (http://www.snarfware.com/)"
38.101.148.126 - - [09/Aug/2011:02:32:53 -0700] "GET /robots.txt HTTP/1.1" 200 293 "-" "Mozilla/5.0 (compatible; discobot/1.1; +http://discoveryengine.com/discobot.html)"
66.249.67.164 - - [09/Aug/2011:02:33:36 -0700] "GET /tag/actionscript/feed/ HTTP/1.1" 200 6840 "-" "Mozilla/5.0 (compatible; Googlebot/2.1; +http://www.google.com/bot.html)"
174.37.205.68 - - [09/Aug/2011:02:34:30 -0700] "GET / HTTP/1.1" 200 321 "-" "Mozilla/5.0 (X11; U; Linux x86_64; en-US; rv:1.9.0.19; aggregator:Spinn3r (Spinn3r 3.1); http://spinn3r.com/robot) Gecko/2010040121 Firefox/3.0.19"
174.37.205.68 - - [09/Aug/2011:02:34:31 -0700] "GET / HTTP/1.1" 200 4825 "-" "Mozilla/5.0 (X11; U; Linux x86_64; en-US; rv:1.9.0.19; aggregator:Spinn3r (Spinn3r 3.1); http://spinn3r.com/robot) Gecko/2010040121 Firefox/3.0.19"
188.66.79.237 - - [09/Aug/2011:02:35:52 -0700] "GET /feed/ HTTP/1.1" 200 14402 "-" "Microsoft Office/14.0 (Windows NT 6.1; Microsoft Outlook 14.0.5128; Pro; ms-office; MSOffice 14)"
86.188.153.162 - - [09/Aug/2011:02:41:19 -0700] "GET /files/headerBanner.jpg HTTP/1.1" 200 153258 "http://fdt.powerflasher.com/blog/tag/flex/" "Mozilla/5.0 (Windows NT 6.1; WOW64) AppleWebKit/535.1 (KHTML, like Gecko) Chrome/13.0.782.107 Safari/535.1"
65.52.58.205 - - [09/Aug/2011:02:46:34 -0700] "GET /feed/ HTTP/1.1" 200 14365 "-" "NewsGatorOnline/2.0 (http://www.newsgator.com; 1 subscribers)"
174.136.26.114 - - [09/Aug/2011:02:46:53 -0700] "GET /2009/03/ HTTP/1.0" 200 3743 "-" "Nutraspace/Nutch-1.2 (www.nutraspace.com)"
75.119.204.73 - - [09/Aug/2011:02:47:05 -0700] "POST /wp-cron.php?doing_wp_cron HTTP/1.0" 200 158 "-" "WordPress/3.2.1; http://www.theflexguy.com"
209.85.238.73 - - [09/Aug/2011:02:47:04 -0700] "GET /index.php?format=feed&type=rss HTTP/1.1" 200 379 "-" "Feedfetcher-Google; (+http://www.google.com/feedfetcher.html; 4 subscribers; feed-id=6887443542408518203)"
209.85.238.213 - - [09/Aug/2011:02:47:05 -0700] "GET /?format=feed&type=rss HTTP/1.1" 200 5137 "-" "Feedfetcher-Google; (+http://www.google.com/feedfetcher.html; 4 subscribers; feed-id=6887443542408518203)"
79.231.70.251 - - [09/Aug/2011:02:53:21 -0700] "GET /files/headerBanner.jpg HTTP/1.1" 200 153258 "-" "Mozilla/5.0 (Macintosh; Intel Mac OS X 10_6_8) AppleWebKit/534.50 (KHTML, like Gecko) Version/5.1 Safari/534.50"
67.195.112.254 - - [09/Aug/2011:02:53:45 -0700] "GET /tag/lines/ HTTP/1.0" 200 2873 "-" "Mozilla/5.0 (compatible; Yahoo! Slurp; http://help.yahoo.com/help/us/ysearch/slurp)"
67.195.112.254 - - [09/Aug/2011:02:53:46 -0700] "GET /wp-content/themes/uchilla1.0/style.css HTTP/1.0" 304 137 "http://www.theflexguy.com/tag/lines/" "Mozilla/5.0 (compatible; Yahoo! Slurp; http://help.yahoo.com/help/us/ysearch/slurp)"
67.195.112.254 - - [09/Aug/2011:02:53:46 -0700] "GET /wp-content/themes/uchilla1.0/print.css HTTP/1.0" 304 135 "http://www.theflexguy.com/tag/lines/" "Mozilla/5.0 (compatible; Yahoo! Slurp; http://help.yahoo.com/help/us/ysearch/slurp)"
67.195.112.254 - - [09/Aug/2011:02:53:47 -0700] "GET /wp-content/plugins/flickrpress/style.css?ver=3.2.1 HTTP/1.0" 304 136 "http://www.theflexguy.com/tag/lines/" "Mozilla/5.0 (compatible; Yahoo! Slurp; http://help.yahoo.com/help/us/ysearch/slurp)"
95.108.154.252 - - [09/Aug/2011:02:54:46 -0700] "GET /?option=com_content&Itemid=54&catid=35&id=46&lang=en&view=article&fontstyle=f-smaller HTTP/1.1" 200 4926 "-" "Mozilla/5.0 (compatible; YandexBot/3.0; +http://yandex.com/bots)"
209.85.238.213 - - [09/Aug/2011:02:56:21 -0700] "GET /?feed=rss2 HTTP/1.1" 200 409 "-" "Feedfetcher-Google; (+http://www.google.com/feedfetcher.html; 21 subscribers; feed-id=6047012421983505584)"
209.85.238.213 - - [09/Aug/2011:02:56:22 -0700] "GET /feed/ HTTP/1.1" 200 14401 "-" "Feedfetcher-Google; (+http://www.google.com/feedfetcher.html; 21 subscribers; feed-id=6047012421983505584)"
76.74.170.204 - - [09/Aug/2011:02:59:37 -0700] "GET /feed/ HTTP/1.1" 200 14402 "-" "ColdFusion"
192.150.14.130 - - [09/Aug/2011:03:02:27 -0700] "HEAD /?feed=rss2 HTTP/1.1" 200 353 "-" "Adobe Feeds"
209.85.238.213 - - [09/Aug/2011:03:03:04 -0700] "GET /feed/ HTTP/1.1" 200 14402 "-" "Feedfetcher-Google; (+http://www.google.com/feedfetcher.html; 4 subscribers; feed-id=17450445626559736511)"
75.119.204.73 - - [09/Aug/2011:03:03:24 -0700] "POST /wp-cron.php?doing_wp_cron HTTP/1.0" 200 158 "-" "WordPress/3.2.1; http://www.theflexguy.com"
85.17.90.129 - - [09/Aug/2011:03:03:24 -0700] "GET /?feed=rss2 HTTP/1.0" 200 372 "-" "MagpieRSS/0.7 (+http://magpierss.sf.net; No cache)"
85.17.90.129 - - [09/Aug/2011:03:03:25 -0700] "GET /feed/ HTTP/1.0" 200 14320 "-" "MagpieRSS/0.7 (+http://magpierss.sf.net; No cache)"
174.37.205.92 - - [09/Aug/2011:03:04:35 -0700] "GET / HTTP/1.1" 200 321 "-" "Mozilla/5.0 (X11; U; Linux x86_64; en-US; rv:1.9.0.19; aggregator:Spinn3r (Spinn3r 3.1); http://spinn3r.com/robot) Gecko/2010040121 Firefox/3.0.19"
174.37.205.92 - - [09/Aug/2011:03:04:36 -0700] "GET / HTTP/1.1" 200 4825 "-" "Mozilla/5.0 (X11; U; Linux x86_64; en-US; rv:1.9.0.19; aggregator:Spinn3r (Spinn3r 3.1); http://spinn3r.com/robot) Gecko/2010040121 Firefox/3.0.19"
95.108.154.252 - - [09/Aug/2011:03:09:37 -0700] "GET /?option=com_content&Itemid=54&catid=35&id=74&lang=en&view=article&fontstyle=f-default HTTP/1.1" 200 4926 "-" "Mozilla/5.0 (compatible; YandexBot/3.0; +http://yandex.com/bots)"
198.36.40.3 - - [09/Aug/2011:03:14:27 -0700] "GET /tools/htmlTextEditor2008/ HTTP/1.1" 200 1967 "http://designingwebinterfaces.com/great-flex-ux-part2" "Mozilla/5.0 (Windows NT 6.0; rv:5.0.1) Gecko/20100101 Firefox/5.0.1"
198.36.40.3 - - [09/Aug/2011:03:14:28 -0700] "GET /tools/htmlTextEditor2008/AC_OETags.js HTTP/1.1" 200 8083 "http://www.theflexguy.com/tools/htmlTextEditor2008/" "Mozilla/5.0 (Windows NT 6.0; rv:5.0.1) Gecko/20100101 Firefox/5.0.1"
198.36.40.3 - - [09/Aug/2011:03:14:28 -0700] "GET /tools/htmlTextEditor2008/history/history.css HTTP/1.1" 200 641 "http://www.theflexguy.com/tools/htmlTextEditor2008/" "Mozilla/5.0 (Windows NT 6.0; rv:5.0.1) Gecko/20100101 Firefox/5.0.1"
198.36.40.3 - - [09/Aug/2011:03:14:28 -0700] "GET /tools/htmlTextEditor2008/history/history.js HTTP/1.1" 200 23389 "http://www.theflexguy.com/tools/htmlTextEditor2008/" "Mozilla/5.0 (Windows NT 6.0; rv:5.0.1) Gecko/20100101 Firefox/5.0.1"
198.36.40.3 - - [09/Aug/2011:03:14:30 -0700] "GET /favicon.ico HTTP/1.1" 200 275 "-" "Mozilla/5.0 (Windows NT 6.0; rv:5.0.1) Gecko/20100101 Firefox/5.0.1"
198.36.40.3 - - [09/Aug/2011:03:14:29 -0700] "GET /tools/htmlTextEditor2008/htmlTextEditor.swf HTTP/1.1" 200 303669 "http://www.theflexguy.com/tools/htmlTextEditor2008/" "Mozilla/5.0 (Windows NT 6.0; rv:5.0.1) Gecko/20100101 Firefox/5.0.1"
198.36.40.3 - - [09/Aug/2011:03:14:31 -0700] "GET /tools/htmlTextEditor2008/img/help.png HTTP/1.1" 200 1062 "-" "Mozilla/5.0 (Windows NT 6.0; rv:5.0.1) Gecko/20100101 Firefox/5.0.1"
198.36.40.3 - - [09/Aug/2011:03:14:31 -0700] "GET /tools/htmlTextEditor2008/img/envelope.png HTTP/1.1" 200 678 "-" "Mozilla/5.0 (Windows NT 6.0; rv:5.0.1) Gecko/20100101 Firefox/5.0.1"
89.202.163.174 - - [09/Aug/2011:03:14:42 -0700] "GET /index.php?format=feed&type=rss HTTP/1.0" 200 23052 "-" "Desktop Sidebar v1.05.116.0"
198.36.40.3 - - [09/Aug/2011:03:17:52 -0700] "GET /tools/htmlTextEditor2008/srcview/index.html HTTP/1.1" 200 678 "http://www.theflexguy.com/tools/htmlTextEditor2008/" "Mozilla/5.0 (Windows NT 6.0; rv:5.0.1) Gecko/20100101 Firefox/5.0.1"
198.36.40.3 - - [09/Aug/2011:03:17:53 -0700] "GET /tools/htmlTextEditor2008/srcview/SourceTree.html HTTP/1.1" 200 2170 "http://www.theflexguy.com/tools/htmlTextEditor2008/srcview/index.html" "Mozilla/5.0 (Windows NT 6.0; rv:5.0.1) Gecko/20100101 Firefox/5.0.1"
198.36.40.3 - - [09/Aug/2011:03:17:53 -0700] "GET /tools/htmlTextEditor2008/srcview/downloadIcon.png HTTP/1.1" 200 1410 "http://www.theflexguy.com/tools/htmlTextEditor2008/srcview/SourceTree.html" "Mozilla/5.0 (Windows NT 6.0; rv:5.0.1) Gecko/20100101 Firefox/5.0.1"
198.36.40.3 - - [09/Aug/2011:03:17:53 -0700] "GET /tools/htmlTextEditor2008/srcview/source/htmlTextEditor.mxml.html HTTP/1.1" 200 3738 "http://www.theflexguy.com/tools/htmlTextEditor2008/srcview/index.html" "Mozilla/5.0 (Windows NT 6.0; rv:5.0.1) Gecko/20100101 Firefox/5.0.1"
198.36.40.3 - - [09/Aug/2011:03:17:53 -0700] "GET /tools/htmlTextEditor2008/srcview/AC_OETags.js HTTP/1.1" 200 8084 "http://www.theflexguy.com/tools/htmlTextEditor2008/srcview/SourceTree.html" "Mozilla/5.0 (Windows NT 6.0; rv:5.0.1) Gecko/20100101 Firefox/5.0.1"
198.36.40.3 - - [09/Aug/2011:03:17:54 -0700] "GET /tools/htmlTextEditor2008/srcview/SourceStyles.css HTTP/1.1" 200 1685 "http://www.theflexguy.com/tools/htmlTextEditor2008/srcview/source/htmlTextEditor.mxml.html" "Mozilla/5.0 (Windows NT 6.0; rv:5.0.1) Gecko/20100101 Firefox/5.0.1"
198.36.40.3 - - [09/Aug/2011:03:17:54 -0700] "GET /tools/htmlTextEditor2008/srcview/SourceTree.swf HTTP/1.1" 200 307084 "http://www.theflexguy.com/tools/htmlTextEditor2008/srcview/SourceTree.html" "Mozilla/5.0 (Windows NT 6.0; rv:5.0.1) Gecko/20100101 Firefox/5.0.1"
198.36.40.3 - - [09/Aug/2011:03:17:57 -0700] "GET /tools/htmlTextEditor2008/srcview/SourceIndex.xml HTTP/1.1" 200 2001 "-" "Mozilla/5.0 (Windows NT 6.0; rv:5.0.1) Gecko/20100101 Firefox/5.0.1"
198.36.40.3 - - [09/Aug/2011:03:22:09 -0700] "GET /tools/htmlTextEditor2008/srcview/source/HelpWindow.mxml.html HTTP/1.1" 200 1857 "http://www.theflexguy.com/tools/htmlTextEditor2008/srcview/SourceTree.html" "Mozilla/5.0 (Windows NT 6.0; rv:5.0.1) Gecko/20100101 Firefox/5.0.1"
95.108.154.252 - - [09/Aug/2011:03:25:48 -0700] "GET /?option=com_content&view=section&layout=blog&id=6&Itemid=65&fontstyle=f-larger HTTP/1.1" 200 4916 "-" "Mozilla/5.0 (compatible; YandexBot/3.0; +http://yandex.com/bots)"
123.126.50.69 - - [09/Aug/2011:03:26:11 -0700] "GET /about/ HTTP/1.1" 200 3942 "-" "Sogou web spider/4.0(+http://www.sogou.com/docs/help/webmasters.htm#07)"
209.85.238.213 - - [09/Aug/2011:03:26:16 -0700] "GET /index.php?format=feed&type=rss HTTP/1.1" 200 5137 "-" "Feedfetcher-Google; (+http://www.google.com/feedfetcher.html; 3 subscribers; feed-id=14727418171627297269)"
209.85.238.213 - - [09/Aug/2011:03:26:55 -0700] "GET /feed/rss HTTP/1.1" 200 413 "-" "Feedfetcher-Google; (+http://www.google.com/feedfetcher.html; 5 subscribers; feed-id=8282921309701812955)"
209.85.238.213 - - [09/Aug/2011:03:26:56 -0700] "GET /feed/rss/ HTTP/1.1" 200 193 "-" "Feedfetcher-Google; (+http://www.google.com/feedfetcher.html; 5 subscribers; feed-id=8282921309701812955)"
95.108.214.15 - - [09/Aug/2011:03:27:40 -0700] "GET /feed/ HTTP/1.1" 200 56705 "-" "Mozilla/5.0 (compatible; YandexBlogs/0.99; robot; B; +http://yandex.com/bots) 1 readers"
75.119.204.73 - - [09/Aug/2011:03:30:44 -0700] "POST /wp-cron.php?doing_wp_cron HTTP/1.0" 200 158 "-" "WordPress/3.2.1; http://www.theflexguy.com"
217.231.207.30 - - [09/Aug/2011:03:30:44 -0700] "GET /feed/rss/ HTTP/1.1" 200 194 "-" "Snarfer/1.0.2 (http://www.snarfware.com/)"
76.74.170.204 - - [09/Aug/2011:03:31:14 -0700] "GET /feed/ HTTP/1.1" 200 14402 "-" "ColdFusion"
173.192.238.44 - - [09/Aug/2011:03:34:44 -0700] "GET / HTTP/1.1" 200 321 "-" "Mozilla/5.0 (X11; U; Linux x86_64; en-US; rv:1.9.0.19; aggregator:Spinn3r (Spinn3r 3.1); http://spinn3r.com/robot) Gecko/2010040121 Firefox/3.0.19"
173.192.238.44 - - [09/Aug/2011:03:34:45 -0700] "GET / HTTP/1.1" 200 4825 "-" "Mozilla/5.0 (X11; U; Linux x86_64; en-US; rv:1.9.0.19; aggregator:Spinn3r (Spinn3r 3.1); http://spinn3r.com/robot) Gecko/2010040121 Firefox/3.0.19"
123.126.50.69 - - [09/Aug/2011:03:37:45 -0700] "GET /2008/10/23/htmltext-editor-now-on-air/ HTTP/1.1" 200 4654 "-" "Sogou web spider/4.0(+http://www.sogou.com/docs/help/webmasters.htm#07)"
95.108.154.252 - - [09/Aug/2011:03:41:58 -0700] "GET /?option=com_content&view=article&id=105:bugquash-in-review&catid=35:marty HTTP/1.1" 200 4916 "-" "Mozilla/5.0 (compatible; YandexBot/3.0; +http://yandex.com/bots)"
209.85.238.213 - - [09/Aug/2011:03:42:51 -0700] "GET /index.php?option=com_idoblog&view=idoblog&Itemid=54&format=feed&type=rss HTTP/1.1" 200 421 "-" "Feedfetcher-Google; (+http://www.google.com/feedfetcher.html; 1 subscribers; feed-id=7080376364330259190)"
209.85.238.213 - - [09/Aug/2011:03:42:52 -0700] "GET /?option=com_idoblog&view=idoblog&Itemid=54&format=feed&type=rss HTTP/1.1" 200 5179 "-" "Feedfetcher-Google; (+http://www.google.com/feedfetcher.html; 1 subscribers; feed-id=7080376364330259190)"
75.119.204.73 - - [09/Aug/2011:03:47:15 -0700] "POST /wp-cron.php?doing_wp_cron HTTP/1.0" 200 158 "-" "WordPress/3.2.1; http://www.theflexguy.com"
209.85.238.73 - - [09/Aug/2011:03:47:14 -0700] "GET /index.php?format=feed&type=rss HTTP/1.1" 200 379 "-" "Feedfetcher-Google; (+http://www.google.com/feedfetcher.html; 4 subscribers; feed-id=6887443542408518203)"
209.85.238.213 - - [09/Aug/2011:03:47:16 -0700] "GET /?format=feed&type=rss HTTP/1.1" 200 5152 "-" "Feedfetcher-Google; (+http://www.google.com/feedfetcher.html; 4 subscribers; feed-id=6887443542408518203)"
66.249.67.164 - - [09/Aug/2011:03:48:22 -0700] "GET /index.php?option=com_content&view=article&id=94&Itemid=11 HTTP/1.1" 200 406 "-" "Mozilla/5.0 (compatible; Googlebot/2.1; +http://www.google.com/bot.html)"
66.249.67.164 - - [09/Aug/2011:03:48:23 -0700] "GET /tag/cs4/feed/ HTTP/1.1" 200 4516 "-" "Mozilla/5.0 (compatible; Googlebot/2.1; +http://www.google.com/bot.html)"
66.249.67.164 - - [09/Aug/2011:03:48:25 -0700] "GET /?option=com_content&view=article&id=94&Itemid=11 HTTP/1.1" 200 4897 "-" "Mozilla/5.0 (compatible; Googlebot/2.1; +http://www.google.com/bot.html)"
209.85.238.213 - - [09/Aug/2011:03:50:41 -0700] "GET /?feed=rss2 HTTP/1.1" 200 409 "-" "Feedfetcher-Google; (+http://www.google.com/feedfetcher.html; 21 subscribers; feed-id=6047012421983505584)"
209.85.238.213 - - [09/Aug/2011:03:50:42 -0700] "GET /feed/ HTTP/1.1" 200 14401 "-" "Feedfetcher-Google; (+http://www.google.com/feedfetcher.html; 21 subscribers; feed-id=6047012421983505584)"
61.135.249.235 - - [09/Aug/2011:03:58:10 -0700] "GET / HTTP/1.1" 200 302 "-" "Mozilla/5.0 (compatible; YodaoBot/1.0; http://www.yodao.com/help/webmaster/spider/; )"
95.108.154.252 - - [09/Aug/2011:03:58:10 -0700] "GET /?option=com_content&Itemid=1&lang=en&view=frontpage&fontstyle=f-default HTTP/1.1" 200 4917 "-" "Mozilla/5.0 (compatible; YandexBot/3.0; +http://yandex.com/bots)"
174.136.26.114 - - [09/Aug/2011:03:59:42 -0700] "GET /2009/01/16/skinning-with-fireworks/ HTTP/1.0" 200 7721 "-" "Nutraspace/Nutch-1.2 (www.nutraspace.com)"
75.119.204.73 - - [09/Aug/2011:04:03:33 -0700] "POST /wp-cron.php?doing_wp_cron HTTP/1.0" 200 158 "-" "WordPress/3.2.1; http://www.theflexguy.com"
95.108.154.252 - - [09/Aug/2011:04:03:33 -0700] "GET /2007/05/ HTTP/1.1" 200 2786 "-" "Mozilla/5.0 (compatible; YandexBot/3.0; +http://yandex.com/bots)"
76.74.170.204 - - [09/Aug/2011:04:03:36 -0700] "GET /feed/ HTTP/1.1" 200 14403 "-" "ColdFusion"
209.85.238.213 - - [09/Aug/2011:04:03:54 -0700] "GET /feed/ HTTP/1.1" 200 14399 "-" "Feedfetcher-Google; (+http://www.google.com/feedfetcher.html; 4 subscribers; feed-id=17450445626559736511)"
174.37.205.92 - - [09/Aug/2011:04:04:58 -0700] "GET / HTTP/1.1" 200 321 "-" "Mozilla/5.0 (X11; U; Linux x86_64; en-US; rv:1.9.0.19; aggregator:Spinn3r (Spinn3r 3.1); http://spinn3r.com/robot) Gecko/2010040121 Firefox/3.0.19"
174.37.205.92 - - [09/Aug/2011:04:04:58 -0700] "GET / HTTP/1.1" 200 4825 "-" "Mozilla/5.0 (X11; U; Linux x86_64; en-US; rv:1.9.0.19; aggregator:Spinn3r (Spinn3r 3.1); http://spinn3r.com/robot) Gecko/2010040121 Firefox/3.0.19"
207.241.224.41 - - [09/Aug/2011:04:05:30 -0700] "GET /robots.txt HTTP/1.1" 200 249 "-" "ia_archiver(OS-Wayback)"
207.241.224.41 - - [09/Aug/2011:04:05:31 -0700] "GET /robots.txt HTTP/1.1" 200 249 "-" "ia_archiver(OS-Wayback)"
188.66.79.237 - - [09/Aug/2011:04:05:56 -0700] "GET /feed/ HTTP/1.1" 200 14399 "-" "Microsoft Office/14.0 (Windows NT 6.1; Microsoft Outlook 14.0.5128; Pro; ms-office; MSOffice 14)"
76.74.170.204 - - [09/Aug/2011:04:11:35 -0700] "GET /feed/ HTTP/1.1" 200 14399 "-" "ColdFusion"
194.204.54.153 - - [09/Aug/2011:04:11:47 -0700] "GET /files/headerBanner.jpg HTTP/1.1" 200 153258 "http://www.google.com/reader/view/" "Mozilla/5.0 (Macintosh; Intel Mac OS X 10_6_8) AppleWebKit/535.1 (KHTML, like Gecko) Chrome/13.0.782.107 Safari/535.1"
123.126.50.69 - - [09/Aug/2011:04:12:42 -0700] "GET /2008/12/22/why-i-switched-to-dreamhost/ HTTP/1.1" 200 5931 "-" "Sogou web spider/4.0(+http://www.sogou.com/docs/help/webmasters.htm#07)"
89.202.163.174 - - [09/Aug/2011:04:14:45 -0700] "GET /index.php?format=feed&type=rss HTTP/1.0" 200 23052 "-" "Desktop Sidebar v1.05.116.0"
124.115.0.142 - - [09/Aug/2011:04:16:22 -0700] "GET / HTTP/1.1" 200 358 "-" "Sosospider+(+http://help.soso.com/webspider.htm)"
95.108.154.252 - - [09/Aug/2011:04:20:34 -0700] "GET /?option=com_content&Itemid=54&catid=35&id=56&lang=en&view=article&fontstyle=f-larger HTTP/1.1" 200 4924 "-" "Mozilla/5.0 (compatible; YandexBot/3.0; +http://yandex.com/bots)"
87.86.2.34 - - [09/Aug/2011:04:22:22 -0700] "GET /files/headerBanner.jpg HTTP/1.1" 200 153258 "http://fdt.powerflasher.com/blog/" "Mozilla/5.0 (Macintosh; U; Intel Mac OS X 10_6_8; en-us) AppleWebKit/533.21.1 (KHTML, like Gecko) Safari/522.0"
66.249.67.164 - - [09/Aug/2011:04:25:06 -0700] "GET /tag/flex/feed/ HTTP/1.1" 200 12003 "-" "Mozilla/5.0 (compatible; Googlebot/2.1; +http://www.google.com/bot.html)"
209.85.238.213 - - [09/Aug/2011:04:25:23 -0700] "GET /index.php?format=feed&type=atom HTTP/1.1" 200 380 "-" "Feedfetcher-Google; (+http://www.google.com/feedfetcher.html; 1 subscribers; feed-id=2021327347742680309)"
209.85.238.213 - - [09/Aug/2011:04:25:24 -0700] "GET /?format=feed&type=atom HTTP/1.1" 200 5152 "-" "Feedfetcher-Google; (+http://www.google.com/feedfetcher.html; 1 subscribers; feed-id=2021327347742680309)"
209.85.238.213 - - [09/Aug/2011:04:26:16 -0700] "GET /index.php?format=feed&type=rss HTTP/1.1" 200 5136 "-" "Feedfetcher-Google; (+http://www.google.com/feedfetcher.html; 3 subscribers; feed-id=14727418171627297269)"
75.119.204.73 - - [09/Aug/2011:04:27:56 -0700] "POST /wp-cron.php?doing_wp_cron HTTP/1.0" 200 158 "-" "WordPress/3.2.1; http://www.theflexguy.com"
209.85.238.213 - - [09/Aug/2011:04:27:55 -0700] "GET /feed/rss HTTP/1.1" 200 413 "-" "Feedfetcher-Google; (+http://www.google.com/feedfetcher.html; 5 subscribers; feed-id=8282921309701812955)"
209.85.238.213 - - [09/Aug/2011:04:27:56 -0700] "GET /feed/rss/ HTTP/1.1" 200 193 "-" "Feedfetcher-Google; (+http://www.google.com/feedfetcher.html; 5 subscribers; feed-id=8282921309701812955)"
123.126.50.69 - - [09/Aug/2011:04:28:31 -0700] "GET /2009/01/20/inauguration-streamed-using-silverlight/ HTTP/1.1" 200 4981 "-" "Sogou web spider/4.0(+http://www.sogou.com/docs/help/webmasters.htm#07)"
89.204.137.144 - - [09/Aug/2011:04:31:09 -0700] "GET /?feed=rss2 HTTP/1.1" 200 372 "-" "Mozilla/5.0"
89.204.137.144 - - [09/Aug/2011:04:31:10 -0700] "GET /feed/ HTTP/1.1" 200 56705 "-" "Mozilla/5.0"
82.56.179.224 - - [09/Aug/2011:04:31:18 -0700] "GET /files/headerBanner.jpg HTTP/1.1" 304 175 "http://fdt.powerflasher.com/blog/" "Mozilla/4.0 (compatible; MSIE 8.0; Windows NT 5.1; Trident/4.0; GTB7.1; .NET CLR 2.0.50727; .NET CLR 3.0.04506.30; .NET CLR 3.0.04506.648; .NET CLR 3.0.4506.2152; .NET CLR 3.5.30729)"
76.74.170.204 - - [09/Aug/2011:04:33:58 -0700] "GET /feed/ HTTP/1.1" 200 14399 "-" "ColdFusion"
173.192.238.44 - - [09/Aug/2011:04:35:08 -0700] "GET / HTTP/1.1" 200 321 "-" "Mozilla/5.0 (X11; U; Linux x86_64; en-US; rv:1.9.0.19; aggregator:Spinn3r (Spinn3r 3.1); http://spinn3r.com/robot) Gecko/2010040121 Firefox/3.0.19"
173.192.238.44 - - [09/Aug/2011:04:35:08 -0700] "GET / HTTP/1.1" 200 4825 "-" "Mozilla/5.0 (X11; U; Linux x86_64; en-US; rv:1.9.0.19; aggregator:Spinn3r (Spinn3r 3.1); http://spinn3r.com/robot) Gecko/2010040121 Firefox/3.0.19"
95.108.154.252 - - [09/Aug/2011:04:37:34 -0700] "GET /?fontstyle=f-default HTTP/1.1" 200 4876 "-" "Mozilla/5.0 (compatible; YandexBot/3.0; +http://yandex.com/bots)"
91.195.118.65 - - [09/Aug/2011:04:40:24 -0700] "GET /feed/rss HTTP/1.0" 200 376 "-" "MagpieRSS/0.7 (+http://magpierss.sf.net; No cache)"
91.195.118.65 - - [09/Aug/2011:04:40:25 -0700] "GET /feed/rss/ HTTP/1.0" 200 2709 "-" "MagpieRSS/0.7 (+http://magpierss.sf.net; No cache)"
91.195.118.65 - - [09/Aug/2011:04:40:26 -0700] "GET /?feed=rss2 HTTP/1.0" 200 372 "-" "MagpieRSS/0.7 (+http://magpierss.sf.net; No cache)"
91.195.118.65 - - [09/Aug/2011:04:40:27 -0700] "GET /feed/ HTTP/1.0" 200 14313 "-" "MagpieRSS/0.7 (+http://magpierss.sf.net; No cache)"
75.119.204.73 - - [09/Aug/2011:04:41:50 -0700] "POST /wp-cron.php?doing_wp_cron HTTP/1.0" 200 158 "-" "WordPress/3.2.1; http://www.theflexguy.com"
38.99.96.201 - - [09/Aug/2011:04:41:50 -0700] "GET /robots.txt HTTP/1.1" 200 300 "-" "Mozilla/5.0 (compatible; ScoutJet; +http://www.scoutjet.com/)"
38.99.96.201 - - [09/Aug/2011:04:41:52 -0700] "GET / HTTP/1.1" 200 328 "-" "Mozilla/5.0 (compatible; ScoutJet; +http://www.scoutjet.com/)"
38.99.96.201 - - [09/Aug/2011:04:41:55 -0700] "GET /favicon.ico HTTP/1.1" 200 239 "-" "Mozilla/5.0 (compatible; ScoutJet; +http://www.scoutjet.com/)"
38.99.96.201 - - [09/Aug/2011:04:42:00 -0700] "GET /index.php?option=com_content&view=article&id=105:bugquash-in-review&catid=35:marty HTTP/1.1" 200 394 "-" "Mozilla/5.0 (compatible; ScoutJet; +http://www.scoutjet.com/)"
76.74.170.204 - - [09/Aug/2011:04:42:52 -0700] "GET /feed/ HTTP/1.1" 200 14399 "-" "ColdFusion"
192.165.75.165 - - [09/Aug/2011:04:43:05 -0700] "GET /files/headerBanner.jpg HTTP/1.1" 200 153258 "http://fdt.powerflasher.com/blog/" "Mozilla/5.0 (Windows NT 6.1; WOW64; rv:5.0) Gecko/20100101 Firefox/5.0"
209.85.238.213 - - [09/Aug/2011:04:44:07 -0700] "GET /index.php?option=com_content&view=category&layout=blog&id=35&Itemid=54&format=feed&type=rss HTTP/1.1" 200 440 "-" "Feedfetcher-Google; (+http://www.google.com/feedfetcher.html; 1 subscribers; feed-id=9816647088266946374)"
209.85.238.213 - - [09/Aug/2011:04:44:08 -0700] "GET /?option=com_content&view=category&layout=blog&id=35&Itemid=54&format=feed&type=rss HTTP/1.1" 200 5191 "-" "Feedfetcher-Google; (+http://www.google.com/feedfetcher.html; 1 subscribers; feed-id=9816647088266946374)"
119.152.99.219 - - [09/Aug/2011:04:44:38 -0700] "GET / HTTP/1.1" 200 5134 "http://www.google.com.pk/url?sa=t&source=web&cd=3&ved=0CCMQFjAC&url=http%3A%2F%2Fwww.theflexguy.com%2F&rct=j&q=code%20for%20flex%20to%20pdf%20conversion%20&ei=Ah1BTuOQE4TKsgbK3MT5Bw&usg=AFQjCNEJcCQdWIENKa1Ap8hRc4PggZzztw&cad=rja" "Mozilla/5.0 (Windows; U; Windows NT 5.1; en-US; rv:1.9.2.18) Gecko/20110614 Firefox/3.6.18"
119.152.99.219 - - [09/Aug/2011:04:44:39 -0700] "GET /wp-content/plugins/flickrpress/flickr.js?ver=3.2.1 HTTP/1.1" 200 2240 "http://www.theflexguy.com/" "Mozilla/5.0 (Windows; U; Windows NT 5.1; en-US; rv:1.9.2.18) Gecko/20110614 Firefox/3.6.18"
119.152.99.219 - - [09/Aug/2011:04:44:39 -0700] "GET /wp-content/plugins/flickrpress/style.css?ver=3.2.1 HTTP/1.1" 200 2292 "http://www.theflexguy.com/" "Mozilla/5.0 (Windows; U; Windows NT 5.1; en-US; rv:1.9.2.18) Gecko/20110614 Firefox/3.6.18"
119.152.99.219 - - [09/Aug/2011:04:44:39 -0700] "GET /wp-content/themes/uchilla1.0/style.css HTTP/1.1" 200 11271 "http://www.theflexguy.com/" "Mozilla/5.0 (Windows; U; Windows NT 5.1; en-US; rv:1.9.2.18) Gecko/20110614 Firefox/3.6.18"
119.152.99.219 - - [09/Aug/2011:04:44:39 -0700] "GET /wp-content/themes/uchilla1.0/print.css HTTP/1.1" 200 526 "http://www.theflexguy.com/" "Mozilla/5.0 (Windows; U; Windows NT 5.1; en-US; rv:1.9.2.18) Gecko/20110614 Firefox/3.6.18"
119.152.99.219 - - [09/Aug/2011:04:44:39 -0700] "GET /wp-includes/js/l10n.js?ver=20101110 HTTP/1.1" 200 598 "http://www.theflexguy.com/" "Mozilla/5.0 (Windows; U; Windows NT 5.1; en-US; rv:1.9.2.18) Gecko/20110614 Firefox/3.6.18"
119.152.99.219 - - [09/Aug/2011:04:44:41 -0700] "GET /wp-content/uploads/2010/11/CartoonMarty128.png HTTP/1.1" 200 15448 "http://www.theflexguy.com/" "Mozilla/5.0 (Windows; U; Windows NT 5.1; en-US; rv:1.9.2.18) Gecko/20110614 Firefox/3.6.18"
119.152.99.219 - - [09/Aug/2011:04:44:39 -0700] "GET /wp-includes/js/jquery/jquery.js?ver=1.6.1 HTTP/1.1" 200 91657 "http://www.theflexguy.com/" "Mozilla/5.0 (Windows; U; Windows NT 5.1; en-US; rv:1.9.2.18) Gecko/20110614 Firefox/3.6.18"
119.152.99.219 - - [09/Aug/2011:04:44:44 -0700] "GET /wp-content/themes/uchilla1.0/images/backgrounds/striped_dark.jpg HTTP/1.1" 200 9856 "http://www.theflexguy.com/wp-content/themes/uchilla1.0/style.css" "Mozilla/5.0 (Windows; U; Windows NT 5.1; en-US; rv:1.9.2.18) Gecko/20110614 Firefox/3.6.18"
119.152.99.219 - - [09/Aug/2011:04:44:44 -0700] "GET /wp-content/themes/uchilla1.0/images/contBg.jpg HTTP/1.1" 200 7375 "http://www.theflexguy.com/wp-content/themes/uchilla1.0/style.css" "Mozilla/5.0 (Windows; U; Windows NT 5.1; en-US; rv:1.9.2.18) Gecko/20110614 Firefox/3.6.18"
119.152.99.219 - - [09/Aug/2011:04:44:44 -0700] "GET /wp-content/themes/uchilla1.0/images/sidebarLine.jpg HTTP/1.1" 200 955 "http://www.theflexguy.com/wp-content/themes/uchilla1.0/style.css" "Mozilla/5.0 (Windows; U; Windows NT 5.1; en-US; rv:1.9.2.18) Gecko/20110614 Firefox/3.6.18"
119.152.99.219 - - [09/Aug/2011:04:44:44 -0700] "GET /wp-content/themes/uchilla1.0/images/sidebarBullet.jpg HTTP/1.1" 200 992 "http://www.theflexguy.com/wp-content/themes/uchilla1.0/style.css" "Mozilla/5.0 (Windows; U; Windows NT 5.1; en-US; rv:1.9.2.18) Gecko/20110614 Firefox/3.6.18"
119.152.99.219 - - [09/Aug/2011:04:44:44 -0700] "GET /wp-content/themes/uchilla1.0/images/dateBg.jpg HTTP/1.1" 200 2279 "http://www.theflexguy.com/wp-content/themes/uchilla1.0/style.css" "Mozilla/5.0 (Windows; U; Windows NT 5.1; en-US; rv:1.9.2.18) Gecko/20110614 Firefox/3.6.18"
208.115.111.73 - - [09/Aug/2011:04:44:45 -0700] "GET /robots.txt HTTP/1.1" 200 249 "-" "Mozilla/5.0 (compatible; Ezooms/1.0; ezooms.bot@gmail.com)"
119.152.99.219 - - [09/Aug/2011:04:44:47 -0700] "GET /favicon.ico HTTP/1.1" 200 276 "-" "Mozilla/5.0 (Windows; U; Windows NT 5.1; en-US; rv:1.9.2.18) Gecko/20110614 Firefox/3.6.18"
209.85.238.213 - - [09/Aug/2011:04:46:11 -0700] "GET /?feed=rss2 HTTP/1.1" 200 409 "-" "Feedfetcher-Google; (+http://www.google.com/feedfetcher.html; 21 subscribers; feed-id=6047012421983505584)"
209.85.238.213 - - [09/Aug/2011:04:46:12 -0700] "GET /feed/ HTTP/1.1" 200 14398 "-" "Feedfetcher-Google; (+http://www.google.com/feedfetcher.html; 21 subscribers; feed-id=6047012421983505584)"
209.85.238.73 - - [09/Aug/2011:04:47:24 -0700] "GET /index.php?format=feed&type=rss HTTP/1.1" 200 379 "-" "Feedfetcher-Google; (+http://www.google.com/feedfetcher.html; 4 subscribers; feed-id=6887443542408518203)"
209.85.238.213 - - [09/Aug/2011:04:47:25 -0700] "GET /?format=feed&type=rss HTTP/1.1" 200 5136 "-" "Feedfetcher-Google; (+http://www.google.com/feedfetcher.html; 4 subscribers; feed-id=6887443542408518203)"
89.212.204.15 - - [09/Aug/2011:04:52:10 -0700] "GET /files/headerBanner.jpg HTTP/1.1" 200 153258 "http://fdt.powerflasher.com/blog/" "Mozilla/5.0 (Windows NT 6.1; WOW64; rv:5.0) Gecko/20100101 Firefox/5.0"
95.108.154.252 - - [09/Aug/2011:04:54:36 -0700] "GET /?option=com_content&Itemid=54&catid=35&id=95&lang=en&view=article&fontstyle=f-default HTTP/1.1" 200 4926 "-" "Mozilla/5.0 (compatible; YandexBot/3.0; +http://yandex.com/bots)"
38.99.98.9 - - [09/Aug/2011:04:56:42 -0700] "GET /robots.txt HTTP/1.1" 200 300 "-" "Mozilla/5.0 (compatible; ScoutJet; +http://www.scoutjet.com/)"
38.99.98.9 - - [09/Aug/2011:04:56:43 -0700] "GET / HTTP/1.1" 200 4951 "-" "Mozilla/5.0 (compatible; ScoutJet; +http://www.scoutjet.com/)"
219.239.34.56 - - [09/Aug/2011:04:58:23 -0700] "GET /feed/rss/ HTTP/1.1" 200 6212 "-" "Xianguo.com 1 Subscribers"
109.86.36.175 - - [09/Aug/2011:05:00:12 -0700] "GET /files/headerBanner.jpg HTTP/1.1" 200 153258 "http://fdt.powerflasher.com/blog/" "Mozilla/5.0 (Windows; U; Windows NT 6.1; ru; rv:1.9.2.16) Gecko/20110319 Firefox/3.6.16"
75.119.204.73 - - [09/Aug/2011:05:00:34 -0700] "POST /wp-cron.php?doing_wp_cron HTTP/1.0" 200 158 "-" "WordPress/3.2.1; http://www.theflexguy.com"
66.249.67.164 - - [09/Aug/2011:05:00:34 -0700] "GET /tag/measure/feed/ HTTP/1.1" 200 3207 "-" "Mozilla/5.0 (compatible; Googlebot/2.1; +http://www.google.com/bot.html)"
192.150.14.130 - - [09/Aug/2011:05:03:09 -0700] "HEAD /?feed=rss2 HTTP/1.1" 200 353 "-" "Adobe Feeds"
79.112.48.117 - - [09/Aug/2011:05:03:17 -0700] "GET /feed/ HTTP/1.1" 200 14362 "-" "NetNewsWire/3.2 (Mac OS X; http://www.newsgator.com/Individuals/NetNewsWire/)"
