File: /home/mmickelson/logs/theflexguy.com/http.12994171.bak/access.log
91.195.118.65 - - [11/Aug/2011:00:41:18 -0700] "GET /feed/rss HTTP/1.0" 200 376 "-" "MagpieRSS/0.7 (+http://magpierss.sf.net; No cache)"
91.195.118.65 - - [11/Aug/2011:00:41:19 -0700] "GET /feed/rss/ HTTP/1.0" 200 2708 "-" "MagpieRSS/0.7 (+http://magpierss.sf.net; No cache)"
91.195.118.65 - - [11/Aug/2011:00:41:20 -0700] "GET /?feed=rss2 HTTP/1.0" 200 372 "-" "MagpieRSS/0.7 (+http://magpierss.sf.net; No cache)"
91.195.118.65 - - [11/Aug/2011:00:41:20 -0700] "GET /feed/ HTTP/1.0" 200 14317 "-" "MagpieRSS/0.7 (+http://magpierss.sf.net; No cache)"
75.119.204.73 - - [11/Aug/2011:00:42:04 -0700] "POST /wp-cron.php?doing_wp_cron HTTP/1.0" 200 158 "-" "WordPress/3.2.1; http://www.theflexguy.com"
88.131.106.22 - - [11/Aug/2011:00:42:03 -0700] "GET /robots.txt HTTP/1.0" 200 293 "-" "Mozilla/5.0 (Windows; U; Windows NT 5.1; en-US) Speedy Spider (http://www.entireweb.com/about/search_tech/speedy_spider/)"
88.131.106.22 - - [11/Aug/2011:00:42:05 -0700] "GET /index.php?option=com_content&view=category&layout=blog&id=39&Itemid=55 HTTP/1.0" 200 382 "-" "Mozilla/5.0 (Windows; U; Windows NT 5.1; en-US) Speedy Spider (http://www.entireweb.com/about/search_tech/speedy_spider/)"
88.131.106.22 - - [11/Aug/2011:00:42:06 -0700] "GET /?option=com_content&view=category&layout=blog&id=39&Itemid=55 HTTP/1.0" 200 4869 "-" "Mozilla/5.0 (Windows; U; Windows NT 5.1; en-US) Speedy Spider (http://www.entireweb.com/about/search_tech/speedy_spider/)"
209.85.238.213 - - [11/Aug/2011:00:45:21 -0700] "GET /index.php?option=com_idoblog&view=idoblog&Itemid=54&format=feed&type=rss HTTP/1.1" 200 421 "-" "Feedfetcher-Google; (+http://www.google.com/feedfetcher.html; 1 subscribers; feed-id=7080376364330259190)"
209.85.238.213 - - [11/Aug/2011:00:45:22 -0700] "GET /?option=com_idoblog&view=idoblog&Itemid=54&format=feed&type=rss HTTP/1.1" 200 5178 "-" "Feedfetcher-Google; (+http://www.google.com/feedfetcher.html; 1 subscribers; feed-id=7080376364330259190)"
173.192.238.34 - - [11/Aug/2011:00:45:32 -0700] "GET /feed/atom/ HTTP/1.1" 200 143 "-" "Mozilla/5.0 (X11; U; Linux x86_64; en-US; rv:1.9.0.19; aggregator:Spinn3r (Spinn3r 3.1); http://spinn3r.com/robot) Gecko/2010040121 Firefox/3.0.19"
38.100.21.17 - - [11/Aug/2011:00:45:55 -0700] "GET / HTTP/1.1" 200 23120 "-" "Mozilla/4.0 (compatible; MSIE 7.0; Windows NT 5.2)"
38.100.21.17 - - [11/Aug/2011:00:45:56 -0700] "GET /2008/04/ HTTP/1.1" 200 11413 "-" "Mozilla/4.0 (compatible; MSIE 7.0; Windows NT 5.2)"
38.100.21.17 - - [11/Aug/2011:00:45:57 -0700] "GET /page/2/ HTTP/1.1" 200 22906 "-" "Mozilla/4.0 (compatible; MSIE 7.0; Windows NT 5.2)"
38.100.21.17 - - [11/Aug/2011:00:45:58 -0700] "GET /category/flex/ HTTP/1.1" 200 23041 "-" "Mozilla/4.0 (compatible; MSIE 7.0; Windows NT 5.2)"
38.100.21.17 - - [11/Aug/2011:00:45:59 -0700] "GET /2011/06/18/more-thoughts-on-caching-in-flex/ HTTP/1.1" 200 20260 "-" "Mozilla/4.0 (compatible; MSIE 7.0; Windows NT 5.2)"
38.100.21.17 - - [11/Aug/2011:00:46:03 -0700] "GET /2009/01/ HTTP/1.1" 200 15467 "-" "Mozilla/4.0 (compatible; MSIE 7.0; Windows NT 5.2)"
38.100.21.17 - - [11/Aug/2011:00:46:05 -0700] "GET /feed/ HTTP/1.1" 200 56741 "-" "Mozilla/4.0 (compatible; MSIE 7.0; Windows NT 5.2)"
38.100.21.17 - - [11/Aug/2011:00:46:08 -0700] "GET /2011/06/17/some-thoughts-on-caching/ HTTP/1.1" 200 18167 "-" "Mozilla/4.0 (compatible; MSIE 7.0; Windows NT 5.2)"
38.100.21.17 - - [11/Aug/2011:00:46:10 -0700] "GET /2009/05/ HTTP/1.1" 200 12275 "-" "Mozilla/4.0 (compatible; MSIE 7.0; Windows NT 5.2)"
38.100.21.17 - - [11/Aug/2011:00:46:11 -0700] "GET /2010/11/10/dont-forget-the-down-state/ HTTP/1.1" 200 17771 "-" "Mozilla/4.0 (compatible; MSIE 7.0; Windows NT 5.2)"
38.100.21.17 - - [11/Aug/2011:00:46:12 -0700] "GET /2007/08/ HTTP/1.1" 200 12405 "-" "Mozilla/4.0 (compatible; MSIE 7.0; Windows NT 5.2)"
38.100.21.17 - - [11/Aug/2011:00:46:14 -0700] "GET /xmlrpc.php?rsd HTTP/1.1" 200 1075 "-" "Mozilla/4.0 (compatible; MSIE 7.0; Windows NT 5.2)"
38.100.21.17 - - [11/Aug/2011:00:46:16 -0700] "GET /2007/12/ HTTP/1.1" 200 10163 "-" "Mozilla/4.0 (compatible; MSIE 7.0; Windows NT 5.2)"
38.100.21.17 - - [11/Aug/2011:00:46:19 -0700] "GET /2008/07/ HTTP/1.1" 200 11229 "-" "Mozilla/4.0 (compatible; MSIE 7.0; Windows NT 5.2)"
38.100.21.17 - - [11/Aug/2011:00:46:21 -0700] "GET /2010/02/15/air-on-android/ HTTP/1.1" 200 14383 "-" "Mozilla/4.0 (compatible; MSIE 7.0; Windows NT 5.2)"
38.100.21.17 - - [11/Aug/2011:00:46:23 -0700] "GET /2011/06/ HTTP/1.1" 200 11949 "-" "Mozilla/4.0 (compatible; MSIE 7.0; Windows NT 5.2)"
38.100.21.17 - - [11/Aug/2011:00:46:25 -0700] "GET /2009/08/ HTTP/1.1" 200 12044 "-" "Mozilla/4.0 (compatible; MSIE 7.0; Windows NT 5.2)"
38.100.21.17 - - [11/Aug/2011:00:46:29 -0700] "GET /2009/08/09/runaway-arraycollections/ HTTP/1.1" 200 15460 "-" "Mozilla/4.0 (compatible; MSIE 7.0; Windows NT 5.2)"
38.100.21.17 - - [11/Aug/2011:00:46:30 -0700] "GET /2007/07/ HTTP/1.1" 200 10174 "-" "Mozilla/4.0 (compatible; MSIE 7.0; Windows NT 5.2)"
38.100.21.17 - - [11/Aug/2011:00:46:32 -0700] "GET /2009/05/08/searchinput-control/ HTTP/1.1" 200 31933 "-" "Mozilla/4.0 (compatible; MSIE 7.0; Windows NT 5.2)"
38.100.21.17 - - [11/Aug/2011:00:46:34 -0700] "GET /2007/01/ HTTP/1.1" 200 17551 "-" "Mozilla/4.0 (compatible; MSIE 7.0; Windows NT 5.2)"
38.100.21.17 - - [11/Aug/2011:00:46:37 -0700] "GET /wp-content/themes/uchilla1.0/style.css HTTP/1.1" 200 11270 "-" "Mozilla/4.0 (compatible; MSIE 7.0; Windows NT 5.2)"
38.100.21.17 - - [11/Aug/2011:00:46:40 -0700] "GET /2007/02/ HTTP/1.1" 200 13452 "-" "Mozilla/4.0 (compatible; MSIE 7.0; Windows NT 5.2)"
38.100.21.17 - - [11/Aug/2011:00:46:43 -0700] "GET /comments/feed/ HTTP/1.1" 200 2414 "-" "Mozilla/4.0 (compatible; MSIE 7.0; Windows NT 5.2)"
38.100.21.17 - - [11/Aug/2011:00:46:45 -0700] "GET /wp-content/themes/uchilla1.0/print.css HTTP/1.1" 200 526 "-" "Mozilla/4.0 (compatible; MSIE 7.0; Windows NT 5.2)"
38.100.21.17 - - [11/Aug/2011:00:46:49 -0700] "GET /2008/12/ HTTP/1.1" 200 10141 "-" "Mozilla/4.0 (compatible; MSIE 7.0; Windows NT 5.2)"
38.100.21.17 - - [11/Aug/2011:00:46:52 -0700] "GET /2011/05/24/arraycollection-uses-your-sort/ HTTP/1.1" 200 17637 "-" "Mozilla/4.0 (compatible; MSIE 7.0; Windows NT 5.2)"
38.100.21.17 - - [11/Aug/2011:00:46:57 -0700] "GET /2008/02/ HTTP/1.1" 200 10207 "-" "Mozilla/4.0 (compatible; MSIE 7.0; Windows NT 5.2)"
38.100.21.17 - - [11/Aug/2011:00:47:02 -0700] "GET /category/flex4/ HTTP/1.1" 200 10524 "-" "Mozilla/4.0 (compatible; MSIE 7.0; Windows NT 5.2)"
38.100.21.17 - - [11/Aug/2011:00:47:07 -0700] "GET /2007/05/ HTTP/1.1" 200 10001 "-" "Mozilla/4.0 (compatible; MSIE 7.0; Windows NT 5.2)"
38.100.21.17 - - [11/Aug/2011:00:47:11 -0700] "GET /2008/08/ HTTP/1.1" 200 12076 "-" "Mozilla/4.0 (compatible; MSIE 7.0; Windows NT 5.2)"
38.100.21.17 - - [11/Aug/2011:00:47:17 -0700] "GET /contact/ HTTP/1.1" 200 14654 "-" "Mozilla/4.0 (compatible; MSIE 7.0; Windows NT 5.2)"
38.100.21.17 - - [11/Aug/2011:00:47:22 -0700] "GET /2007/06/ HTTP/1.1" 200 11248 "-" "Mozilla/4.0 (compatible; MSIE 7.0; Windows NT 5.2)"
38.100.21.17 - - [11/Aug/2011:00:47:25 -0700] "GET /2010/01/05/new-year-improved-site/ HTTP/1.1" 200 15897 "-" "Mozilla/4.0 (compatible; MSIE 7.0; Windows NT 5.2)"
38.100.21.17 - - [11/Aug/2011:00:47:30 -0700] "GET /2007/03/ HTTP/1.1" 200 10087 "-" "Mozilla/4.0 (compatible; MSIE 7.0; Windows NT 5.2)"
38.100.21.17 - - [11/Aug/2011:00:47:36 -0700] "GET /category/performance/ HTTP/1.1" 200 12123 "-" "Mozilla/4.0 (compatible; MSIE 7.0; Windows NT 5.2)"
38.100.21.17 - - [11/Aug/2011:00:47:44 -0700] "GET /2009/08/09/four-considerations-for-custom-components/ HTTP/1.1" 200 19215 "-" "Mozilla/4.0 (compatible; MSIE 7.0; Windows NT 5.2)"
38.100.21.17 - - [11/Aug/2011:00:47:51 -0700] "GET /2010/01/ HTTP/1.1" 200 10384 "-" "Mozilla/4.0 (compatible; MSIE 7.0; Windows NT 5.2)"
38.100.21.17 - - [11/Aug/2011:00:47:58 -0700] "GET /2009/03/ HTTP/1.1" 200 13083 "-" "Mozilla/4.0 (compatible; MSIE 7.0; Windows NT 5.2)"
208.93.105.250 - - [11/Aug/2011:00:49:06 -0700] "GET / HTTP/1.1" 200 276 "-" "YPBot/Raven1.1.3 (compatible; Googlebot/2.1;+http://www.yellowpages.com/about/legal/crawl)"
208.93.105.250 - - [11/Aug/2011:00:49:07 -0700] "GET / HTTP/1.1" 200 22950 "-" "YPBot/Raven1.1.3 (compatible; Googlebot/2.1;+http://www.yellowpages.com/about/legal/crawl)"
173.192.238.34 - - [11/Aug/2011:00:49:11 -0700] "GET / HTTP/1.1" 200 321 "-" "Mozilla/5.0 (X11; U; Linux x86_64; en-US; rv:1.9.0.19; aggregator:Spinn3r (Spinn3r 3.1); http://spinn3r.com/robot) Gecko/2010040121 Firefox/3.0.19"
173.192.238.34 - - [11/Aug/2011:00:49:12 -0700] "GET / HTTP/1.1" 200 4950 "-" "Mozilla/5.0 (X11; U; Linux x86_64; en-US; rv:1.9.0.19; aggregator:Spinn3r (Spinn3r 3.1); http://spinn3r.com/robot) Gecko/2010040121 Firefox/3.0.19"
88.81.251.106 - - [11/Aug/2011:00:51:42 -0700] "GET /files/headerBanner.jpg HTTP/1.1" 200 153258 "http://fdt.powerflasher.com/blog/" "Mozilla/5.0 (Windows NT 6.1) AppleWebKit/535.1 (KHTML, like Gecko) Chrome/13.0.782.112 Safari/535.1"
209.85.238.105 - - [11/Aug/2011:00:56:14 -0700] "GET /index.php?format=feed&type=rss HTTP/1.1" 200 379 "-" "Feedfetcher-Google; (+http://www.google.com/feedfetcher.html; 4 subscribers; feed-id=6887443542408518203)"
209.85.238.213 - - [11/Aug/2011:00:56:15 -0700] "GET /?format=feed&type=rss HTTP/1.1" 200 5136 "-" "Feedfetcher-Google; (+http://www.google.com/feedfetcher.html; 4 subscribers; feed-id=6887443542408518203)"
192.150.14.130 - - [11/Aug/2011:01:03:03 -0700] "HEAD /?feed=rss2 HTTP/1.1" 200 353 "-" "Adobe Feeds"
122.224.196.82 - - [11/Aug/2011:01:03:42 -0700] "GET /files/headerBanner.jpg HTTP/1.1" 200 153258 "http://fdt.powerflasher.com/blog/" "Mozilla/4.0 (compatible; MSIE 8.0; Windows NT 5.1; Trident/4.0; .NET CLR 2.0.50727; .NET CLR 1.1.4322; InfoPath.2; .NET CLR 3.0.4506.2152; .NET CLR 3.5.30729)"
75.119.204.73 - - [11/Aug/2011:01:03:55 -0700] "POST /wp-cron.php?doing_wp_cron HTTP/1.0" 200 158 "-" "WordPress/3.2.1; http://www.theflexguy.com"
209.85.238.213 - - [11/Aug/2011:01:03:55 -0700] "GET /feed/rss HTTP/1.1" 200 413 "-" "Feedfetcher-Google; (+http://www.google.com/feedfetcher.html; 5 subscribers; feed-id=8282921309701812955)"
209.85.238.213 - - [11/Aug/2011:01:03:56 -0700] "GET /feed/rss/ HTTP/1.1" 200 2740 "-" "Feedfetcher-Google; (+http://www.google.com/feedfetcher.html; 5 subscribers; feed-id=8282921309701812955)"
188.66.79.237 - - [11/Aug/2011:01:06:39 -0700] "GET /feed/ HTTP/1.1" 200 14403 "-" "Microsoft Office/14.0 (Windows NT 6.1; Microsoft Outlook 14.0.5128; Pro; ms-office; MSOffice 14)"
76.74.170.204 - - [11/Aug/2011:01:09:43 -0700] "GET /feed/ HTTP/1.1" 200 14403 "-" "ColdFusion"
38.99.98.9 - - [11/Aug/2011:01:09:49 -0700] "GET /robots.txt HTTP/1.1" 200 300 "-" "Mozilla/5.0 (compatible; ScoutJet; +http://www.scoutjet.com/)"
38.99.98.9 - - [11/Aug/2011:01:09:49 -0700] "GET / HTTP/1.1" 200 4950 "-" "Mozilla/5.0 (compatible; ScoutJet; +http://www.scoutjet.com/)"
209.85.238.213 - - [11/Aug/2011:01:11:11 -0700] "GET /?feed=rss2 HTTP/1.1" 200 409 "-" "Feedfetcher-Google; (+http://www.google.com/feedfetcher.html; 21 subscribers; feed-id=6047012421983505584)"
209.85.238.213 - - [11/Aug/2011:01:11:11 -0700] "GET /feed/ HTTP/1.1" 200 14402 "-" "Feedfetcher-Google; (+http://www.google.com/feedfetcher.html; 21 subscribers; feed-id=6047012421983505584)"
67.195.112.254 - - [11/Aug/2011:01:15:35 -0700] "GET /index.php?option=com_content&Itemid=54&id=5&lang=en&layout=blog&limitstart=50&view=section&fontstyle=f-smaller HTTP/1.0" 200 422 "-" "Mozilla/5.0 (compatible; Yahoo! Slurp; http://help.yahoo.com/help/us/ysearch/slurp)"
67.195.112.254 - - [11/Aug/2011:01:15:36 -0700] "GET /?option=com_content&Itemid=54&id=5&lang=en&layout=blog&limitstart=50&view=section&fontstyle=f-smaller HTTP/1.0" 200 4900 "-" "Mozilla/5.0 (compatible; Yahoo! Slurp; http://help.yahoo.com/help/us/ysearch/slurp)"
174.36.228.156 - - [11/Aug/2011:01:15:37 -0700] "GET /feed/atom/ HTTP/1.1" 200 143 "-" "Mozilla/5.0 (X11; U; Linux x86_64; en-US; rv:1.9.0.19; aggregator:Spinn3r (Spinn3r 3.1); http://spinn3r.com/robot) Gecko/2010040121 Firefox/3.0.19"
67.195.112.254 - - [11/Aug/2011:01:15:38 -0700] "GET /wp-content/themes/uchilla1.0/style.css HTTP/1.0" 304 137 "http://www.theflexguy.com/?option=com_content&Itemid=54&id=5&lang=en&layout=blog&limitstart=50&view=section&fontstyle=f-smaller" "Mozilla/5.0 (compatible; Yahoo! Slurp; http://help.yahoo.com/help/us/ysearch/slurp)"
67.195.112.254 - - [11/Aug/2011:01:15:39 -0700] "GET /wp-content/themes/uchilla1.0/print.css HTTP/1.0" 304 135 "http://www.theflexguy.com/?option=com_content&Itemid=54&id=5&lang=en&layout=blog&limitstart=50&view=section&fontstyle=f-smaller" "Mozilla/5.0 (compatible; Yahoo! Slurp; http://help.yahoo.com/help/us/ysearch/slurp)"
67.195.112.254 - - [11/Aug/2011:01:15:39 -0700] "GET /wp-content/plugins/flickrpress/style.css?ver=3.2.1 HTTP/1.0" 304 136 "http://www.theflexguy.com/?option=com_content&Itemid=54&id=5&lang=en&layout=blog&limitstart=50&view=section&fontstyle=f-smaller" "Mozilla/5.0 (compatible; Yahoo! Slurp; http://help.yahoo.com/help/us/ysearch/slurp)"
173.192.238.34 - - [11/Aug/2011:01:19:17 -0700] "GET / HTTP/1.1" 200 321 "-" "Mozilla/5.0 (X11; U; Linux x86_64; en-US; rv:1.9.0.19; aggregator:Spinn3r (Spinn3r 3.1); http://spinn3r.com/robot) Gecko/2010040121 Firefox/3.0.19"
173.192.238.34 - - [11/Aug/2011:01:19:18 -0700] "GET / HTTP/1.1" 200 4950 "-" "Mozilla/5.0 (X11; U; Linux x86_64; en-US; rv:1.9.0.19; aggregator:Spinn3r (Spinn3r 3.1); http://spinn3r.com/robot) Gecko/2010040121 Firefox/3.0.19"
125.6.162.3 - - [11/Aug/2011:01:19:46 -0700] "GET /feed/ HTTP/1.1" 200 56705 "-" "Fastladder FeedFetcher/0.01 (http://fastladder.com/; 1 subscriber)"
76.74.170.204 - - [11/Aug/2011:01:23:14 -0700] "GET /feed/ HTTP/1.1" 200 14403 "-" "ColdFusion"
221.183.16.140 - - [11/Aug/2011:01:27:19 -0700] "GET /category/flex/ HTTP/1.1" 200 5123 "http://theflexguy.com/2010/02/15/air-on-android/" "Mozilla/5.0 (compatible; MSIE 9.0; Windows NT 6.1; Trident/5.0)"
67.195.112.254 - - [11/Aug/2011:01:27:53 -0700] "GET /2007/04/11/so-much-time-so-little-talk/ HTTP/1.0" 200 4471 "-" "Mozilla/5.0 (compatible; Yahoo! Slurp; http://help.yahoo.com/help/us/ysearch/slurp)"
209.85.238.213 - - [11/Aug/2011:01:27:54 -0700] "GET /index.php?format=feed&type=atom HTTP/1.1" 200 380 "-" "Feedfetcher-Google; (+http://www.google.com/feedfetcher.html; 1 subscribers; feed-id=2021327347742680309)"
209.85.238.213 - - [11/Aug/2011:01:27:54 -0700] "GET /?format=feed&type=atom HTTP/1.1" 200 5151 "-" "Feedfetcher-Google; (+http://www.google.com/feedfetcher.html; 1 subscribers; feed-id=2021327347742680309)"
110.75.173.215 - - [11/Aug/2011:01:29:03 -0700] "GET / HTTP/1.1" 200 4987 "-" "Yahoo! Slurp China"
209.85.238.213 - - [11/Aug/2011:01:30:34 -0700] "GET /feed/ HTTP/1.1" 200 14403 "-" "Feedfetcher-Google; (+http://www.google.com/feedfetcher.html; 4 subscribers; feed-id=17450445626559736511)"
69.171.242.244 - - [11/Aug/2011:01:33:18 -0700] "GET /files/headerBanner.jpg HTTP/1.1" 200 153202 "-" "facebookplatform/1.0 (+http://developers.facebook.com)"
75.119.204.73 - - [11/Aug/2011:01:44:57 -0700] "POST /wp-cron.php?doing_wp_cron HTTP/1.0" 200 158 "-" "WordPress/3.2.1; http://www.theflexguy.com"
66.249.67.238 - - [11/Aug/2011:01:44:56 -0700] "GET /index.php?option=com_content&view=article&id=94&Itemid=11 HTTP/1.1" 200 406 "-" "Mozilla/5.0 (compatible; Googlebot/2.1; +http://www.google.com/bot.html)"
66.249.67.238 - - [11/Aug/2011:01:44:57 -0700] "GET /?option=com_content&view=article&id=94&Itemid=11 HTTP/1.1" 200 4897 "-" "Mozilla/5.0 (compatible; Googlebot/2.1; +http://www.google.com/bot.html)"
173.192.238.44 - - [11/Aug/2011:01:45:43 -0700] "GET /feed/atom/ HTTP/1.1" 200 143 "-" "Mozilla/5.0 (X11; U; Linux x86_64; en-US; rv:1.9.0.19; aggregator:Spinn3r (Spinn3r 3.1); http://spinn3r.com/robot) Gecko/2010040121 Firefox/3.0.19"
209.85.238.213 - - [11/Aug/2011:01:46:09 -0700] "GET /index.php?option=com_content&view=category&layout=blog&id=35&Itemid=54&format=feed&type=rss HTTP/1.1" 200 440 "-" "Feedfetcher-Google; (+http://www.google.com/feedfetcher.html; 1 subscribers; feed-id=9816647088266946374)"
209.85.238.213 - - [11/Aug/2011:01:46:10 -0700] "GET /?option=com_content&view=category&layout=blog&id=35&Itemid=54&format=feed&type=rss HTTP/1.1" 200 5189 "-" "Feedfetcher-Google; (+http://www.google.com/feedfetcher.html; 1 subscribers; feed-id=9816647088266946374)"
61.135.249.107 - - [11/Aug/2011:01:48:43 -0700] "GET / HTTP/1.1" 200 4931 "-" "Mozilla/5.0 (compatible; YodaoBot/1.0; http://www.yodao.com/help/webmaster/spider/; )"
75.119.204.73 - - [11/Aug/2011:01:49:21 -0700] "POST /wp-cron.php?doing_wp_cron HTTP/1.0" 200 158 "-" "WordPress/3.2.1; http://www.theflexguy.com"
123.126.50.69 - - [11/Aug/2011:01:49:21 -0700] "GET /robots.txt HTTP/1.1" 200 256 "-" "-"
174.36.228.156 - - [11/Aug/2011:01:49:25 -0700] "GET / HTTP/1.1" 200 321 "-" "Mozilla/5.0 (X11; U; Linux x86_64; en-US; rv:1.9.0.19; aggregator:Spinn3r (Spinn3r 3.1); http://spinn3r.com/robot) Gecko/2010040121 Firefox/3.0.19"
174.36.228.156 - - [11/Aug/2011:01:49:25 -0700] "GET / HTTP/1.1" 200 4825 "-" "Mozilla/5.0 (X11; U; Linux x86_64; en-US; rv:1.9.0.19; aggregator:Spinn3r (Spinn3r 3.1); http://spinn3r.com/robot) Gecko/2010040121 Firefox/3.0.19"
66.220.158.249 - - [11/Aug/2011:01:50:02 -0700] "GET /files/headerBanner.jpg HTTP/1.0" 200 153221 "-" "facebookplatform/1.0 (+http://developers.facebook.com)"
107.20.29.118 - - [11/Aug/2011:01:51:42 -0700] "GET /2010/01/05/new-year-improved-site/ HTTP/1.0" 200 5421 "-" "Covario-IDS/1.0 (Covario; http://www.covario.com/ids; support at covario dot com)"
121.28.34.110 - - [11/Aug/2011:01:53:29 -0700] "GET /apps/htmlTextEditor/update.xml HTTP/1.1" 200 598 "app:/htmlTextEditorAIR.swf" "Mozilla/5.0 (Windows; U; zh-CN) AppleWebKit/531.9 (KHTML, like Gecko) AdobeAIR/2.7.1"
209.85.238.105 - - [11/Aug/2011:01:56:24 -0700] "GET /index.php?format=feed&type=rss HTTP/1.1" 200 379 "-" "Feedfetcher-Google; (+http://www.google.com/feedfetcher.html; 4 subscribers; feed-id=6887443542408518203)"
209.85.238.213 - - [11/Aug/2011:01:56:25 -0700] "GET /?format=feed&type=rss HTTP/1.1" 200 5152 "-" "Feedfetcher-Google; (+http://www.google.com/feedfetcher.html; 4 subscribers; feed-id=6887443542408518203)"
75.119.204.73 - - [11/Aug/2011:01:58:56 -0700] "POST /wp-cron.php?doing_wp_cron HTTP/1.0" 200 158 "-" "WordPress/3.2.1; http://www.theflexguy.com"
95.108.147.185 - - [11/Aug/2011:01:58:55 -0700] "GET /feed/ HTTP/1.1" 200 143 "-" "Mozilla/5.0 (compatible; YandexBlogs/0.99; robot; B; +http://yandex.com/bots) 1 readers"
123.126.50.69 - - [11/Aug/2011:02:02:32 -0700] "GET / HTTP/1.1" 200 321 "-" "Sogou web spider/4.0(+http://www.sogou.com/docs/help/webmasters.htm#07)"
123.126.50.69 - - [11/Aug/2011:02:02:42 -0700] "GET /robots.txt HTTP/1.1" 200 256 "-" "-"
209.85.238.213 - - [11/Aug/2011:02:08:15 -0700] "GET /feed/rss HTTP/1.1" 200 413 "-" "Feedfetcher-Google; (+http://www.google.com/feedfetcher.html; 5 subscribers; feed-id=8282921309701812955)"
209.85.238.213 - - [11/Aug/2011:02:08:16 -0700] "GET /feed/rss/ HTTP/1.1" 200 193 "-" "Feedfetcher-Google; (+http://www.google.com/feedfetcher.html; 5 subscribers; feed-id=8282921309701812955)"
75.119.204.73 - - [11/Aug/2011:02:11:30 -0700] "POST /wp-cron.php?doing_wp_cron HTTP/1.0" 200 158 "-" "WordPress/3.2.1; http://www.theflexguy.com"
123.126.50.69 - - [11/Aug/2011:02:11:30 -0700] "GET / HTTP/1.1" 200 4825 "-" "Sogou web spider/4.0(+http://www.sogou.com/docs/help/webmasters.htm#07)"
89.30.119.34 - - [11/Aug/2011:02:12:25 -0700] "GET /files/headerBanner.jpg HTTP/1.1" 200 153258 "http://fdt.powerflasher.com/blog/" "Mozilla/5.0 (Macintosh; Intel Mac OS X 10_6_8) AppleWebKit/535.1 (KHTML, like Gecko) Chrome/13.0.782.112 Safari/535.1"
157.125.41.4 - - [11/Aug/2011:02:13:09 -0700] "GET /files/headerBanner.jpg HTTP/1.1" 200 153258 "http://fdt.powerflasher.com/blog/" "Mozilla/5.0 (Macintosh; Intel Mac OS X 10_6_8) AppleWebKit/535.1 (KHTML, like Gecko) Chrome/13.0.782.107 Safari/535.1"
107.20.29.118 - - [11/Aug/2011:02:14:34 -0700] "GET /comments/feed/ HTTP/1.0" 200 1219 "-" "Covario-IDS/1.0 (Covario; http://www.covario.com/ids; support at covario dot com)"
174.36.228.156 - - [11/Aug/2011:02:15:47 -0700] "GET /feed/atom/ HTTP/1.1" 200 143 "-" "Mozilla/5.0 (X11; U; Linux x86_64; en-US; rv:1.9.0.19; aggregator:Spinn3r (Spinn3r 3.1); http://spinn3r.com/robot) Gecko/2010040121 Firefox/3.0.19"
173.192.238.34 - - [11/Aug/2011:02:19:33 -0700] "GET / HTTP/1.1" 200 321 "-" "Mozilla/5.0 (X11; U; Linux x86_64; en-US; rv:1.9.0.19; aggregator:Spinn3r (Spinn3r 3.1); http://spinn3r.com/robot) Gecko/2010040121 Firefox/3.0.19"
173.192.238.34 - - [11/Aug/2011:02:19:34 -0700] "GET / HTTP/1.1" 200 4825 "-" "Mozilla/5.0 (X11; U; Linux x86_64; en-US; rv:1.9.0.19; aggregator:Spinn3r (Spinn3r 3.1); http://spinn3r.com/robot) Gecko/2010040121 Firefox/3.0.19"
216.246.79.192 - - [11/Aug/2011:02:20:41 -0700] "HEAD /wp-content/themes/uchilla1.0/scripts/timthumb.php HTTP/1.1" 200 393 "-" "Python-httplib2/0.7.0 (gzip)"
209.85.238.213 - - [11/Aug/2011:02:21:11 -0700] "GET /?feed=rss2 HTTP/1.1" 200 409 "-" "Feedfetcher-Google; (+http://www.google.com/feedfetcher.html; 21 subscribers; feed-id=6047012421983505584)"
209.85.238.213 - - [11/Aug/2011:02:21:12 -0700] "GET /feed/ HTTP/1.1" 200 193 "-" "Feedfetcher-Google; (+http://www.google.com/feedfetcher.html; 21 subscribers; feed-id=6047012421983505584)"
75.119.204.73 - - [11/Aug/2011:02:23:39 -0700] "POST /wp-cron.php?doing_wp_cron HTTP/1.0" 200 158 "-" "WordPress/3.2.1; http://www.theflexguy.com"
38.101.148.126 - - [11/Aug/2011:02:23:38 -0700] "GET /robots.txt HTTP/1.1" 200 293 "-" "Mozilla/5.0 (compatible; discobot/1.1; +http://discoveryengine.com/discobot.html)"
123.126.50.69 - - [11/Aug/2011:02:25:06 -0700] "GET /2008/10/23/htmltext-editor-now-on-air/trackback/ HTTP/1.1" 200 416 "-" "Sogou web spider/4.0(+http://www.sogou.com/docs/help/webmasters.htm#07)"
123.126.50.69 - - [11/Aug/2011:02:25:16 -0700] "GET /2008/10/23/htmltext-editor-now-on-air/ HTTP/1.1" 200 4771 "-" "Sogou web spider/4.0(+http://www.sogou.com/docs/help/webmasters.htm#07)"
38.101.148.126 - - [11/Aug/2011:02:26:37 -0700] "GET /robots.txt HTTP/1.1" 200 293 "-" "Mozilla/5.0 (compatible; discobot/1.1; +http://discoveryengine.com/discobot.html)"
208.115.111.73 - - [11/Aug/2011:02:29:34 -0700] "GET /robots.txt HTTP/1.1" 200 249 "-" "Mozilla/5.0 (compatible; Ezooms/1.0; ezooms.bot@gmail.com)"
67.195.112.254 - - [11/Aug/2011:02:31:45 -0700] "GET /2011/05/24/arraycollection-uses-your-sort HTTP/1.0" 200 363 "-" "Mozilla/5.0 (compatible; Yahoo! Slurp; http://help.yahoo.com/help/us/ysearch/slurp)"
67.195.112.254 - - [11/Aug/2011:02:31:46 -0700] "GET /2011/05/24/arraycollection-uses-your-sort/ HTTP/1.0" 200 5240 "-" "Mozilla/5.0 (compatible; Yahoo! Slurp; http://help.yahoo.com/help/us/ysearch/slurp)"
209.85.238.213 - - [11/Aug/2011:02:34:24 -0700] "GET /feed/ HTTP/1.1" 200 194 "-" "Feedfetcher-Google; (+http://www.google.com/feedfetcher.html; 4 subscribers; feed-id=17450445626559736511)"
75.119.204.73 - - [11/Aug/2011:02:36:31 -0700] "POST /wp-cron.php?doing_wp_cron HTTP/1.0" 200 158 "-" "WordPress/3.2.1; http://www.theflexguy.com"
188.66.79.237 - - [11/Aug/2011:02:36:29 -0700] "GET /feed/ HTTP/1.1" 200 14405 "-" "Microsoft Office/14.0 (Windows NT 6.1; Microsoft Outlook 14.0.5128; Pro; ms-office; MSOffice 14)"
220.181.108.116 - - [11/Aug/2011:02:36:50 -0700] "GET / HTTP/1.1" 200 4825 "-" "Mozilla/5.0 (compatible; Baiduspider/2.0; +http://www.baidu.com/search/spider.html)"
202.160.188.234 - - [11/Aug/2011:02:37:07 -0700] "GET /robots.txt HTTP/1.0" 200 293 "-" "Mozilla/5.0 (compatible; Yahoo! Slurp China; http://misc.yahoo.com.cn/help.html)"
174.37.154.78 - - [11/Aug/2011:02:37:20 -0700] "GET /feed/atom HTTP/1.0" 200 194 "-" "Gist Server"
202.160.179.88 - - [11/Aug/2011:02:38:08 -0700] "GET /index.php?option=com_content&view=article&id=94:htmltext-editor-now-on-air&catid=39:desktop-apps&Itemid=11 HTTP/1.0" 200 418 "-" "Mozilla/5.0 (compatible; Yahoo! Slurp China; http://misc.yahoo.com.cn/help.html)"
202.160.179.88 - - [11/Aug/2011:02:39:06 -0700] "GET /?option=com_content&view=article&id=94:htmltext-editor-now-on-air&catid=39:desktop-apps&Itemid=11 HTTP/1.0" 200 4899 "-" "Mozilla/5.0 (compatible; Yahoo! Slurp China; http://misc.yahoo.com.cn/help.html)"
123.126.50.69 - - [11/Aug/2011:02:40:39 -0700] "GET /?p=124 HTTP/1.1" 200 359 "-" "Sogou web spider/4.0(+http://www.sogou.com/docs/help/webmasters.htm#07)"
123.126.50.69 - - [11/Aug/2011:02:40:49 -0700] "GET /2010/11/10/dont-forget-the-down-state/ HTTP/1.1" 200 5479 "-" "Sogou web spider/4.0(+http://www.sogou.com/docs/help/webmasters.htm#07)"
107.20.29.118 - - [11/Aug/2011:02:42:21 -0700] "GET /category/flex/ HTTP/1.0" 200 5288 "-" "Covario-IDS/1.0 (Covario; http://www.covario.com/ids; support at covario dot com)"
124.115.0.157 - - [11/Aug/2011:02:42:39 -0700] "GET / HTTP/1.1" 200 4862 "-" "Sosospider+(+http://help.soso.com/webspider.htm)"
124.115.0.157 - - [11/Aug/2011:02:42:56 -0700] "GET /wp-content/plugins/flickrpress/style.css?ver=3.2.1 HTTP/1.1" 200 2292 "http://www.theflexguy.com/" "Sosospider+(+http://help.soso.com/webspider.htm)"
124.115.0.157 - - [11/Aug/2011:02:42:56 -0700] "GET /wp-content/plugins/flickrpress/flickr.js?ver=3.2.1 HTTP/1.1" 200 2241 "http://www.theflexguy.com/" "Sosospider+(+http://help.soso.com/webspider.htm)"
124.115.0.157 - - [11/Aug/2011:02:42:56 -0700] "GET /wp-content/themes/uchilla1.0/style.css HTTP/1.1" 200 11271 "http://www.theflexguy.com/" "Sosospider+(+http://help.soso.com/webspider.htm)"
124.115.0.157 - - [11/Aug/2011:02:42:56 -0700] "GET /wp-content/themes/uchilla1.0/print.css HTTP/1.1" 200 526 "http://www.theflexguy.com/" "Sosospider+(+http://help.soso.com/webspider.htm)"
124.115.0.157 - - [11/Aug/2011:02:42:56 -0700] "GET /wp-includes/js/jquery/jquery.js?ver=1.6.1 HTTP/1.1" 200 91657 "http://www.theflexguy.com/" "Sosospider+(+http://help.soso.com/webspider.htm)"
65.52.108.71 - - [11/Aug/2011:02:44:05 -0700] "GET /robots.txt HTTP/1.1" 200 305 "-" "Mozilla/5.0 (compatible; bingbot/2.0; +http://www.bing.com/bingbot.htm)"
173.192.238.34 - - [11/Aug/2011:02:45:54 -0700] "GET /feed/atom/ HTTP/1.1" 200 143 "-" "Mozilla/5.0 (X11; U; Linux x86_64; en-US; rv:1.9.0.19; aggregator:Spinn3r (Spinn3r 3.1); http://spinn3r.com/robot) Gecko/2010040121 Firefox/3.0.19"
107.20.29.118 - - [11/Aug/2011:02:46:36 -0700] "GET /2010/11/10/dont-forget-the-down-state/ HTTP/1.0" 200 5579 "-" "Covario-IDS/1.0 (Covario; http://www.covario.com/ids; support at covario dot com)"
67.195.112.254 - - [11/Aug/2011:02:46:45 -0700] "GET /2009/01/16/skinning-with-fireworks/trackback/ HTTP/1.0" 200 412 "-" "Mozilla/5.0 (compatible; Yahoo! Slurp; http://help.yahoo.com/help/us/ysearch/slurp)"
75.119.204.73 - - [11/Aug/2011:02:46:46 -0700] "POST /wp-cron.php?doing_wp_cron HTTP/1.0" 200 158 "-" "WordPress/3.2.1; http://www.theflexguy.com"
67.195.112.254 - - [11/Aug/2011:02:46:46 -0700] "GET /2009/01/16/skinning-with-fireworks/ HTTP/1.0" 200 7622 "-" "Mozilla/5.0 (compatible; Yahoo! Slurp; http://help.yahoo.com/help/us/ysearch/slurp)"
67.195.112.254 - - [11/Aug/2011:02:46:47 -0700] "GET /wp-content/themes/uchilla1.0/style.css HTTP/1.0" 200 11234 "http://www.theflexguy.com/2009/01/16/skinning-with-fireworks/" "Mozilla/5.0 (compatible; Yahoo! Slurp; http://help.yahoo.com/help/us/ysearch/slurp)"
65.52.108.71 - - [11/Aug/2011:02:47:27 -0700] "GET /2009/02/19/flex-bugquash-is-happening/ HTTP/1.1" 200 4564 "-" "Mozilla/5.0 (compatible; bingbot/2.0; +http://www.bing.com/bingbot.htm)"
157.55.112.207 - - [11/Aug/2011:02:47:32 -0700] "GET /2009/02/19/flex-bugquash-is-happening/ HTTP/1.1" 200 4978 "-" "Mozilla/5.0 (compatible; MSIE 9.0; Windows NT 6.1; Trident/5.0; WOW64; Trident/5.0)"
157.55.112.207 - - [11/Aug/2011:02:47:33 -0700] "GET /wp-content/themes/uchilla1.0/style.css HTTP/1.1" 200 11271 "http://www.theflexguy.com/2009/02/19/flex-bugquash-is-happening/" "Mozilla/5.0 (compatible; MSIE 9.0; Windows NT 6.1; Trident/5.0; WOW64; Trident/5.0)"
157.55.112.207 - - [11/Aug/2011:02:47:34 -0700] "GET /wp-content/themes/uchilla1.0/print.css HTTP/1.1" 200 525 "http://www.theflexguy.com/2009/02/19/flex-bugquash-is-happening/" "Mozilla/5.0 (compatible; MSIE 9.0; Windows NT 6.1; Trident/5.0; WOW64; Trident/5.0)"
157.55.112.207 - - [11/Aug/2011:02:47:34 -0700] "GET /wp-content/plugins/flickrpress/style.css?ver=3.2.1 HTTP/1.1" 200 2291 "http://www.theflexguy.com/2009/02/19/flex-bugquash-is-happening/" "Mozilla/5.0 (compatible; MSIE 9.0; Windows NT 6.1; Trident/5.0; WOW64; Trident/5.0)"
157.55.112.207 - - [11/Aug/2011:02:47:34 -0700] "GET /wp-includes/js/l10n.js?ver=20101110 HTTP/1.1" 200 597 "http://www.theflexguy.com/2009/02/19/flex-bugquash-is-happening/" "Mozilla/5.0 (compatible; MSIE 9.0; Windows NT 6.1; Trident/5.0; WOW64; Trident/5.0)"
157.55.112.207 - - [11/Aug/2011:02:47:34 -0700] "GET /wp-content/plugins/flickrpress/flickr.js?ver=3.2.1 HTTP/1.1" 200 2240 "http://www.theflexguy.com/2009/02/19/flex-bugquash-is-happening/" "Mozilla/5.0 (compatible; MSIE 9.0; Windows NT 6.1; Trident/5.0; WOW64; Trident/5.0)"
157.55.112.207 - - [11/Aug/2011:02:47:34 -0700] "GET /wp-includes/js/jquery/jquery.js?ver=1.6.1 HTTP/1.1" 200 91656 "http://www.theflexguy.com/2009/02/19/flex-bugquash-is-happening/" "Mozilla/5.0 (compatible; MSIE 9.0; Windows NT 6.1; Trident/5.0; WOW64; Trident/5.0)"
76.74.170.204 - - [11/Aug/2011:02:48:41 -0700] "GET /feed/ HTTP/1.1" 200 14401 "-" "ColdFusion"
174.37.205.92 - - [11/Aug/2011:02:49:39 -0700] "GET / HTTP/1.1" 200 321 "-" "Mozilla/5.0 (X11; U; Linux x86_64; en-US; rv:1.9.0.19; aggregator:Spinn3r (Spinn3r 3.1); http://spinn3r.com/robot) Gecko/2010040121 Firefox/3.0.19"
174.37.205.92 - - [11/Aug/2011:02:49:42 -0700] "GET / HTTP/1.1" 200 4825 "-" "Mozilla/5.0 (X11; U; Linux x86_64; en-US; rv:1.9.0.19; aggregator:Spinn3r (Spinn3r 3.1); http://spinn3r.com/robot) Gecko/2010040121 Firefox/3.0.19"
67.195.112.254 - - [11/Aug/2011:02:53:02 -0700] "GET /2009/02/19/flex-bugquash-is-happening/feed/ HTTP/1.0" 200 851 "-" "Mozilla/5.0 (compatible; Yahoo! Slurp; http://help.yahoo.com/help/us/ysearch/slurp)"
67.195.112.254 - - [11/Aug/2011:02:55:58 -0700] "GET /tag/debugging/ HTTP/1.0" 200 2774 "-" "Mozilla/5.0 (compatible; Yahoo! Slurp; http://help.yahoo.com/help/us/ysearch/slurp)"
62.112.80.25 - - [11/Aug/2011:02:56:18 -0700] "GET /files/headerBanner.jpg HTTP/1.1" 200 36500 "http://fdt.powerflasher.com/blog/" "Mozilla/5.0 (Windows; U; Windows NT 6.1; de; rv:1.9.2.3) Gecko/20100401 Firefox/3.6.3"
209.85.238.105 - - [11/Aug/2011:02:56:34 -0700] "GET /index.php?format=feed&type=rss HTTP/1.1" 200 379 "-" "Feedfetcher-Google; (+http://www.google.com/feedfetcher.html; 4 subscribers; feed-id=6887443542408518203)"
209.85.238.213 - - [11/Aug/2011:02:56:35 -0700] "GET /?format=feed&type=rss HTTP/1.1" 200 5136 "-" "Feedfetcher-Google; (+http://www.google.com/feedfetcher.html; 4 subscribers; feed-id=6887443542408518203)"
87.147.216.57 - - [11/Aug/2011:02:58:40 -0700] "GET /files/headerBanner.jpg HTTP/1.1" 200 153258 "http://fdt.powerflasher.com/blog/" "Mozilla/5.0 (Macintosh; U; Intel Mac OS X 10_6_8; de-de) AppleWebKit/533.21.1 (KHTML, like Gecko) Version/5.0.5 Safari/533.21.1"
95.108.147.185 - - [11/Aug/2011:02:58:56 -0700] "GET /robots.txt HTTP/1.1" 200 268 "-" "YandexBlogs"
85.17.90.129 - - [11/Aug/2011:03:01:03 -0700] "GET /?feed=rss2 HTTP/1.0" 200 372 "-" "MagpieRSS/0.7 (+http://magpierss.sf.net; No cache)"
85.17.90.129 - - [11/Aug/2011:03:01:04 -0700] "GET /feed/ HTTP/1.0" 200 14315 "-" "MagpieRSS/0.7 (+http://magpierss.sf.net; No cache)"
75.119.204.73 - - [11/Aug/2011:03:03:02 -0700] "POST /wp-cron.php?doing_wp_cron HTTP/1.0" 200 158 "-" "WordPress/3.2.1; http://www.theflexguy.com"
192.150.14.130 - - [11/Aug/2011:03:03:01 -0700] "HEAD /?feed=rss2 HTTP/1.1" 200 353 "-" "Adobe Feeds"
209.85.238.213 - - [11/Aug/2011:03:03:45 -0700] "GET /feed/rss HTTP/1.1" 200 413 "-" "Feedfetcher-Google; (+http://www.google.com/feedfetcher.html; 5 subscribers; feed-id=8282921309701812955)"
209.85.238.213 - - [11/Aug/2011:03:03:46 -0700] "GET /feed/rss/ HTTP/1.1" 200 193 "-" "Feedfetcher-Google; (+http://www.google.com/feedfetcher.html; 5 subscribers; feed-id=8282921309701812955)"
89.202.163.174 - - [11/Aug/2011:03:08:35 -0700] "GET /index.php?format=feed&type=rss HTTP/1.0" 200 334 "-" "Desktop Sidebar v1.05.116.0"
89.202.163.174 - - [11/Aug/2011:03:08:36 -0700] "GET /?format=feed&type=rss HTTP/1.0" 200 23068 "-" "Desktop Sidebar v1.05.116.0"
157.55.112.224 - - [11/Aug/2011:03:10:53 -0700] "GET /?option=com_idoblog&task=viewpost&id=51&Itemid=54 HTTP/1.1" 200 5171 "-" "Mozilla/4.0 (compatible; MSIE 6.0; Windows NT 5.1; SLCC1; .NET CLR 1.1.4322; .NET CLR 2.0.40607; .NET CLR 3.0.04506.648)"
157.55.112.224 - - [11/Aug/2011:03:11:02 -0700] "GET /wp-content/themes/uchilla1.0/style.css HTTP/1.1" 200 11271 "http://www.theflexguy.com/?option=com_idoblog&task=viewpost&id=51&Itemid=54" "Mozilla/4.0 (compatible; MSIE 6.0; Windows NT 5.1; SLCC1; .NET CLR 1.1.4322; .NET CLR 2.0.40607; .NET CLR 3.0.04506.648)"
157.55.112.224 - - [11/Aug/2011:03:11:02 -0700] "GET /wp-content/themes/uchilla1.0/print.css HTTP/1.1" 200 526 "http://www.theflexguy.com/?option=com_idoblog&task=viewpost&id=51&Itemid=54" "Mozilla/4.0 (compatible; MSIE 6.0; Windows NT 5.1; SLCC1; .NET CLR 1.1.4322; .NET CLR 2.0.40607; .NET CLR 3.0.04506.648)"
157.55.112.224 - - [11/Aug/2011:03:11:02 -0700] "GET /wp-content/plugins/flickrpress/style.css?ver=3.2.1 HTTP/1.1" 200 2291 "http://www.theflexguy.com/?option=com_idoblog&task=viewpost&id=51&Itemid=54" "Mozilla/4.0 (compatible; MSIE 6.0; Windows NT 5.1; SLCC1; .NET CLR 1.1.4322; .NET CLR 2.0.40607; .NET CLR 3.0.04506.648)"
157.55.112.224 - - [11/Aug/2011:03:11:06 -0700] "GET /wp-includes/js/l10n.js?ver=20101110 HTTP/1.1" 200 598 "http://www.theflexguy.com/?option=com_idoblog&task=viewpost&id=51&Itemid=54" "Mozilla/4.0 (compatible; MSIE 6.0; Windows NT 5.1; SLCC1; .NET CLR 1.1.4322; .NET CLR 2.0.40607; .NET CLR 3.0.04506.648)"
157.55.112.224 - - [11/Aug/2011:03:11:08 -0700] "GET /wp-includes/js/jquery/jquery.js?ver=1.6.1 HTTP/1.1" 200 91656 "http://www.theflexguy.com/?option=com_idoblog&task=viewpost&id=51&Itemid=54" "Mozilla/4.0 (compatible; MSIE 6.0; Windows NT 5.1; SLCC1; .NET CLR 1.1.4322; .NET CLR 2.0.40607; .NET CLR 3.0.04506.648)"
157.55.112.224 - - [11/Aug/2011:03:11:09 -0700] "GET /wp-content/plugins/flickrpress/flickr.js?ver=3.2.1 HTTP/1.1" 200 2240 "http://www.theflexguy.com/?option=com_idoblog&task=viewpost&id=51&Itemid=54" "Mozilla/4.0 (compatible; MSIE 6.0; Windows NT 5.1; SLCC1; .NET CLR 1.1.4322; .NET CLR 2.0.40607; .NET CLR 3.0.04506.648)"
174.36.228.156 - - [11/Aug/2011:03:16:04 -0700] "GET /feed/atom/ HTTP/1.1" 200 143 "-" "Mozilla/5.0 (X11; U; Linux x86_64; en-US; rv:1.9.0.19; aggregator:Spinn3r (Spinn3r 3.1); http://spinn3r.com/robot) Gecko/2010040121 Firefox/3.0.19"
174.37.205.68 - - [11/Aug/2011:03:19:53 -0700] "GET / HTTP/1.1" 200 321 "-" "Mozilla/5.0 (X11; U; Linux x86_64; en-US; rv:1.9.0.19; aggregator:Spinn3r (Spinn3r 3.1); http://spinn3r.com/robot) Gecko/2010040121 Firefox/3.0.19"
174.37.205.68 - - [11/Aug/2011:03:19:53 -0700] "GET / HTTP/1.1" 200 4825 "-" "Mozilla/5.0 (X11; U; Linux x86_64; en-US; rv:1.9.0.19; aggregator:Spinn3r (Spinn3r 3.1); http://spinn3r.com/robot) Gecko/2010040121 Firefox/3.0.19"
202.172.7.157 - - [11/Aug/2011:03:21:50 -0700] "GET /files/headerBanner.jpg HTTP/1.1" 200 153258 "http://fdt.powerflasher.com/blog/" "Mozilla/5.0 (Windows NT 5.1) AppleWebKit/535.1 (KHTML, like Gecko) Chrome/13.0.782.112 Safari/535.1"
209.85.238.213 - - [11/Aug/2011:03:31:11 -0700] "GET /?feed=rss2 HTTP/1.1" 200 409 "-" "Feedfetcher-Google; (+http://www.google.com/feedfetcher.html; 21 subscribers; feed-id=6047012421983505584)"
209.85.238.213 - - [11/Aug/2011:03:31:16 -0700] "GET /feed/ HTTP/1.1" 200 14400 "-" "Feedfetcher-Google; (+http://www.google.com/feedfetcher.html; 21 subscribers; feed-id=6047012421983505584)"
15.195.185.82 - - [11/Aug/2011:03:32:00 -0700] "GET /files/headerBanner.jpg HTTP/1.1" 200 153258 "-" "Mozilla/4.0 (compatible;)"
209.85.238.213 - - [11/Aug/2011:03:36:52 -0700] "GET /feed/ HTTP/1.1" 200 14401 "-" "Feedfetcher-Google; (+http://www.google.com/feedfetcher.html; 4 subscribers; feed-id=17450445626559736511)"
188.66.79.237 - - [11/Aug/2011:03:36:58 -0700] "GET /feed/ HTTP/1.1" 200 14401 "-" "Microsoft Office/14.0 (Windows NT 6.1; Microsoft Outlook 14.0.5128; Pro; ms-office; MSOffice 14)"
75.119.204.73 - - [11/Aug/2011:03:38:19 -0700] "POST /wp-cron.php?doing_wp_cron HTTP/1.0" 200 158 "-" "WordPress/3.2.1; http://www.theflexguy.com"
89.204.137.197 - - [11/Aug/2011:03:38:17 -0700] "GET /?feed=rss2 HTTP/1.1" 200 372 "-" "Mozilla/5.0"
89.204.137.197 - - [11/Aug/2011:03:38:20 -0700] "GET /feed/ HTTP/1.1" 200 56709 "-" "Mozilla/5.0"
65.52.58.205 - - [11/Aug/2011:03:45:12 -0700] "GET /feed/ HTTP/1.1" 200 14369 "-" "NewsGatorOnline/2.0 (http://www.newsgator.com; 1 subscribers)"
209.85.238.213 - - [11/Aug/2011:03:45:31 -0700] "GET /index.php?option=com_idoblog&view=idoblog&Itemid=54&format=feed&type=rss HTTP/1.1" 200 421 "-" "Feedfetcher-Google; (+http://www.google.com/feedfetcher.html; 1 subscribers; feed-id=7080376364330259190)"
209.85.238.213 - - [11/Aug/2011:03:45:33 -0700] "GET /?option=com_idoblog&view=idoblog&Itemid=54&format=feed&type=rss HTTP/1.1" 200 5177 "-" "Feedfetcher-Google; (+http://www.google.com/feedfetcher.html; 1 subscribers; feed-id=7080376364330259190)"
75.119.204.73 - - [11/Aug/2011:03:46:09 -0700] "POST /wp-cron.php?doing_wp_cron HTTP/1.0" 200 158 "-" "WordPress/3.2.1; http://www.theflexguy.com"
174.37.205.92 - - [11/Aug/2011:03:46:07 -0700] "GET /feed/atom/ HTTP/1.1" 200 143 "-" "Mozilla/5.0 (X11; U; Linux x86_64; en-US; rv:1.9.0.19; aggregator:Spinn3r (Spinn3r 3.1); http://spinn3r.com/robot) Gecko/2010040121 Firefox/3.0.19"
87.234.42.202 - - [11/Aug/2011:03:49:50 -0700] "GET / HTTP/1.1" 200 5133 "-" "Reeder/1010.19.00 CFNetwork/520.0.13 Darwin/11.0.0 (x86_64) (MacBookPro6%2C2)"
87.234.42.202 - - [11/Aug/2011:03:49:51 -0700] "GET /favicon.ico HTTP/1.1" 200 275 "-" "Reeder/1010.19.00 CFNetwork/520.0.13 Darwin/11.0.0 (x86_64) (MacBookPro6%2C2)"
87.234.42.202 - - [11/Aug/2011:03:49:51 -0700] "GET / HTTP/1.1" 200 4986 "-" "Reeder/1010.19.00 CFNetwork/520.0.13 Darwin/11.0.0 (x86_64) (MacBookPro6%2C2)"
87.234.42.202 - - [11/Aug/2011:03:49:52 -0700] "GET /apple-touch-icon.png HTTP/1.1" 200 2524 "-" "Reeder/1010.19.00 CFNetwork/520.0.13 Darwin/11.0.0 (x86_64) (MacBookPro6%2C2)"
87.234.42.202 - - [11/Aug/2011:03:49:53 -0700] "GET /apple-touch-icon-precomposed.png HTTP/1.1" 200 2524 "-" "Reeder/1010.19.00 CFNetwork/520.0.13 Darwin/11.0.0 (x86_64) (MacBookPro6%2C2)"
174.36.228.156 - - [11/Aug/2011:03:50:00 -0700] "GET / HTTP/1.1" 200 321 "-" "Mozilla/5.0 (X11; U; Linux x86_64; en-US; rv:1.9.0.19; aggregator:Spinn3r (Spinn3r 3.1); http://spinn3r.com/robot) Gecko/2010040121 Firefox/3.0.19"
174.36.228.156 - - [11/Aug/2011:03:50:01 -0700] "GET / HTTP/1.1" 200 4950 "-" "Mozilla/5.0 (X11; U; Linux x86_64; en-US; rv:1.9.0.19; aggregator:Spinn3r (Spinn3r 3.1); http://spinn3r.com/robot) Gecko/2010040121 Firefox/3.0.19"
219.239.34.56 - - [11/Aug/2011:03:50:07 -0700] "GET /feed/rss/ HTTP/1.1" 200 194 "-" "Xianguo.com 1 Subscribers"
69.63.189.250 - - [11/Aug/2011:03:51:05 -0700] "GET /files/headerBanner.jpg HTTP/1.0" 200 153221 "-" "facebookplatform/1.0 (+http://developers.facebook.com)"
76.74.170.204 - - [11/Aug/2011:03:55:24 -0700] "GET /feed/ HTTP/1.1" 200 14406 "-" "ColdFusion"
209.85.238.105 - - [11/Aug/2011:03:56:44 -0700] "GET /index.php?format=feed&type=rss HTTP/1.1" 200 379 "-" "Feedfetcher-Google; (+http://www.google.com/feedfetcher.html; 4 subscribers; feed-id=6887443542408518203)"
209.85.238.213 - - [11/Aug/2011:03:56:46 -0700] "GET /?format=feed&type=rss HTTP/1.1" 200 5136 "-" "Feedfetcher-Google; (+http://www.google.com/feedfetcher.html; 4 subscribers; feed-id=6887443542408518203)"
87.234.42.202 - - [11/Aug/2011:03:56:50 -0700] "GET / HTTP/1.1" 200 4987 "-" "Reeder/1010.19.00 CFNetwork/520.0.13 Darwin/11.0.0 (x86_64) (MacBookPro6%2C2)"
87.234.42.202 - - [11/Aug/2011:03:56:51 -0700] "GET /favicon.ico HTTP/1.1" 200 275 "-" "Reeder/1010.19.00 CFNetwork/520.0.13 Darwin/11.0.0 (x86_64) (MacBookPro6%2C2)"
87.234.42.202 - - [11/Aug/2011:03:56:51 -0700] "GET / HTTP/1.1" 200 4986 "-" "Reeder/1010.19.00 CFNetwork/520.0.13 Darwin/11.0.0 (x86_64) (MacBookPro6%2C2)"
87.234.42.202 - - [11/Aug/2011:03:56:51 -0700] "GET /apple-touch-icon.png HTTP/1.1" 200 2524 "-" "Reeder/1010.19.00 CFNetwork/520.0.13 Darwin/11.0.0 (x86_64) (MacBookPro6%2C2)"
87.234.42.202 - - [11/Aug/2011:03:56:52 -0700] "GET /apple-touch-icon-precomposed.png HTTP/1.1" 200 2524 "-" "Reeder/1010.19.00 CFNetwork/520.0.13 Darwin/11.0.0 (x86_64) (MacBookPro6%2C2)"
95.108.158.238 - - [11/Aug/2011:03:59:12 -0700] "GET /robots.txt HTTP/1.1" 200 305 "-" "Mozilla/5.0 (compatible; YandexImages/3.0; +http://yandex.com/bots)"
75.119.204.73 - - [11/Aug/2011:03:59:13 -0700] "POST /wp-cron.php?doing_wp_cron HTTP/1.0" 200 158 "-" "WordPress/3.2.1; http://www.theflexguy.com"
76.74.170.204 - - [11/Aug/2011:04:07:34 -0700] "GET /feed/ HTTP/1.1" 200 14406 "-" "ColdFusion"
209.85.238.213 - - [11/Aug/2011:04:07:55 -0700] "GET /feed/rss HTTP/1.1" 200 413 "-" "Feedfetcher-Google; (+http://www.google.com/feedfetcher.html; 5 subscribers; feed-id=8282921309701812955)"
209.85.238.213 - - [11/Aug/2011:04:07:56 -0700] "GET /feed/rss/ HTTP/1.1" 200 193 "-" "Feedfetcher-Google; (+http://www.google.com/feedfetcher.html; 5 subscribers; feed-id=8282921309701812955)"
95.131.110.109 - - [11/Aug/2011:04:08:01 -0700] "GET /apps/htmlTextEditor/update.xml HTTP/1.0" 200 598 "app:/htmlTextEditorAIR.swf" "Mozilla/5.0 (Windows; U; en-US) AppleWebKit/531.9 (KHTML, like Gecko) AdobeAIR/2.7"
89.202.163.174 - - [11/Aug/2011:04:08:38 -0700] "GET /index.php?format=feed&type=rss HTTP/1.0" 200 23052 "-" "Desktop Sidebar v1.05.116.0"
61.222.31.187 - - [11/Aug/2011:04:11:22 -0700] "GET /files/headerBanner.jpg HTTP/1.1" 200 153258 "http://fdt.powerflasher.com/blog/" "Mozilla/4.0 (compatible; MSIE 8.0; Windows NT 6.1; WOW64; Trident/4.0; SLCC2; .NET CLR 2.0.50727; .NET CLR 3.5.30729; .NET CLR 3.0.30729; Media Center PC 6.0)"
75.119.204.73 - - [11/Aug/2011:04:11:58 -0700] "POST /wp-cron.php?doing_wp_cron HTTP/1.0" 200 158 "-" "WordPress/3.2.1; http://www.theflexguy.com"
174.37.154.78 - - [11/Aug/2011:04:11:58 -0700] "GET /feed/atom HTTP/1.0" 200 194 "-" "Gist Server"
208.115.111.73 - - [11/Aug/2011:04:14:05 -0700] "GET /tag/dreamhost/ HTTP/1.1" 200 10083 "-" "Mozilla/5.0 (compatible; Ezooms/1.0; ezooms.bot@gmail.com)"
173.192.238.44 - - [11/Aug/2011:04:16:14 -0700] "GET /feed/atom/ HTTP/1.1" 200 143 "-" "Mozilla/5.0 (X11; U; Linux x86_64; en-US; rv:1.9.0.19; aggregator:Spinn3r (Spinn3r 3.1); http://spinn3r.com/robot) Gecko/2010040121 Firefox/3.0.19"
88.131.106.22 - - [11/Aug/2011:04:18:21 -0700] "GET /robots.txt HTTP/1.0" 200 293 "-" "Mozilla/5.0 (Windows; U; Windows NT 5.1; en-US) Speedy Spider (http://www.entireweb.com/about/search_tech/speedy_spider/)"
88.131.106.22 - - [11/Aug/2011:04:18:22 -0700] "GET / HTTP/1.0" 200 4950 "-" "Mozilla/5.0 (Windows; U; Windows NT 5.1; en-US) Speedy Spider (http://www.entireweb.com/about/search_tech/speedy_spider/)"
174.36.228.156 - - [11/Aug/2011:04:20:04 -0700] "GET / HTTP/1.1" 200 321 "-" "Mozilla/5.0 (X11; U; Linux x86_64; en-US; rv:1.9.0.19; aggregator:Spinn3r (Spinn3r 3.1); http://spinn3r.com/robot) Gecko/2010040121 Firefox/3.0.19"
174.36.228.156 - - [11/Aug/2011:04:20:05 -0700] "GET / HTTP/1.1" 200 4950 "-" "Mozilla/5.0 (X11; U; Linux x86_64; en-US; rv:1.9.0.19; aggregator:Spinn3r (Spinn3r 3.1); http://spinn3r.com/robot) Gecko/2010040121 Firefox/3.0.19"
80.153.213.68 - - [11/Aug/2011:04:21:57 -0700] "GET /files/headerBanner.jpg HTTP/1.1" 200 153258 "http://fdt.powerflasher.com/blog/tag/flex/" "Mozilla/5.0 (Macintosh; Intel Mac OS X 10_6_8) AppleWebKit/535.1 (KHTML, like Gecko) Chrome/13.0.782.112 Safari/535.1"
67.195.112.254 - - [11/Aug/2011:04:25:52 -0700] "GET /2009/02/ HTTP/1.0" 200 2834 "-" "Mozilla/5.0 (compatible; Yahoo! Slurp; http://help.yahoo.com/help/us/ysearch/slurp)"
67.195.112.254 - - [11/Aug/2011:04:25:56 -0700] "GET /wp-content/themes/uchilla1.0/print.css HTTP/1.0" 304 135 "http://www.theflexguy.com/2009/02/" "Mozilla/5.0 (compatible; Yahoo! Slurp; http://help.yahoo.com/help/us/ysearch/slurp)"
67.195.112.254 - - [11/Aug/2011:04:25:56 -0700] "GET /wp-content/plugins/flickrpress/style.css?ver=3.2.1 HTTP/1.0" 304 136 "http://www.theflexguy.com/2009/02/" "Mozilla/5.0 (compatible; Yahoo! Slurp; http://help.yahoo.com/help/us/ysearch/slurp)"
221.21.54.241 - - [11/Aug/2011:04:26:13 -0700] "GET /index.php?option=com_content&view=category&layout=blog&id=39&Itemid=55 HTTP/1.1" 200 419 "http://mashable.com/2008/12/26/30-great-adobe-air-apps-for-designers-and-developers/" "Mozilla/5.0 (Windows NT 6.1) AppleWebKit/535.1 (KHTML, like Gecko) Chrome/13.0.782.112 Safari/535.1"
221.21.54.241 - - [11/Aug/2011:04:26:14 -0700] "GET /?option=com_content&view=category&layout=blog&id=39&Itemid=55 HTTP/1.1" 200 5175 "http://mashable.com/2008/12/26/30-great-adobe-air-apps-for-designers-and-developers/" "Mozilla/5.0 (Windows NT 6.1) AppleWebKit/535.1 (KHTML, like Gecko) Chrome/13.0.782.112 Safari/535.1"
221.21.54.241 - - [11/Aug/2011:04:26:15 -0700] "GET /wp-content/themes/uchilla1.0/style.css HTTP/1.1" 200 11271 "http://www.theflexguy.com/?option=com_content&view=category&layout=blog&id=39&Itemid=55" "Mozilla/5.0 (Windows NT 6.1) AppleWebKit/535.1 (KHTML, like Gecko) Chrome/13.0.782.112 Safari/535.1"
221.21.54.241 - - [11/Aug/2011:04:26:15 -0700] "GET /wp-content/plugins/flickrpress/style.css?ver=3.2.1 HTTP/1.1" 200 2291 "http://www.theflexguy.com/?option=com_content&view=category&layout=blog&id=39&Itemid=55" "Mozilla/5.0 (Windows NT 6.1) AppleWebKit/535.1 (KHTML, like Gecko) Chrome/13.0.782.112 Safari/535.1"
221.21.54.241 - - [11/Aug/2011:04:26:15 -0700] "GET /wp-content/plugins/flickrpress/flickr.js?ver=3.2.1 HTTP/1.1" 200 2241 "http://www.theflexguy.com/?option=com_content&view=category&layout=blog&id=39&Itemid=55" "Mozilla/5.0 (Windows NT 6.1) AppleWebKit/535.1 (KHTML, like Gecko) Chrome/13.0.782.112 Safari/535.1"
221.21.54.241 - - [11/Aug/2011:04:26:15 -0700] "GET /wp-includes/js/l10n.js?ver=20101110 HTTP/1.1" 200 598 "http://www.theflexguy.com/?option=com_content&view=category&layout=blog&id=39&Itemid=55" "Mozilla/5.0 (Windows NT 6.1) AppleWebKit/535.1 (KHTML, like Gecko) Chrome/13.0.782.112 Safari/535.1"
221.21.54.241 - - [11/Aug/2011:04:26:15 -0700] "GET /wp-includes/js/jquery/jquery.js?ver=1.6.1 HTTP/1.1" 200 91657 "http://www.theflexguy.com/?option=com_content&view=category&layout=blog&id=39&Itemid=55" "Mozilla/5.0 (Windows NT 6.1) AppleWebKit/535.1 (KHTML, like Gecko) Chrome/13.0.782.112 Safari/535.1"
221.21.54.241 - - [11/Aug/2011:04:26:16 -0700] "GET /wp-content/themes/uchilla1.0/images/backgrounds/striped_dark.jpg HTTP/1.1" 200 9856 "http://www.theflexguy.com/?option=com_content&view=category&layout=blog&id=39&Itemid=55" "Mozilla/5.0 (Windows NT 6.1) AppleWebKit/535.1 (KHTML, like Gecko) Chrome/13.0.782.112 Safari/535.1"
221.21.54.241 - - [11/Aug/2011:04:26:16 -0700] "GET /wp-content/themes/uchilla1.0/images/contBg.jpg HTTP/1.1" 200 7374 "http://www.theflexguy.com/?option=com_content&view=category&layout=blog&id=39&Itemid=55" "Mozilla/5.0 (Windows NT 6.1) AppleWebKit/535.1 (KHTML, like Gecko) Chrome/13.0.782.112 Safari/535.1"
221.21.54.241 - - [11/Aug/2011:04:26:16 -0700] "GET /wp-content/themes/uchilla1.0/images/sidebarBullet.jpg HTTP/1.1" 200 992 "http://www.theflexguy.com/?option=com_content&view=category&layout=blog&id=39&Itemid=55" "Mozilla/5.0 (Windows NT 6.1) AppleWebKit/535.1 (KHTML, like Gecko) Chrome/13.0.782.112 Safari/535.1"
221.21.54.241 - - [11/Aug/2011:04:26:16 -0700] "GET /wp-content/uploads/2010/11/CartoonMarty128.png HTTP/1.1" 200 15448 "http://www.theflexguy.com/?option=com_content&view=category&layout=blog&id=39&Itemid=55" "Mozilla/5.0 (Windows NT 6.1) AppleWebKit/535.1 (KHTML, like Gecko) Chrome/13.0.782.112 Safari/535.1"
221.21.54.241 - - [11/Aug/2011:04:26:16 -0700] "GET /wp-content/themes/uchilla1.0/images/dateBg.jpg HTTP/1.1" 200 2278 "http://www.theflexguy.com/?option=com_content&view=category&layout=blog&id=39&Itemid=55" "Mozilla/5.0 (Windows NT 6.1) AppleWebKit/535.1 (KHTML, like Gecko) Chrome/13.0.782.112 Safari/535.1"
221.21.54.241 - - [11/Aug/2011:04:26:16 -0700] "GET /wp-content/themes/uchilla1.0/images/sidebarLine.jpg HTTP/1.1" 200 954 "http://www.theflexguy.com/?option=com_content&view=category&layout=blog&id=39&Itemid=55" "Mozilla/5.0 (Windows NT 6.1) AppleWebKit/535.1 (KHTML, like Gecko) Chrome/13.0.782.112 Safari/535.1"
221.21.54.241 - - [11/Aug/2011:04:26:17 -0700] "GET /wp-content/themes/uchilla1.0/print.css HTTP/1.1" 200 525 "http://www.theflexguy.com/?option=com_content&view=category&layout=blog&id=39&Itemid=55" "Mozilla/5.0 (Windows NT 6.1) AppleWebKit/535.1 (KHTML, like Gecko) Chrome/13.0.782.112 Safari/535.1"
221.21.54.241 - - [11/Aug/2011:04:26:18 -0700] "GET /favicon.ico HTTP/1.1" 200 275 "-" "Mozilla/5.0 (Windows NT 6.1) AppleWebKit/535.1 (KHTML, like Gecko) Chrome/13.0.782.112 Safari/535.1"
75.119.204.73 - - [11/Aug/2011:04:28:04 -0700] "POST /wp-cron.php?doing_wp_cron HTTP/1.0" 200 158 "-" "WordPress/3.2.1; http://www.theflexguy.com"
209.85.238.213 - - [11/Aug/2011:04:28:03 -0700] "GET /index.php?format=feed&type=atom HTTP/1.1" 200 380 "-" "Feedfetcher-Google; (+http://www.google.com/feedfetcher.html; 1 subscribers; feed-id=2021327347742680309)"
209.85.238.213 - - [11/Aug/2011:04:28:04 -0700] "GET /?format=feed&type=atom HTTP/1.1" 200 5151 "-" "Feedfetcher-Google; (+http://www.google.com/feedfetcher.html; 1 subscribers; feed-id=2021327347742680309)"
86.57.255.94 - - [11/Aug/2011:04:28:09 -0700] "GET /files/headerBanner.jpg HTTP/1.1" 200 153258 "http://fdt.powerflasher.com/blog/" "Mozilla/5.0 (Windows NT 5.1; rv:5.0) Gecko/20100101 Firefox/5.0"
