204.236.226.210 - - [11/Aug/2011:04:29:20 -0700] "GET /robots.txt HTTP/1.0" 200 229 "-" "ia_archiver (+http://www.alexa.com/site/help/webmasters; crawler@alexa.com)"
204.236.226.210 - - [11/Aug/2011:04:29:21 -0700] "GET /2011/05/24/arraycollection-uses-your-sort HTTP/1.0" 200 318 "-" "ia_archiver (+http://www.alexa.com/site/help/webmasters; crawler@alexa.com)"
204.236.226.210 - - [11/Aug/2011:04:29:22 -0700] "GET /2011/05/24/arraycollection-uses-your-sort/ HTTP/1.0" 200 17301 "-" "ia_archiver (+http://www.alexa.com/site/help/webmasters; crawler@alexa.com)"
209.85.238.213 - - [11/Aug/2011:04:30:21 -0700] "GET /feed/ HTTP/1.1" 200 14406 "-" "Feedfetcher-Google; (+http://www.google.com/feedfetcher.html; 4 subscribers; feed-id=17450445626559736511)"
209.85.238.213 - - [11/Aug/2011:04:33:41 -0700] "GET /?feed=rss2 HTTP/1.1" 200 409 "-" "Feedfetcher-Google; (+http://www.google.com/feedfetcher.html; 21 subscribers; feed-id=6047012421983505584)"
209.85.238.213 - - [11/Aug/2011:04:33:42 -0700] "GET /feed/ HTTP/1.1" 200 14405 "-" "Feedfetcher-Google; (+http://www.google.com/feedfetcher.html; 21 subscribers; feed-id=6047012421983505584)"
95.108.158.238 - - [11/Aug/2011:04:36:03 -0700] "GET /images/stories/tutorials/fw_skinning/FWSkinning9.png HTTP/1.1" 200 8447 "-" "Mozilla/5.0 (compatible; YandexImages/3.0; +http://yandex.com/bots)"
188.66.79.237 - - [11/Aug/2011:04:37:25 -0700] "GET /feed/ HTTP/1.1" 200 14406 "-" "Microsoft Office/14.0 (Windows NT 6.1; Microsoft Outlook 14.0.5128; Pro; ms-office; MSOffice 14)"
91.195.118.65 - - [11/Aug/2011:04:38:28 -0700] "GET /feed/rss HTTP/1.0" 200 376 "-" "MagpieRSS/0.7 (+http://magpierss.sf.net; No cache)"
91.195.118.65 - - [11/Aug/2011:04:38:29 -0700] "GET /feed/rss/ HTTP/1.0" 200 2707 "-" "MagpieRSS/0.7 (+http://magpierss.sf.net; No cache)"
91.195.118.65 - - [11/Aug/2011:04:38:30 -0700] "GET /?feed=rss2 HTTP/1.0" 200 372 "-" "MagpieRSS/0.7 (+http://magpierss.sf.net; No cache)"
91.195.118.65 - - [11/Aug/2011:04:38:31 -0700] "GET /feed/ HTTP/1.0" 200 14320 "-" "MagpieRSS/0.7 (+http://magpierss.sf.net; No cache)"
75.119.204.73 - - [11/Aug/2011:04:41:15 -0700] "POST /wp-cron.php?doing_wp_cron HTTP/1.0" 200 158 "-" "WordPress/3.2.1; http://www.theflexguy.com"
89.204.137.197 - - [11/Aug/2011:04:41:14 -0700] "GET /?feed=rss2 HTTP/1.1" 200 372 "-" "Mozilla/5.0"
89.204.137.197 - - [11/Aug/2011:04:41:16 -0700] "GET /feed/ HTTP/1.1" 200 56709 "-" "Mozilla/5.0"
79.1.10.167 - - [11/Aug/2011:04:42:05 -0700] "GET /files/headerBanner.jpg HTTP/1.1" 200 153258 "http://fdt.powerflasher.com/blog/" "Mozilla/5.0 (Macintosh; U; Intel Mac OS X 10.4; it; rv:1.9.2.19) Gecko/20110707 Firefox/3.6.19"
76.74.170.204 - - [11/Aug/2011:04:43:42 -0700] "GET /feed/ HTTP/1.1" 200 14406 "-" "ColdFusion"
81.144.248.66 - - [11/Aug/2011:04:44:22 -0700] "GET /files/headerBanner.jpg HTTP/1.1" 200 153258 "http://fdt.powerflasher.com/blog/" "Mozilla/5.0 (Windows NT 6.1; WOW64; rv:5.0) Gecko/20110622 Firefox/5.0"
209.85.238.213 - - [11/Aug/2011:04:46:19 -0700] "GET /index.php?option=com_content&view=category&layout=blog&id=35&Itemid=54&format=feed&type=rss HTTP/1.1" 200 440 "-" "Feedfetcher-Google; (+http://www.google.com/feedfetcher.html; 1 subscribers; feed-id=9816647088266946374)"
174.37.205.68 - - [11/Aug/2011:04:46:20 -0700] "GET /feed/atom/ HTTP/1.1" 200 143 "-" "Mozilla/5.0 (X11; U; Linux x86_64; en-US; rv:1.9.0.19; aggregator:Spinn3r (Spinn3r 3.1); http://spinn3r.com/robot) Gecko/2010040121 Firefox/3.0.19"
209.85.238.213 - - [11/Aug/2011:04:46:20 -0700] "GET /?option=com_content&view=category&layout=blog&id=35&Itemid=54&format=feed&type=rss HTTP/1.1" 200 5190 "-" "Feedfetcher-Google; (+http://www.google.com/feedfetcher.html; 1 subscribers; feed-id=9816647088266946374)"
174.37.205.92 - - [11/Aug/2011:04:50:09 -0700] "GET / HTTP/1.1" 200 321 "-" "Mozilla/5.0 (X11; U; Linux x86_64; en-US; rv:1.9.0.19; aggregator:Spinn3r (Spinn3r 3.1); http://spinn3r.com/robot) Gecko/2010040121 Firefox/3.0.19"
174.37.205.92 - - [11/Aug/2011:04:50:10 -0700] "GET / HTTP/1.1" 200 4950 "-" "Mozilla/5.0 (X11; U; Linux x86_64; en-US; rv:1.9.0.19; aggregator:Spinn3r (Spinn3r 3.1); http://spinn3r.com/robot) Gecko/2010040121 Firefox/3.0.19"
199.64.72.252 - - [11/Aug/2011:04:52:22 -0700] "GET /files/headerBanner.jpg HTTP/1.1" 200 153258 "-" "Mozilla/4.0 (compatible;)"
209.85.238.105 - - [11/Aug/2011:04:56:54 -0700] "GET /index.php?format=feed&type=rss HTTP/1.1" 200 379 "-" "Feedfetcher-Google; (+http://www.google.com/feedfetcher.html; 4 subscribers; feed-id=6887443542408518203)"
209.85.238.213 - - [11/Aug/2011:04:56:55 -0700] "GET /?format=feed&type=rss HTTP/1.1" 200 5151 "-" "Feedfetcher-Google; (+http://www.google.com/feedfetcher.html; 4 subscribers; feed-id=6887443542408518203)"
219.239.34.56 - - [11/Aug/2011:04:57:55 -0700] "GET /feed/rss/ HTTP/1.1" 200 6212 "-" "Xianguo.com 1 Subscribers"
75.119.204.73 - - [11/Aug/2011:05:01:46 -0700] "POST /wp-cron.php?doing_wp_cron HTTP/1.0" 200 158 "-" "WordPress/3.2.1; http://www.theflexguy.com"
209.85.238.213 - - [11/Aug/2011:05:01:45 -0700] "GET /feed/rss HTTP/1.1" 200 413 "-" "Feedfetcher-Google; (+http://www.google.com/feedfetcher.html; 5 subscribers; feed-id=8282921309701812955)"
209.85.238.213 - - [11/Aug/2011:05:01:46 -0700] "GET /feed/rss/ HTTP/1.1" 200 2739 "-" "Feedfetcher-Google; (+http://www.google.com/feedfetcher.html; 5 subscribers; feed-id=8282921309701812955)"
192.150.14.130 - - [11/Aug/2011:05:02:41 -0700] "HEAD /?feed=rss2 HTTP/1.1" 200 353 "-" "Adobe Feeds"
124.115.4.205 - - [11/Aug/2011:05:05:49 -0700] "GET / HTTP/1.1" 200 358 "-" "Sosospider+(+http://help.soso.com/webspider.htm)"
89.202.163.174 - - [11/Aug/2011:05:08:42 -0700] "GET /index.php?format=feed&type=rss HTTP/1.0" 200 23052 "-" "Desktop Sidebar v1.05.116.0"
76.74.170.204 - - [11/Aug/2011:05:13:08 -0700] "GET /feed/ HTTP/1.1" 200 14406 "-" "ColdFusion"
65.52.108.60 - - [11/Aug/2011:05:15:24 -0700] "GET /robots.txt HTTP/1.1" 200 305 "-" "Mozilla/5.0 (compatible; bingbot/2.0; +http://www.bing.com/bingbot.htm)"
173.192.238.48 - - [11/Aug/2011:05:16:25 -0700] "GET /feed/atom/ HTTP/1.1" 200 143 "-" "Mozilla/5.0 (X11; U; Linux x86_64; en-US; rv:1.9.0.19; aggregator:Spinn3r (Spinn3r 3.1); http://spinn3r.com/robot) Gecko/2010040121 Firefox/3.0.19"
157.55.112.202 - - [11/Aug/2011:05:16:55 -0700] "GET /tools/htmlTextEditor2008/ HTTP/1.1" 200 1967 "-" "Mozilla/5.0 (compatible; MSIE 9.0; Windows NT 6.1; Trident/5.0; WOW64; Trident/5.0)"
157.55.112.202 - - [11/Aug/2011:05:16:56 -0700] "GET /tools/htmlTextEditor2008/history/history.css HTTP/1.1" 200 640 "http://www.theflexguy.com/tools/htmlTextEditor2008/" "Mozilla/5.0 (compatible; MSIE 9.0; Windows NT 6.1; Trident/5.0; WOW64; Trident/5.0)"
157.55.112.202 - - [11/Aug/2011:05:16:56 -0700] "GET /tools/htmlTextEditor2008/AC_OETags.js HTTP/1.1" 200 8084 "http://www.theflexguy.com/tools/htmlTextEditor2008/" "Mozilla/5.0 (compatible; MSIE 9.0; Windows NT 6.1; Trident/5.0; WOW64; Trident/5.0)"
157.55.112.202 - - [11/Aug/2011:05:16:56 -0700] "GET /tools/htmlTextEditor2008/history/history.js HTTP/1.1" 200 23388 "http://www.theflexguy.com/tools/htmlTextEditor2008/" "Mozilla/5.0 (compatible; MSIE 9.0; Windows NT 6.1; Trident/5.0; WOW64; Trident/5.0)"
67.195.112.254 - - [11/Aug/2011:05:17:55 -0700] "GET /2007/01/24/recipes-for-success/ HTTP/1.0" 200 4765 "-" "Mozilla/5.0 (compatible; Yahoo! Slurp; http://help.yahoo.com/help/us/ysearch/slurp)"
67.195.112.254 - - [11/Aug/2011:05:17:56 -0700] "GET /wp-content/themes/uchilla1.0/style.css HTTP/1.0" 304 137 "http://www.theflexguy.com/2007/01/24/recipes-for-success/" "Mozilla/5.0 (compatible; Yahoo! Slurp; http://help.yahoo.com/help/us/ysearch/slurp)"
174.37.205.92 - - [11/Aug/2011:05:20:12 -0700] "GET / HTTP/1.1" 200 321 "-" "Mozilla/5.0 (X11; U; Linux x86_64; en-US; rv:1.9.0.19; aggregator:Spinn3r (Spinn3r 3.1); http://spinn3r.com/robot) Gecko/2010040121 Firefox/3.0.19"
174.37.205.92 - - [11/Aug/2011:05:20:13 -0700] "GET / HTTP/1.1" 200 4825 "-" "Mozilla/5.0 (X11; U; Linux x86_64; en-US; rv:1.9.0.19; aggregator:Spinn3r (Spinn3r 3.1); http://spinn3r.com/robot) Gecko/2010040121 Firefox/3.0.19"
79.252.156.147 - - [11/Aug/2011:05:21:05 -0700] "GET /files/headerBanner.jpg HTTP/1.1" 200 153258 "http://fdt.powerflasher.com/blog/" "Mozilla/5.0 (Macintosh; Intel Mac OS X 10_7_0) AppleWebKit/535.1 (KHTML, like Gecko) Chrome/13.0.782.112 Safari/535.1"
213.115.182.197 - - [11/Aug/2011:05:22:39 -0700] "GET /files/headerBanner.jpg HTTP/1.1" 200 153258 "http://fdt.powerflasher.com/blog/" "Mozilla/5.0 (Windows NT 6.1; WOW64) AppleWebKit/535.1 (KHTML, like Gecko) Chrome/13.0.782.112 Safari/535.1"
67.195.112.254 - - [11/Aug/2011:05:23:00 -0700] "GET /2007/01/29/srccomadobeflexextraswhatdoesitmean/ HTTP/1.0" 200 5300 "http://www.theflexguy.com/2007/01/24/recipes-for-success/" "Mozilla/5.0 (compatible; Yahoo! Slurp; http://help.yahoo.com/help/us/ysearch/slurp)"
209.85.238.213 - - [11/Aug/2011:05:32:31 -0700] "GET /feed/ HTTP/1.1" 200 14406 "-" "Feedfetcher-Google; (+http://www.google.com/feedfetcher.html; 4 subscribers; feed-id=17450445626559736511)"
209.85.238.213 - - [11/Aug/2011:05:33:21 -0700] "GET /?feed=rss2 HTTP/1.1" 200 409 "-" "Feedfetcher-Google; (+http://www.google.com/feedfetcher.html; 21 subscribers; feed-id=6047012421983505584)"
75.119.204.73 - - [11/Aug/2011:05:33:54 -0700] "POST /wp-cron.php?doing_wp_cron HTTP/1.0" 200 158 "-" "WordPress/3.2.1; http://www.theflexguy.com"
38.99.98.9 - - [11/Aug/2011:05:33:54 -0700] "GET /robots.txt HTTP/1.1" 200 300 "-" "Mozilla/5.0 (compatible; ScoutJet; +http://www.scoutjet.com/)"
38.99.98.9 - - [11/Aug/2011:05:33:55 -0700] "GET / HTTP/1.1" 200 5097 "-" "Mozilla/5.0 (compatible; ScoutJet; +http://www.scoutjet.com/)"
75.71.5.45 - - [11/Aug/2011:05:34:13 -0700] "GET /favicon.ico HTTP/1.1" 200 220 "-" "NewzCrawler/1.8 (compatible; MSIE 6.00; Newz Crawler 1.8; http://www.newzcrawler.com/ )"
75.71.5.45 - - [11/Aug/2011:05:34:13 -0700] "GET /feed/rss/ HTTP/1.1" 200 2684 "-" "NewzCrawler/1.8 (compatible; MSIE 6.00; Newz Crawler 1.8; http://www.newzcrawler.com/ )"
195.16.42.125 - - [11/Aug/2011:05:35:33 -0700] "GET /files/headerBanner.jpg HTTP/1.1" 200 153258 "http://fdt.powerflasher.com/blog/" "Mozilla/5.0 (Windows NT 6.1; WOW64) AppleWebKit/535.1 (KHTML, like Gecko) Chrome/13.0.782.112 Safari/535.1"
188.66.79.237 - - [11/Aug/2011:05:37:51 -0700] "GET /feed/ HTTP/1.1" 200 14406 "-" "Microsoft Office/14.0 (Windows NT 6.1; Microsoft Outlook 14.0.5128; Pro; ms-office; MSOffice 14)"
67.195.112.254 - - [11/Aug/2011:05:38:56 -0700] "GET /robots.txt HTTP/1.0" 200 293 "-" "Mozilla/5.0 (compatible; Yahoo! Slurp; http://help.yahoo.com/help/us/ysearch/slurp)"
67.195.112.254 - - [11/Aug/2011:05:38:56 -0700] "GET /2010/02/15/air-on-android/ HTTP/1.0" 200 4474 "-" "Mozilla/5.0 (compatible; Yahoo! Slurp; http://help.yahoo.com/help/us/ysearch/slurp)"
212.48.107.10 - - [11/Aug/2011:05:45:56 -0700] "GET /files/headerBanner.jpg HTTP/1.1" 200 153258 "http://fdt.powerflasher.com/blog/" "Mozilla/5.0 (Windows NT 6.1; WOW64; rv:5.0) Gecko/20100101 Firefox/5.0"
173.192.238.34 - - [11/Aug/2011:05:46:32 -0700] "GET /feed/atom/ HTTP/1.1" 200 143 "-" "Mozilla/5.0 (X11; U; Linux x86_64; en-US; rv:1.9.0.19; aggregator:Spinn3r (Spinn3r 3.1); http://spinn3r.com/robot) Gecko/2010040121 Firefox/3.0.19"
95.108.158.238 - - [11/Aug/2011:05:49:40 -0700] "GET /images/stories/tutorials/fw_skinning/FWSkinning4.png HTTP/1.1" 200 8447 "-" "Mozilla/5.0 (compatible; YandexImages/3.0; +http://yandex.com/bots)"
173.192.238.44 - - [11/Aug/2011:05:50:19 -0700] "GET / HTTP/1.1" 200 321 "-" "Mozilla/5.0 (X11; U; Linux x86_64; en-US; rv:1.9.0.19; aggregator:Spinn3r (Spinn3r 3.1); http://spinn3r.com/robot) Gecko/2010040121 Firefox/3.0.19"
173.192.238.44 - - [11/Aug/2011:05:50:19 -0700] "GET / HTTP/1.1" 200 4951 "-" "Mozilla/5.0 (X11; U; Linux x86_64; en-US; rv:1.9.0.19; aggregator:Spinn3r (Spinn3r 3.1); http://spinn3r.com/robot) Gecko/2010040121 Firefox/3.0.19"
188.107.120.198 - - [11/Aug/2011:05:54:17 -0700] "GET /files/headerBanner.jpg HTTP/1.1" 200 153258 "http://fdt.powerflasher.com/blog/" "Mozilla/4.0 (compatible; MSIE 8.0; Windows NT 5.1; Trident/4.0; GTB7.1; .NET CLR 1.1.4322; .NET CLR 2.0.50727; .NET CLR 3.0.04506.30; .NET CLR 3.0.04506.648; .NET CLR 3.0.4506.2152; .NET CLR 3.5.30729)"
209.85.238.105 - - [11/Aug/2011:05:57:04 -0700] "GET /index.php?format=feed&type=rss HTTP/1.1" 200 379 "-" "Feedfetcher-Google; (+http://www.google.com/feedfetcher.html; 4 subscribers; feed-id=6887443542408518203)"
209.85.238.213 - - [11/Aug/2011:05:57:07 -0700] "GET /?format=feed&type=rss HTTP/1.1" 200 5135 "-" "Feedfetcher-Google; (+http://www.google.com/feedfetcher.html; 4 subscribers; feed-id=6887443542408518203)"
120.72.91.20 - - [11/Aug/2011:05:59:42 -0700] "GET /files/headerBanner.jpg HTTP/1.1" 200 153258 "http://fdt.powerflasher.com/blog/tag/flex/" "Mozilla/5.0 (Windows NT 6.1; WOW64) AppleWebKit/534.30 (KHTML, like Gecko) Chrome/12.0.742.112 Safari/534.30"
209.85.238.213 - - [11/Aug/2011:06:02:05 -0700] "GET /feed/rss HTTP/1.1" 200 413 "-" "Feedfetcher-Google; (+http://www.google.com/feedfetcher.html; 5 subscribers; feed-id=8282921309701812955)"
209.85.238.213 - - [11/Aug/2011:06:02:06 -0700] "GET /feed/rss/ HTTP/1.1" 200 2739 "-" "Feedfetcher-Google; (+http://www.google.com/feedfetcher.html; 5 subscribers; feed-id=8282921309701812955)"
75.119.204.73 - - [11/Aug/2011:06:03:52 -0700] "POST /wp-cron.php?doing_wp_cron HTTP/1.0" 200 158 "-" "WordPress/3.2.1; http://www.theflexguy.com"
89.204.137.197 - - [11/Aug/2011:06:03:52 -0700] "GET /?feed=rss2 HTTP/1.1" 200 372 "-" "Mozilla/5.0"
89.204.137.197 - - [11/Aug/2011:06:03:54 -0700] "GET /feed/ HTTP/1.1" 200 56709 "-" "Mozilla/5.0"
76.74.170.204 - - [11/Aug/2011:06:07:24 -0700] "GET /feed/ HTTP/1.1" 200 14408 "-" "ColdFusion"
89.202.163.174 - - [11/Aug/2011:06:08:46 -0700] "GET /index.php?format=feed&type=rss HTTP/1.0" 200 334 "-" "Desktop Sidebar v1.05.116.0"
89.202.163.174 - - [11/Aug/2011:06:08:47 -0700] "GET /?format=feed&type=rss HTTP/1.0" 200 23010 "-" "Desktop Sidebar v1.05.116.0"
76.74.170.204 - - [11/Aug/2011:06:16:04 -0700] "GET /feed/ HTTP/1.1" 200 14408 "-" "ColdFusion"
173.192.238.48 - - [11/Aug/2011:06:16:39 -0700] "GET /feed/atom/ HTTP/1.1" 200 143 "-" "Mozilla/5.0 (X11; U; Linux x86_64; en-US; rv:1.9.0.19; aggregator:Spinn3r (Spinn3r 3.1); http://spinn3r.com/robot) Gecko/2010040121 Firefox/3.0.19"
173.192.238.48 - - [11/Aug/2011:06:20:26 -0700] "GET / HTTP/1.1" 200 321 "-" "Mozilla/5.0 (X11; U; Linux x86_64; en-US; rv:1.9.0.19; aggregator:Spinn3r (Spinn3r 3.1); http://spinn3r.com/robot) Gecko/2010040121 Firefox/3.0.19"
173.192.238.48 - - [11/Aug/2011:06:20:27 -0700] "GET / HTTP/1.1" 200 4951 "-" "Mozilla/5.0 (X11; U; Linux x86_64; en-US; rv:1.9.0.19; aggregator:Spinn3r (Spinn3r 3.1); http://spinn3r.com/robot) Gecko/2010040121 Firefox/3.0.19"
67.195.112.254 - - [11/Aug/2011:06:26:34 -0700] "GET /tools/htmlTextEditor2008/ HTTP/1.0" 200 1930 "-" "Mozilla/5.0 (compatible; Yahoo! Slurp; http://help.yahoo.com/help/us/ysearch/slurp)"
67.195.112.254 - - [11/Aug/2011:06:26:35 -0700] "GET /tools/htmlTextEditor2008/history/history.css HTTP/1.0" 200 604 "http://www.theflexguy.com/tools/htmlTextEditor2008/" "Mozilla/5.0 (compatible; Yahoo! Slurp; http://help.yahoo.com/help/us/ysearch/slurp)"
95.108.214.15 - - [11/Aug/2011:06:28:37 -0700] "GET /feed/ HTTP/1.1" 200 56705 "-" "Mozilla/5.0 (compatible; YandexBlogs/0.99; robot; B; +http://yandex.com/bots) 1 readers"
209.85.238.213 - - [11/Aug/2011:06:30:41 -0700] "GET /feed/ HTTP/1.1" 200 14408 "-" "Feedfetcher-Google; (+http://www.google.com/feedfetcher.html; 4 subscribers; feed-id=17450445626559736511)"
209.85.238.213 - - [11/Aug/2011:06:33:21 -0700] "GET /?feed=rss2 HTTP/1.1" 200 409 "-" "Feedfetcher-Google; (+http://www.google.com/feedfetcher.html; 21 subscribers; feed-id=6047012421983505584)"
209.85.238.213 - - [11/Aug/2011:06:33:22 -0700] "GET /feed/ HTTP/1.1" 200 14407 "-" "Feedfetcher-Google; (+http://www.google.com/feedfetcher.html; 21 subscribers; feed-id=6047012421983505584)"
79.203.52.16 - - [11/Aug/2011:06:36:34 -0700] "GET /files/headerBanner.jpg HTTP/1.1" 200 153258 "http://fdt.powerflasher.com/blog/" "Mozilla/4.0 (compatible; MSIE 8.0; Windows NT 5.1; Trident/4.0; InfoPath.1; .NET CLR 2.0.50727; .NET CLR 3.0.04506.30; .NET CLR 1.1.4322; .NET CLR 3.0.4506.2152; .NET CLR 3.5.30729)"
75.119.204.73 - - [11/Aug/2011:06:42:32 -0700] "POST /wp-cron.php?doing_wp_cron HTTP/1.0" 200 158 "-" "WordPress/3.2.1; http://www.theflexguy.com"
95.108.158.238 - - [11/Aug/2011:06:42:32 -0700] "GET /images/stories/dirty-socks.png HTTP/1.1" 200 8447 "-" "Mozilla/5.0 (compatible; YandexImages/3.0; +http://yandex.com/bots)"
209.85.238.213 - - [11/Aug/2011:06:45:41 -0700] "GET /index.php?option=com_idoblog&view=idoblog&Itemid=54&format=feed&type=rss HTTP/1.1" 200 421 "-" "Feedfetcher-Google; (+http://www.google.com/feedfetcher.html; 1 subscribers; feed-id=7080376364330259190)"
209.85.238.213 - - [11/Aug/2011:06:45:42 -0700] "GET /?option=com_idoblog&view=idoblog&Itemid=54&format=feed&type=rss HTTP/1.1" 200 5178 "-" "Feedfetcher-Google; (+http://www.google.com/feedfetcher.html; 1 subscribers; feed-id=7080376364330259190)"
75.119.204.73 - - [11/Aug/2011:06:46:51 -0700] "POST /wp-cron.php?doing_wp_cron HTTP/1.0" 200 158 "-" "WordPress/3.2.1; http://www.theflexguy.com"
173.192.238.48 - - [11/Aug/2011:06:46:51 -0700] "GET /feed/atom/ HTTP/1.1" 200 143 "-" "Mozilla/5.0 (X11; U; Linux x86_64; en-US; rv:1.9.0.19; aggregator:Spinn3r (Spinn3r 3.1); http://spinn3r.com/robot) Gecko/2010040121 Firefox/3.0.19"
216.52.185.73 - - [11/Aug/2011:06:47:09 -0700] "GET /2011/05/24/arraycollection-uses-your-sort/ HTTP/1.1" 200 5761 "http://www.google.com/url?sa=t&source=web&cd=8&sqi=2&ved=0CFwQFjAH&url=http%3A%2F%2Fwww.theflexguy.com%2F2011%2F05%2F24%2Farraycollection-uses-your-sort%2F&rct=j&q=flex%20arraycollection%20contains&ei=PtxDToywDpGdgQeiz8jVCQ&usg=AFQjCNE5Z_SUO-r6wxHWN6mlU9s51hwwTA" "Mozilla/5.0 (Windows NT 5.1; rv:5.0) Gecko/20100101 Firefox/5.0"
216.52.185.73 - - [11/Aug/2011:06:47:11 -0700] "GET /wp-content/themes/uchilla1.0/style.css HTTP/1.1" 200 11270 "http://www.theflexguy.com/2011/05/24/arraycollection-uses-your-sort/" "Mozilla/5.0 (Windows NT 5.1; rv:5.0) Gecko/20100101 Firefox/5.0"
216.52.185.73 - - [11/Aug/2011:06:47:11 -0700] "GET /wp-content/themes/uchilla1.0/print.css HTTP/1.1" 200 526 "http://www.theflexguy.com/2011/05/24/arraycollection-uses-your-sort/" "Mozilla/5.0 (Windows NT 5.1; rv:5.0) Gecko/20100101 Firefox/5.0"
216.52.185.73 - - [11/Aug/2011:06:47:11 -0700] "GET /wp-content/plugins/flickrpress/style.css?ver=3.2.1 HTTP/1.1" 200 2292 "http://www.theflexguy.com/2011/05/24/arraycollection-uses-your-sort/" "Mozilla/5.0 (Windows NT 5.1; rv:5.0) Gecko/20100101 Firefox/5.0"
216.52.185.73 - - [11/Aug/2011:06:47:11 -0700] "GET /wp-content/plugins/flickrpress/flickr.js?ver=3.2.1 HTTP/1.1" 200 2241 "http://www.theflexguy.com/2011/05/24/arraycollection-uses-your-sort/" "Mozilla/5.0 (Windows NT 5.1; rv:5.0) Gecko/20100101 Firefox/5.0"
216.52.185.73 - - [11/Aug/2011:06:47:11 -0700] "GET /wp-includes/js/l10n.js?ver=20101110 HTTP/1.1" 200 598 "http://www.theflexguy.com/2011/05/24/arraycollection-uses-your-sort/" "Mozilla/5.0 (Windows NT 5.1; rv:5.0) Gecko/20100101 Firefox/5.0"
216.52.185.73 - - [11/Aug/2011:06:47:11 -0700] "GET /wp-content/uploads/2010/11/CartoonMarty128.png HTTP/1.1" 200 15448 "http://www.theflexguy.com/2011/05/24/arraycollection-uses-your-sort/" "Mozilla/5.0 (Windows NT 5.1; rv:5.0) Gecko/20100101 Firefox/5.0"
216.52.185.73 - - [11/Aug/2011:06:47:11 -0700] "GET /wp-includes/js/jquery/jquery.js?ver=1.6.1 HTTP/1.1" 200 91657 "http://www.theflexguy.com/2011/05/24/arraycollection-uses-your-sort/" "Mozilla/5.0 (Windows NT 5.1; rv:5.0) Gecko/20100101 Firefox/5.0"
216.52.185.73 - - [11/Aug/2011:06:47:12 -0700] "GET /wp-content/themes/uchilla1.0/images/contBg.jpg HTTP/1.1" 200 7374 "http://www.theflexguy.com/wp-content/themes/uchilla1.0/style.css" "Mozilla/5.0 (Windows NT 5.1; rv:5.0) Gecko/20100101 Firefox/5.0"
216.52.185.73 - - [11/Aug/2011:06:47:12 -0700] "GET /wp-content/themes/uchilla1.0/images/backgrounds/striped_dark.jpg HTTP/1.1" 200 9856 "http://www.theflexguy.com/wp-content/themes/uchilla1.0/style.css" "Mozilla/5.0 (Windows NT 5.1; rv:5.0) Gecko/20100101 Firefox/5.0"
216.52.185.73 - - [11/Aug/2011:06:47:12 -0700] "GET /wp-content/themes/uchilla1.0/images/dateBg.jpg HTTP/1.1" 200 2278 "http://www.theflexguy.com/wp-content/themes/uchilla1.0/style.css" "Mozilla/5.0 (Windows NT 5.1; rv:5.0) Gecko/20100101 Firefox/5.0"
216.52.185.73 - - [11/Aug/2011:06:47:12 -0700] "GET /wp-content/themes/uchilla1.0/images/sidebarLine.jpg HTTP/1.1" 200 954 "http://www.theflexguy.com/wp-content/themes/uchilla1.0/style.css" "Mozilla/5.0 (Windows NT 5.1; rv:5.0) Gecko/20100101 Firefox/5.0"
216.52.185.73 - - [11/Aug/2011:06:47:12 -0700] "GET /wp-content/themes/uchilla1.0/images/sidebarBullet.jpg HTTP/1.1" 200 991 "http://www.theflexguy.com/wp-content/themes/uchilla1.0/style.css" "Mozilla/5.0 (Windows NT 5.1; rv:5.0) Gecko/20100101 Firefox/5.0"
216.52.185.73 - - [11/Aug/2011:06:47:13 -0700] "GET /favicon.ico HTTP/1.1" 200 275 "-" "Mozilla/5.0 (Windows NT 5.1; rv:5.0) Gecko/20100101 Firefox/5.0"
216.52.185.73 - - [11/Aug/2011:06:47:13 -0700] "GET /2011/06/17/some-thoughts-on-caching/ HTTP/1.1" 200 5926 "http://www.theflexguy.com/2011/05/24/arraycollection-uses-your-sort/" "Mozilla/5.0 (Windows NT 5.1; rv:5.0) Gecko/20100101 Firefox/5.0"
173.192.238.48 - - [11/Aug/2011:06:50:39 -0700] "GET / HTTP/1.1" 200 321 "-" "Mozilla/5.0 (X11; U; Linux x86_64; en-US; rv:1.9.0.19; aggregator:Spinn3r (Spinn3r 3.1); http://spinn3r.com/robot) Gecko/2010040121 Firefox/3.0.19"
173.192.238.48 - - [11/Aug/2011:06:50:39 -0700] "GET / HTTP/1.1" 200 4825 "-" "Mozilla/5.0 (X11; U; Linux x86_64; en-US; rv:1.9.0.19; aggregator:Spinn3r (Spinn3r 3.1); http://spinn3r.com/robot) Gecko/2010040121 Firefox/3.0.19"
67.195.112.254 - - [11/Aug/2011:06:56:38 -0700] "GET /2009/03/30/bugquash-in-review/ HTTP/1.0" 200 5774 "-" "Mozilla/5.0 (compatible; Yahoo! Slurp; http://help.yahoo.com/help/us/ysearch/slurp)"
67.195.112.254 - - [11/Aug/2011:06:56:40 -0700] "GET /wp-content/themes/uchilla1.0/print.css HTTP/1.0" 304 135 "http://www.theflexguy.com/2009/03/30/bugquash-in-review/" "Mozilla/5.0 (compatible; Yahoo! Slurp; http://help.yahoo.com/help/us/ysearch/slurp)"
67.195.112.254 - - [11/Aug/2011:06:56:40 -0700] "GET /wp-content/plugins/flickrpress/style.css?ver=3.2.1 HTTP/1.0" 304 136 "http://www.theflexguy.com/2009/03/30/bugquash-in-review/" "Mozilla/5.0 (compatible; Yahoo! Slurp; http://help.yahoo.com/help/us/ysearch/slurp)"
209.85.238.105 - - [11/Aug/2011:06:57:14 -0700] "GET /index.php?format=feed&type=rss HTTP/1.1" 200 379 "-" "Feedfetcher-Google; (+http://www.google.com/feedfetcher.html; 4 subscribers; feed-id=6887443542408518203)"
209.85.238.213 - - [11/Aug/2011:06:57:15 -0700] "GET /?format=feed&type=rss HTTP/1.1" 200 5136 "-" "Feedfetcher-Google; (+http://www.google.com/feedfetcher.html; 4 subscribers; feed-id=6887443542408518203)"
209.85.238.213 - - [11/Aug/2011:06:57:35 -0700] "GET /feed/rss HTTP/1.1" 200 413 "-" "Feedfetcher-Google; (+http://www.google.com/feedfetcher.html; 5 subscribers; feed-id=8282921309701812955)"
209.85.238.213 - - [11/Aug/2011:06:57:36 -0700] "GET /feed/rss/ HTTP/1.1" 200 193 "-" "Feedfetcher-Google; (+http://www.google.com/feedfetcher.html; 5 subscribers; feed-id=8282921309701812955)"
75.119.204.73 - - [11/Aug/2011:06:58:28 -0700] "POST /wp-cron.php?doing_wp_cron HTTP/1.0" 200 158 "-" "WordPress/3.2.1; http://www.theflexguy.com"
95.108.233.69 - - [11/Aug/2011:06:58:28 -0700] "GET /2009/05/08/searchinput-control/feed/ HTTP/1.1" 200 1203 "-" "Mozilla/5.0 (compatible; YandexBlogs/0.99; robot; C; +http://yandex.com/bots)"
207.46.204.241 - - [11/Aug/2011:06:59:37 -0700] "GET /robots.txt HTTP/1.1" 200 305 "-" "Mozilla/5.0 (compatible; bingbot/2.0; +http://www.bing.com/bingbot.htm)"
207.46.204.241 - - [11/Aug/2011:07:00:27 -0700] "GET /2009/02/19/flex-bugquash-is-happening/ HTTP/1.1" 200 4560 "-" "Mozilla/5.0 (compatible; bingbot/2.0; +http://www.bing.com/bingbot.htm)"
85.17.90.129 - - [11/Aug/2011:07:00:59 -0700] "GET /?feed=rss2 HTTP/1.0" 200 372 "-" "MagpieRSS/0.7 (+http://magpierss.sf.net; No cache)"
85.17.90.129 - - [11/Aug/2011:07:01:00 -0700] "GET /feed/ HTTP/1.0" 200 14322 "-" "MagpieRSS/0.7 (+http://magpierss.sf.net; No cache)"
95.108.233.68 - - [11/Aug/2011:07:02:15 -0700] "GET /2009/05/12/chat-widget/feed/ HTTP/1.1" 200 1179 "-" "Mozilla/5.0 (compatible; YandexBlogs/0.99; robot; C; +http://yandex.com/bots)"
95.108.233.68 - - [11/Aug/2011:07:02:16 -0700] "GET /2009/08/09/four-considerations-for-custom-components/feed/ HTTP/1.1" 200 1269 "-" "Mozilla/5.0 (compatible; YandexBlogs/0.99; robot; C; +http://yandex.com/bots)"
95.108.233.68 - - [11/Aug/2011:07:02:16 -0700] "GET /2009/08/09/runaway-arraycollections/feed/ HTTP/1.1" 200 1218 "-" "Mozilla/5.0 (compatible; YandexBlogs/0.99; robot; C; +http://yandex.com/bots)"
95.108.233.68 - - [11/Aug/2011:07:02:17 -0700] "GET /2010/01/05/new-year-improved-site/feed/ HTTP/1.1" 200 1213 "-" "Mozilla/5.0 (compatible; YandexBlogs/0.99; robot; C; +http://yandex.com/bots)"
95.108.233.68 - - [11/Aug/2011:07:02:18 -0700] "GET /2010/02/15/air-on-android/feed/ HTTP/1.1" 200 1188 "-" "Mozilla/5.0 (compatible; YandexBlogs/0.99; robot; C; +http://yandex.com/bots)"
95.108.233.68 - - [11/Aug/2011:07:02:19 -0700] "GET /2010/11/10/dont-forget-the-down-state/feed/ HTTP/1.1" 200 1231 "-" "Mozilla/5.0 (compatible; YandexBlogs/0.99; robot; C; +http://yandex.com/bots)"
95.108.233.68 - - [11/Aug/2011:07:02:19 -0700] "GET /2011/05/24/arraycollection-uses-your-sort/feed/ HTTP/1.1" 200 1890 "-" "Mozilla/5.0 (compatible; YandexBlogs/0.99; robot; C; +http://yandex.com/bots)"
95.108.233.68 - - [11/Aug/2011:07:02:20 -0700] "GET /2011/06/17/some-thoughts-on-caching/feed/ HTTP/1.1" 200 1234 "-" "Mozilla/5.0 (compatible; YandexBlogs/0.99; robot; C; +http://yandex.com/bots)"
95.108.233.68 - - [11/Aug/2011:07:02:21 -0700] "GET /2011/06/18/more-thoughts-on-caching-in-flex/feed/ HTTP/1.1" 200 1242 "-" "Mozilla/5.0 (compatible; YandexBlogs/0.99; robot; C; +http://yandex.com/bots)"
192.150.14.130 - - [11/Aug/2011:07:03:21 -0700] "HEAD /?feed=rss2 HTTP/1.1" 200 353 "-" "Adobe Feeds"
190.153.52.55 - - [11/Aug/2011:07:04:04 -0700] "GET /index.php?option=com_content&view=category&layout=blog&id=39&Itemid=55 HTTP/1.1" 200 419 "http://mashable.com/2008/12/26/30-great-adobe-air-apps-for-designers-and-developers/" "Mozilla/5.0 (Windows NT 6.1; rv:5.0.1) Gecko/20100101 Firefox/5.0.1"
190.153.52.55 - - [11/Aug/2011:07:04:04 -0700] "GET /?option=com_content&view=category&layout=blog&id=39&Itemid=55 HTTP/1.1" 200 5173 "http://mashable.com/2008/12/26/30-great-adobe-air-apps-for-designers-and-developers/" "Mozilla/5.0 (Windows NT 6.1; rv:5.0.1) Gecko/20100101 Firefox/5.0.1"
190.153.52.55 - - [11/Aug/2011:07:04:05 -0700] "GET /wp-content/themes/uchilla1.0/style.css HTTP/1.1" 200 11270 "http://www.theflexguy.com/?option=com_content&view=category&layout=blog&id=39&Itemid=55" "Mozilla/5.0 (Windows NT 6.1; rv:5.0.1) Gecko/20100101 Firefox/5.0.1"
190.153.52.55 - - [11/Aug/2011:07:04:06 -0700] "GET /wp-includes/js/l10n.js?ver=20101110 HTTP/1.1" 200 598 "http://www.theflexguy.com/?option=com_content&view=category&layout=blog&id=39&Itemid=55" "Mozilla/5.0 (Windows NT 6.1; rv:5.0.1) Gecko/20100101 Firefox/5.0.1"
190.153.52.55 - - [11/Aug/2011:07:04:06 -0700] "GET /wp-content/plugins/flickrpress/style.css?ver=3.2.1 HTTP/1.1" 200 2292 "http://www.theflexguy.com/?option=com_content&view=category&layout=blog&id=39&Itemid=55" "Mozilla/5.0 (Windows NT 6.1; rv:5.0.1) Gecko/20100101 Firefox/5.0.1"
190.153.52.55 - - [11/Aug/2011:07:04:06 -0700] "GET /wp-content/plugins/flickrpress/flickr.js?ver=3.2.1 HTTP/1.1" 200 2241 "http://www.theflexguy.com/?option=com_content&view=category&layout=blog&id=39&Itemid=55" "Mozilla/5.0 (Windows NT 6.1; rv:5.0.1) Gecko/20100101 Firefox/5.0.1"
190.153.52.55 - - [11/Aug/2011:07:04:06 -0700] "GET /wp-content/themes/uchilla1.0/print.css HTTP/1.1" 200 526 "http://www.theflexguy.com/?option=com_content&view=category&layout=blog&id=39&Itemid=55" "Mozilla/5.0 (Windows NT 6.1; rv:5.0.1) Gecko/20100101 Firefox/5.0.1"
190.153.52.55 - - [11/Aug/2011:07:04:06 -0700] "GET /wp-content/uploads/2010/11/CartoonMarty128.png HTTP/1.1" 200 15448 "http://www.theflexguy.com/?option=com_content&view=category&layout=blog&id=39&Itemid=55" "Mozilla/5.0 (Windows NT 6.1; rv:5.0.1) Gecko/20100101 Firefox/5.0.1"
190.153.52.55 - - [11/Aug/2011:07:04:06 -0700] "GET /wp-includes/js/jquery/jquery.js?ver=1.6.1 HTTP/1.1" 200 91657 "http://www.theflexguy.com/?option=com_content&view=category&layout=blog&id=39&Itemid=55" "Mozilla/5.0 (Windows NT 6.1; rv:5.0.1) Gecko/20100101 Firefox/5.0.1"
190.153.52.55 - - [11/Aug/2011:07:04:08 -0700] "GET /wp-content/themes/uchilla1.0/images/sidebarLine.jpg HTTP/1.1" 200 955 "http://www.theflexguy.com/wp-content/themes/uchilla1.0/style.css" "Mozilla/5.0 (Windows NT 6.1; rv:5.0.1) Gecko/20100101 Firefox/5.0.1"
190.153.52.55 - - [11/Aug/2011:07:04:08 -0700] "GET /wp-content/themes/uchilla1.0/images/backgrounds/striped_dark.jpg HTTP/1.1" 200 9857 "http://www.theflexguy.com/wp-content/themes/uchilla1.0/style.css" "Mozilla/5.0 (Windows NT 6.1; rv:5.0.1) Gecko/20100101 Firefox/5.0.1"
190.153.52.55 - - [11/Aug/2011:07:04:08 -0700] "GET /wp-content/themes/uchilla1.0/images/contBg.jpg HTTP/1.1" 200 7375 "http://www.theflexguy.com/wp-content/themes/uchilla1.0/style.css" "Mozilla/5.0 (Windows NT 6.1; rv:5.0.1) Gecko/20100101 Firefox/5.0.1"
190.153.52.55 - - [11/Aug/2011:07:04:08 -0700] "GET /wp-content/themes/uchilla1.0/images/dateBg.jpg HTTP/1.1" 200 2279 "http://www.theflexguy.com/wp-content/themes/uchilla1.0/style.css" "Mozilla/5.0 (Windows NT 6.1; rv:5.0.1) Gecko/20100101 Firefox/5.0.1"
190.153.52.55 - - [11/Aug/2011:07:04:08 -0700] "GET /wp-content/themes/uchilla1.0/images/sidebarBullet.jpg HTTP/1.1" 200 992 "http://www.theflexguy.com/wp-content/themes/uchilla1.0/style.css" "Mozilla/5.0 (Windows NT 6.1; rv:5.0.1) Gecko/20100101 Firefox/5.0.1"
190.153.52.55 - - [11/Aug/2011:07:04:08 -0700] "GET /favicon.ico HTTP/1.1" 200 275 "-" "Mozilla/5.0 (Windows NT 6.1; rv:5.0.1) Gecko/20100101 Firefox/5.0.1"
67.195.112.254 - - [11/Aug/2011:07:04:38 -0700] "GET /?option=com_content&view=article&id=100:code-formatter&catid=35:marty HTTP/1.0" 200 4878 "-" "Mozilla/5.0 (compatible; Yahoo! Slurp; http://help.yahoo.com/help/us/ysearch/slurp)"
188.66.79.237 - - [11/Aug/2011:07:08:03 -0700] "GET /feed/ HTTP/1.1" 200 14408 "-" "Microsoft Office/14.0 (Windows NT 6.1; Microsoft Outlook 14.0.5128; Pro; ms-office; MSOffice 14)"
76.74.170.204 - - [11/Aug/2011:07:08:28 -0700] "GET /feed/ HTTP/1.1" 200 14408 "-" "ColdFusion"
89.202.163.174 - - [11/Aug/2011:07:08:50 -0700] "GET /index.php?format=feed&type=rss HTTP/1.0" 200 23052 "-" "Desktop Sidebar v1.05.116.0"
89.224.73.179 - - [11/Aug/2011:07:09:40 -0700] "GET /tag/createchildren/ HTTP/1.1" 200 3233 "http://www.google.fr/search?aq=0&oq=flex+create&sourceid=chrome&ie=UTF-8&q=flex+createchildren" "Mozilla/5.0 (Windows NT 6.1; WOW64) AppleWebKit/535.1 (KHTML, like Gecko) Chrome/13.0.782.112 Safari/535.1"
89.224.73.179 - - [11/Aug/2011:07:09:41 -0700] "GET /wp-content/themes/uchilla1.0/style.css HTTP/1.1" 200 11270 "http://www.theflexguy.com/tag/createchildren/" "Mozilla/5.0 (Windows NT 6.1; WOW64) AppleWebKit/535.1 (KHTML, like Gecko) Chrome/13.0.782.112 Safari/535.1"
89.224.73.179 - - [11/Aug/2011:07:09:41 -0700] "GET /wp-content/plugins/flickrpress/style.css?ver=3.2.1 HTTP/1.1" 200 2292 "http://www.theflexguy.com/tag/createchildren/" "Mozilla/5.0 (Windows NT 6.1; WOW64) AppleWebKit/535.1 (KHTML, like Gecko) Chrome/13.0.782.112 Safari/535.1"
89.224.73.179 - - [11/Aug/2011:07:09:41 -0700] "GET /wp-includes/js/l10n.js?ver=20101110 HTTP/1.1" 200 598 "http://www.theflexguy.com/tag/createchildren/" "Mozilla/5.0 (Windows NT 6.1; WOW64) AppleWebKit/535.1 (KHTML, like Gecko) Chrome/13.0.782.112 Safari/535.1"
89.224.73.179 - - [11/Aug/2011:07:09:41 -0700] "GET /wp-content/plugins/flickrpress/flickr.js?ver=3.2.1 HTTP/1.1" 200 2241 "http://www.theflexguy.com/tag/createchildren/" "Mozilla/5.0 (Windows NT 6.1; WOW64) AppleWebKit/535.1 (KHTML, like Gecko) Chrome/13.0.782.112 Safari/535.1"
89.224.73.179 - - [11/Aug/2011:07:09:41 -0700] "GET /wp-includes/js/jquery/jquery.js?ver=1.6.1 HTTP/1.1" 200 91656 "http://www.theflexguy.com/tag/createchildren/" "Mozilla/5.0 (Windows NT 6.1; WOW64) AppleWebKit/535.1 (KHTML, like Gecko) Chrome/13.0.782.112 Safari/535.1"
89.224.73.179 - - [11/Aug/2011:07:09:43 -0700] "GET /wp-content/themes/uchilla1.0/images/backgrounds/striped_dark.jpg HTTP/1.1" 200 9856 "http://www.theflexguy.com/tag/createchildren/" "Mozilla/5.0 (Windows NT 6.1; WOW64) AppleWebKit/535.1 (KHTML, like Gecko) Chrome/13.0.782.112 Safari/535.1"
89.224.73.179 - - [11/Aug/2011:07:09:43 -0700] "GET /wp-content/themes/uchilla1.0/images/contBg.jpg HTTP/1.1" 200 7374 "http://www.theflexguy.com/tag/createchildren/" "Mozilla/5.0 (Windows NT 6.1; WOW64) AppleWebKit/535.1 (KHTML, like Gecko) Chrome/13.0.782.112 Safari/535.1"
89.224.73.179 - - [11/Aug/2011:07:09:43 -0700] "GET /wp-content/uploads/2010/11/CartoonMarty128.png HTTP/1.1" 200 15448 "http://www.theflexguy.com/tag/createchildren/" "Mozilla/5.0 (Windows NT 6.1; WOW64) AppleWebKit/535.1 (KHTML, like Gecko) Chrome/13.0.782.112 Safari/535.1"
89.224.73.179 - - [11/Aug/2011:07:09:43 -0700] "GET /wp-content/themes/uchilla1.0/images/dateBg.jpg HTTP/1.1" 200 2278 "http://www.theflexguy.com/tag/createchildren/" "Mozilla/5.0 (Windows NT 6.1; WOW64) AppleWebKit/535.1 (KHTML, like Gecko) Chrome/13.0.782.112 Safari/535.1"
89.224.73.179 - - [11/Aug/2011:07:09:43 -0700] "GET /wp-content/themes/uchilla1.0/images/sidebarLine.jpg HTTP/1.1" 200 955 "http://www.theflexguy.com/tag/createchildren/" "Mozilla/5.0 (Windows NT 6.1; WOW64) AppleWebKit/535.1 (KHTML, like Gecko) Chrome/13.0.782.112 Safari/535.1"
89.224.73.179 - - [11/Aug/2011:07:09:43 -0700] "GET /wp-content/themes/uchilla1.0/images/sidebarBullet.jpg HTTP/1.1" 200 992 "http://www.theflexguy.com/tag/createchildren/" "Mozilla/5.0 (Windows NT 6.1; WOW64) AppleWebKit/535.1 (KHTML, like Gecko) Chrome/13.0.782.112 Safari/535.1"
89.224.73.179 - - [11/Aug/2011:07:09:43 -0700] "GET /wp-content/themes/uchilla1.0/print.css HTTP/1.1" 200 525 "http://www.theflexguy.com/tag/createchildren/" "Mozilla/5.0 (Windows NT 6.1; WOW64) AppleWebKit/535.1 (KHTML, like Gecko) Chrome/13.0.782.112 Safari/535.1"
89.224.73.179 - - [11/Aug/2011:07:09:44 -0700] "GET /favicon.ico HTTP/1.1" 200 275 "-" "Mozilla/5.0 (Windows NT 6.1; WOW64) AppleWebKit/535.1 (KHTML, like Gecko) Chrome/13.0.782.112 Safari/535.1"
75.119.204.73 - - [11/Aug/2011:07:10:34 -0700] "POST /wp-cron.php?doing_wp_cron HTTP/1.0" 200 158 "-" "WordPress/3.2.1; http://www.theflexguy.com"
89.224.73.179 - - [11/Aug/2011:07:10:34 -0700] "GET /2009/08/09/four-considerations-for-custom-components/ HTTP/1.1" 200 6398 "http://www.theflexguy.com/tag/createchildren/" "Mozilla/5.0 (Windows NT 6.1; WOW64) AppleWebKit/535.1 (KHTML, like Gecko) Chrome/13.0.782.112 Safari/535.1"
67.195.112.254 - - [11/Aug/2011:07:12:53 -0700] "GET /2011/05/24/arraycollection-uses-your-sort/comment-page-1/ HTTP/1.0" 200 5243 "-" "Mozilla/5.0 (compatible; Yahoo! Slurp; http://help.yahoo.com/help/us/ysearch/slurp)"
95.108.154.252 - - [11/Aug/2011:07:13:27 -0700] "GET /2007/04/ HTTP/1.1" 200 3571 "-" "Mozilla/5.0 (compatible; YandexBot/3.0; +http://yandex.com/bots)"
174.36.228.156 - - [11/Aug/2011:07:16:55 -0700] "GET /feed/atom/ HTTP/1.1" 200 143 "-" "Mozilla/5.0 (X11; U; Linux x86_64; en-US; rv:1.9.0.19; aggregator:Spinn3r (Spinn3r 3.1); http://spinn3r.com/robot) Gecko/2010040121 Firefox/3.0.19"
174.36.228.156 - - [11/Aug/2011:07:20:51 -0700] "GET / HTTP/1.1" 200 321 "-" "Mozilla/5.0 (X11; U; Linux x86_64; en-US; rv:1.9.0.19; aggregator:Spinn3r (Spinn3r 3.1); http://spinn3r.com/robot) Gecko/2010040121 Firefox/3.0.19"
174.36.228.156 - - [11/Aug/2011:07:20:52 -0700] "GET / HTTP/1.1" 200 4825 "-" "Mozilla/5.0 (X11; U; Linux x86_64; en-US; rv:1.9.0.19; aggregator:Spinn3r (Spinn3r 3.1); http://spinn3r.com/robot) Gecko/2010040121 Firefox/3.0.19"
24.51.148.146 - - [11/Aug/2011:07:23:23 -0700] "GET /files/headerBanner.jpg HTTP/1.1" 200 153258 "http://fdt.powerflasher.com/blog/" "Mozilla/5.0 (Macintosh; U; PPC Mac OS X 10.5; en-US; rv:1.9.2.19) Gecko/20110707 Firefox/3.6.19"
209.85.238.213 - - [11/Aug/2011:07:28:13 -0700] "GET /index.php?format=feed&type=atom HTTP/1.1" 200 380 "-" "Feedfetcher-Google; (+http://www.google.com/feedfetcher.html; 1 subscribers; feed-id=2021327347742680309)"
209.85.238.213 - - [11/Aug/2011:07:28:14 -0700] "GET /?format=feed&type=atom HTTP/1.1" 200 5152 "-" "Feedfetcher-Google; (+http://www.google.com/feedfetcher.html; 1 subscribers; feed-id=2021327347742680309)"
75.119.204.73 - - [11/Aug/2011:07:28:31 -0700] "POST /wp-cron.php?doing_wp_cron HTTP/1.0" 200 158 "-" "WordPress/3.2.1; http://www.theflexguy.com"
209.85.238.213 - - [11/Aug/2011:07:28:31 -0700] "GET /feed/ HTTP/1.1" 200 194 "-" "Feedfetcher-Google; (+http://www.google.com/feedfetcher.html; 4 subscribers; feed-id=17450445626559736511)"
209.85.238.213 - - [11/Aug/2011:07:33:31 -0700] "GET /?feed=rss2 HTTP/1.1" 200 409 "-" "Feedfetcher-Google; (+http://www.google.com/feedfetcher.html; 21 subscribers; feed-id=6047012421983505584)"
209.85.238.213 - - [11/Aug/2011:07:33:31 -0700] "GET /feed/ HTTP/1.1" 200 193 "-" "Feedfetcher-Google; (+http://www.google.com/feedfetcher.html; 21 subscribers; feed-id=6047012421983505584)"
193.105.210.44 - - [11/Aug/2011:07:33:46 -0700] "GET /2010/01/05/new-year-improved-site/ HTTP/1.0" 200 16132 "http://www.theflexguy.com/2010/01/05/new-year-improved-site/" "Mozilla/4.0 (compatible; Powermarks/3.5; Windows 95/98/2000/NT)"
193.105.210.44 - - [11/Aug/2011:07:33:49 -0700] "POST /wp-comments-post.php HTTP/1.0" 200 402 "http://www.theflexguy.com/2010/01/05/new-year-improved-site/" "Mozilla/4.0 (compatible; Powermarks/3.5; Windows 95/98/2000/NT)"
193.105.210.44 - - [11/Aug/2011:07:33:50 -0700] "GET /2010/01/05/new-year-improved-site/ HTTP/1.0" 200 15942 "http://www.theflexguy.com/2010/01/05/new-year-improved-site/" "Mozilla/4.0 (compatible; Powermarks/3.5; Windows 95/98/2000/NT)"
65.8.172.237 - - [11/Aug/2011:07:37:23 -0700] "GET /files/headerBanner.jpg HTTP/1.1" 200 153258 "http://fdt.powerflasher.com/blog/" "Mozilla/4.0 (compatible; MSIE 8.0; Windows NT 6.1; WOW64; Trident/4.0; GTB7.1; SLCC2; .NET CLR 2.0.50727; .NET CLR 3.5.30729; .NET CLR 3.0.30729; Media Center PC 6.0; .NET4.0C)"
38.101.148.126 - - [11/Aug/2011:07:38:39 -0700] "GET /robots.txt HTTP/1.1" 200 293 "-" "Mozilla/5.0 (compatible; discobot/1.1; +http://discoveryengine.com/discobot.html)"
92.225.97.83 - - [11/Aug/2011:07:38:47 -0700] "GET /files/headerBanner.jpg HTTP/1.1" 200 153258 "http://fdt.powerflasher.com/blog/" "Mozilla/5.0 (Macintosh; Intel Mac OS X 10_6_8) AppleWebKit/535.1 (KHTML, like Gecko) Chrome/13.0.782.107 Safari/535.1"
38.101.148.126 - - [11/Aug/2011:07:43:40 -0700] "GET /robots.txt HTTP/1.1" 200 293 "-" "Mozilla/5.0 (compatible; discobot/1.1; +http://discoveryengine.com/discobot.html)"
95.108.158.238 - - [11/Aug/2011:07:44:47 -0700] "GET /images/stories/tutorials/fw_skinning/FWSkinning7.png HTTP/1.1" 200 8447 "-" "Mozilla/5.0 (compatible; YandexImages/3.0; +http://yandex.com/bots)"
209.85.238.213 - - [11/Aug/2011:07:46:29 -0700] "GET /index.php?option=com_content&view=category&layout=blog&id=35&Itemid=54&format=feed&type=rss HTTP/1.1" 200 440 "-" "Feedfetcher-Google; (+http://www.google.com/feedfetcher.html; 1 subscribers; feed-id=9816647088266946374)"
209.85.238.213 - - [11/Aug/2011:07:46:30 -0700] "GET /?option=com_content&view=category&layout=blog&id=35&Itemid=54&format=feed&type=rss HTTP/1.1" 200 5191 "-" "Feedfetcher-Google; (+http://www.google.com/feedfetcher.html; 1 subscribers; feed-id=9816647088266946374)"
75.119.204.73 - - [11/Aug/2011:07:46:58 -0700] "POST /wp-cron.php?doing_wp_cron HTTP/1.0" 200 158 "-" "WordPress/3.2.1; http://www.theflexguy.com"
173.192.238.48 - - [11/Aug/2011:07:46:58 -0700] "GET /feed/atom/ HTTP/1.1" 200 143 "-" "Mozilla/5.0 (X11; U; Linux x86_64; en-US; rv:1.9.0.19; aggregator:Spinn3r (Spinn3r 3.1); http://spinn3r.com/robot) Gecko/2010040121 Firefox/3.0.19"
174.37.205.92 - - [11/Aug/2011:07:51:02 -0700] "GET / HTTP/1.1" 200 321 "-" "Mozilla/5.0 (X11; U; Linux x86_64; en-US; rv:1.9.0.19; aggregator:Spinn3r (Spinn3r 3.1); http://spinn3r.com/robot) Gecko/2010040121 Firefox/3.0.19"
174.37.205.92 - - [11/Aug/2011:07:51:03 -0700] "GET / HTTP/1.1" 200 4825 "-" "Mozilla/5.0 (X11; U; Linux x86_64; en-US; rv:1.9.0.19; aggregator:Spinn3r (Spinn3r 3.1); http://spinn3r.com/robot) Gecko/2010040121 Firefox/3.0.19"
69.63.189.248 - - [11/Aug/2011:07:52:53 -0700] "GET /files/headerBanner.jpg HTTP/1.0" 200 153221 "-" "facebookplatform/1.0 (+http://developers.facebook.com)"
209.85.238.213 - - [11/Aug/2011:07:53:35 -0700] "GET /feed/rss HTTP/1.1" 200 413 "-" "Feedfetcher-Google; (+http://www.google.com/feedfetcher.html; 5 subscribers; feed-id=8282921309701812955)"
209.85.238.213 - - [11/Aug/2011:07:53:36 -0700] "GET /feed/rss/ HTTP/1.1" 200 193 "-" "Feedfetcher-Google; (+http://www.google.com/feedfetcher.html; 5 subscribers; feed-id=8282921309701812955)"
76.74.170.204 - - [11/Aug/2011:07:54:02 -0700] "GET /feed/ HTTP/1.1" 200 14412 "-" "ColdFusion"
209.85.238.105 - - [11/Aug/2011:07:57:24 -0700] "GET /index.php?format=feed&type=rss HTTP/1.1" 200 379 "-" "Feedfetcher-Google; (+http://www.google.com/feedfetcher.html; 4 subscribers; feed-id=6887443542408518203)"
209.85.238.213 - - [11/Aug/2011:07:57:25 -0700] "GET /?format=feed&type=rss HTTP/1.1" 200 5152 "-" "Feedfetcher-Google; (+http://www.google.com/feedfetcher.html; 4 subscribers; feed-id=6887443542408518203)"
186.204.255.52 - - [11/Aug/2011:07:58:26 -0700] "GET /files/headerBanner.jpg HTTP/1.1" 200 153258 "http://fdt.powerflasher.com/blog/" "Mozilla/4.0 (compatible; MSIE 8.0; Windows NT 5.1; Trident/4.0)"
76.74.170.204 - - [11/Aug/2011:08:00:49 -0700] "GET /feed/ HTTP/1.1" 200 14408 "-" "ColdFusion"
50.54.246.14 - - [11/Aug/2011:08:00:51 -0700] "GET /files/headerBanner.jpg HTTP/1.1" 200 153258 "http://seaflex.groups.adobe.com/" "Mozilla/5.0 (Windows NT 6.1; WOW64; rv:5.0) Gecko/20100101 Firefox/5.0"
75.119.204.73 - - [11/Aug/2011:08:01:38 -0700] "POST /wp-cron.php?doing_wp_cron HTTP/1.0" 200 158 "-" "WordPress/3.2.1; http://www.theflexguy.com"
67.195.112.254 - - [11/Aug/2011:08:01:37 -0700] "GET /2008/12/ HTTP/1.0" 200 2833 "-" "Mozilla/5.0 (compatible; Yahoo! Slurp; http://help.yahoo.com/help/us/ysearch/slurp)"
67.195.112.254 - - [11/Aug/2011:08:01:40 -0700] "GET /wp-content/themes/uchilla1.0/style.css HTTP/1.0" 304 137 "http://www.theflexguy.com/2008/12/" "Mozilla/5.0 (compatible; Yahoo! Slurp; http://help.yahoo.com/help/us/ysearch/slurp)"
77.95.98.131 - - [11/Aug/2011:08:02:42 -0700] "GET /files/headerBanner.jpg HTTP/1.1" 200 153258 "http://fdt.powerflasher.com/blog/" "Mozilla/5.0 (Windows NT 5.1) AppleWebKit/535.1 (KHTML, like Gecko) Chrome/13.0.782.112 Safari/535.1"
174.37.154.78 - - [11/Aug/2011:08:04:31 -0700] "GET /feed/atom HTTP/1.0" 200 194 "-" "Gist Server"
87.147.216.57 - - [11/Aug/2011:08:05:51 -0700] "GET /files/headerBanner.jpg HTTP/1.1" 200 153258 "http://fdt.powerflasher.com/blog/" "Mozilla/5.0 (Macintosh; U; Intel Mac OS X 10_6_8; de-de) AppleWebKit/533.21.1 (KHTML, like Gecko) Version/5.0.5 Safari/533.21.1"
188.66.79.237 - - [11/Aug/2011:08:08:37 -0700] "GET /feed/ HTTP/1.1" 200 14408 "-" "Microsoft Office/14.0 (Windows NT 6.1; Microsoft Outlook 14.0.5128; Pro; ms-office; MSOffice 14)"
89.202.163.174 - - [11/Aug/2011:08:08:53 -0700] "GET /index.php?format=feed&type=rss HTTP/1.0" 200 23052 "-" "Desktop Sidebar v1.05.116.0"
24.193.228.193 - - [11/Aug/2011:08:09:48 -0700] "GET /files/headerBanner.jpg HTTP/1.1" 200 153258 "http://fdt.powerflasher.com/blog/" "Mozilla/5.0 (Macintosh; Intel Mac OS X 10_6_8) AppleWebKit/535.1 (KHTML, like Gecko) Chrome/13.0.782.112 Safari/535.1"
67.195.112.254 - - [11/Aug/2011:08:12:04 -0700] "GET /index.php?option=com_content&view=category&layout=blog&id=39&Itemid=55 HTTP/1.0" 200 5121 "-" "Mozilla/5.0 (compatible; Yahoo! Slurp; http://help.yahoo.com/help/us/ysearch/slurp)"
173.192.238.48 - - [11/Aug/2011:08:17:05 -0700] "GET /feed/atom/ HTTP/1.1" 200 143 "-" "Mozilla/5.0 (X11; U; Linux x86_64; en-US; rv:1.9.0.19; aggregator:Spinn3r (Spinn3r 3.1); http://spinn3r.com/robot) Gecko/2010040121 Firefox/3.0.19"
188.92.75.36 - - [11/Aug/2011:08:20:41 -0700] "GET /2011/06/18/more-thoughts-on-caching-in-flex/ HTTP/1.0" 200 20001 "http://www.theflexguy.com/2011/06/18/more-thoughts-on-caching-in-flex/" "Mozilla/4.0 (compatible; MSIE 6.0; Windows NT 5.1; SV1; FunWebProducts; MRA 4.6 (build 01425); .NET CLR 1.1.4322; .NET CLR 2.0.50727)"
188.92.75.36 - - [11/Aug/2011:08:20:44 -0700] "POST /wp-comments-post.php HTTP/1.0" 200 412 "http://www.theflexguy.com/2011/06/18/more-thoughts-on-caching-in-flex/" "Mozilla/4.0 (compatible; MSIE 6.0; Windows NT 5.1; SV1; FunWebProducts; MRA 4.6 (build 01425); .NET CLR 1.1.4322; .NET CLR 2.0.50727)"
188.92.75.36 - - [11/Aug/2011:08:20:45 -0700] "GET /2011/06/18/more-thoughts-on-caching-in-flex/ HTTP/1.0" 200 19811 "http://www.theflexguy.com/2011/06/18/more-thoughts-on-caching-in-flex/" "Mozilla/4.0 (compatible; MSIE 6.0; Windows NT 5.1; SV1; FunWebProducts; MRA 4.6 (build 01425); .NET CLR 1.1.4322; .NET CLR 2.0.50727)"
188.92.75.36 - - [11/Aug/2011:08:20:45 -0700] "GET /2011/06/18/more-thoughts-on-caching-in-flex/ HTTP/1.0" 200 19811 "http://www.theflexguy.com/2011/06/18/more-thoughts-on-caching-in-flex/" "Mozilla/4.0 (compatible; MSIE 6.0; Windows NT 5.1; SV1; FunWebProducts; MRA 4.6 (build 01425); .NET CLR 1.1.4322; .NET CLR 2.0.50727)"
75.119.204.73 - - [11/Aug/2011:08:21:04 -0700] "POST /wp-cron.php?doing_wp_cron HTTP/1.0" 200 158 "-" "WordPress/3.2.1; http://www.theflexguy.com"
219.239.34.56 - - [11/Aug/2011:08:21:03 -0700] "GET /feed/rss/ HTTP/1.1" 200 194 "-" "Xianguo.com 1 Subscribers"
174.36.228.156 - - [11/Aug/2011:08:21:14 -0700] "GET / HTTP/1.1" 200 321 "-" "Mozilla/5.0 (X11; U; Linux x86_64; en-US; rv:1.9.0.19; aggregator:Spinn3r (Spinn3r 3.1); http://spinn3r.com/robot) Gecko/2010040121 Firefox/3.0.19"
174.36.228.156 - - [11/Aug/2011:08:21:15 -0700] "GET / HTTP/1.1" 200 4825 "-" "Mozilla/5.0 (X11; U; Linux x86_64; en-US; rv:1.9.0.19; aggregator:Spinn3r (Spinn3r 3.1); http://spinn3r.com/robot) Gecko/2010040121 Firefox/3.0.19"
193.105.210.46 - - [11/Aug/2011:08:21:44 -0700] "GET /2010/01/05/new-year-improved-site/ HTTP/1.0" 200 15942 "http://www.theflexguy.com/2010/01/05/new-year-improved-site/" "Mozilla/4.0 (compatible; MSIE 6.0; Windows NT 5.1) Netscape/8.0.4"
193.105.210.46 - - [11/Aug/2011:08:21:48 -0700] "POST /wp-comments-post.php HTTP/1.0" 200 402 "http://www.theflexguy.com/2010/01/05/new-year-improved-site/" "Mozilla/4.0 (compatible; MSIE 6.0; Windows NT 5.1) Netscape/8.0.4"
193.105.210.46 - - [11/Aug/2011:08:21:49 -0700] "GET /2010/01/05/new-year-improved-site/ HTTP/1.0" 200 15942 "http://www.theflexguy.com/2010/01/05/new-year-improved-site/" "Mozilla/4.0 (compatible; MSIE 6.0; Windows NT 5.1) Netscape/8.0.4"
193.105.210.46 - - [11/Aug/2011:08:21:50 -0700] "GET /2010/01/05/new-year-improved-site/ HTTP/1.0" 200 15942 "http://www.theflexguy.com/2010/01/05/new-year-improved-site/" "Mozilla/4.0 (compatible; MSIE 6.0; Windows NT 5.1) Netscape/8.0.4"
183.178.85.75 - - [11/Aug/2011:08:24:23 -0700] "GET /2011/06/17/some-thoughts-on-caching HTTP/1.1" 200 319 "-" "Mozilla/5.0 (X11; U; Linux i686; en-US; rv:1.9.1.6) Gecko/20091218 Firefox/3.5.6"
183.178.85.75 - - [11/Aug/2011:08:24:25 -0700] "GET /2011/06/17/some-thoughts-on-caching/ HTTP/1.1" 200 18129 "-" "Mozilla/5.0 (X11; U; Linux i686; en-US; rv:1.9.1.6) Gecko/20091218 Firefox/3.5.6"
204.124.122.253 - - [11/Aug/2011:08:26:17 -0700] "GET /files/headerBanner.jpg HTTP/1.1" 200 153258 "-" "Mozilla/4.0 (compatible;)"
209.85.238.213 - - [11/Aug/2011:08:26:51 -0700] "GET /?feed=rss2 HTTP/1.1" 200 409 "-" "Feedfetcher-Google; (+http://www.google.com/feedfetcher.html; 21 subscribers; feed-id=6047012421983505584)"
209.85.238.213 - - [11/Aug/2011:08:26:52 -0700] "GET /feed/ HTTP/1.1" 200 14407 "-" "Feedfetcher-Google; (+http://www.google.com/feedfetcher.html; 21 subscribers; feed-id=6047012421983505584)"
38.96.160.34 - - [11/Aug/2011:08:30:34 -0700] "GET /files/headerBanner.jpg HTTP/1.1" 200 153258 "http://fdt.powerflasher.com/blog/" "Mozilla/5.0 (Windows NT 6.1; WOW64) AppleWebKit/535.1 (KHTML, like Gecko) Chrome/14.0.835.35 Safari/535.1"
209.85.238.213 - - [11/Aug/2011:08:31:01 -0700] "GET /feed/ HTTP/1.1" 200 14408 "-" "Feedfetcher-Google; (+http://www.google.com/feedfetcher.html; 4 subscribers; feed-id=17450445626559736511)"
207.46.204.188 - - [11/Aug/2011:08:34:09 -0700] "GET /robots.txt HTTP/1.1" 200 305 "-" "Mozilla/5.0 (compatible; bingbot/2.0; +http://www.bing.com/bingbot.htm)"
12.190.80.225 - - [11/Aug/2011:08:34:42 -0700] "GET /files/headerBanner.jpg HTTP/1.1" 200 153258 "http://apps.facebook.com/blognetworks/blog/fdt_3_actionscript_editor_blog" "Mozilla/5.0 (Macintosh; Intel Mac OS X 10_6_8) AppleWebKit/535.1 (KHTML, like Gecko) Chrome/13.0.782.112 Safari/535.1"
207.46.204.188 - - [11/Aug/2011:08:35:52 -0700] "GET /category/flex/page/2/ HTTP/1.1" 200 5198 "-" "Mozilla/5.0 (compatible; bingbot/2.0; +http://www.bing.com/bingbot.htm)"
76.74.170.204 - - [11/Aug/2011:08:36:36 -0700] "GET /feed/ HTTP/1.1" 200 14408 "-" "ColdFusion"
88.131.106.22 - - [11/Aug/2011:08:37:29 -0700] "GET /robots.txt HTTP/1.0" 200 293 "-" "Mozilla/5.0 (Windows; U; Windows NT 5.1; en-US) Speedy Spider (http://www.entireweb.com/about/search_tech/speedy_spider/)"
88.131.106.22 - - [11/Aug/2011:08:37:33 -0700] "GET / HTTP/1.0" 200 4825 "-" "Mozilla/5.0 (Windows; U; Windows NT 5.1; en-US) Speedy Spider (http://www.entireweb.com/about/search_tech/speedy_spider/)"
